[INFO] fetching crate revive-differential 1.0.0...
[INFO] testing revive-differential-1.0.0 against 1.100.0-beta.1+cargoflags=--release for beta-release-1.100-2
[INFO] extracting crate revive-differential 1.0.0 into /workspace/builds/worker-0-tc2/source
[INFO] started tweaking crates.io crate revive-differential 1.0.0
[INFO] finished tweaking crates.io crate revive-differential 1.0.0
[INFO] tweaked toml for crates.io crate revive-differential 1.0.0 written to /workspace/builds/worker-0-tc2/source/Cargo.toml
[INFO] validating manifest of crates.io crate revive-differential 1.0.0 on toolchain 1.100.0-beta.1
[INFO] running `Command { std: CARGO_HOME="/workspace/cargo-home" RUSTUP_HOME="/workspace/rustup-home" "/workspace/cargo-home/bin/cargo" "+1.100.0-beta.1" "metadata" "--manifest-path" "Cargo.toml" "--no-deps", kill_on_drop: false }`
[INFO] crate crates.io crate revive-differential 1.0.0 already has a lockfile, it will not be regenerated
[INFO] running `Command { std: CARGO_HOME="/workspace/cargo-home" RUSTUP_HOME="/workspace/rustup-home" "/workspace/cargo-home/bin/cargo" "+1.100.0-beta.1" "fetch" "--manifest-path" "Cargo.toml", kill_on_drop: false }`
[INFO] [stderr]     Blocking waiting for file lock on package cache
[INFO] running `Command { std: "docker" "create" "-v" "/var/lib/crater-agent-workspace/builds/worker-0-tc2/source:/opt/rustwide/workdir:ro,Z" "-v" "/var/lib/crater-agent-workspace/builds/worker-0-tc2/target:/opt/rustwide/target:rw,Z" "-v" "/var/lib/crater-agent-workspace/cargo-home:/opt/rustwide/cargo-home:ro,Z" "-v" "/var/lib/crater-agent-workspace/rustup-home:/opt/rustwide/rustup-home:ro,Z" "-m" "1610612736" "--network" "none" "ghcr.io/rust-lang/crates-build-env/linux@sha256:77db811e55d90add9212f6832c23229e3de5f1c1f9905e8cb07319ea15df73ac" "sleep" "infinity", kill_on_drop: false }`
[INFO] [stdout] e2da90426c00af826f65c13de02c9fe06cdee43a24db071d8c2438740a5adc76
[INFO] running `Command { std: "docker" "start" "e2da90426c00af826f65c13de02c9fe06cdee43a24db071d8c2438740a5adc76", kill_on_drop: false }`
[INFO] running `Command { std: "docker" "inspect" "e2da90426c00af826f65c13de02c9fe06cdee43a24db071d8c2438740a5adc76", kill_on_drop: false }`
[INFO] running `Command { std: "docker" "exec" "-e" "SOURCE_DIR=/opt/rustwide/workdir" "-e" "CARGO_HOME=/opt/rustwide/cargo-home" "-e" "RUSTUP_HOME=/opt/rustwide/rustup-home" "-e" "CARGO_TARGET_DIR=/opt/rustwide/target" "-w" "/opt/rustwide/workdir" "--user" "0:0" "e2da90426c00af826f65c13de02c9fe06cdee43a24db071d8c2438740a5adc76" "/opt/rustwide/cargo-home/bin/cargo" "+1.100.0-beta.1" "metadata" "--no-deps" "--format-version=1", kill_on_drop: false }`
[INFO] running `Command { std: "docker" "inspect" "e2da90426c00af826f65c13de02c9fe06cdee43a24db071d8c2438740a5adc76", kill_on_drop: false }`
[INFO] running `Command { std: "docker" "exec" "-e" "SOURCE_DIR=/opt/rustwide/workdir" "-e" "CARGO_HOME=/opt/rustwide/cargo-home" "-e" "RUSTUP_HOME=/opt/rustwide/rustup-home" "-e" "CARGO_TARGET_DIR=/opt/rustwide/target" "-e" "CARGO_INCREMENTAL=0" "-e" "RUST_BACKTRACE=full" "-e" "RUSTFLAGS=--cap-lints=warn" "-e" "RUSTDOCFLAGS=--cap-lints=warn" "-w" "/opt/rustwide/workdir" "--user" "0:0" "e2da90426c00af826f65c13de02c9fe06cdee43a24db071d8c2438740a5adc76" "/opt/rustwide/cargo-home/bin/cargo" "+1.100.0-beta.1" "build" "--frozen" "--message-format=json" "--release", kill_on_drop: false }`
[INFO] [stderr]    Compiling tiny-keccak v2.0.2
[INFO] [stderr]    Compiling ruint-macro v1.2.1
[INFO] [stderr]    Compiling foldhash v0.2.0
[INFO] [stderr]    Compiling rustc-hash v2.1.1
[INFO] [stderr]    Compiling crunchy v0.2.4
[INFO] [stderr]    Compiling thiserror v2.0.17
[INFO] [stderr]    Compiling zmij v1.0.14
[INFO] [stderr]    Compiling serde_json v1.0.149
[INFO] [stderr]    Compiling libc v0.2.180
[INFO] [stderr]    Compiling syn v2.0.114
[INFO] [stderr]    Compiling const-hex v1.17.0
[INFO] [stderr]    Compiling tracing v0.1.44
[INFO] [stderr]    Compiling hashbrown v0.16.1
[INFO] [stderr]    Compiling getrandom v0.3.4
[INFO] [stderr]    Compiling tempfile v3.24.0
[INFO] [stderr]    Compiling darling_core v0.21.3
[INFO] [stderr]    Compiling serde_derive v1.0.228
[INFO] [stderr]    Compiling alloy-rlp-derive v0.3.12
[INFO] [stderr]    Compiling derive_more-impl v2.1.1
[INFO] [stderr]    Compiling thiserror-impl v2.0.17
[INFO] [stderr]    Compiling auto_impl v1.3.0
[INFO] [stderr]    Compiling darling_macro v0.21.3
[INFO] [stderr]    Compiling serde v1.0.228
[INFO] [stderr]    Compiling darling v0.21.3
[INFO] [stderr]    Compiling derive_more v2.1.1
[INFO] [stderr]    Compiling serde_with_macros v3.16.1
[INFO] [stderr]    Compiling bytes v1.11.0
[INFO] [stderr]    Compiling either v1.15.0
[INFO] [stderr]    Compiling serde_with v3.16.1
[INFO] [stderr]    Compiling alloy-rlp v0.3.12
[INFO] [stderr]    Compiling ruint v1.17.2
[INFO] [stderr]    Compiling alloy-primitives v1.5.2
[INFO] [stderr]    Compiling nybbles v0.4.7
[INFO] [stderr]    Compiling alloy-eip2124 v0.2.0
[INFO] [stderr]    Compiling alloy-eip7702 v0.6.3
[INFO] [stderr]    Compiling alloy-serde v1.4.3
[INFO] [stderr]    Compiling alloy-eip2930 v0.2.3
[INFO] [stderr]    Compiling alloy-trie v0.9.3
[INFO] [stderr]    Compiling alloy-eips v1.4.3
[INFO] [stderr]    Compiling alloy-genesis v1.4.3
[INFO] [stderr]    Compiling revive-differential v1.0.0 (/opt/rustwide/workdir)
[INFO] [stderr]     Finished `release` profile [optimized] target(s) in 31.48s
[INFO] running `Command { std: "docker" "inspect" "e2da90426c00af826f65c13de02c9fe06cdee43a24db071d8c2438740a5adc76", kill_on_drop: false }`
[INFO] running `Command { std: "docker" "exec" "-e" "SOURCE_DIR=/opt/rustwide/workdir" "-e" "CARGO_HOME=/opt/rustwide/cargo-home" "-e" "RUSTUP_HOME=/opt/rustwide/rustup-home" "-e" "CARGO_TARGET_DIR=/opt/rustwide/target" "-e" "CARGO_INCREMENTAL=0" "-e" "RUST_BACKTRACE=full" "-e" "RUSTFLAGS=--cap-lints=warn" "-e" "RUSTDOCFLAGS=--cap-lints=warn" "-w" "/opt/rustwide/workdir" "--user" "0:0" "e2da90426c00af826f65c13de02c9fe06cdee43a24db071d8c2438740a5adc76" "/opt/rustwide/cargo-home/bin/cargo" "+1.100.0-beta.1" "test" "--frozen" "--no-run" "--message-format=json" "--release", kill_on_drop: false }`
[INFO] [stderr]    Compiling revive-differential v1.0.0 (/opt/rustwide/workdir)
[INFO] [stderr]     Finished `release` profile [optimized] target(s) in 6.66s
[INFO] running `Command { std: "docker" "inspect" "e2da90426c00af826f65c13de02c9fe06cdee43a24db071d8c2438740a5adc76", kill_on_drop: false }`
[INFO] running `Command { std: "docker" "exec" "-e" "SOURCE_DIR=/opt/rustwide/workdir" "-e" "CARGO_HOME=/opt/rustwide/cargo-home" "-e" "RUSTUP_HOME=/opt/rustwide/rustup-home" "-e" "CARGO_TARGET_DIR=/opt/rustwide/target" "-e" "CARGO_INCREMENTAL=0" "-e" "RUST_BACKTRACE=full" "-e" "RUSTFLAGS=--cap-lints=warn" "-e" "RUSTDOCFLAGS=--cap-lints=warn" "-w" "/opt/rustwide/workdir" "--user" "0:0" "e2da90426c00af826f65c13de02c9fe06cdee43a24db071d8c2438740a5adc76" "/opt/rustwide/cargo-home/bin/cargo" "+1.100.0-beta.1" "test" "--frozen" "--release", kill_on_drop: false }`
[INFO] [stderr]     Finished `release` profile [optimized] target(s) in 0.19s
[INFO] [stderr]      Running unittests src/lib.rs (/opt/rustwide/target/release/build/revive-differential/3156f96f43cc1b93/out/revive_differential-3156f96f43cc1b93)
[INFO] [stdout] 
[INFO] [stdout] running 11 tests
[INFO] [stdout] test tests::bench_flipper ... ignored
[INFO] [stdout] test tests::parse_evm_output_revert ... ok
[INFO] [stdout] test tests::evm_log_from_str ... ok
[INFO] [stdout] test tests::parse_evm_output_bench_ok ... ok
[INFO] [stdout] test tests::generate_genesis ... ok
[INFO] [stdout] test tests::parse_evm_output_bench_revert ... ok
[INFO] [stdout] test tests::parse_evm_output_ok ... ok
[INFO] [stdout] test tests::parse_state_dump ... ok
[INFO] [stdout] test go_duration::tests::test_parse_duration ... ok
[INFO] [stdout] test tests::flipper ... FAILED
[INFO] [stdout] test tests::prestate ... FAILED
[INFO] [stdout] 
[INFO] [stdout] failures:
[INFO] [stdout] 
[INFO] [stdout] ---- tests::flipper stdout ----
[INFO] [stdout] 
[INFO] [stdout] thread 'tests::flipper' (998) panicked at src/lib.rs:392:13:
[INFO] [stdout] evm subprocess spawning error: Os { code: 2, kind: NotFound, message: "No such file or directory" }
[INFO] [stdout] stack backtrace:
[INFO] [stdout]    0:     0x625e407be441 - <<std[617be2ca0a6fd877]::sys::backtrace::BacktraceLock>::print::DisplayBacktrace as core[a373ad73a504971]::fmt::Display>::fmt
[INFO] [stdout]    1:     0x625e407d3cba - core[a373ad73a504971]::fmt::write
[INFO] [stdout]    2:     0x625e407c292c - <alloc[2e1b2a31b91974c5]::vec::Vec<u8> as core[a373ad73a504971]::io::write::Write>::write_fmt
[INFO] [stdout]    3:     0x625e40799c56 - std[617be2ca0a6fd877]::panicking::default_hook::{closure#0}
[INFO] [stdout]    4:     0x625e407b6659 - std[617be2ca0a6fd877]::panicking::default_hook
[INFO] [stdout]    5:     0x625e407466f0 - test[aada8e7e76ba119b]::test_main_inner::{closure#0}
[INFO] [stdout]    6:     0x625e407b6812 - std[617be2ca0a6fd877]::panicking::panic_with_hook
[INFO] [stdout]    7:     0x625e40799d02 - std[617be2ca0a6fd877]::panicking::panic_handler::{closure#0}
[INFO] [stdout]    8:     0x625e407927d9 - std[617be2ca0a6fd877]::sys::backtrace::__rust_end_short_backtrace::<std[617be2ca0a6fd877]::panicking::panic_handler::{closure#0}, !>
[INFO] [stdout]    9:     0x625e4079a90d - __rustc[ea4f61d10b84890b]::rust_begin_unwind
[INFO] [stdout]   10:     0x625e407d43ec - core[a373ad73a504971]::panicking::panic_fmt
[INFO] [stdout]   11:     0x625e40717d91 - <revive_differential[f62fbe70dfcca971]::Evm>::run::{closure#0}
[INFO] [stdout]   12:     0x625e40719e13 - <revive_differential[f62fbe70dfcca971]::Evm>::run
[INFO] [stdout]   13:     0x625e4072cb76 - <revive_differential[f62fbe70dfcca971]::tests::flipper::{closure#0} as core[a373ad73a504971]::ops::function::FnOnce<()>>::call_once
[INFO] [stdout]   14:     0x625e40739b3b - test[aada8e7e76ba119b]::__rust_begin_short_backtrace::<core[a373ad73a504971]::result::Result<(), alloc[2e1b2a31b91974c5]::string::String>, fn() -> core[a373ad73a504971]::result::Result<(), alloc[2e1b2a31b91974c5]::string::String>>
[INFO] [stdout]   15:     0x625e40746d15 - test[aada8e7e76ba119b]::run_test::{closure#0}
[INFO] [stdout]   16:     0x625e40740604 - std[617be2ca0a6fd877]::sys::backtrace::__rust_begin_short_backtrace::<test[aada8e7e76ba119b]::run_test::{closure#1}, ()>
[INFO] [stdout]   17:     0x625e40749da2 - <std[617be2ca0a6fd877]::thread::lifecycle::spawn_unchecked<test[aada8e7e76ba119b]::run_test::{closure#1}, ()>::{closure#1} as core[a373ad73a504971]::ops::function::FnOnce<()>>::call_once::{shim:vtable#0}
[INFO] [stdout]   18:     0x625e407bd93f - <std[617be2ca0a6fd877]::sys::thread::unix::Thread>::new::thread_start
[INFO] [stdout]   19:     0x72958847edfa - <unknown>
[INFO] [stdout]   20:     0x7295885123d4 - clone
[INFO] [stdout]   21:                0x0 - <unknown>
[INFO] [stdout] 
[INFO] [stdout] ---- tests::prestate stdout ----
[INFO] [stdout] 
[INFO] [stdout] thread 'tests::prestate' (1005) panicked at src/lib.rs:392:13:
[INFO] [stdout] evm subprocess spawning error: Os { code: 2, kind: NotFound, message: "No such file or directory" }
[INFO] [stdout] stack backtrace:
[INFO] [stdout]    0:     0x625e407be441 - <<std[617be2ca0a6fd877]::sys::backtrace::BacktraceLock>::print::DisplayBacktrace as core[a373ad73a504971]::fmt::Display>::fmt
[INFO] [stdout]    1:     0x625e407d3cba - core[a373ad73a504971]::fmt::write
[INFO] [stdout]    2:     0x625e407c292c - <alloc[2e1b2a31b91974c5]::vec::Vec<u8> as core[a373ad73a504971]::io::write::Write>::write_fmt
[INFO] [stdout]    3:     0x625e40799c56 - std[617be2ca0a6fd877]::panicking::default_hook::{closure#0}
[INFO] [stdout]    4:     0x625e407b6659 - std[617be2ca0a6fd877]::panicking::default_hook
[INFO] [stdout]    5:     0x625e407466f0 - test[aada8e7e76ba119b]::test_main_inner::{closure#0}
[INFO] [stdout]    6:     0x625e407b6812 - std[617be2ca0a6fd877]::panicking::panic_with_hook
[INFO] [stdout]    7:     0x625e40799d02 - std[617be2ca0a6fd877]::panicking::panic_handler::{closure#0}
[INFO] [stdout]    8:     0x625e407927d9 - std[617be2ca0a6fd877]::sys::backtrace::__rust_end_short_backtrace::<std[617be2ca0a6fd877]::panicking::panic_handler::{closure#0}, !>
[INFO] [stdout]    9:     0x625e4079a90d - __rustc[ea4f61d10b84890b]::rust_begin_unwind
[INFO] [stdout]   10:     0x625e407d43ec - core[a373ad73a504971]::panicking::panic_fmt
[INFO] [stdout]   11:     0x625e40717d91 - <revive_differential[f62fbe70dfcca971]::Evm>::run::{closure#0}
[INFO] [stdout]   12:     0x625e40719e13 - <revive_differential[f62fbe70dfcca971]::Evm>::run
[INFO] [stdout]   13:     0x625e4072d1f3 - <revive_differential[f62fbe70dfcca971]::tests::prestate::{closure#0} as core[a373ad73a504971]::ops::function::FnOnce<()>>::call_once
[INFO] [stdout]   14:     0x625e40739b3b - test[aada8e7e76ba119b]::__rust_begin_short_backtrace::<core[a373ad73a504971]::result::Result<(), alloc[2e1b2a31b91974c5]::string::String>, fn() -> core[a373ad73a504971]::result::Result<(), alloc[2e1b2a31b91974c5]::string::String>>
[INFO] [stdout]   15:     0x625e40746d15 - test[aada8e7e76ba119b]::run_test::{closure#0}
[INFO] [stdout]   16:     0x625e40740604 - std[617be2ca0a6fd877]::sys::backtrace::__rust_begin_short_backtrace::<test[aada8e7e76ba119b]::run_test::{closure#1}, ()>
[INFO] [stdout]   17:     0x625e40749da2 - <std[617be2ca0a6fd877]::thread::lifecycle::spawn_unchecked<test[aada8e7e76ba119b]::run_test::{closure#1}, ()>::{closure#1} as core[a373ad73a504971]::ops::function::FnOnce<()>>::call_once::{shim:vtable#0}
[INFO] [stdout]   18:     0x625e407bd93f - <std[617be2ca0a6fd877]::sys::thread::unix::Thread>::new::thread_start
[INFO] [stdout]   19:     0x72958847edfa - <unknown>
[INFO] [stdout]   20:     0x7295885123d4 - clone
[INFO] [stdout]   21:                0x0 - <unknown>
[INFO] [stdout] 
[INFO] [stdout] 
[INFO] [stdout] failures:
[INFO] [stdout]     tests::flipper
[INFO] [stdout]     tests::prestate
[INFO] [stdout] 
[INFO] [stdout] test result: FAILED. 8 passed; 2 failed; 1 ignored; 0 measured; 0 filtered out; finished in 0.01s
[INFO] [stdout] 
[INFO] [stderr] error: test failed, to rerun pass `--lib`
[INFO] running `Command { std: "docker" "inspect" "e2da90426c00af826f65c13de02c9fe06cdee43a24db071d8c2438740a5adc76", kill_on_drop: false }`
[INFO] running `Command { std: "docker" "rm" "-f" "e2da90426c00af826f65c13de02c9fe06cdee43a24db071d8c2438740a5adc76", kill_on_drop: false }`
[INFO] [stdout] e2da90426c00af826f65c13de02c9fe06cdee43a24db071d8c2438740a5adc76
