[INFO] fetching crate revision-derive 0.30.0...
[INFO] testing revision-derive-0.30.0 against 1.100.0-beta.1+cargoflags=--release for beta-release-1.100-2
[INFO] extracting crate revision-derive 0.30.0 into /workspace/builds/worker-0-tc2/source
[INFO] started tweaking crates.io crate revision-derive 0.30.0
[INFO] removed 0 missing tests
[INFO] finished tweaking crates.io crate revision-derive 0.30.0
[INFO] tweaked toml for crates.io crate revision-derive 0.30.0 written to /workspace/builds/worker-0-tc2/source/Cargo.toml
[INFO] validating manifest of crates.io crate revision-derive 0.30.0 on toolchain 1.100.0-beta.1
[INFO] running `Command { std: CARGO_HOME="/workspace/cargo-home" RUSTUP_HOME="/workspace/rustup-home" "/workspace/cargo-home/bin/cargo" "+1.100.0-beta.1" "metadata" "--manifest-path" "Cargo.toml" "--no-deps", kill_on_drop: false }`
[INFO] crate crates.io crate revision-derive 0.30.0 already has a lockfile, it will not be regenerated
[INFO] running `Command { std: CARGO_HOME="/workspace/cargo-home" RUSTUP_HOME="/workspace/rustup-home" "/workspace/cargo-home/bin/cargo" "+1.100.0-beta.1" "fetch" "--manifest-path" "Cargo.toml", kill_on_drop: false }`
[INFO] [stderr] warning: `package.homepage` is redundant with `package.repository`
[INFO] [stderr]   --> Cargo.toml:31:12
[INFO] [stderr]    |
[INFO] [stderr] 31 | homepage = "https://github.com/surrealdb/revision"
[INFO] [stderr]    |            ^^^^^^^^^^^^^^^^^^^^^^^^^^^^^^^^^^^^^^^
[INFO] [stderr] ...
[INFO] [stderr] 37 | repository = "https://github.com/surrealdb/revision"
[INFO] [stderr]    |              ---------------------------------------
[INFO] [stderr]    |
[INFO] [stderr]    = note: `cargo::redundant_homepage` is set to `warn` by default
[INFO] [stderr] help: consider removing `package.homepage`
[INFO] [stderr] warning: `revision-derive` (manifest) generated 1 warning
[INFO] running `Command { std: "docker" "create" "-v" "/var/lib/crater-agent-workspace/builds/worker-0-tc2/source:/opt/rustwide/workdir:ro,Z" "-v" "/var/lib/crater-agent-workspace/builds/worker-0-tc2/target:/opt/rustwide/target:rw,Z" "-v" "/var/lib/crater-agent-workspace/cargo-home:/opt/rustwide/cargo-home:ro,Z" "-v" "/var/lib/crater-agent-workspace/rustup-home:/opt/rustwide/rustup-home:ro,Z" "-m" "1610612736" "--network" "none" "ghcr.io/rust-lang/crates-build-env/linux@sha256:77db811e55d90add9212f6832c23229e3de5f1c1f9905e8cb07319ea15df73ac" "sleep" "infinity", kill_on_drop: false }`
[INFO] [stdout] e311c671f9b65c85effb70feece0738a8f1ee46d1ce04b4de61f6ca10a830869
[INFO] running `Command { std: "docker" "start" "e311c671f9b65c85effb70feece0738a8f1ee46d1ce04b4de61f6ca10a830869", kill_on_drop: false }`
[INFO] running `Command { std: "docker" "inspect" "e311c671f9b65c85effb70feece0738a8f1ee46d1ce04b4de61f6ca10a830869", kill_on_drop: false }`
[INFO] running `Command { std: "docker" "exec" "-e" "SOURCE_DIR=/opt/rustwide/workdir" "-e" "CARGO_HOME=/opt/rustwide/cargo-home" "-e" "RUSTUP_HOME=/opt/rustwide/rustup-home" "-e" "CARGO_TARGET_DIR=/opt/rustwide/target" "-w" "/opt/rustwide/workdir" "--user" "0:0" "e311c671f9b65c85effb70feece0738a8f1ee46d1ce04b4de61f6ca10a830869" "/opt/rustwide/cargo-home/bin/cargo" "+1.100.0-beta.1" "metadata" "--no-deps" "--format-version=1", kill_on_drop: false }`
[INFO] running `Command { std: "docker" "inspect" "e311c671f9b65c85effb70feece0738a8f1ee46d1ce04b4de61f6ca10a830869", kill_on_drop: false }`
[INFO] running `Command { std: "docker" "exec" "-e" "SOURCE_DIR=/opt/rustwide/workdir" "-e" "CARGO_HOME=/opt/rustwide/cargo-home" "-e" "RUSTUP_HOME=/opt/rustwide/rustup-home" "-e" "CARGO_TARGET_DIR=/opt/rustwide/target" "-e" "CARGO_INCREMENTAL=0" "-e" "RUST_BACKTRACE=full" "-e" "RUSTFLAGS=--cap-lints=warn" "-e" "RUSTDOCFLAGS=--cap-lints=warn" "-w" "/opt/rustwide/workdir" "--user" "0:0" "e311c671f9b65c85effb70feece0738a8f1ee46d1ce04b4de61f6ca10a830869" "/opt/rustwide/cargo-home/bin/cargo" "+1.100.0-beta.1" "build" "--frozen" "--message-format=json" "--release", kill_on_drop: false }`
[INFO] [stderr] warning: `package.homepage` is redundant with `package.repository`
[INFO] [stderr]   --> Cargo.toml:31:12
[INFO] [stderr]    |
[INFO] [stderr] 31 | homepage = "https://github.com/surrealdb/revision"
[INFO] [stderr]    |            ^^^^^^^^^^^^^^^^^^^^^^^^^^^^^^^^^^^^^^^
[INFO] [stderr] ...
[INFO] [stderr] 37 | repository = "https://github.com/surrealdb/revision"
[INFO] [stderr]    |              ---------------------------------------
[INFO] [stderr]    |
[INFO] [stderr]    = note: `cargo::redundant_homepage` is set to `warn` by default
[INFO] [stderr] help: consider removing `package.homepage`
[INFO] [stderr] warning: `revision-derive` (manifest) generated 1 warning
[INFO] [stderr]    Compiling syn v2.0.117
[INFO] [stderr]    Compiling revision-derive v0.30.0 (/opt/rustwide/workdir)
[INFO] [stderr]     Finished `release` profile [optimized] target(s) in 14.75s
[INFO] running `Command { std: "docker" "inspect" "e311c671f9b65c85effb70feece0738a8f1ee46d1ce04b4de61f6ca10a830869", kill_on_drop: false }`
[INFO] running `Command { std: "docker" "exec" "-e" "SOURCE_DIR=/opt/rustwide/workdir" "-e" "CARGO_HOME=/opt/rustwide/cargo-home" "-e" "RUSTUP_HOME=/opt/rustwide/rustup-home" "-e" "CARGO_TARGET_DIR=/opt/rustwide/target" "-e" "CARGO_INCREMENTAL=0" "-e" "RUST_BACKTRACE=full" "-e" "RUSTFLAGS=--cap-lints=warn" "-e" "RUSTDOCFLAGS=--cap-lints=warn" "-w" "/opt/rustwide/workdir" "--user" "0:0" "e311c671f9b65c85effb70feece0738a8f1ee46d1ce04b4de61f6ca10a830869" "/opt/rustwide/cargo-home/bin/cargo" "+1.100.0-beta.1" "test" "--frozen" "--no-run" "--message-format=json" "--release", kill_on_drop: false }`
[INFO] [stderr] warning: `package.homepage` is redundant with `package.repository`
[INFO] [stderr]   --> Cargo.toml:31:12
[INFO] [stderr]    |
[INFO] [stderr] 31 | homepage = "https://github.com/surrealdb/revision"
[INFO] [stderr]    |            ^^^^^^^^^^^^^^^^^^^^^^^^^^^^^^^^^^^^^^^
[INFO] [stderr] ...
[INFO] [stderr] 37 | repository = "https://github.com/surrealdb/revision"
[INFO] [stderr]    |              ---------------------------------------
[INFO] [stderr]    |
[INFO] [stderr]    = note: `cargo::redundant_homepage` is set to `warn` by default
[INFO] [stderr] help: consider removing `package.homepage`
[INFO] [stderr] warning: `revision-derive` (manifest) generated 1 warning
[INFO] [stderr]    Compiling serde_core v1.0.228
[INFO] [stderr]    Compiling serde v1.0.228
[INFO] [stderr]    Compiling serde_json v1.0.127
[INFO] [stderr]    Compiling target-triple v1.0.0
[INFO] [stderr]    Compiling winnow v1.0.3
[INFO] [stderr]    Compiling toml_writer v1.1.1+spec-1.1.0
[INFO] [stderr]    Compiling ryu v1.0.18
[INFO] [stderr]    Compiling itoa v1.0.11
[INFO] [stderr]    Compiling termcolor v1.4.1
[INFO] [stderr]    Compiling quote v1.0.45
[INFO] [stderr]    Compiling glob v0.3.3
[INFO] [stderr]    Compiling serde_derive v1.0.228
[INFO] [stderr]    Compiling revision-derive v0.30.0 (/opt/rustwide/workdir)
[INFO] [stderr]    Compiling syn v2.0.117
[INFO] [stderr]    Compiling toml_parser v1.1.2+spec-1.1.0
[INFO] [stderr]    Compiling serde_spanned v1.1.1
[INFO] [stderr]    Compiling toml_datetime v1.1.1+spec-1.1.0
[INFO] [stderr]    Compiling toml v1.1.2+spec-1.1.0
[INFO] [stderr]    Compiling trybuild v1.0.116
[INFO] [stderr]     Finished `release` profile [optimized] target(s) in 43.54s
[INFO] running `Command { std: "docker" "inspect" "e311c671f9b65c85effb70feece0738a8f1ee46d1ce04b4de61f6ca10a830869", kill_on_drop: false }`
[INFO] running `Command { std: "docker" "exec" "-e" "SOURCE_DIR=/opt/rustwide/workdir" "-e" "CARGO_HOME=/opt/rustwide/cargo-home" "-e" "RUSTUP_HOME=/opt/rustwide/rustup-home" "-e" "CARGO_TARGET_DIR=/opt/rustwide/target" "-e" "CARGO_INCREMENTAL=0" "-e" "RUST_BACKTRACE=full" "-e" "RUSTFLAGS=--cap-lints=warn" "-e" "RUSTDOCFLAGS=--cap-lints=warn" "-w" "/opt/rustwide/workdir" "--user" "0:0" "e311c671f9b65c85effb70feece0738a8f1ee46d1ce04b4de61f6ca10a830869" "/opt/rustwide/cargo-home/bin/cargo" "+1.100.0-beta.1" "test" "--frozen" "--release", kill_on_drop: false }`
[INFO] [stderr] warning: `package.homepage` is redundant with `package.repository`
[INFO] [stderr]   --> Cargo.toml:31:12
[INFO] [stderr]    |
[INFO] [stderr] 31 | homepage = "https://github.com/surrealdb/revision"
[INFO] [stderr]    |            ^^^^^^^^^^^^^^^^^^^^^^^^^^^^^^^^^^^^^^^
[INFO] [stderr] ...
[INFO] [stderr] 37 | repository = "https://github.com/surrealdb/revision"
[INFO] [stderr]    |              ---------------------------------------
[INFO] [stderr]    |
[INFO] [stderr]    = note: `cargo::redundant_homepage` is set to `warn` by default
[INFO] [stderr] help: consider removing `package.homepage`
[INFO] [stderr] warning: `revision-derive` (manifest) generated 1 warning
[INFO] [stderr]     Finished `release` profile [optimized] target(s) in 0.04s
[INFO] [stderr]      Running unittests src/lib.rs (/opt/rustwide/target/release/build/revision-derive/5d9907319f0288aa/out/revision_derive-5d9907319f0288aa)
[INFO] [stdout] 
[INFO] [stdout] running 3 tests
[INFO] [stdout] test expand::common::tests::bare_primitives_match ... ok
[INFO] [stdout] test expand::common::tests::qualified_paths_are_rejected ... ok
[INFO] [stdout] test expand::common::tests::aliases_and_unsupported_types_are_rejected ... ok
[INFO] [stdout] 
[INFO] [stdout] test result: ok. 3 passed; 0 failed; 0 ignored; 0 measured; 0 filtered out; finished in 0.00s
[INFO] [stdout] 
[INFO] [stderr]      Running tests/compile_fail.rs (/opt/rustwide/target/release/build/revision-derive/5a5f3af1ecd5f7e2/out/compile_fail-5a5f3af1ecd5f7e2)
[INFO] [stdout] 
[INFO] [stdout] running 1 test
[INFO] [stderr] warning: `package.homepage` is redundant with `package.repository`
[INFO] [stderr]   --> /opt/rustwide/workdir/Cargo.toml:31:12
[INFO] [stderr]    |
[INFO] [stderr] 31 | homepage = "https://github.com/surrealdb/revision"
[INFO] [stderr]    |            ^^^^^^^^^^^^^^^^^^^^^^^^^^^^^^^^^^^^^^^
[INFO] [stderr] ...
[INFO] [stderr] 37 | repository = "https://github.com/surrealdb/revision"
[INFO] [stderr]    |              ---------------------------------------
[INFO] [stderr]    |
[INFO] [stderr]    = note: `cargo::redundant_homepage` is set to `warn` by default
[INFO] [stderr] help: consider removing `package.homepage`
[INFO] [stderr] warning: `revision-derive` (manifest) generated 1 warning
[INFO] [stderr]    Compiling proc-macro2 v1.0.106
[INFO] [stderr]    Compiling quote v1.0.45
[INFO] [stderr]    Compiling unicode-ident v1.0.24
[INFO] [stderr]    Compiling syn v2.0.117
[INFO] [stderr]    Compiling revision-derive v0.30.0 (/opt/rustwide/workdir)
[INFO] [stderr]     Checking revision-derive-tests v0.0.0 (/opt/rustwide/target/tests/trybuild/revision-derive)
[INFO] [stderr]     Finished `dev` profile [unoptimized + debuginfo] target(s) in 10.02s
[INFO] [stderr] 
[INFO] [stderr] 
[INFO] [stderr] test tests/compile_fail/fixed_attr_on_aliased_int.rs ... mismatch
[INFO] [stderr] 
[INFO] [stderr] EXPECTED:
[INFO] [stderr] ┈┈┈┈┈┈┈┈┈┈┈┈┈┈┈┈┈┈┈┈┈┈┈┈┈┈┈┈┈┈┈┈┈┈┈┈┈┈┈┈┈┈┈┈┈┈┈┈┈┈┈┈┈┈┈┈┈┈┈┈
[INFO] [stderr] error: `#[revision(fixed)]` requires the field type to be one of `u32`, `i32`, `u64`, `i64`, `u128`, `i128` spelled as the bare primitive name. Qualified paths (`::std::primitive::u32`, `core::primitive::u32`) and type aliases (`type MyId = u32; field: MyId`) are not seen through by the macro and so cannot carry this attribute — spell the bare name on the field or remove the attribute.
[INFO] [stderr]   --> tests/compile_fail/fixed_attr_on_aliased_int.rs:14:6
[INFO] [stderr]    |
[INFO] [stderr] 14 |     id: MyId,
[INFO] [stderr]    |         ^^^^
[INFO] [stderr] ┈┈┈┈┈┈┈┈┈┈┈┈┈┈┈┈┈┈┈┈┈┈┈┈┈┈┈┈┈┈┈┈┈┈┈┈┈┈┈┈┈┈┈┈┈┈┈┈┈┈┈┈┈┈┈┈┈┈┈┈
[INFO] [stderr] 
[INFO] [stderr] ACTUAL OUTPUT:
[INFO] [stderr] ┈┈┈┈┈┈┈┈┈┈┈┈┈┈┈┈┈┈┈┈┈┈┈┈┈┈┈┈┈┈┈┈┈┈┈┈┈┈┈┈┈┈┈┈┈┈┈┈┈┈┈┈┈┈┈┈┈┈┈┈
[INFO] [stderr] error[E0432]: unresolved import `revision`
[INFO] [stderr]  --> tests/compile_fail/fixed_attr_on_aliased_int.rs:7:5
[INFO] [stderr]   |
[INFO] [stderr] 7 | use revision::revisioned;
[INFO] [stderr]   |     ^^^^^^^^ use of unresolved module or unlinked crate `revision`
[INFO] [stderr]   |
[INFO] [stderr]   = help: if you wanted to use a crate named `revision`, use `cargo add revision` to add it to your `Cargo.toml`
[INFO] [stderr] 
[INFO] [stderr] error: cannot find attribute `revision` in this scope
[INFO] [stderr]   --> tests/compile_fail/fixed_attr_on_aliased_int.rs:13:4
[INFO] [stderr]    |
[INFO] [stderr] 13 |     #[revision(fixed)]
[INFO] [stderr]    |       ^^^^^^^^
[INFO] [stderr] ┈┈┈┈┈┈┈┈┈┈┈┈┈┈┈┈┈┈┈┈┈┈┈┈┈┈┈┈┈┈┈┈┈┈┈┈┈┈┈┈┈┈┈┈┈┈┈┈┈┈┈┈┈┈┈┈┈┈┈┈
[INFO] [stderr] note: If the actual output is the correct output you can bless it by rerunning
[INFO] [stderr]       your test with the environment variable TRYBUILD=overwrite
[INFO] [stderr] 
[INFO] [stderr] test tests/compile_fail/fixed_attr_on_non_int.rs ... mismatch
[INFO] [stderr] 
[INFO] [stderr] EXPECTED:
[INFO] [stderr] ┈┈┈┈┈┈┈┈┈┈┈┈┈┈┈┈┈┈┈┈┈┈┈┈┈┈┈┈┈┈┈┈┈┈┈┈┈┈┈┈┈┈┈┈┈┈┈┈┈┈┈┈┈┈┈┈┈┈┈┈
[INFO] [stderr] error: `#[revision(fixed)]` requires the field type to be one of `u32`, `i32`, `u64`, `i64`, `u128`, `i128` spelled as the bare primitive name. Qualified paths (`::std::primitive::u32`, `core::primitive::u32`) and type aliases (`type MyId = u32; field: MyId`) are not seen through by the macro and so cannot carry this attribute — spell the bare name on the field or remove the attribute.
[INFO] [stderr]  --> tests/compile_fail/fixed_attr_on_non_int.rs:9:8
[INFO] [stderr]   |
[INFO] [stderr] 9 |     name: String,
[INFO] [stderr]   |           ^^^^^^
[INFO] [stderr] ┈┈┈┈┈┈┈┈┈┈┈┈┈┈┈┈┈┈┈┈┈┈┈┈┈┈┈┈┈┈┈┈┈┈┈┈┈┈┈┈┈┈┈┈┈┈┈┈┈┈┈┈┈┈┈┈┈┈┈┈
[INFO] [stderr] 
[INFO] [stderr] ACTUAL OUTPUT:
[INFO] [stderr] ┈┈┈┈┈┈┈┈┈┈┈┈┈┈┈┈┈┈┈┈┈┈┈┈┈┈┈┈┈┈┈┈┈┈┈┈┈┈┈┈┈┈┈┈┈┈┈┈┈┈┈┈┈┈┈┈┈┈┈┈
[INFO] [stderr] error[E0432]: unresolved import `revision`
[INFO] [stderr]  --> tests/compile_fail/fixed_attr_on_non_int.rs:4:5
[INFO] [stderr]   |
[INFO] [stderr] 4 | use revision::revisioned;
[INFO] [stderr]   |     ^^^^^^^^ use of unresolved module or unlinked crate `revision`
[INFO] [stderr]   |
[INFO] [stderr]   = help: if you wanted to use a crate named `revision`, use `cargo add revision` to add it to your `Cargo.toml`
[INFO] [stderr] 
[INFO] [stderr] error: cannot find attribute `revision` in this scope
[INFO] [stderr]  --> tests/compile_fail/fixed_attr_on_non_int.rs:8:4
[INFO] [stderr]   |
[INFO] [stderr] 8 |     #[revision(fixed)]
[INFO] [stderr]   |       ^^^^^^^^
[INFO] [stderr] ┈┈┈┈┈┈┈┈┈┈┈┈┈┈┈┈┈┈┈┈┈┈┈┈┈┈┈┈┈┈┈┈┈┈┈┈┈┈┈┈┈┈┈┈┈┈┈┈┈┈┈┈┈┈┈┈┈┈┈┈
[INFO] [stderr] note: If the actual output is the correct output you can bless it by rerunning
[INFO] [stderr]       your test with the environment variable TRYBUILD=overwrite
[INFO] [stderr] 
[INFO] [stderr] test tests/compile_fail/history_and_revision.rs ... mismatch
[INFO] [stderr] 
[INFO] [stderr] EXPECTED:
[INFO] [stderr] ┈┈┈┈┈┈┈┈┈┈┈┈┈┈┈┈┈┈┈┈┈┈┈┈┈┈┈┈┈┈┈┈┈┈┈┈┈┈┈┈┈┈┈┈┈┈┈┈┈┈┈┈┈┈┈┈┈┈┈┈
[INFO] [stderr] error: cannot mix legacy `revision = N` with new-style `revision(N, ...)` entries on the same type
[INFO] [stderr]  --> tests/compile_fail/history_and_revision.rs:4:28
[INFO] [stderr]   |
[INFO] [stderr] 4 | #[revisioned(revision = 2, revision(1))]
[INFO] [stderr]   |                            ^^^^^^^^
[INFO] [stderr] ┈┈┈┈┈┈┈┈┈┈┈┈┈┈┈┈┈┈┈┈┈┈┈┈┈┈┈┈┈┈┈┈┈┈┈┈┈┈┈┈┈┈┈┈┈┈┈┈┈┈┈┈┈┈┈┈┈┈┈┈
[INFO] [stderr] 
[INFO] [stderr] ACTUAL OUTPUT:
[INFO] [stderr] ┈┈┈┈┈┈┈┈┈┈┈┈┈┈┈┈┈┈┈┈┈┈┈┈┈┈┈┈┈┈┈┈┈┈┈┈┈┈┈┈┈┈┈┈┈┈┈┈┈┈┈┈┈┈┈┈┈┈┈┈
[INFO] [stderr] error[E0432]: unresolved import `revision`
[INFO] [stderr]  --> tests/compile_fail/history_and_revision.rs:2:5
[INFO] [stderr]   |
[INFO] [stderr] 2 | use revision::revisioned;
[INFO] [stderr]   |     ^^^^^^^^ use of unresolved module or unlinked crate `revision`
[INFO] [stderr]   |
[INFO] [stderr]   = help: if you wanted to use a crate named `revision`, use `cargo add revision` to add it to your `Cargo.toml`
[INFO] [stderr] ┈┈┈┈┈┈┈┈┈┈┈┈┈┈┈┈┈┈┈┈┈┈┈┈┈┈┈┈┈┈┈┈┈┈┈┈┈┈┈┈┈┈┈┈┈┈┈┈┈┈┈┈┈┈┈┈┈┈┈┈
[INFO] [stderr] note: If the actual output is the correct output you can bless it by rerunning
[INFO] [stderr]       your test with the environment variable TRYBUILD=overwrite
[INFO] [stderr] 
[INFO] [stderr] test tests/compile_fail/history_duplicate.rs ... mismatch
[INFO] [stderr] 
[INFO] [stderr] EXPECTED:
[INFO] [stderr] ┈┈┈┈┈┈┈┈┈┈┈┈┈┈┈┈┈┈┈┈┈┈┈┈┈┈┈┈┈┈┈┈┈┈┈┈┈┈┈┈┈┈┈┈┈┈┈┈┈┈┈┈┈┈┈┈┈┈┈┈
[INFO] [stderr] error: duplicate revision number 1
[INFO] [stderr]  --> tests/compile_fail/history_duplicate.rs:4:36
[INFO] [stderr]   |
[INFO] [stderr] 4 | #[revisioned(revision(1), revision(1))]
[INFO] [stderr]   |                                    ^
[INFO] [stderr] ┈┈┈┈┈┈┈┈┈┈┈┈┈┈┈┈┈┈┈┈┈┈┈┈┈┈┈┈┈┈┈┈┈┈┈┈┈┈┈┈┈┈┈┈┈┈┈┈┈┈┈┈┈┈┈┈┈┈┈┈
[INFO] [stderr] 
[INFO] [stderr] ACTUAL OUTPUT:
[INFO] [stderr] ┈┈┈┈┈┈┈┈┈┈┈┈┈┈┈┈┈┈┈┈┈┈┈┈┈┈┈┈┈┈┈┈┈┈┈┈┈┈┈┈┈┈┈┈┈┈┈┈┈┈┈┈┈┈┈┈┈┈┈┈
[INFO] [stderr] error[E0432]: unresolved import `revision`
[INFO] [stderr]  --> tests/compile_fail/history_duplicate.rs:2:5
[INFO] [stderr]   |
[INFO] [stderr] 2 | use revision::revisioned;
[INFO] [stderr]   |     ^^^^^^^^ use of unresolved module or unlinked crate `revision`
[INFO] [stderr]   |
[INFO] [stderr]   = help: if you wanted to use a crate named `revision`, use `cargo add revision` to add it to your `Cargo.toml`
[INFO] [stderr] ┈┈┈┈┈┈┈┈┈┈┈┈┈┈┈┈┈┈┈┈┈┈┈┈┈┈┈┈┈┈┈┈┈┈┈┈┈┈┈┈┈┈┈┈┈┈┈┈┈┈┈┈┈┈┈┈┈┈┈┈
[INFO] [stderr] note: If the actual output is the correct output you can bless it by rerunning
[INFO] [stderr]       your test with the environment variable TRYBUILD=overwrite
[INFO] [stderr] 
[INFO] [stderr] test tests/compile_fail/history_gap.rs ... mismatch
[INFO] [stderr] 
[INFO] [stderr] EXPECTED:
[INFO] [stderr] ┈┈┈┈┈┈┈┈┈┈┈┈┈┈┈┈┈┈┈┈┈┈┈┈┈┈┈┈┈┈┈┈┈┈┈┈┈┈┈┈┈┈┈┈┈┈┈┈┈┈┈┈┈┈┈┈┈┈┈┈
[INFO] [stderr] error: revisions must be contiguous starting from 1 (expected 2, found 3)
[INFO] [stderr]  --> tests/compile_fail/history_gap.rs:4:36
[INFO] [stderr]   |
[INFO] [stderr] 4 | #[revisioned(revision(1), revision(3))]
[INFO] [stderr]   |                                    ^
[INFO] [stderr] ┈┈┈┈┈┈┈┈┈┈┈┈┈┈┈┈┈┈┈┈┈┈┈┈┈┈┈┈┈┈┈┈┈┈┈┈┈┈┈┈┈┈┈┈┈┈┈┈┈┈┈┈┈┈┈┈┈┈┈┈
[INFO] [stderr] 
[INFO] [stderr] ACTUAL OUTPUT:
[INFO] [stderr] ┈┈┈┈┈┈┈┈┈┈┈┈┈┈┈┈┈┈┈┈┈┈┈┈┈┈┈┈┈┈┈┈┈┈┈┈┈┈┈┈┈┈┈┈┈┈┈┈┈┈┈┈┈┈┈┈┈┈┈┈
[INFO] [stderr] error[E0432]: unresolved import `revision`
[INFO] [stderr]  --> tests/compile_fail/history_gap.rs:2:5
[INFO] [stderr]   |
[INFO] [stderr] 2 | use revision::revisioned;
[INFO] [stderr]   |     ^^^^^^^^ use of unresolved module or unlinked crate `revision`
[INFO] [stderr]   |
[INFO] [stderr]   = help: if you wanted to use a crate named `revision`, use `cargo add revision` to add it to your `Cargo.toml`
[INFO] [stderr] ┈┈┈┈┈┈┈┈┈┈┈┈┈┈┈┈┈┈┈┈┈┈┈┈┈┈┈┈┈┈┈┈┈┈┈┈┈┈┈┈┈┈┈┈┈┈┈┈┈┈┈┈┈┈┈┈┈┈┈┈
[INFO] [stderr] note: If the actual output is the correct output you can bless it by rerunning
[INFO] [stderr]       your test with the environment variable TRYBUILD=overwrite
[INFO] [stderr] 
[INFO] [stderr] test tests/compile_fail/indexed_field_mutually_exclusive.rs ... mismatch
[INFO] [stderr] 
[INFO] [stderr] EXPECTED:
[INFO] [stderr] ┈┈┈┈┈┈┈┈┈┈┈┈┈┈┈┈┈┈┈┈┈┈┈┈┈┈┈┈┈┈┈┈┈┈┈┈┈┈┈┈┈┈┈┈┈┈┈┈┈┈┈┈┈┈┈┈┈┈┈┈
[INFO] [stderr] error: a field can declare at most one of `indexed_map`, `indexed_seq`, `indexed_set`
[INFO] [stderr]  --> tests/compile_fail/indexed_field_mutually_exclusive.rs:9:26
[INFO] [stderr]   |
[INFO] [stderr] 9 |     #[revision(indexed_map, indexed_seq)]
[INFO] [stderr]   |                             ^^^^^^^^^^^
[INFO] [stderr] ┈┈┈┈┈┈┈┈┈┈┈┈┈┈┈┈┈┈┈┈┈┈┈┈┈┈┈┈┈┈┈┈┈┈┈┈┈┈┈┈┈┈┈┈┈┈┈┈┈┈┈┈┈┈┈┈┈┈┈┈
[INFO] [stderr] 
[INFO] [stderr] ACTUAL OUTPUT:
[INFO] [stderr] ┈┈┈┈┈┈┈┈┈┈┈┈┈┈┈┈┈┈┈┈┈┈┈┈┈┈┈┈┈┈┈┈┈┈┈┈┈┈┈┈┈┈┈┈┈┈┈┈┈┈┈┈┈┈┈┈┈┈┈┈
[INFO] [stderr] error[E0432]: unresolved import `revision`
[INFO] [stderr]  --> tests/compile_fail/indexed_field_mutually_exclusive.rs:5:5
[INFO] [stderr]   |
[INFO] [stderr] 5 | use revision::revisioned;
[INFO] [stderr]   |     ^^^^^^^^ use of unresolved module or unlinked crate `revision`
[INFO] [stderr]   |
[INFO] [stderr]   = help: if you wanted to use a crate named `revision`, use `cargo add revision` to add it to your `Cargo.toml`
[INFO] [stderr] 
[INFO] [stderr] error: cannot find attribute `revision` in this scope
[INFO] [stderr]  --> tests/compile_fail/indexed_field_mutually_exclusive.rs:9:4
[INFO] [stderr]   |
[INFO] [stderr] 9 |     #[revision(indexed_map, indexed_seq)]
[INFO] [stderr]   |       ^^^^^^^^
[INFO] [stderr] ┈┈┈┈┈┈┈┈┈┈┈┈┈┈┈┈┈┈┈┈┈┈┈┈┈┈┈┈┈┈┈┈┈┈┈┈┈┈┈┈┈┈┈┈┈┈┈┈┈┈┈┈┈┈┈┈┈┈┈┈
[INFO] [stderr] note: If the actual output is the correct output you can bless it by rerunning
[INFO] [stderr]       your test with the environment variable TRYBUILD=overwrite
[INFO] [stderr] 
[INFO] [stderr] test tests/compile_fail/optimised_legacy_extras.rs ... mismatch
[INFO] [stderr] 
[INFO] [stderr] EXPECTED:
[INFO] [stderr] ┈┈┈┈┈┈┈┈┈┈┈┈┈┈┈┈┈┈┈┈┈┈┈┈┈┈┈┈┈┈┈┈┈┈┈┈┈┈┈┈┈┈┈┈┈┈┈┈┈┈┈┈┈┈┈┈┈┈┈┈
[INFO] [stderr] error: encoding-specific attributes (`map`, `seq`, `indexed_struct`) require the `optimised` flag on the same revision entry
[INFO] [stderr]  --> tests/compile_fail/optimised_legacy_extras.rs:7:14
[INFO] [stderr]   |
[INFO] [stderr] 7 | #[revisioned(revision(1, indexed_struct))]
[INFO] [stderr]   |              ^^^^^^^^
[INFO] [stderr] ┈┈┈┈┈┈┈┈┈┈┈┈┈┈┈┈┈┈┈┈┈┈┈┈┈┈┈┈┈┈┈┈┈┈┈┈┈┈┈┈┈┈┈┈┈┈┈┈┈┈┈┈┈┈┈┈┈┈┈┈
[INFO] [stderr] 
[INFO] [stderr] ACTUAL OUTPUT:
[INFO] [stderr] ┈┈┈┈┈┈┈┈┈┈┈┈┈┈┈┈┈┈┈┈┈┈┈┈┈┈┈┈┈┈┈┈┈┈┈┈┈┈┈┈┈┈┈┈┈┈┈┈┈┈┈┈┈┈┈┈┈┈┈┈
[INFO] [stderr] error[E0432]: unresolved import `revision`
[INFO] [stderr]  --> tests/compile_fail/optimised_legacy_extras.rs:5:5
[INFO] [stderr]   |
[INFO] [stderr] 5 | use revision::revisioned;
[INFO] [stderr]   |     ^^^^^^^^ use of unresolved module or unlinked crate `revision`
[INFO] [stderr]   |
[INFO] [stderr]   = help: if you wanted to use a crate named `revision`, use `cargo add revision` to add it to your `Cargo.toml`
[INFO] [stderr] ┈┈┈┈┈┈┈┈┈┈┈┈┈┈┈┈┈┈┈┈┈┈┈┈┈┈┈┈┈┈┈┈┈┈┈┈┈┈┈┈┈┈┈┈┈┈┈┈┈┈┈┈┈┈┈┈┈┈┈┈
[INFO] [stderr] note: If the actual output is the correct output you can bless it by rerunning
[INFO] [stderr]       your test with the environment variable TRYBUILD=overwrite
[INFO] [stderr] 
[INFO] [stderr] test tests/compile_fail/optimised_missing_size.rs ... mismatch
[INFO] [stderr] 
[INFO] [stderr] EXPECTED:
[INFO] [stderr] ┈┈┈┈┈┈┈┈┈┈┈┈┈┈┈┈┈┈┈┈┈┈┈┈┈┈┈┈┈┈┈┈┈┈┈┈┈┈┈┈┈┈┈┈┈┈┈┈┈┈┈┈┈┈┈┈┈┈┈┈
[INFO] [stderr] error: variant requires `#[revision(size = "inline" | "fixed(N)" | "varlen")]` under `encoding = "optimised"`
[INFO] [stderr]  --> tests/compile_fail/optimised_missing_size.rs:6:2
[INFO] [stderr]   |
[INFO] [stderr] 6 |     WithoutSizeAttribute,
[INFO] [stderr]   |     ^^^^^^^^^^^^^^^^^^^^
[INFO] [stderr] ┈┈┈┈┈┈┈┈┈┈┈┈┈┈┈┈┈┈┈┈┈┈┈┈┈┈┈┈┈┈┈┈┈┈┈┈┈┈┈┈┈┈┈┈┈┈┈┈┈┈┈┈┈┈┈┈┈┈┈┈
[INFO] [stderr] 
[INFO] [stderr] ACTUAL OUTPUT:
[INFO] [stderr] ┈┈┈┈┈┈┈┈┈┈┈┈┈┈┈┈┈┈┈┈┈┈┈┈┈┈┈┈┈┈┈┈┈┈┈┈┈┈┈┈┈┈┈┈┈┈┈┈┈┈┈┈┈┈┈┈┈┈┈┈
[INFO] [stderr] error[E0432]: unresolved import `revision`
[INFO] [stderr]  --> tests/compile_fail/optimised_missing_size.rs:2:5
[INFO] [stderr]   |
[INFO] [stderr] 2 | use revision::revisioned;
[INFO] [stderr]   |     ^^^^^^^^ use of unresolved module or unlinked crate `revision`
[INFO] [stderr]   |
[INFO] [stderr]   = help: if you wanted to use a crate named `revision`, use `cargo add revision` to add it to your `Cargo.toml`
[INFO] [stderr] ┈┈┈┈┈┈┈┈┈┈┈┈┈┈┈┈┈┈┈┈┈┈┈┈┈┈┈┈┈┈┈┈┈┈┈┈┈┈┈┈┈┈┈┈┈┈┈┈┈┈┈┈┈┈┈┈┈┈┈┈
[INFO] [stderr] note: If the actual output is the correct output you can bless it by rerunning
[INFO] [stderr]       your test with the environment variable TRYBUILD=overwrite
[INFO] [stderr] 
[INFO] [stderr] test tests/compile_fail/optimised_too_many_variants.rs ... mismatch
[INFO] [stderr] 
[INFO] [stderr] EXPECTED:
[INFO] [stderr] ┈┈┈┈┈┈┈┈┈┈┈┈┈┈┈┈┈┈┈┈┈┈┈┈┈┈┈┈┈┈┈┈┈┈┈┈┈┈┈┈┈┈┈┈┈┈┈┈┈┈┈┈┈┈┈┈┈┈┈┈
[INFO] [stderr] error: enum has 33 variants alive at revision 1 but `encoding = "optimised"` allows at most 32
[INFO] [stderr]  --> tests/compile_fail/optimised_too_many_variants.rs:5:6
[INFO] [stderr]   |
[INFO] [stderr] 5 | enum TooManyVariants {
[INFO] [stderr]   |      ^^^^^^^^^^^^^^^
[INFO] [stderr] ┈┈┈┈┈┈┈┈┈┈┈┈┈┈┈┈┈┈┈┈┈┈┈┈┈┈┈┈┈┈┈┈┈┈┈┈┈┈┈┈┈┈┈┈┈┈┈┈┈┈┈┈┈┈┈┈┈┈┈┈
[INFO] [stderr] 
[INFO] [stderr] ACTUAL OUTPUT:
[INFO] [stderr] ┈┈┈┈┈┈┈┈┈┈┈┈┈┈┈┈┈┈┈┈┈┈┈┈┈┈┈┈┈┈┈┈┈┈┈┈┈┈┈┈┈┈┈┈┈┈┈┈┈┈┈┈┈┈┈┈┈┈┈┈
[INFO] [stderr] error[E0432]: unresolved import `revision`
[INFO] [stderr]  --> tests/compile_fail/optimised_too_many_variants.rs:2:5
[INFO] [stderr]   |
[INFO] [stderr] 2 | use revision::revisioned;
[INFO] [stderr]   |     ^^^^^^^^ use of unresolved module or unlinked crate `revision`
[INFO] [stderr]   |
[INFO] [stderr]   = help: if you wanted to use a crate named `revision`, use `cargo add revision` to add it to your `Cargo.toml`
[INFO] [stderr] 
[INFO] [stderr] error: cannot find attribute `revision` in this scope
[INFO] [stderr]  --> tests/compile_fail/optimised_too_many_variants.rs:6:4
[INFO] [stderr]   |
[INFO] [stderr] 6 |     #[revision(size = "inline")] V00,
[INFO] [stderr]   |       ^^^^^^^^
[INFO] [stderr] 
[INFO] [stderr] error: cannot find attribute `revision` in this scope
[INFO] [stderr]  --> tests/compile_fail/optimised_too_many_variants.rs:7:4
[INFO] [stderr]   |
[INFO] [stderr] 7 |     #[revision(size = "inline")] V01,
[INFO] [stderr]   |       ^^^^^^^^
[INFO] [stderr] 
[INFO] [stderr] error: cannot find attribute `revision` in this scope
[INFO] [stderr]  --> tests/compile_fail/optimised_too_many_variants.rs:8:4
[INFO] [stderr]   |
[INFO] [stderr] 8 |     #[revision(size = "inline")] V02,
[INFO] [stderr]   |       ^^^^^^^^
[INFO] [stderr] 
[INFO] [stderr] error: cannot find attribute `revision` in this scope
[INFO] [stderr]  --> tests/compile_fail/optimised_too_many_variants.rs:9:4
[INFO] [stderr]   |
[INFO] [stderr] 9 |     #[revision(size = "inline")] V03,
[INFO] [stderr]   |       ^^^^^^^^
[INFO] [stderr] 
[INFO] [stderr] error: cannot find attribute `revision` in this scope
[INFO] [stderr]   --> tests/compile_fail/optimised_too_many_variants.rs:10:4
[INFO] [stderr]    |
[INFO] [stderr] 10 |     #[revision(size = "inline")] V04,
[INFO] [stderr]    |       ^^^^^^^^
[INFO] [stderr] 
[INFO] [stderr] error: cannot find attribute `revision` in this scope
[INFO] [stderr]   --> tests/compile_fail/optimised_too_many_variants.rs:11:4
[INFO] [stderr]    |
[INFO] [stderr] 11 |     #[revision(size = "inline")] V05,
[INFO] [stderr]    |       ^^^^^^^^
[INFO] [stderr] 
[INFO] [stderr] error: cannot find attribute `revision` in this scope
[INFO] [stderr]   --> tests/compile_fail/optimised_too_many_variants.rs:12:4
[INFO] [stderr]    |
[INFO] [stderr] 12 |     #[revision(size = "inline")] V06,
[INFO] [stderr]    |       ^^^^^^^^
[INFO] [stderr] 
[INFO] [stderr] error: cannot find attribute `revision` in this scope
[INFO] [stderr]   --> tests/compile_fail/optimised_too_many_variants.rs:13:4
[INFO] [stderr]    |
[INFO] [stderr] 13 |     #[revision(size = "inline")] V07,
[INFO] [stderr]    |       ^^^^^^^^
[INFO] [stderr] 
[INFO] [stderr] error: cannot find attribute `revision` in this scope
[INFO] [stderr]   --> tests/compile_fail/optimised_too_many_variants.rs:14:4
[INFO] [stderr]    |
[INFO] [stderr] 14 |     #[revision(size = "inline")] V08,
[INFO] [stderr]    |       ^^^^^^^^
[INFO] [stderr] 
[INFO] [stderr] error: cannot find attribute `revision` in this scope
[INFO] [stderr]   --> tests/compile_fail/optimised_too_many_variants.rs:15:4
[INFO] [stderr]    |
[INFO] [stderr] 15 |     #[revision(size = "inline")] V09,
[INFO] [stderr]    |       ^^^^^^^^
[INFO] [stderr] 
[INFO] [stderr] error: cannot find attribute `revision` in this scope
[INFO] [stderr]   --> tests/compile_fail/optimised_too_many_variants.rs:16:4
[INFO] [stderr]    |
[INFO] [stderr] 16 |     #[revision(size = "inline")] V10,
[INFO] [stderr]    |       ^^^^^^^^
[INFO] [stderr] 
[INFO] [stderr] error: cannot find attribute `revision` in this scope
[INFO] [stderr]   --> tests/compile_fail/optimised_too_many_variants.rs:17:4
[INFO] [stderr]    |
[INFO] [stderr] 17 |     #[revision(size = "inline")] V11,
[INFO] [stderr]    |       ^^^^^^^^
[INFO] [stderr] 
[INFO] [stderr] error: cannot find attribute `revision` in this scope
[INFO] [stderr]   --> tests/compile_fail/optimised_too_many_variants.rs:18:4
[INFO] [stderr]    |
[INFO] [stderr] 18 |     #[revision(size = "inline")] V12,
[INFO] [stderr]    |       ^^^^^^^^
[INFO] [stderr] 
[INFO] [stderr] error: cannot find attribute `revision` in this scope
[INFO] [stderr]   --> tests/compile_fail/optimised_too_many_variants.rs:19:4
[INFO] [stderr]    |
[INFO] [stderr] 19 |     #[revision(size = "inline")] V13,
[INFO] [stderr]    |       ^^^^^^^^
[INFO] [stderr] 
[INFO] [stderr] error: cannot find attribute `revision` in this scope
[INFO] [stderr]   --> tests/compile_fail/optimised_too_many_variants.rs:20:4
[INFO] [stderr]    |
[INFO] [stderr] 20 |     #[revision(size = "inline")] V14,
[INFO] [stderr]    |       ^^^^^^^^
[INFO] [stderr] 
[INFO] [stderr] error: cannot find attribute `revision` in this scope
[INFO] [stderr]   --> tests/compile_fail/optimised_too_many_variants.rs:21:4
[INFO] [stderr]    |
[INFO] [stderr] 21 |     #[revision(size = "inline")] V15,
[INFO] [stderr]    |       ^^^^^^^^
[INFO] [stderr] 
[INFO] [stderr] error: cannot find attribute `revision` in this scope
[INFO] [stderr]   --> tests/compile_fail/optimised_too_many_variants.rs:22:4
[INFO] [stderr]    |
[INFO] [stderr] 22 |     #[revision(size = "inline")] V16,
[INFO] [stderr]    |       ^^^^^^^^
[INFO] [stderr] 
[INFO] [stderr] error: cannot find attribute `revision` in this scope
[INFO] [stderr]   --> tests/compile_fail/optimised_too_many_variants.rs:23:4
[INFO] [stderr]    |
[INFO] [stderr] 23 |     #[revision(size = "inline")] V17,
[INFO] [stderr]    |       ^^^^^^^^
[INFO] [stderr] 
[INFO] [stderr] error: cannot find attribute `revision` in this scope
[INFO] [stderr]   --> tests/compile_fail/optimised_too_many_variants.rs:24:4
[INFO] [stderr]    |
[INFO] [stderr] 24 |     #[revision(size = "inline")] V18,
[INFO] [stderr]    |       ^^^^^^^^
[INFO] [stderr] 
[INFO] [stderr] error: cannot find attribute `revision` in this scope
[INFO] [stderr]   --> tests/compile_fail/optimised_too_many_variants.rs:25:4
[INFO] [stderr]    |
[INFO] [stderr] 25 |     #[revision(size = "inline")] V19,
[INFO] [stderr]    |       ^^^^^^^^
[INFO] [stderr] 
[INFO] [stderr] error: cannot find attribute `revision` in this scope
[INFO] [stderr]   --> tests/compile_fail/optimised_too_many_variants.rs:26:4
[INFO] [stderr]    |
[INFO] [stderr] 26 |     #[revision(size = "inline")] V20,
[INFO] [stderr]    |       ^^^^^^^^
[INFO] [stderr] 
[INFO] [stderr] error: cannot find attribute `revision` in this scope
[INFO] [stderr]   --> tests/compile_fail/optimised_too_many_variants.rs:27:4
[INFO] [stderr]    |
[INFO] [stderr] 27 |     #[revision(size = "inline")] V21,
[INFO] [stderr]    |       ^^^^^^^^
[INFO] [stderr] 
[INFO] [stderr] error: cannot find attribute `revision` in this scope
[INFO] [stderr]   --> tests/compile_fail/optimised_too_many_variants.rs:28:4
[INFO] [stderr]    |
[INFO] [stderr] 28 |     #[revision(size = "inline")] V22,
[INFO] [stderr]    |       ^^^^^^^^
[INFO] [stderr] 
[INFO] [stderr] error: cannot find attribute `revision` in this scope
[INFO] [stderr]   --> tests/compile_fail/optimised_too_many_variants.rs:29:4
[INFO] [stderr]    |
[INFO] [stderr] 29 |     #[revision(size = "inline")] V23,
[INFO] [stderr]    |       ^^^^^^^^
[INFO] [stderr] 
[INFO] [stderr] error: cannot find attribute `revision` in this scope
[INFO] [stderr]   --> tests/compile_fail/optimised_too_many_variants.rs:30:4
[INFO] [stderr]    |
[INFO] [stderr] 30 |     #[revision(size = "inline")] V24,
[INFO] [stderr]    |       ^^^^^^^^
[INFO] [stderr] 
[INFO] [stderr] error: cannot find attribute `revision` in this scope
[INFO] [stderr]   --> tests/compile_fail/optimised_too_many_variants.rs:31:4
[INFO] [stderr]    |
[INFO] [stderr] 31 |     #[revision(size = "inline")] V25,
[INFO] [stderr]    |       ^^^^^^^^
[INFO] [stderr] 
[INFO] [stderr] error: cannot find attribute `revision` in this scope
[INFO] [stderr]   --> tests/compile_fail/optimised_too_many_variants.rs:32:4
[INFO] [stderr]    |
[INFO] [stderr] 32 |     #[revision(size = "inline")] V26,
[INFO] [stderr]    |       ^^^^^^^^
[INFO] [stderr] 
[INFO] [stderr] error: cannot find attribute `revision` in this scope
[INFO] [stderr]   --> tests/compile_fail/optimised_too_many_variants.rs:33:4
[INFO] [stderr]    |
[INFO] [stderr] 33 |     #[revision(size = "inline")] V27,
[INFO] [stderr]    |       ^^^^^^^^
[INFO] [stderr] 
[INFO] [stderr] error: cannot find attribute `revision` in this scope
[INFO] [stderr]   --> tests/compile_fail/optimised_too_many_variants.rs:34:4
[INFO] [stderr]    |
[INFO] [stderr] 34 |     #[revision(size = "inline")] V28,
[INFO] [stderr]    |       ^^^^^^^^
[INFO] [stderr] 
[INFO] [stderr] error: cannot find attribute `revision` in this scope
[INFO] [stderr]   --> tests/compile_fail/optimised_too_many_variants.rs:35:4
[INFO] [stderr]    |
[INFO] [stderr] 35 |     #[revision(size = "inline")] V29,
[INFO] [stderr]    |       ^^^^^^^^
[INFO] [stderr] 
[INFO] [stderr] error: cannot find attribute `revision` in this scope
[INFO] [stderr]   --> tests/compile_fail/optimised_too_many_variants.rs:36:4
[INFO] [stderr]    |
[INFO] [stderr] 36 |     #[revision(size = "inline")] V30,
[INFO] [stderr]    |       ^^^^^^^^
[INFO] [stderr] 
[INFO] [stderr] error: cannot find attribute `revision` in this scope
[INFO] [stderr]   --> tests/compile_fail/optimised_too_many_variants.rs:37:4
[INFO] [stderr]    |
[INFO] [stderr] 37 |     #[revision(size = "inline")] V31,
[INFO] [stderr]    |       ^^^^^^^^
[INFO] [stderr] 
[INFO] [stderr] error: cannot find attribute `revision` in this scope
[INFO] [stderr]   --> tests/compile_fail/optimised_too_many_variants.rs:38:4
[INFO] [stderr]    |
[INFO] [stderr] 38 |     #[revision(size = "inline")] V32, // 33rd variant — one too many.
[INFO] [stderr]    |       ^^^^^^^^
[INFO] [stderr] ┈┈┈┈┈┈┈┈┈┈┈┈┈┈┈┈┈┈┈┈┈┈┈┈┈┈┈┈┈┈┈┈┈┈┈┈┈┈┈┈┈┈┈┈┈┈┈┈┈┈┈┈┈┈┈┈┈┈┈┈
[INFO] [stderr] note: If the actual output is the correct output you can bless it by rerunning
[INFO] [stderr]       your test with the environment variable TRYBUILD=overwrite
[INFO] [stderr] 
[INFO] [stderr] test tests/compile_fail/type_level_map_indexed.rs ... mismatch
[INFO] [stderr] 
[INFO] [stderr] EXPECTED:
[INFO] [stderr] ┈┈┈┈┈┈┈┈┈┈┈┈┈┈┈┈┈┈┈┈┈┈┈┈┈┈┈┈┈┈┈┈┈┈┈┈┈┈┈┈┈┈┈┈┈┈┈┈┈┈┈┈┈┈┈┈┈┈┈┈
[INFO] [stderr] error: type-level `map = "indexed"` is not supported; use the per-field attribute `#[revision(indexed_map)]` on each map-shaped field that should use indexed encoding instead
[INFO] [stderr]  --> tests/compile_fail/type_level_map_indexed.rs:6:43
[INFO] [stderr]   |
[INFO] [stderr] 6 | #[revisioned(revision(1, optimised, map = "indexed"))]
[INFO] [stderr]   |                                           ^^^^^^^^^
[INFO] [stderr] ┈┈┈┈┈┈┈┈┈┈┈┈┈┈┈┈┈┈┈┈┈┈┈┈┈┈┈┈┈┈┈┈┈┈┈┈┈┈┈┈┈┈┈┈┈┈┈┈┈┈┈┈┈┈┈┈┈┈┈┈
[INFO] [stderr] 
[INFO] [stderr] ACTUAL OUTPUT:
[INFO] [stderr] ┈┈┈┈┈┈┈┈┈┈┈┈┈┈┈┈┈┈┈┈┈┈┈┈┈┈┈┈┈┈┈┈┈┈┈┈┈┈┈┈┈┈┈┈┈┈┈┈┈┈┈┈┈┈┈┈┈┈┈┈
[INFO] [stderr] error[E0432]: unresolved import `revision`
[INFO] [stderr]  --> tests/compile_fail/type_level_map_indexed.rs:4:5
[INFO] [stderr]   |
[INFO] [stderr] 4 | use revision::revisioned;
[INFO] [stderr]   |     ^^^^^^^^ use of unresolved module or unlinked crate `revision`
[INFO] [stderr]   |
[INFO] [stderr]   = help: if you wanted to use a crate named `revision`, use `cargo add revision` to add it to your `Cargo.toml`
[INFO] [stderr] ┈┈┈┈┈┈┈┈┈┈┈┈┈┈┈┈┈┈┈┈┈┈┈┈┈┈┈┈┈┈┈┈┈┈┈┈┈┈┈┈┈┈┈┈┈┈┈┈┈┈┈┈┈┈┈┈┈┈┈┈
[INFO] [stderr] note: If the actual output is the correct output you can bless it by rerunning
[INFO] [stderr]       your test with the environment variable TRYBUILD=overwrite
[INFO] [stderr] 
[INFO] [stderr] test tests/compile_fail/type_level_seq_indexed.rs ... mismatch
[INFO] [stderr] 
[INFO] [stderr] EXPECTED:
[INFO] [stderr] ┈┈┈┈┈┈┈┈┈┈┈┈┈┈┈┈┈┈┈┈┈┈┈┈┈┈┈┈┈┈┈┈┈┈┈┈┈┈┈┈┈┈┈┈┈┈┈┈┈┈┈┈┈┈┈┈┈┈┈┈
[INFO] [stderr] error: type-level `seq = "indexed"` is not supported; use the per-field attribute `#[revision(indexed_seq)]` on each sequence-shaped field that should use indexed encoding instead
[INFO] [stderr]  --> tests/compile_fail/type_level_seq_indexed.rs:5:43
[INFO] [stderr]   |
[INFO] [stderr] 5 | #[revisioned(revision(1, optimised, seq = "indexed"))]
[INFO] [stderr]   |                                           ^^^^^^^^^
[INFO] [stderr] ┈┈┈┈┈┈┈┈┈┈┈┈┈┈┈┈┈┈┈┈┈┈┈┈┈┈┈┈┈┈┈┈┈┈┈┈┈┈┈┈┈┈┈┈┈┈┈┈┈┈┈┈┈┈┈┈┈┈┈┈
[INFO] [stderr] 
[INFO] [stderr] ACTUAL OUTPUT:
[INFO] [stderr] ┈┈┈┈┈┈┈┈┈┈┈┈┈┈┈┈┈┈┈┈┈┈┈┈┈┈┈┈┈┈┈┈┈┈┈┈┈┈┈┈┈┈┈┈┈┈┈┈┈┈┈┈┈┈┈┈┈┈┈┈
[INFO] [stderr] error[E0432]: unresolved import `revision`
[INFO] [stderr]  --> tests/compile_fail/type_level_seq_indexed.rs:3:5
[INFO] [stderr]   |
[INFO] [stderr] 3 | use revision::revisioned;
[INFO] [stderr]   |     ^^^^^^^^ use of unresolved module or unlinked crate `revision`
[INFO] [stderr]   |
[INFO] [stderr]   = help: if you wanted to use a crate named `revision`, use `cargo add revision` to add it to your `Cargo.toml`
[INFO] [stderr] ┈┈┈┈┈┈┈┈┈┈┈┈┈┈┈┈┈┈┈┈┈┈┈┈┈┈┈┈┈┈┈┈┈┈┈┈┈┈┈┈┈┈┈┈┈┈┈┈┈┈┈┈┈┈┈┈┈┈┈┈
[INFO] [stderr] note: If the actual output is the correct output you can bless it by rerunning
[INFO] [stderr]       your test with the environment variable TRYBUILD=overwrite
[INFO] [stderr] 
[INFO] [stderr] 
[INFO] [stderr] 
[INFO] [stdout] test compile_fail ... FAILED
[INFO] [stdout] 
[INFO] [stdout] failures:
[INFO] [stdout] 
[INFO] [stdout] ---- compile_fail stdout ----
[INFO] [stdout] 
[INFO] [stdout] thread 'compile_fail' (868) panicked at /opt/rustwide/cargo-home/registry/src/index.crates.io-1949cf8c6b5b557f/trybuild-1.0.116/src/run.rs:102:13:
[INFO] [stdout] 11 of 11 tests failed
[INFO] [stdout] stack backtrace:
[INFO] [stdout]    0:     0x555df9147591 - <<std[617be2ca0a6fd877]::sys::backtrace::BacktraceLock>::print::DisplayBacktrace as core[a373ad73a504971]::fmt::Display>::fmt
[INFO] [stdout]    1:     0x555df915d87a - core[a373ad73a504971]::fmt::write
[INFO] [stdout]    2:     0x555df914bddc - <alloc[2e1b2a31b91974c5]::vec::Vec<u8> as core[a373ad73a504971]::io::write::Write>::write_fmt
[INFO] [stdout]    3:     0x555df91209f6 - std[617be2ca0a6fd877]::panicking::default_hook::{closure#0}
[INFO] [stdout]    4:     0x555df913eb39 - std[617be2ca0a6fd877]::panicking::default_hook
[INFO] [stdout]    5:     0x555df90d8140 - test[aada8e7e76ba119b]::test_main_inner::{closure#0}
[INFO] [stdout]    6:     0x555df913ecf2 - std[617be2ca0a6fd877]::panicking::panic_with_hook
[INFO] [stdout]    7:     0x555df9120aa2 - std[617be2ca0a6fd877]::panicking::panic_handler::{closure#0}
[INFO] [stdout]    8:     0x555df91192f9 - std[617be2ca0a6fd877]::sys::backtrace::__rust_end_short_backtrace::<std[617be2ca0a6fd877]::panicking::panic_handler::{closure#0}, !>
[INFO] [stdout]    9:     0x555df91216ad - __rustc[ea4f61d10b84890b]::rust_begin_unwind
[INFO] [stdout]   10:     0x555df915dfec - core[a373ad73a504971]::panicking::panic_fmt
[INFO] [stdout]   11:     0x555df90295bb - <trybuild[e175e5768dbae4f8]::Runner>::run
[INFO] [stdout]   12:     0x555df902c6d0 - <trybuild[e175e5768dbae4f8]::TestCases as core[a373ad73a504971]::ops::drop::Drop>::drop
[INFO] [stdout]   13:     0x555df9022928 - compile_fail[5b535ba06d087321]::compile_fail
[INFO] [stdout]   14:     0x555df9022b29 - <compile_fail[5b535ba06d087321]::compile_fail::{closure#0} as core[a373ad73a504971]::ops::function::FnOnce<()>>::call_once
[INFO] [stdout]   15:     0x555df90cb58b - test[aada8e7e76ba119b]::__rust_begin_short_backtrace::<core[a373ad73a504971]::result::Result<(), alloc[2e1b2a31b91974c5]::string::String>, fn() -> core[a373ad73a504971]::result::Result<(), alloc[2e1b2a31b91974c5]::string::String>>
[INFO] [stdout]   16:     0x555df90d8765 - test[aada8e7e76ba119b]::run_test::{closure#0}
[INFO] [stdout]   17:     0x555df90d2054 - std[617be2ca0a6fd877]::sys::backtrace::__rust_begin_short_backtrace::<test[aada8e7e76ba119b]::run_test::{closure#1}, ()>
[INFO] [stdout]   18:     0x555df90db7f2 - <std[617be2ca0a6fd877]::thread::lifecycle::spawn_unchecked<test[aada8e7e76ba119b]::run_test::{closure#1}, ()>::{closure#1} as core[a373ad73a504971]::ops::function::FnOnce<()>>::call_once::{shim:vtable#0}
[INFO] [stdout]   19:     0x555df91467ef - <std[617be2ca0a6fd877]::sys::thread::unix::Thread>::new::thread_start
[INFO] [stdout]   20:     0x741d2b413dfa - <unknown>
[INFO] [stdout]   21:     0x741d2b4a73d4 - clone
[INFO] [stdout]   22:                0x0 - <unknown>
[INFO] [stdout] 
[INFO] [stdout] 
[INFO] [stdout] failures:
[INFO] [stdout]     compile_fail
[INFO] [stdout] 
[INFO] [stdout] test result: FAILED. 0 passed; 1 failed; 0 ignored; 0 measured; 0 filtered out; finished in 14.03s
[INFO] [stdout] 
[INFO] [stderr] error: test failed, to rerun pass `--test compile_fail`
[INFO] running `Command { std: "docker" "inspect" "e311c671f9b65c85effb70feece0738a8f1ee46d1ce04b4de61f6ca10a830869", kill_on_drop: false }`
[INFO] running `Command { std: "docker" "rm" "-f" "e311c671f9b65c85effb70feece0738a8f1ee46d1ce04b4de61f6ca10a830869", kill_on_drop: false }`
[INFO] [stdout] e311c671f9b65c85effb70feece0738a8f1ee46d1ce04b4de61f6ca10a830869
