[INFO] fetching crate rete-core 0.3.4...
[INFO] testing rete-core-0.3.4 against 1.100.0-beta.1+cargoflags=--release for beta-release-1.100-2
[INFO] extracting crate rete-core 0.3.4 into /workspace/builds/worker-1-tc2/source
[INFO] started tweaking crates.io crate rete-core 0.3.4
[INFO] removed 0 missing examples
[INFO] removed 0 missing tests
[INFO] finished tweaking crates.io crate rete-core 0.3.4
[INFO] tweaked toml for crates.io crate rete-core 0.3.4 written to /workspace/builds/worker-1-tc2/source/Cargo.toml
[INFO] validating manifest of crates.io crate rete-core 0.3.4 on toolchain 1.100.0-beta.1
[INFO] running `Command { std: CARGO_HOME="/workspace/cargo-home" RUSTUP_HOME="/workspace/rustup-home" "/workspace/cargo-home/bin/cargo" "+1.100.0-beta.1" "metadata" "--manifest-path" "Cargo.toml" "--no-deps", kill_on_drop: false }`
[INFO] crate crates.io crate rete-core 0.3.4 already has a lockfile, it will not be regenerated
[INFO] running `Command { std: CARGO_HOME="/workspace/cargo-home" RUSTUP_HOME="/workspace/rustup-home" "/workspace/cargo-home/bin/cargo" "+1.100.0-beta.1" "fetch" "--manifest-path" "Cargo.toml", kill_on_drop: false }`
[INFO] running `Command { std: "docker" "create" "-v" "/var/lib/crater-agent-workspace/builds/worker-1-tc2/source:/opt/rustwide/workdir:ro,Z" "-v" "/var/lib/crater-agent-workspace/builds/worker-1-tc2/target:/opt/rustwide/target:rw,Z" "-v" "/var/lib/crater-agent-workspace/cargo-home:/opt/rustwide/cargo-home:ro,Z" "-v" "/var/lib/crater-agent-workspace/rustup-home:/opt/rustwide/rustup-home:ro,Z" "-m" "1610612736" "--network" "none" "ghcr.io/rust-lang/crates-build-env/linux@sha256:77db811e55d90add9212f6832c23229e3de5f1c1f9905e8cb07319ea15df73ac" "sleep" "infinity", kill_on_drop: false }`
[INFO] [stdout] cc1aae753c8dd2a66275fbc641ee7d0ca5ec88ca097dc22ffe33f8f08007d47b
[INFO] running `Command { std: "docker" "start" "cc1aae753c8dd2a66275fbc641ee7d0ca5ec88ca097dc22ffe33f8f08007d47b", kill_on_drop: false }`
[INFO] running `Command { std: "docker" "inspect" "cc1aae753c8dd2a66275fbc641ee7d0ca5ec88ca097dc22ffe33f8f08007d47b", kill_on_drop: false }`
[INFO] running `Command { std: "docker" "exec" "-e" "SOURCE_DIR=/opt/rustwide/workdir" "-e" "CARGO_HOME=/opt/rustwide/cargo-home" "-e" "RUSTUP_HOME=/opt/rustwide/rustup-home" "-e" "CARGO_TARGET_DIR=/opt/rustwide/target" "-w" "/opt/rustwide/workdir" "--user" "0:0" "cc1aae753c8dd2a66275fbc641ee7d0ca5ec88ca097dc22ffe33f8f08007d47b" "/opt/rustwide/cargo-home/bin/cargo" "+1.100.0-beta.1" "metadata" "--no-deps" "--format-version=1", kill_on_drop: false }`
[INFO] running `Command { std: "docker" "inspect" "cc1aae753c8dd2a66275fbc641ee7d0ca5ec88ca097dc22ffe33f8f08007d47b", kill_on_drop: false }`
[INFO] running `Command { std: "docker" "exec" "-e" "SOURCE_DIR=/opt/rustwide/workdir" "-e" "CARGO_HOME=/opt/rustwide/cargo-home" "-e" "RUSTUP_HOME=/opt/rustwide/rustup-home" "-e" "CARGO_TARGET_DIR=/opt/rustwide/target" "-e" "CARGO_INCREMENTAL=0" "-e" "RUST_BACKTRACE=full" "-e" "RUSTFLAGS=--cap-lints=warn" "-e" "RUSTDOCFLAGS=--cap-lints=warn" "-w" "/opt/rustwide/workdir" "--user" "0:0" "cc1aae753c8dd2a66275fbc641ee7d0ca5ec88ca097dc22ffe33f8f08007d47b" "/opt/rustwide/cargo-home/bin/cargo" "+1.100.0-beta.1" "build" "--frozen" "--message-format=json" "--release", kill_on_drop: false }`
[INFO] [stderr]    Compiling libc v0.2.186
[INFO] [stderr]    Compiling zerocopy v0.8.50
[INFO] [stderr]    Compiling typenum v1.20.1
[INFO] [stderr]    Compiling oxiri v0.2.11
[INFO] [stderr]    Compiling oxilangtag v0.1.6
[INFO] [stderr]    Compiling memchr v2.8.1
[INFO] [stderr]    Compiling peg-runtime v0.8.6
[INFO] [stderr]    Compiling serde_json v1.0.150
[INFO] [stderr]    Compiling twox-hash v1.6.3
[INFO] [stderr]    Compiling cc v1.2.63
[INFO] [stderr]    Compiling arrayref v0.3.9
[INFO] [stderr]    Compiling constant_time_eq v0.4.2
[INFO] [stderr]    Compiling arrayvec v0.7.6
[INFO] [stderr]    Compiling cpufeatures v0.3.0
[INFO] [stderr]    Compiling regex-lite v0.1.9
[INFO] [stderr]    Compiling peg-macros v0.8.6
[INFO] [stderr]    Compiling quick-xml v0.37.5
[INFO] [stderr]    Compiling ruzstd v0.7.3
[INFO] [stderr]    Compiling generic-array v0.14.7
[INFO] [stderr]    Compiling getrandom v0.2.17
[INFO] [stderr]    Compiling getrandom v0.3.4
[INFO] [stderr]    Compiling crypto-common v0.1.7
[INFO] [stderr]    Compiling block-buffer v0.10.4
[INFO] [stderr]    Compiling zstd-sys v2.0.16+zstd.1.5.7
[INFO] [stderr]    Compiling rand_core v0.6.4
[INFO] [stderr]    Compiling rand_core v0.9.5
[INFO] [stderr]    Compiling blake3 v1.8.5
[INFO] [stderr]    Compiling digest v0.10.7
[INFO] [stderr]    Compiling peg v0.8.6
[INFO] [stderr]    Compiling sha2 v0.10.9
[INFO] [stderr]    Compiling sha1 v0.10.6
[INFO] [stderr]    Compiling md-5 v0.10.6
[INFO] [stderr]    Compiling ppv-lite86 v0.2.21
[INFO] [stderr]    Compiling rand_chacha v0.3.1
[INFO] [stderr]    Compiling rand_chacha v0.9.0
[INFO] [stderr]    Compiling rand v0.9.4
[INFO] [stderr]    Compiling rand v0.8.6
[INFO] [stderr]    Compiling oxrdf v0.3.3
[INFO] [stderr]    Compiling oxrdf v0.2.4
[INFO] [stderr]    Compiling oxttl v0.2.3
[INFO] [stderr]    Compiling spargebra v0.3.5
[INFO] [stderr]    Compiling oxrdfxml v0.1.7
[INFO] [stderr]    Compiling oxttl v0.1.8
[INFO] [stderr]    Compiling zstd-safe v7.2.4
[INFO] [stderr]    Compiling zstd v0.13.3
[INFO] [stderr]    Compiling rete-core v0.3.4 (/opt/rustwide/workdir)
[INFO] [stderr] warning: unused dependency `ruzstd`
[INFO] [stderr]   --> Cargo.toml:48:15
[INFO] [stderr]    |
[INFO] [stderr] 48 | [dependencies.ruzstd]
[INFO] [stderr]    |               ^^^^^^^
[INFO] [stderr]    |
[INFO] [stderr]    = note: `cargo::unused_dependencies` is set to `warn` by default
[INFO] [stderr] help: consider removing the dependency on `ruzstd`
[INFO] [stderr] warning: `rete-core` (manifest) generated 1 warning
[INFO] [stderr]     Finished `release` profile [optimized] target(s) in 1m 42s
[INFO] running `Command { std: "docker" "inspect" "cc1aae753c8dd2a66275fbc641ee7d0ca5ec88ca097dc22ffe33f8f08007d47b", kill_on_drop: false }`
[INFO] running `Command { std: "docker" "exec" "-e" "SOURCE_DIR=/opt/rustwide/workdir" "-e" "CARGO_HOME=/opt/rustwide/cargo-home" "-e" "RUSTUP_HOME=/opt/rustwide/rustup-home" "-e" "CARGO_TARGET_DIR=/opt/rustwide/target" "-e" "CARGO_INCREMENTAL=0" "-e" "RUST_BACKTRACE=full" "-e" "RUSTFLAGS=--cap-lints=warn" "-e" "RUSTDOCFLAGS=--cap-lints=warn" "-w" "/opt/rustwide/workdir" "--user" "0:0" "cc1aae753c8dd2a66275fbc641ee7d0ca5ec88ca097dc22ffe33f8f08007d47b" "/opt/rustwide/cargo-home/bin/cargo" "+1.100.0-beta.1" "test" "--frozen" "--no-run" "--message-format=json" "--release", kill_on_drop: false }`
[INFO] [stderr]    Compiling libc v0.2.186
[INFO] [stderr]    Compiling bitflags v2.13.0
[INFO] [stderr]    Compiling fastrand v2.4.1
[INFO] [stderr]    Compiling regex-syntax v0.8.10
[INFO] [stderr]    Compiling rustix v1.1.4
[INFO] [stderr]    Compiling getrandom v0.3.4
[INFO] [stderr]    Compiling getrandom v0.2.17
[INFO] [stderr]    Compiling wait-timeout v0.2.1
[INFO] [stderr]    Compiling rand_core v0.9.5
[INFO] [stderr]    Compiling rand_core v0.6.4
[INFO] [stderr]    Compiling rand_chacha v0.3.1
[INFO] [stderr]    Compiling rand v0.8.6
[INFO] [stderr]    Compiling rand_chacha v0.9.0
[INFO] [stderr]    Compiling rand_xorshift v0.4.0
[INFO] [stderr]    Compiling rand v0.9.4
[INFO] [stderr]    Compiling tempfile v3.27.0
[INFO] [stderr]    Compiling rusty-fork v0.3.1
[INFO] [stderr]    Compiling oxrdf v0.3.3
[INFO] [stderr]    Compiling oxrdf v0.2.4
[INFO] [stderr]    Compiling proptest v1.11.0
[INFO] [stderr]    Compiling oxttl v0.2.3
[INFO] [stderr]    Compiling spargebra v0.3.5
[INFO] [stderr]    Compiling oxrdfxml v0.1.7
[INFO] [stderr]    Compiling oxttl v0.1.8
[INFO] [stderr]    Compiling rete-core v0.3.4 (/opt/rustwide/workdir)
[INFO] [stderr] warning: unused dependency `ruzstd`
[INFO] [stderr]   --> Cargo.toml:48:15
[INFO] [stderr]    |
[INFO] [stderr] 48 | [dependencies.ruzstd]
[INFO] [stderr]    |               ^^^^^^^
[INFO] [stderr]    |
[INFO] [stderr]    = note: `cargo::unused_dependencies` is set to `warn` by default
[INFO] [stderr] help: consider removing the dependency on `ruzstd`
[INFO] [stderr] warning: `rete-core` (manifest) generated 1 warning
[INFO] [stderr]     Finished `release` profile [optimized] target(s) in 2m 43s
[INFO] running `Command { std: "docker" "inspect" "cc1aae753c8dd2a66275fbc641ee7d0ca5ec88ca097dc22ffe33f8f08007d47b", kill_on_drop: false }`
[INFO] running `Command { std: "docker" "exec" "-e" "SOURCE_DIR=/opt/rustwide/workdir" "-e" "CARGO_HOME=/opt/rustwide/cargo-home" "-e" "RUSTUP_HOME=/opt/rustwide/rustup-home" "-e" "CARGO_TARGET_DIR=/opt/rustwide/target" "-e" "CARGO_INCREMENTAL=0" "-e" "RUST_BACKTRACE=full" "-e" "RUSTFLAGS=--cap-lints=warn" "-e" "RUSTDOCFLAGS=--cap-lints=warn" "-w" "/opt/rustwide/workdir" "--user" "0:0" "cc1aae753c8dd2a66275fbc641ee7d0ca5ec88ca097dc22ffe33f8f08007d47b" "/opt/rustwide/cargo-home/bin/cargo" "+1.100.0-beta.1" "test" "--frozen" "--release", kill_on_drop: false }`
[INFO] [stderr] warning: unused dependency `ruzstd`
[INFO] [stderr]   --> Cargo.toml:48:15
[INFO] [stderr]    |
[INFO] [stderr] 48 | [dependencies.ruzstd]
[INFO] [stderr]    |               ^^^^^^^
[INFO] [stderr]    |
[INFO] [stderr]    = note: `cargo::unused_dependencies` is set to `warn` by default
[INFO] [stderr] help: consider removing the dependency on `ruzstd`
[INFO] [stderr] warning: `rete-core` (manifest) generated 1 warning
[INFO] [stderr]     Finished `release` profile [optimized] target(s) in 0.20s
[INFO] [stderr]      Running unittests src/lib.rs (/opt/rustwide/target/release/build/rete-core/11eb6b14eef36fcc/out/rete_core-11eb6b14eef36fcc)
[INFO] [stdout] 
[INFO] [stdout] running 387 tests
[INFO] [stdout] test block_cache::tests::caches_blocks_and_serves_exact_bytes ... ok
[INFO] [stdout] test block_cache::tests::read_many_fetches_missing_blocks_once ... ok
[INFO] [stdout] test block_cache::tests::eviction_caps_resident_bytes_and_keeps_reads_exact ... ok
[INFO] [stdout] test block_cache::tests::out_of_bounds_errors ... ok
[INFO] [stdout] test block_cache::tests::eviction_is_lru ... ok
[INFO] [stdout] test card_derive::tests::curated_field_list_matches_the_deny_unknown_fields_struct ... ok
[INFO] [stdout] test block_cache::tests::request_larger_than_cap_reads_exactly_then_trims ... ok
[INFO] [stdout] test card_derive::tests::derive_counts_and_orders ... ok
[INFO] [stdout] test card_derive::tests::curated_identity_fields_round_trip ... ok
[INFO] [stdout] test card_derive::tests::a_browser_written_card_deserializes_here ... ok
[INFO] [stdout] test card_derive::tests::base_iri_is_common_prefix_with_fallback ... ok
[INFO] [stdout] test card_derive::tests::extra_round_trips_and_external_writer_cards_surface_it ... ok
[INFO] [stdout] test card_derive::tests::named_graph_triples_excluded_from_default_stats ... ok
[INFO] [stdout] test card_derive::tests::old_plain_string_card_still_parses ... ok
[INFO] [stdout] test card_derive::tests::card_json_round_trips ... ok
[INFO] [stdout] test card_derive::tests::coherence_stamp_is_deterministic_and_additive ... ok
[INFO] [stdout] test card_derive::tests::description_reads_as_a_string_or_as_lines ... ok
[INFO] [stdout] test card_derive::tests::derive_is_deterministic ... ok
[INFO] [stdout] test card_derive::tests::extra_limits_bite_exactly_at_the_boundary ... ok
[INFO] [stdout] test card_derive::tests::parse_literal_decomposes_forms ... ok
[INFO] [stdout] test card_derive::tests::old_reader_struct_accepts_new_card_json ... ok
[INFO] [stdout] test card_derive::tests::signals_detect_geometry ... ok
[INFO] [stdout] test card_derive::tests::enriched_profile_is_populated ... ok
[INFO] [stdout] test card_derive::tests::split_namespace_handles_hash_slash_and_neither ... ok
[INFO] [stdout] test card_derive::tests::the_permutation_signal_is_stripped_from_the_stored_card ... ok
[INFO] [stdout] test card_derive::tests::the_quoted_triple_signal_is_stripped_from_the_stored_card ... ok
[INFO] [stdout] test card_derive::tests::the_quoted_triple_signal_round_trips_through_a_card_document ... ok
[INFO] [stdout] test card_derive::tests::top_level_custom_keys_are_rejected_not_dropped ... ok
[INFO] [stdout] test card_derive::tests::the_text_index_signal_is_stripped_from_the_stored_card ... ok
[INFO] [stdout] test card_input::tests::creators_and_publisher_keep_their_identifiers ... ok
[INFO] [stdout] test card_input::tests::description_over_the_cap_is_rejected_rather_than_truncated ... ok
[INFO] [stdout] test card_derive::tests::the_text_index_signal_round_trips_through_a_card_document ... ok
[INFO] [stdout] test bgp::tests::single_pattern_binds_variable ... ok
[INFO] [stdout] test card_input::tests::keywords_and_theme_are_sorted_and_deduplicated ... ok
[INFO] [stdout] test card_input::tests::theme_must_be_an_iri_and_points_at_keywords ... ok
[INFO] [stdout] test card_input::tests::unknown_top_level_key_is_rejected_with_the_bag_pointer ... ok
[INFO] [stdout] test card_queries::tests::a_graph_without_quoted_triples_gains_nothing ... ok
[INFO] [stdout] test card_input::tests::description_markdown_survives_validation_untouched ... ok
[INFO] [stdout] test card_queries::tests::a_freshly_generated_card_audits_clean ... ok
[INFO] [stdout] test card_input::tests::empty_and_null_curated_values_are_absent_not_empty ... ok
[INFO] [stdout] test card_input::tests::extra_limits_are_enforced_and_nested_keys_sorted ... ok
[INFO] [stdout] test card_input::tests::description_takes_a_string_or_an_array_of_lines ... ok
[INFO] [stdout] test card_queries::tests::default_graph_bodies_are_unchanged ... ok
[INFO] [stdout] test card_queries::tests::every_template_body_is_witnessed ... ok
[INFO] [stdout] test card_queries::tests::families_are_gated_by_signal ... ok
[INFO] [stdout] test bgp::tests::snowflake_type_and_adjacency_matches_reference ... ok
[INFO] [stdout] test card_queries::tests::generated_queries_parse_run_and_are_tiered ... ok
[INFO] [stdout] test card_queries::tests::an_annotation_of_an_unasserted_statement_witnesses_no_coverage ... ok
[INFO] [stdout] test bgp::tests::no_solutions_yields_empty ... ok
[INFO] [stdout] test card_queries::tests::an_unknown_body_is_not_force_fitted ... ok
[INFO] [stdout] test card_derive::tests::the_quoted_triple_signal_is_derived_from_the_header ... ok
[INFO] [stdout] test bgp::tests::merge_join_subject_star_cross_product ... ok
[INFO] [stdout] test card_queries::tests::labels_off_every_known_class_fall_back_to_the_class_free_query ... ok
[INFO] [stdout] test card_derive::tests::the_permutation_signal_is_derived_from_the_header ... ok
[INFO] [stdout] test card_queries::tests::the_audit_decides_the_star_conjunction_from_the_witness ... ok
[INFO] [stdout] test card_queries::tests::both_geometry_layouts_are_covered_by_one_path ... ok
[INFO] [stdout] test bgp::tests::repeated_variable_within_pattern ... ok
[INFO] [stdout] test card_queries::tests::geometry_hung_directly_off_the_feature_is_reachable ... ok
[INFO] [stdout] test card_derive::tests::class_links_match_schema_summary ... ok
[INFO] [stdout] test card_queries::tests::a_literal_only_graph_gets_no_object_queries ... ok
[INFO] [stdout] test bgp::tests::two_hop_join_on_shared_variable ... ok
[INFO] [stdout] test card_queries::tests::the_table_is_well_formed ... ok
[INFO] [stdout] test card_queries::tests::the_audit_refutes_a_label_query_on_an_unlabelled_top_class ... ok
[INFO] [stdout] test card_queries::tests::statement_queries_are_generated_and_return_rows ... ok
[INFO] [stdout] test chunk_cache::tests::arc_stays_valid_across_a_forced_eviction ... ok
[INFO] [stdout] test chunk_cache::tests::recency_protects_the_hot_entry ... ok
[INFO] [stdout] test chunk_cache::tests::insert_and_get_round_trip ... ok
[INFO] [stdout] test chunk_cache::tests::runs_are_derived_once_and_cached ... ok
[INFO] [stdout] test dict::tests::lookups_for_absent_terms ... ok
[INFO] [stdout] test card_queries::tests::mixed_graph_queries_cover_both_sides_and_return_rows ... ok
[INFO] [stdout] test chunk_cache::tests::get_or_fetch_faults_once_then_hits ... ok
[INFO] [stdout] test dictionary::tests::encode_full_triples ... ok
[INFO] [stdout] test dictionary::tests::role_specific_terms_round_trip ... ok
[INFO] [stdout] test dictionary::tests::shared_term_has_same_id_in_both_roles ... ok
[INFO] [stdout] test dict::tests::round_trip_all_ids_and_terms ... ok
[INFO] [stdout] test dict::tests::resolve_into_matches_term_across_chunks_and_runs ... ok
[INFO] [stdout] test card_queries::tests::the_audit_refutes_a_path_through_a_predicate_that_is_not_there ... ok
[INFO] [stdout] test card_queries::tests::the_audit_recognizes_the_legacy_reach_query_and_declines_to_decide ... ok
[INFO] [stdout] test chunk_cache::tests::unlimited_cap_never_evicts ... ok
[INFO] [stdout] test card_derive::tests::card_counts_are_the_deduplicated_counts ... ok
[INFO] [stdout] test card_queries::tests::one_row_smoke_query_returns_exactly_one_row_in_every_scope ... ok
[INFO] [stdout] test card_queries::tests::named_graph_only_queries_are_scoped_and_return_rows ... ok
[INFO] [stdout] test card_queries::tests::the_audit_refutes_a_values_list_that_misses_the_only_link_predicate ... ok
[INFO] [stdout] test extbuild::tests::resume_from_spill ... ignored, operational tool, driven by RETE_RESUME_* env vars
[INFO] [stdout] test card_queries::tests::the_audit_will_not_refute_a_dually_typed_class ... ok
[INFO] [stdout] test card_queries::tests::top_class_without_the_label_predicate_still_answers ... ok
[INFO] [stdout] test dict::tests::randomized_round_trip_and_near_misses_across_restart_intervals ... ok
[INFO] [stdout] test file::tests::a_plan_rebuilds_exactly_what_the_in_memory_splice_produces ... ok
[INFO] [stdout] test extbuild::tests::named_graph_output_is_queryable ... ok
[INFO] [stdout] test card_queries::tests::a_statement_held_only_as_a_value_gets_only_the_object_position_query ... ok
[INFO] [stdout] test file::tests::bench_prefix_search_vs_filter_scan ... ignored
[INFO] [stdout] test file::tests::bench_text_search_vs_contains_scan ... ignored
[INFO] [stdout] test file::tests::a_plan_refuses_a_header_that_overruns_the_file ... ok
[INFO] [stdout] test card_derive::tests::extra_fields_keep_the_content_hash_reproducible ... ok
[INFO] [stdout] test extbuild::tests::external_build_info_is_outside_the_hash ... ok
[INFO] [stdout] test extbuild::tests::external_build_output_is_queryable ... ok
[INFO] [stdout] test file::tests::build_info_attaches_outside_the_hash ... ok
[INFO] [stdout] test extbuild::tests::external_build_is_byte_identical_to_streaming ... ok
[INFO] [stdout] test file::tests::content_hash_is_set_and_verifies ... ok
[INFO] [stdout] test file::tests::build_info_attaches_on_a_metadata_free_file ... ok
[INFO] [stdout] test file::tests::debug_bound_po_routing ... ignored, operational tool, driven by RETE_DEBUG_* env vars
[INFO] [stdout] test file::tests::compression_shrinks_repetitive_data ... ok
[INFO] [stdout] test file::tests::double_bound_object_join_eager_matches_lazy ... ok
[INFO] [stdout] test file::tests::chunk_directory_keys_are_separators_not_terms ... ok
[INFO] [stdout] test file::tests::empty_metadata_is_byte_identical_to_plain_writer ... ok
[INFO] [stdout] test file::tests::dict_chunk_directory_probe_costs_about_one_directory ... ok
[INFO] [stdout] test file::tests::file_round_trips_header_and_counts ... ok
[INFO] [stdout] test file::tests::card_and_build_info_ranged_is_one_header_plus_one_range ... ok
[INFO] [stdout] test file::tests::metadata_is_tamper_evident ... ok
[INFO] [stdout] test extbuild::tests::oversized_named_graph_spills_and_stays_identical ... ok
[INFO] [stdout] test file::tests::layout_header_label_matches_its_span ... ok
[INFO] [stdout] test file::tests::metadata_round_trips_and_shifts_offsets ... ok
[INFO] [stdout] test file::tests::metadata_ranged_fetches_only_header_and_card ... ok
[INFO] [stdout] test extbuild::tests::separator_keyed_dictionary_is_byte_identical_across_writers ... ok
[INFO] [stdout] test file::tests::polyglot_offset_reads_lazily ... ok
[INFO] [stdout] test extbuild::tests::named_only_build_is_byte_identical ... ok
[INFO] [stdout] test file::tests::predicate_totals_from_summary_only ... ok
[INFO] [stdout] test file::tests::query_batch_is_graph_scoped ... ok
[INFO] [stdout] test file::tests::pyramid_meta_round_trips_in_file ... ok
[INFO] [stdout] test file::tests::multi_tile_file_round_trips_and_routes ... ok
[INFO] [stdout] test file::tests::query_in_graph_is_graph_scoped ... ok
[INFO] [stdout] test file::tests::named_graphs_round_trip ... ok
[INFO] [stdout] test file::tests::query_provenance_reports_terms_ids_sections_and_index_choice ... ok
[INFO] [stdout] test file::tests::query_patterns_resolve_to_terms ... ok
[INFO] [stdout] test file::tests::ranged_opens_do_not_fetch_metadata ... ok
[INFO] [stdout] test file::tests::read_coalesced_merges_within_gap_and_splits_beyond ... ok
[INFO] [stdout] test file::tests::ranged_open_is_minimal_and_correct ... ok
[INFO] [stdout] test file::tests::prefix_search_matches_a_filter_scan ... ok
[INFO] [stdout] test file::tests::multi_chunk_dictionary_round_trips ... ok
[INFO] [stdout] test file::tests::query_quads_tags_every_graph ... ok
[INFO] [stdout] test file::tests::replace_metadata_keeps_build_info_adjacent ... ok
[INFO] [stdout] test file::tests::filtered_dump_is_exactly_the_unfiltered_dump_filtered ... ok
[INFO] [stdout] test file::tests::releasing_a_named_graph_drops_and_reopens_its_index ... ok
[INFO] [stdout] test file::tests::schema_coherence_reads_only_the_schema_block ... ok
[INFO] [stdout] test file::tests::schema_pyramid_round_trips_through_file_index_free ... ok
[INFO] [stdout] test extbuild::tests::skewed_external_build_is_byte_identical ... ok
[INFO] [stdout] test file::tests::schema_summary_groups_by_type ... ok
[INFO] [stdout] test file::tests::tbox_coherence_flags_unsatisfiable_class_index_free ... ok
[INFO] [stdout] test file::tests::text_index_eager_matches_brute_force ... ok
[INFO] [stdout] test file::tests::tbox_coherence_clean_schema_is_coherent ... ok
[INFO] [stdout] test extbuild::tests::multi_chunk_external_build_is_byte_identical ... ok
[INFO] [stdout] test file::tests::named_graph_container_opens_tile_lazily_like_the_root ... ok
[INFO] [stdout] test file::tests::text_index_is_tamper_evident_and_verifies ... ok
[INFO] [stdout] test file::tests::tile_directory_offsets_survive_past_4gib ... ok
[INFO] [stdout] test file::tests::tile_synopsis_trailer_round_trips ... ok
[INFO] [stdout] test file::tests::replace_metadata_matches_a_direct_write ... ok
[INFO] [stdout] test geo3::tests::distance_3d ... ok
[INFO] [stdout] test geo3::tests::parse_point_box_multipoint ... ok
[INFO] [stdout] test geo3::tests::relations_3d ... ok
[INFO] [stdout] test geo::tests::collection_is_type_error ... ok
[INFO] [stdout] test geo::tests::contains_rejects_b_bridging_a_hole ... ok
[INFO] [stdout] test geo::tests::contains_rejects_concavity_mouth_span ... ok
[INFO] [stdout] test geo::tests::distance_metre_ranks_by_great_circle ... ok
[INFO] [stdout] test geo::tests::distances ... ok
[INFO] [stdout] test geo::tests::empty_geometry ... ok
[INFO] [stdout] test geo::tests::envelope ... ok
[INFO] [stdout] test geo::tests::equals_and_reflexive ... ok
[INFO] [stdout] test geo::tests::intersects_disjoint ... ok
[INFO] [stdout] test geo::tests::multipolygon_member ... ok
[INFO] [stdout] test geo::tests::parse_multipoint_both_forms ... ok
[INFO] [stdout] test geo::tests::parse_points_and_prefix ... ok
[INFO] [stdout] test geo::tests::parse_polygons ... ok
[INFO] [stdout] test geo::tests::parse_rejects_malformed ... ok
[INFO] [stdout] test file::tests::three_permutation_file_round_trips_every_open_path ... ok
[INFO] [stdout] test geo::tests::parser_rejects_malformed_extra_ordinate ... ok
[INFO] [stdout] test file::tests::tile_synopsis_lazy_matches_reference_every_shape ... ok
[INFO] [stdout] test geo::tests::within_and_contains ... ok
[INFO] [stdout] test header::tests::byte_layout_matches_spec ... ok
[INFO] [stdout] test header::tests::expected_file_len_is_last_section_end_plus_footer ... ok
[INFO] [stdout] test header::tests::rejects_bad_magic ... ok
[INFO] [stdout] test header::tests::round_trip ... ok
[INFO] [stdout] test header::tests::stable_reader_accepts_v1_baseline_and_rejects_pre_v1 ... ok
[INFO] [stdout] test header::tests::text_index_section_round_trips_and_is_optional ... ok
[INFO] [stdout] test header::tests::unknown_section_survives_round_trip ... ok
[INFO] [stdout] test index::tests::absent_synopsis_never_prunes ... ok
[INFO] [stdout] test index::tests::directory_backed_scans_match_reference_every_shape ... ok
[INFO] [stdout] test header::tests::build_info_section_round_trips_and_is_optional ... ok
[INFO] [stdout] test header::tests::rejects_overrunning_section_count ... ok
[INFO] [stdout] test index::tests::every_pattern_shape_matches_reference ... ok
[INFO] [stdout] test index::tests::multi_tile_sections_match_reference_every_shape ... ok
[INFO] [stdout] test index::tests::perm_set_masks_and_positions ... ok
[INFO] [stdout] test index::tests::sorted_permutation_never_sacrifices_routing ... ok
[INFO] [stdout] test index::tests::perm_routing_never_leaves_core ... ok
[INFO] [stdout] test index::tests::three_and_six_agree_on_every_pattern ... ok
[INFO] [stdout] test index::tests::unbound_returns_everything_sorted ... ok
[INFO] [stdout] test ingest::tests::assemble_dataset_round_trips ... ok
[INFO] [stdout] test index::tests::synopsis_prunes_the_routed_tile_before_fetch ... ok
[INFO] [stdout] test ingest::tests::literal_with_spaces_and_escaped_quote ... ok
[INFO] [stdout] test ingest::tests::assemble_minimal_typeless_graph ... ok
[INFO] [stdout] test ingest::tests::parse_statements_dispatches_by_format ... ok
[INFO] [stdout] test ingest::tests::parse_reader_matches_text_parse ... ok
[INFO] [stdout] test ingest::tests::parses_iris_bnodes_literals ... ok
[INFO] [stdout] test ingest::tests::parses_quads_with_and_without_graph ... ok
[INFO] [stdout] test ingest::tests::parses_rdfxml_owl ... ok
[INFO] [stdout] test ingest::tests::rdf12_triple_term_same_token_as_rdf_star ... ok
[INFO] [stdout] test ingest::tests::quoted_triple_langtagged_object ... ok
[INFO] [stdout] test ingest::tests::rdfxml_attribute_fanout_completes ... ok
[INFO] [stdout] test ingest::tests::rdfxml_namespace_fanout_is_bounded ... ok
[INFO] [stdout] test ingest::tests::rejects_missing_dot ... ok
[INFO] [stdout] test ingest::tests::trig_graph_names_match_nquads ... ok
[INFO] [stdout] test iri::tests::a_bad_authority_is_flagged_and_unrepairable ... ok
[INFO] [stdout] test iri::tests::a_fully_repairable_quoted_triple_still_repairs ... ok
[INFO] [stdout] test iri::tests::a_partly_repairable_quoted_triple_is_not_claimed_as_repaired ... ok
[INFO] [stdout] test iri::tests::a_repair_that_would_not_land_valid_is_not_claimed ... ok
[INFO] [stdout] test iri::tests::a_report_counts_occurrences_and_keeps_one_sample_per_class ... ok
[INFO] [stdout] test iri::tests::an_ip_literal_host_keeps_its_brackets_but_a_path_does_not ... ok
[INFO] [stdout] test iri::tests::non_ascii_survives_a_repair_byte_for_byte ... ok
[INFO] [stdout] test iri::tests::legal_iris_are_never_flagged ... ok
[INFO] [stdout] test iri::tests::repairs_are_idempotent_and_land_valid ... ok
[INFO] [stdout] test iri::tests::sanitizing_reports_what_it_could_not_repair ... ok
[INFO] [stdout] test iri::tests::term_level_checks_reach_datatypes_and_quoted_triples ... ok
[INFO] [stdout] test iri::tests::the_issue_examples_repair_to_the_expected_iris ... ok
[INFO] [stdout] test iri::tests::the_five_classes_are_recognized ... ok
[INFO] [stdout] test iri::tests::uchar_escapes_are_resolved_before_the_parser_sees_them ... ok
[INFO] [stdout] test manifest::tests::fold_is_ordered_last_writer_wins ... ok
[INFO] [stdout] test iri::tests::valid_iris_are_left_alone ... ok
[INFO] [stdout] test file::tests::search_view_matches_full_open_for_far_fewer_bytes ... ok
[INFO] [stdout] test manifest::tests::roundtrip ... ok
[INFO] [stdout] test manifest::tests::rejects_bad_documents ... ok
[INFO] [stdout] test manifest::tests::update_is_delete_plus_insert ... ok
[INFO] [stdout] test meta::tests::char_sets_coexist_with_query_stats_and_schema ... ok
[INFO] [stdout] test meta::tests::coherence_axioms_round_trip_and_stay_additive ... ok
[INFO] [stdout] test meta::tests::label_index_round_trips_and_prefix_searches ... ok
[INFO] [stdout] test meta::tests::label_index_stays_additive_before_schema ... ok
[INFO] [stdout] test meta::tests::empty_meta ... ok
[INFO] [stdout] test meta::tests::query_stats_round_trip_and_stay_additive ... ok
[INFO] [stdout] test meta::tests::schema_pyramid_round_trips ... ok
[INFO] [stdout] test meta::tests::v1_encoding_is_unchanged_without_schema ... ok
[INFO] [stdout] test meta::tests::meta_round_trips ... ok
[INFO] [stdout] test pyramid::tests::dendrogram_groups_barbell ... ok
[INFO] [stdout] test pyramid::tests::dendrogram_is_deterministic_across_runs ... ok
[INFO] [stdout] test meta::tests::v2_is_readable_as_v1_prefix ... ok
[INFO] [stdout] test pyramid::tests::empty_graph_is_singletons ... ok
[INFO] [stdout] test meta::tests::query_stats_before_schema_keeps_schema_trailing ... ok
[INFO] [stdout] test pyramid::tests::every_gain_test_converges_on_the_old_hang_to_one_partition ... ok
[INFO] [stdout] test pyramid::tests::levels_report_their_passes ... ok
[INFO] [stdout] test pyramid::tests::quotient_collapses_communities ... ok
[INFO] [stdout] test pyramid::tests::two_communities ... ok
[INFO] [stdout] test pyramid::tests::project_and_cluster_rdf ... ok
[INFO] [stdout] test pyramid::tests::the_gain_test_follows_the_weights ... ok
[INFO] [stdout] test file::tests::separator_keys_route_identically_to_verbatim_first_terms ... ok
[INFO] [stdout] test reader::tests::counting_reader_tallies ... ok
[INFO] [stdout] test reader::tests::slice_reader_serves_ranges_and_bounds_check ... ok
[INFO] [stdout] test reach::tests::batch_serial_matches_single ... ok
[INFO] [stdout] test reason::tests::disjoint_classes_detected ... ok
[INFO] [stdout] test reason::tests::disjoint_classes_via_subclass_propagation ... ok
[INFO] [stdout] test file::tests::query_batch_matches_query_in_graph_and_stops_early ... ok
[INFO] [stdout] test reason::tests::coherent_graph_has_no_inconsistencies ... ok
[INFO] [stdout] test reason::tests::domain_typing ... ok
[INFO] [stdout] test reason::tests::end_to_end_small_ontology ... ok
[INFO] [stdout] test reason::tests::functional_property_clash_detected ... ok
[INFO] [stdout] test reason::tests::functional_property_sameas_is_coherent ... ok
[INFO] [stdout] test reach::tests::build_adjacency_and_reach ... ok
[INFO] [stdout] test reason::tests::owl_nothing_detected ... ok
[INFO] [stdout] test reason::tests::range_typing ... ok
[INFO] [stdout] test reason::tests::inferred_excludes_base_triples ... ok
[INFO] [stdout] test reason::tests::inverse_of_both_directions ... ok
[INFO] [stdout] test reason::tests::sameas_differentfrom_detected ... ok
[INFO] [stdout] test reason::tests::transitive_property ... ok
[INFO] [stdout] test reason::tests::subproperty_propagation_and_transitivity ... ok
[INFO] [stdout] test reason::tests::symmetric_property ... ok
[INFO] [stdout] test results::tests::ask_envelope ... ok
[INFO] [stdout] test reason::tests::subclass_transitivity ... ok
[INFO] [stdout] test reason::tests::type_propagation_over_subclass ... ok
[INFO] [stdout] test results::tests::construct_triples_and_extra_member ... ok
[INFO] [stdout] test results::tests::escaping_matches_serde_json ... ok
[INFO] [stdout] test results::tests::select_unprojected_uses_union_of_keys ... ok
[INFO] [stdout] test results::tests::select_envelope_matches_reference ... ok
[INFO] [stdout] test row::tests::matcher_fast_paths_regex_flags_and_invalid_patterns ... ok
[INFO] [stdout] test schema_pyramid::tests::descriptor_class_counts_sum_to_typed_subjects ... ok
[INFO] [stdout] test schema_pyramid::tests::coarse_levels_are_ancestors_of_fine_levels ... ok
[INFO] [stdout] test schema_pyramid::tests::detects_custom_type_predicate_when_no_rdf_type ... ok
[INFO] [stdout] test schema_pyramid::tests::level_links_roll_relations_up_the_hierarchy ... ok
[INFO] [stdout] test schema_pyramid::tests::literal_value_handles_escaped_quotes ... ok
[INFO] [stdout] test schema_pyramid::tests::no_hierarchy_degrades_to_flat_histogram ... ok
[INFO] [stdout] test schema_pyramid::tests::non_exclusive_hierarchy_keeps_all_parents ... ok
[INFO] [stdout] test schema_pyramid::tests::per_descriptor_counts_sum_to_community_members ... ok
[INFO] [stdout] test schema_pyramid::tests::type_dendrogram_none_without_types ... ok
[INFO] [stdout] test service::tests::ask_and_garbage_documents ... ok
[INFO] [stdout] test results::tests::empty_select_is_valid ... ok
[INFO] [stdout] test schema_pyramid::tests::type_dendrogram_partitions_by_class ... ok
[INFO] [stdout] test service::tests::escapes_literal_lexical_forms ... ok
[INFO] [stdout] test shacl::tests::graph_view_covers_subclasses_instances_and_all_lookup_shapes ... ok
[INFO] [stdout] test service::tests::parses_every_term_shape ... ok
[INFO] [stdout] test shacl::tests::path_display_parse_and_evaluation_cover_every_path_form ... ok
[INFO] [stdout] test shacl::tests::reports_serialize_empty_and_detailed_results ... ok
[INFO] [stdout] test row::tests::slots_rows_merge_and_masks_cover_boundaries ... ok
[INFO] [stdout] test service::tests::serialize_parse_round_trips_every_term_shape ... ok
[INFO] [stdout] test shacl::tests::shapes_lists_targets_severity_and_parse_errors_are_explicit ... ok
[INFO] [stdout] test shacl::tests::term_helpers_cover_literals_node_kinds_ordering_and_escaping ... ok
[INFO] [stdout] test index::tests::mega_group_splits_across_tiles_and_lookups_stay_complete ... ok
[INFO] [stdout] test sparql::expr::tests::binary_string_functions_enforce_argument_compatibility ... ok
[INFO] [stdout] test sparql::expr::tests::boolean_and_geo_builtins_cover_success_and_type_errors ... ok
[INFO] [stdout] test row::tests::resolver_canonicalizes_decodes_and_memoizes_all_value_kinds ... ok
[INFO] [stdout] test sparql::aggregate::tests::grouping_preserves_keys_materializes_pre_expressions_and_emits_empty_group ... ok
[INFO] [stdout] test sparql::expr::tests::lexical_numeric_cast_datetime_and_comparison_helpers_reject_bad_inputs ... ok
[INFO] [stdout] test sparql::aggregate::tests::aggregate_functions_cover_empty_distinct_numeric_and_error_semantics ... ok
[INFO] [stdout] test sparql::expr::tests::expression_values_boolean_errors_and_sort_keys ... ok
[INFO] [stdout] test sparql::lower::tests::lowers_every_graph_operator_dataset_modifier_and_subquery ... ok
[INFO] [stdout] test sparql::expr::tests::string_builtins_read_past_embedded_quotes_and_escapes ... ok
[INFO] [stdout] test sparql::expr::tests::value_builtins_cover_strings_dates_hashes_casts_and_rdf_star ... ok
[INFO] [stdout] test sparql::expr::tests::errors_propagate_until_the_spec_resolves_them ... ok
[INFO] [stdout] test sparql::lower::tests::sub_select_modifiers_stay_inside_the_subquery ... ok
[INFO] [stdout] test sparql::expr::tests::boolean_builtins_have_values_and_is_numeric_is_strict ... ok
[INFO] [stdout] test sparql::lower::tests::predicate_collection_walks_query_forms_wrappers_and_complex_paths ... ok
[INFO] [stdout] test sparql::lower::tests::lowers_aggregates_having_preexpressions_and_all_property_path_shapes ... ok
[INFO] [stdout] test sparql::lower::tests::rdf_star_lowering_handles_ground_variables_reuse_and_nested_terms ... ok
[INFO] [stdout] test sparql::path::tests::eval_path_covers_bound_unbound_reverse_and_absent_endpoint_cases ... ok
[INFO] [stdout] test sparql::tests::ask_and_construct ... ok
[INFO] [stdout] test sparql::path::tests::binding_and_zero_length_rules_cover_repeated_and_absent_terms ... ok
[INFO] [stdout] test sparql::lower::tests::lowers_expression_and_builtin_matrix_in_projection_aliases ... ok
[INFO] [stdout] test sparql::lower::tests::version_parsing_select_only_and_uniform_errors ... ok
[INFO] [stdout] test sparql::tests::bind_arithmetic ... ok
[INFO] [stdout] test file::tests::text_index_lazy_faults_only_queried_postings ... ok
[INFO] [stdout] test sparql::path::tests::reach_handles_predicate_reverse_negation_composition_and_repetition ... ok
[INFO] [stdout] test sparql::tests::bind_value_is_visible_to_a_following_filter_and_join ... ok
[INFO] [stdout] test sparql::tests::builtin_functions ... ok
[INFO] [stdout] test sparql::tests::ask_repeated_variable_pattern ... ok
[INFO] [stdout] test sparql::tests::count_group_by ... ok
[INFO] [stdout] test sparql::tests::concat_and_coalesce ... ok
[INFO] [stdout] test sparql::tests::distinct_bgp_fast_matches_general ... ok
[INFO] [stdout] test sparql::tests::distinct_collapses_duplicate_projections ... ok
[INFO] [stdout] test file::tests::synopsis_cuts_remote_fetch_bytes ... ok
[INFO] [stdout] test sparql::tests::describe_resource ... ok
[INFO] [stdout] test sparql::tests::evaluates_two_hop_select ... ok
[INFO] [stdout] test sparql::tests::geosparql_filter_and_functions ... ok
[INFO] [stdout] test file::tests::dump_iter_matches_dump_and_stops_early ... ok
[INFO] [stdout] test sparql::tests::global_count_star ... ok
[INFO] [stdout] test sparql::tests::filter_exists_disjoint_variable ... ok
[INFO] [stdout] test sparql::tests::filter_exists_and_not_exists ... ok
[INFO] [stdout] test sparql::tests::from_unions_named_graphs ... ok
[INFO] [stdout] test sparql::tests::group_concat_aggregate ... ok
[INFO] [stdout] test sparql::tests::filter_equality_and_boolean_logic ... ok
[INFO] [stdout] test sparql::tests::limit_early_out_two_hop_join ... ok
[INFO] [stdout] test sparql::tests::limit_caps_solutions ... ok
[INFO] [stdout] test sparql::tests::parses_select_with_two_patterns ... ok
[INFO] [stdout] test sparql::tests::group_by_having ... ok
[INFO] [stdout] test sparql::tests::numeric_filter_on_typed_literal ... ok
[INFO] [stdout] test sparql::tests::limit_early_out_filter_over_bgp ... ok
[INFO] [stdout] test sparql::tests::summary_query_shape_classifies_only_exact_predicate_totals ... ok
[INFO] [stdout] test sparql::tests::minus_disjoint_domain_keeps_all ... ok
[INFO] [stdout] test sparql::tests::string_filters_see_past_an_embedded_quote ... ok
[INFO] [stdout] test sparql::tests::optional_keeps_left_when_right_absent ... ok
[INFO] [stdout] test sparql::tests::sequence_and_alternative_paths ... ok
[INFO] [stdout] test sparql::tests::order_by_numeric_desc_then_limit ... ok
[INFO] [stdout] test sparql::tests::minus_excludes_compatible ... ok
[INFO] [stdout] test sparql::tests::substr_strbefore_strafter ... ok
[INFO] [stdout] test terms::tests::a_malformed_quoted_triple_is_refused_not_mangled ... ok
[INFO] [stdout] test terms::tests::a_literal_object_survives_verbatim ... ok
[INFO] [stdout] test terms::tests::a_triple_term_in_a_subject_slot_has_no_rdf12_spelling ... ok
[INFO] [stdout] test sparql::tests::graph_queries_over_named_graphs ... ok
[INFO] [stdout] test terms::tests::a_plain_term_is_borrowed_unchanged ... ok
[INFO] [stdout] test terms::tests::an_object_triple_term_gets_the_rdf12_surface ... ok
[INFO] [stdout] test sparql::tests::values_pushdown_selects_subset ... ok
[INFO] [stdout] test sparql::tests::values_inline_data_joins ... ok
[INFO] [stdout] test sparql::tests::union_returns_both_sides ... ok
[INFO] [stdout] test terms::tests::as_number_escape_aware ... ok
[INFO] [stdout] test sparql::tests::transitive_path_reachability ... ok
[INFO] [stdout] test terms::tests::datatype_and_lang ... ok
[INFO] [stdout] test terms::tests::lexical_values ... ok
[INFO] [stdout] test terms::tests::escapes ... ok
[INFO] [stdout] test terms::tests::nesting_in_the_object_slot_recurses ... ok
[INFO] [stdout] test terms::tests::numbers ... ok
[INFO] [stdout] test text_index::tests::remote_loader_fetches_only_the_queried_posting ... ok
[INFO] [stdout] test text_index::tests::round_trip_lookup_prefix_and_and ... ok
[INFO] [stdout] test text_index::tests::tokenize_splits_lowercases_and_drops_short ... ok
[INFO] [stdout] test tiling::tests::budget_selects_finer_round_when_tight ... ok
[INFO] [stdout] test tiling::tests::summary_preserves_total_count ... ok
[INFO] [stdout] test triples::tests::scan_matches_full_decode_every_shape ... ok
[INFO] [stdout] test tiling::tests::tiles_reconstruct_all_triples_losslessly ... ok
[INFO] [stdout] test terms::tests::term_kinds ... ok
[INFO] [stdout] test triples::tests::scan_never_panics_on_bad_bytes ... ok
[INFO] [stdout] test triples::tests::round_trip_sorted_dedup ... ok
[INFO] [stdout] test terms::tests::the_rewrite_is_what_ingest_accepts_back ... ok
[INFO] [stdout] test triples::tests::empty_block ... ok
[INFO] [stdout] test triples::tests::scan_range_stops_on_leading_bound ... ok
[INFO] [stdout] test triples::tests::zone_map_bounds_and_skipping ... ok
[INFO] [stdout] test varint::tests::round_trip_samples ... ok
[INFO] [stdout] test varint::tests::truncated_is_none ... ok
[INFO] [stdout] test sparql::tests::union_default_graph_opt_in ... ok
[INFO] [stdout] test file::tests::separator_props::prop_separator_keyed_section_answers_like_verbatim ... ok
[INFO] [stdout] test extbuild::tests::separator_keyed_dictionary_survives_named_graphs ... ok
[INFO] [stdout] test file::tests::bounded_query_in_graph_does_not_fault_the_whole_dictionary ... ok
[INFO] [stdout] test extbuild::tests::named_graph_external_build_is_byte_identical ... ok
[INFO] [stdout] test file::tests::a_predicate_scoped_dump_fetches_less_than_the_graph ... ok
[INFO] [stdout] test extbuild::tests::multi_chunk_named_graph_build_is_byte_identical ... ok
[INFO] [stdout] test file::tests::tiny_dict_cache_evicts_yet_dump_is_byte_identical ... ok
[INFO] [stdout] 
[INFO] [stdout] test result: ok. 383 passed; 0 failed; 4 ignored; 0 measured; 0 filtered out; finished in 4.02s
[INFO] [stdout] 
[INFO] [stderr]      Running tests/community_eval.rs (/opt/rustwide/target/release/build/rete-core/cc87bd2a0759432e/out/community_eval-cc87bd2a0759432e)
[INFO] [stdout] 
[INFO] [stdout] running 3 tests
[INFO] [stdout] test cross_community_bridges_survive_the_split ... ok
[INFO] [stdout] test split_matches_whole_graph_across_shapes ... ok
[INFO] [stdout] test unsplittable_queries_are_refused ... ok
[INFO] [stdout] 
[INFO] [stdout] test result: ok. 3 passed; 0 failed; 0 ignored; 0 measured; 0 filtered out; finished in 0.07s
[INFO] [stdout] 
[INFO] [stderr]      Running tests/compatibility_v1.rs (/opt/rustwide/target/release/build/rete-core/eea6a77b1826455a/out/compatibility_v1-eea6a77b1826455a)
[INFO] [stdout] 
[INFO] [stdout] running 1 test
[INFO] [stdout] test every_future_reader_opens_the_v1_baseline ... ok
[INFO] [stderr]      Running tests/iri_differential.rs (/opt/rustwide/target/release/build/rete-core/56871eb86392e668/out/iri_differential-56871eb86392e668)
[INFO] [stdout] 
[INFO] [stdout] test result: ok. 1 passed; 0 failed; 0 ignored; 0 measured; 0 filtered out; finished in 0.00s
[INFO] [stdout] 
[INFO] [stdout] 
[INFO] [stdout] running 6 tests
[INFO] [stdout] test the_cases_the_design_turns_on ... ok
[INFO] [stdout] test non_ascii_in_every_position ... ok
[INFO] [stdout] test every_ascii_character_in_every_position ... ok
[INFO] [stdout] test arbitrary_strings_agree ... ok
[INFO] [stdout] test iri_shaped_strings_agree ... ok
[INFO] [stderr]      Running tests/louvain_termination.rs (/opt/rustwide/target/release/build/rete-core/62a50413ba620ead/out/louvain_termination-62a50413ba620ead)
[INFO] [stdout] test authorities_agree ... ok
[INFO] [stdout] 
[INFO] [stdout] test result: ok. 6 passed; 0 failed; 0 ignored; 0 measured; 0 filtered out; finished in 0.13s
[INFO] [stdout] 
[INFO] [stdout] 
[INFO] [stdout] running 3 tests
[INFO] [stdout] test every_level_converges_without_the_cap ... ok
[INFO] [stdout] test the_whole_build_returns ... ok
[INFO] [stdout] test the_fixtures_build_reproducibly ... ok
[INFO] [stdout] 
[INFO] [stdout] test result: ok. 3 passed; 0 failed; 0 ignored; 0 measured; 0 filtered out; finished in 0.17s
[INFO] [stdout] 
[INFO] [stderr]      Running tests/polyglot_roundtrip.rs (/opt/rustwide/target/release/build/rete-core/bcf7a47247381a0e/out/polyglot_roundtrip-bcf7a47247381a0e)
[INFO] [stdout] 
[INFO] [stdout] running 2 tests
[INFO] [stdout] test embed_mode_carries_no_polyglot_marker ... FAILED
[INFO] [stdout] test the_builder_writes_a_marker_the_reader_finds_and_can_open_lazily ... FAILED
[INFO] [stdout] 
[INFO] [stdout] failures:
[INFO] [stdout] 
[INFO] [stdout] ---- embed_mode_carries_no_polyglot_marker stdout ----
[INFO] [stdout] 
[INFO] [stdout] thread 'embed_mode_carries_no_polyglot_marker' (2737) panicked at tests/polyglot_roundtrip.rs:219:5:
[INFO] [stdout] build_polyglot.py --mode embed failed:
[INFO] [stdout] python3: can't open file '/opt/experiments/polyglot/build_polyglot.py': [Errno 2] No such file or directory
[INFO] [stdout] 
[INFO] [stdout] stack backtrace:
[INFO] [stdout]    0:     0x623291528e81 - <<std[617be2ca0a6fd877]::sys::backtrace::BacktraceLock>::print::DisplayBacktrace as core[a373ad73a504971]::fmt::Display>::fmt
[INFO] [stdout]    1:     0x62329153d13a - core[a373ad73a504971]::fmt::write
[INFO] [stdout]    2:     0x62329152d09c - <alloc[2e1b2a31b91974c5]::vec::Vec<u8> as core[a373ad73a504971]::io::write::Write>::write_fmt
[INFO] [stdout]    3:     0x623291504206 - std[617be2ca0a6fd877]::panicking::default_hook::{closure#0}
[INFO] [stdout]    4:     0x623291520f89 - std[617be2ca0a6fd877]::panicking::default_hook
[INFO] [stdout]    5:     0x6232913a7ff0 - test[aada8e7e76ba119b]::test_main_inner::{closure#0}
[INFO] [stdout]    6:     0x623291521142 - std[617be2ca0a6fd877]::panicking::panic_with_hook
[INFO] [stdout]    7:     0x6232915042b2 - std[617be2ca0a6fd877]::panicking::panic_handler::{closure#0}
[INFO] [stdout]    8:     0x6232914fcd19 - std[617be2ca0a6fd877]::sys::backtrace::__rust_end_short_backtrace::<std[617be2ca0a6fd877]::panicking::panic_handler::{closure#0}, !>
[INFO] [stdout]    9:     0x623291504ebd - __rustc[ea4f61d10b84890b]::rust_begin_unwind
[INFO] [stdout]   10:     0x62329153d86c - core[a373ad73a504971]::panicking::panic_fmt
[INFO] [stdout]   11:     0x623291391d81 - <polyglot_roundtrip[4fb3d505fb539bfe]::embed_mode_carries_no_polyglot_marker::{closure#0} as core[a373ad73a504971]::ops::function::FnOnce<()>>::call_once
[INFO] [stdout]   12:     0x62329139b43b - test[aada8e7e76ba119b]::__rust_begin_short_backtrace::<core[a373ad73a504971]::result::Result<(), alloc[2e1b2a31b91974c5]::string::String>, fn() -> core[a373ad73a504971]::result::Result<(), alloc[2e1b2a31b91974c5]::string::String>>
[INFO] [stdout]   13:     0x6232913a8615 - test[aada8e7e76ba119b]::run_test::{closure#0}
[INFO] [stdout]   14:     0x6232913a1f04 - std[617be2ca0a6fd877]::sys::backtrace::__rust_begin_short_backtrace::<test[aada8e7e76ba119b]::run_test::{closure#1}, ()>
[INFO] [stdout]   15:     0x6232913ab6a2 - <std[617be2ca0a6fd877]::thread::lifecycle::spawn_unchecked<test[aada8e7e76ba119b]::run_test::{closure#1}, ()>::{closure#1} as core[a373ad73a504971]::ops::function::FnOnce<()>>::call_once::{shim:vtable#0}
[INFO] [stdout]   16:     0x6232915281ef - <std[617be2ca0a6fd877]::sys::thread::unix::Thread>::new::thread_start
[INFO] [stdout]   17:     0x716ac95dbdfa - <unknown>
[INFO] [stdout]   18:     0x716ac966f3d4 - clone
[INFO] [stdout]   19:                0x0 - <unknown>
[INFO] [stdout] 
[INFO] [stdout] ---- the_builder_writes_a_marker_the_reader_finds_and_can_open_lazily stdout ----
[INFO] [stdout] 
[INFO] [stdout] thread 'the_builder_writes_a_marker_the_reader_finds_and_can_open_lazily' (2738) panicked at tests/polyglot_roundtrip.rs:99:5:
[INFO] [stdout] build_polyglot.py failed:
[INFO] [stdout] 
[INFO] [stdout] python3: can't open file '/opt/experiments/polyglot/build_polyglot.py': [Errno 2] No such file or directory
[INFO] [stdout] 
[INFO] [stdout] stack backtrace:
[INFO] [stdout]    0:     0x623291528e81 - <<std[617be2ca0a6fd877]::sys::backtrace::BacktraceLock>::print::DisplayBacktrace as core[a373ad73a504971]::fmt::Display>::fmt
[INFO] [stdout]    1:     0x62329153d13a - core[a373ad73a504971]::fmt::write
[INFO] [stdout]    2:     0x62329152d09c - <alloc[2e1b2a31b91974c5]::vec::Vec<u8> as core[a373ad73a504971]::io::write::Write>::write_fmt
[INFO] [stdout]    3:     0x623291504206 - std[617be2ca0a6fd877]::panicking::default_hook::{closure#0}
[INFO] [stdout]    4:     0x623291520f89 - std[617be2ca0a6fd877]::panicking::default_hook
[INFO] [stdout]    5:     0x6232913a7ff0 - test[aada8e7e76ba119b]::test_main_inner::{closure#0}
[INFO] [stdout]    6:     0x623291521142 - std[617be2ca0a6fd877]::panicking::panic_with_hook
[INFO] [stdout]    7:     0x6232915042b2 - std[617be2ca0a6fd877]::panicking::panic_handler::{closure#0}
[INFO] [stdout]    8:     0x6232914fcd19 - std[617be2ca0a6fd877]::sys::backtrace::__rust_end_short_backtrace::<std[617be2ca0a6fd877]::panicking::panic_handler::{closure#0}, !>
[INFO] [stdout]    9:     0x623291504ebd - __rustc[ea4f61d10b84890b]::rust_begin_unwind
[INFO] [stdout]   10:     0x62329153d86c - core[a373ad73a504971]::panicking::panic_fmt
[INFO] [stdout]   11:     0x623291393393 - <polyglot_roundtrip[4fb3d505fb539bfe]::the_builder_writes_a_marker_the_reader_finds_and_can_open_lazily::{closure#0} as core[a373ad73a504971]::ops::function::FnOnce<()>>::call_once
[INFO] [stdout]   12:     0x62329139b43b - test[aada8e7e76ba119b]::__rust_begin_short_backtrace::<core[a373ad73a504971]::result::Result<(), alloc[2e1b2a31b91974c5]::string::String>, fn() -> core[a373ad73a504971]::result::Result<(), alloc[2e1b2a31b91974c5]::string::String>>
[INFO] [stdout]   13:     0x6232913a8615 - test[aada8e7e76ba119b]::run_test::{closure#0}
[INFO] [stdout]   14:     0x6232913a1f04 - std[617be2ca0a6fd877]::sys::backtrace::__rust_begin_short_backtrace::<test[aada8e7e76ba119b]::run_test::{closure#1}, ()>
[INFO] [stdout]   15:     0x6232913ab6a2 - <std[617be2ca0a6fd877]::thread::lifecycle::spawn_unchecked<test[aada8e7e76ba119b]::run_test::{closure#1}, ()>::{closure#1} as core[a373ad73a504971]::ops::function::FnOnce<()>>::call_once::{shim:vtable#0}
[INFO] [stdout]   16:     0x6232915281ef - <std[617be2ca0a6fd877]::sys::thread::unix::Thread>::new::thread_start
[INFO] [stdout]   17:     0x716ac95dbdfa - <unknown>
[INFO] [stdout]   18:     0x716ac966f3d4 - clone
[INFO] [stdout]   19:                0x0 - <unknown>
[INFO] [stdout] 
[INFO] [stdout] 
[INFO] [stdout] failures:
[INFO] [stdout]     embed_mode_carries_no_polyglot_marker
[INFO] [stdout]     the_builder_writes_a_marker_the_reader_finds_and_can_open_lazily
[INFO] [stdout] 
[INFO] [stdout] test result: FAILED. 0 passed; 2 failed; 0 ignored; 0 measured; 0 filtered out; finished in 0.09s
[INFO] [stdout] 
[INFO] [stderr] error: test failed, to rerun pass `--test polyglot_roundtrip`
[INFO] running `Command { std: "docker" "inspect" "cc1aae753c8dd2a66275fbc641ee7d0ca5ec88ca097dc22ffe33f8f08007d47b", kill_on_drop: false }`
[INFO] running `Command { std: "docker" "rm" "-f" "cc1aae753c8dd2a66275fbc641ee7d0ca5ec88ca097dc22ffe33f8f08007d47b", kill_on_drop: false }`
[INFO] [stdout] cc1aae753c8dd2a66275fbc641ee7d0ca5ec88ca097dc22ffe33f8f08007d47b
