[INFO] fetching crate resw 0.7.0-alpha.2...
[INFO] testing resw-0.7.0-alpha.2 against 1.100.0-beta.1+cargoflags=--release for beta-release-1.100-2
[INFO] extracting crate resw 0.7.0-alpha.2 into /workspace/builds/worker-1-tc2/source
[INFO] started tweaking crates.io crate resw 0.7.0-alpha.2
[INFO] finished tweaking crates.io crate resw 0.7.0-alpha.2
[INFO] tweaked toml for crates.io crate resw 0.7.0-alpha.2 written to /workspace/builds/worker-1-tc2/source/Cargo.toml
[INFO] validating manifest of crates.io crate resw 0.7.0-alpha.2 on toolchain 1.100.0-beta.1
[INFO] running `Command { std: CARGO_HOME="/workspace/cargo-home" RUSTUP_HOME="/workspace/rustup-home" "/workspace/cargo-home/bin/cargo" "+1.100.0-beta.1" "metadata" "--manifest-path" "Cargo.toml" "--no-deps", kill_on_drop: false }`
[INFO] crate crates.io crate resw 0.7.0-alpha.2 already has a lockfile, it will not be regenerated
[INFO] running `Command { std: CARGO_HOME="/workspace/cargo-home" RUSTUP_HOME="/workspace/rustup-home" "/workspace/cargo-home/bin/cargo" "+1.100.0-beta.1" "fetch" "--manifest-path" "Cargo.toml", kill_on_drop: false }`
[INFO] running `Command { std: "docker" "create" "-v" "/var/lib/crater-agent-workspace/builds/worker-1-tc2/source:/opt/rustwide/workdir:ro,Z" "-v" "/var/lib/crater-agent-workspace/builds/worker-1-tc2/target:/opt/rustwide/target:rw,Z" "-v" "/var/lib/crater-agent-workspace/cargo-home:/opt/rustwide/cargo-home:ro,Z" "-v" "/var/lib/crater-agent-workspace/rustup-home:/opt/rustwide/rustup-home:ro,Z" "-m" "1610612736" "--network" "none" "ghcr.io/rust-lang/crates-build-env/linux@sha256:77db811e55d90add9212f6832c23229e3de5f1c1f9905e8cb07319ea15df73ac" "sleep" "infinity", kill_on_drop: false }`
[INFO] [stdout] 1be6b0a6c8b636aaa5b156246ffeafecb24ee30e41050bdcf0b8ca05966b5b48
[INFO] running `Command { std: "docker" "start" "1be6b0a6c8b636aaa5b156246ffeafecb24ee30e41050bdcf0b8ca05966b5b48", kill_on_drop: false }`
[INFO] running `Command { std: "docker" "inspect" "1be6b0a6c8b636aaa5b156246ffeafecb24ee30e41050bdcf0b8ca05966b5b48", kill_on_drop: false }`
[INFO] running `Command { std: "docker" "exec" "-e" "SOURCE_DIR=/opt/rustwide/workdir" "-e" "CARGO_HOME=/opt/rustwide/cargo-home" "-e" "RUSTUP_HOME=/opt/rustwide/rustup-home" "-e" "CARGO_TARGET_DIR=/opt/rustwide/target" "-w" "/opt/rustwide/workdir" "--user" "0:0" "1be6b0a6c8b636aaa5b156246ffeafecb24ee30e41050bdcf0b8ca05966b5b48" "/opt/rustwide/cargo-home/bin/cargo" "+1.100.0-beta.1" "metadata" "--no-deps" "--format-version=1", kill_on_drop: false }`
[INFO] running `Command { std: "docker" "inspect" "1be6b0a6c8b636aaa5b156246ffeafecb24ee30e41050bdcf0b8ca05966b5b48", kill_on_drop: false }`
[INFO] running `Command { std: "docker" "exec" "-e" "SOURCE_DIR=/opt/rustwide/workdir" "-e" "CARGO_HOME=/opt/rustwide/cargo-home" "-e" "RUSTUP_HOME=/opt/rustwide/rustup-home" "-e" "CARGO_TARGET_DIR=/opt/rustwide/target" "-e" "CARGO_INCREMENTAL=0" "-e" "RUST_BACKTRACE=full" "-e" "RUSTFLAGS=--cap-lints=warn" "-e" "RUSTDOCFLAGS=--cap-lints=warn" "-w" "/opt/rustwide/workdir" "--user" "0:0" "1be6b0a6c8b636aaa5b156246ffeafecb24ee30e41050bdcf0b8ca05966b5b48" "/opt/rustwide/cargo-home/bin/cargo" "+1.100.0-beta.1" "build" "--frozen" "--message-format=json" "--release", kill_on_drop: false }`
[INFO] [stderr]    Compiling log v0.4.18
[INFO] [stderr]    Compiling unicode-xid v0.2.4
[INFO] [stderr]    Compiling resast v0.6.0-alpha.5
[INFO] [stderr]    Compiling ress v0.11.6
[INFO] [stderr]    Compiling resw v0.7.0-alpha.2 (/opt/rustwide/workdir)
[INFO] [stdout] warning: hiding a lifetime that's elided elsewhere is confusing
[INFO] [stdout]   --> src/write_str.rs:15:27
[INFO] [stdout]    |
[INFO] [stdout] 15 |     pub fn generate_child(&mut self) -> ChildWriter {
[INFO] [stdout]    |                           ^^^^^^^^^     ^^^^^^^^^^^ the same lifetime is hidden here
[INFO] [stdout]    |                           |
[INFO] [stdout]    |                           the lifetime is elided here
[INFO] [stdout]    |
[INFO] [stdout]    = help: the same lifetime is referred to in inconsistent ways, making the signature confusing
[INFO] [stdout]    = note: `#[warn(mismatched_lifetime_syntaxes)]` on by default
[INFO] [stdout] help: use `'_` for type paths
[INFO] [stdout]    |
[INFO] [stdout] 15 |     pub fn generate_child(&mut self) -> ChildWriter<'_> {
[INFO] [stdout]    |                                                    ++++
[INFO] [stdout] 
[INFO] [stdout] 
[INFO] [stderr]     Finished `release` profile [optimized] target(s) in 3.14s
[INFO] running `Command { std: "docker" "inspect" "1be6b0a6c8b636aaa5b156246ffeafecb24ee30e41050bdcf0b8ca05966b5b48", kill_on_drop: false }`
[INFO] running `Command { std: "docker" "exec" "-e" "SOURCE_DIR=/opt/rustwide/workdir" "-e" "CARGO_HOME=/opt/rustwide/cargo-home" "-e" "RUSTUP_HOME=/opt/rustwide/rustup-home" "-e" "CARGO_TARGET_DIR=/opt/rustwide/target" "-e" "CARGO_INCREMENTAL=0" "-e" "RUST_BACKTRACE=full" "-e" "RUSTFLAGS=--cap-lints=warn" "-e" "RUSTDOCFLAGS=--cap-lints=warn" "-w" "/opt/rustwide/workdir" "--user" "0:0" "1be6b0a6c8b636aaa5b156246ffeafecb24ee30e41050bdcf0b8ca05966b5b48" "/opt/rustwide/cargo-home/bin/cargo" "+1.100.0-beta.1" "test" "--frozen" "--no-run" "--message-format=json" "--release", kill_on_drop: false }`
[INFO] [stderr]    Compiling proc-macro2 v1.0.59
[INFO] [stderr]    Compiling autocfg v1.1.0
[INFO] [stderr]    Compiling libc v0.2.144
[INFO] [stderr]    Compiling quote v1.0.28
[INFO] [stderr]    Compiling unicode-ident v1.0.9
[INFO] [stderr]    Compiling crossbeam-utils v0.8.15
[INFO] [stderr]    Compiling scopeguard v1.1.0
[INFO] [stderr]    Compiling unic-common v0.9.0
[INFO] [stderr]    Compiling unic-char-range v0.9.0
[INFO] [stderr]    Compiling rayon-core v1.11.0
[INFO] [stderr]    Compiling once_cell v1.17.2
[INFO] [stderr]    Compiling regex-syntax v0.7.2
[INFO] [stderr]    Compiling humantime v1.3.0
[INFO] [stderr]    Compiling aho-corasick v1.0.1
[INFO] [stderr]    Compiling thiserror v1.0.40
[INFO] [stderr]    Compiling pin-project-lite v0.2.9
[INFO] [stderr]    Compiling unic-ucd-version v0.9.0
[INFO] [stderr]    Compiling unic-char-property v0.9.0
[INFO] [stderr]    Compiling either v1.8.1
[INFO] [stderr]    Compiling hash-chain v0.3.2
[INFO] [stdout] warning: hiding a lifetime that's elided elsewhere is confusing
[INFO] [stdout]   --> src/write_str.rs:15:27
[INFO] [stdout]    |
[INFO] [stdout] 15 |     pub fn generate_child(&mut self) -> ChildWriter {
[INFO] [stdout]    |                           ^^^^^^^^^     ^^^^^^^^^^^ the same lifetime is hidden here
[INFO] [stdout]    |                           |
[INFO] [stdout]    |                           the lifetime is elided here
[INFO] [stdout]    |
[INFO] [stdout]    = help: the same lifetime is referred to in inconsistent ways, making the signature confusing
[INFO] [stdout]    = note: `#[warn(mismatched_lifetime_syntaxes)]` on by default
[INFO] [stdout] help: use `'_` for type paths
[INFO] [stdout]    |
[INFO] [stdout] 15 |     pub fn generate_child(&mut self) -> ChildWriter<'_> {
[INFO] [stdout]    |                                                    ++++
[INFO] [stdout] 
[INFO] [stdout] 
[INFO] [stderr]    Compiling unic-ucd-ident v0.9.0
[INFO] [stderr]    Compiling memoffset v0.8.0
[INFO] [stderr]    Compiling crossbeam-epoch v0.9.14
[INFO] [stderr]    Compiling tracing-core v0.1.31
[INFO] [stderr]    Compiling res-regex v0.1.4
[INFO] [stderr]    Compiling atty v0.2.14
[INFO] [stderr]    Compiling num_cpus v1.15.0
[INFO] [stderr]    Compiling crossbeam-channel v0.5.8
[INFO] [stderr]    Compiling syn v2.0.18
[INFO] [stderr]    Compiling crossbeam-deque v0.8.3
[INFO] [stderr]    Compiling rayon v1.7.0
[INFO] [stderr]    Compiling regex v1.8.3
[INFO] [stderr]    Compiling tracing-attributes v0.1.24
[INFO] [stderr]    Compiling thiserror-impl v1.0.40
[INFO] [stderr]    Compiling env_logger v0.7.1
[INFO] [stderr]    Compiling tracing v0.1.37
[INFO] [stderr]    Compiling pretty_env_logger v0.4.0
[INFO] [stderr]    Compiling ressa v0.9.0-alpha.3
[INFO] [stderr]    Compiling resw v0.7.0-alpha.2 (/opt/rustwide/workdir)
[INFO] [stdout] warning: hiding a lifetime that's elided elsewhere is confusing
[INFO] [stdout]   --> src/write_str.rs:15:27
[INFO] [stdout]    |
[INFO] [stdout] 15 |     pub fn generate_child(&mut self) -> ChildWriter {
[INFO] [stdout]    |                           ^^^^^^^^^     ^^^^^^^^^^^ the same lifetime is hidden here
[INFO] [stdout]    |                           |
[INFO] [stdout]    |                           the lifetime is elided here
[INFO] [stdout]    |
[INFO] [stdout]    = help: the same lifetime is referred to in inconsistent ways, making the signature confusing
[INFO] [stdout]    = note: `#[warn(mismatched_lifetime_syntaxes)]` on by default
[INFO] [stdout] help: use `'_` for type paths
[INFO] [stdout]    |
[INFO] [stdout] 15 |     pub fn generate_child(&mut self) -> ChildWriter<'_> {
[INFO] [stdout]    |                                                    ++++
[INFO] [stdout] 
[INFO] [stdout] 
[INFO] [stderr]     Finished `release` profile [optimized] target(s) in 1m 06s
[INFO] running `Command { std: "docker" "inspect" "1be6b0a6c8b636aaa5b156246ffeafecb24ee30e41050bdcf0b8ca05966b5b48", kill_on_drop: false }`
[INFO] running `Command { std: "docker" "exec" "-e" "SOURCE_DIR=/opt/rustwide/workdir" "-e" "CARGO_HOME=/opt/rustwide/cargo-home" "-e" "RUSTUP_HOME=/opt/rustwide/rustup-home" "-e" "CARGO_TARGET_DIR=/opt/rustwide/target" "-e" "CARGO_INCREMENTAL=0" "-e" "RUST_BACKTRACE=full" "-e" "RUSTFLAGS=--cap-lints=warn" "-e" "RUSTDOCFLAGS=--cap-lints=warn" "-w" "/opt/rustwide/workdir" "--user" "0:0" "1be6b0a6c8b636aaa5b156246ffeafecb24ee30e41050bdcf0b8ca05966b5b48" "/opt/rustwide/cargo-home/bin/cargo" "+1.100.0-beta.1" "test" "--frozen" "--release", kill_on_drop: false }`
[INFO] [stderr] warning: hiding a lifetime that's elided elsewhere is confusing
[INFO] [stderr]   --> src/write_str.rs:15:27
[INFO] [stderr]    |
[INFO] [stderr] 15 |     pub fn generate_child(&mut self) -> ChildWriter {
[INFO] [stderr]    |                           ^^^^^^^^^     ^^^^^^^^^^^ the same lifetime is hidden here
[INFO] [stderr]    |                           |
[INFO] [stderr]    |                           the lifetime is elided here
[INFO] [stderr]    |
[INFO] [stderr]    = help: the same lifetime is referred to in inconsistent ways, making the signature confusing
[INFO] [stderr]    = note: `#[warn(mismatched_lifetime_syntaxes)]` on by default
[INFO] [stderr] help: use `'_` for type paths
[INFO] [stderr]    |
[INFO] [stderr] 15 |     pub fn generate_child(&mut self) -> ChildWriter<'_> {
[INFO] [stderr]    |                                                    ++++
[INFO] [stderr] 
[INFO] [stderr] warning: `resw` (lib) generated 1 warning (run `cargo fix --lib -p resw` to apply 1 suggestion)
[INFO] [stderr] warning: `resw` (lib test) generated 1 warning (1 duplicate)
[INFO] [stderr]     Finished `release` profile [optimized] target(s) in 0.09s
[INFO] [stderr]      Running unittests src/lib.rs (/opt/rustwide/target/release/build/resw/0b15148aeb651f0d/out/resw-0b15148aeb651f0d)
[INFO] [stdout] 
[INFO] [stdout] running 6 tests
[INFO] [stdout] test test::write_debugger_stmt ... ok
[INFO] [stderr]      Running tests/common.rs (/opt/rustwide/target/release/build/resw/6276b0c71dce8acd/out/common-6276b0c71dce8acd)
[INFO] [stdout] test test::write_variable_decls ... ok
[INFO] [stdout] test test::write_empty_expression ... ok
[INFO] [stdout] test write_str::test::write_test ... ok
[INFO] [stdout] test spanned::test::string_with_new_lines ... ok
[INFO] [stdout] test spanned::test::write_slices ... ok
[INFO] [stdout] 
[INFO] [stdout] test result: ok. 6 passed; 0 failed; 0 ignored; 0 measured; 0 filtered out; finished in 0.00s
[INFO] [stdout] 
[INFO] [stderr]      Running tests/node_modules.rs (/opt/rustwide/target/release/build/resw/c5c5b9f6b5081217/out/node_modules-c5c5b9f6b5081217)
[INFO] [stdout] 
[INFO] [stdout] running 0 tests
[INFO] [stdout] 
[INFO] [stdout] test result: ok. 0 passed; 0 failed; 0 ignored; 0 measured; 0 filtered out; finished in 0.00s
[INFO] [stdout] 
[INFO] [stdout] 
[INFO] [stdout] running 11 tests
[INFO] [stdout] test angular ... FAILED
[INFO] [stdout] test everything_js_es2015_script ... FAILED
[INFO] [stdout] test lodash ... FAILED
[INFO] [stdout] test moment ... FAILED
[INFO] [stdout] test everything_js_es2015_module ... FAILED
[INFO] [stdout] test dexie ... FAILED
[INFO] [stdout] test vue ... FAILED
[INFO] [stdout] test everything_js_es5 ... FAILED
[INFO] [stdout] test jquery ... FAILED
[INFO] [stdout] test react ... FAILED
[INFO] [stdout] test react_dom ... FAILED
[INFO] [stdout] 
[INFO] [stdout] failures:
[INFO] [stdout] 
[INFO] [stdout] ---- angular stdout ----
[INFO] [stdout] 
[INFO] [stdout] thread 'angular' (1332) panicked at tests/node_modules.rs:139:14:
[INFO] [stdout] failed to execute npm i: Os { code: 2, kind: NotFound, message: "No such file or directory" }
[INFO] [stdout] stack backtrace:
[INFO] [stdout]    0:     0x5605cadad3c1 - <<std[617be2ca0a6fd877]::sys::backtrace::BacktraceLock>::print::DisplayBacktrace as core[a373ad73a504971]::fmt::Display>::fmt
[INFO] [stdout]    1:     0x5605cadc2faa - core[a373ad73a504971]::fmt::write
[INFO] [stdout]    2:     0x5605cadb1b0c - <alloc[2e1b2a31b91974c5]::vec::Vec<u8> as core[a373ad73a504971]::io::write::Write>::write_fmt
[INFO] [stdout]    3:     0x5605cad88706 - std[617be2ca0a6fd877]::panicking::default_hook::{closure#0}
[INFO] [stdout]    4:     0x5605cada5389 - std[617be2ca0a6fd877]::panicking::default_hook
[INFO] [stdout]    5:     0x5605cad01050 - test[aada8e7e76ba119b]::test_main_inner::{closure#0}
[INFO] [stdout]    6:     0x5605cada5542 - std[617be2ca0a6fd877]::panicking::panic_with_hook
[INFO] [stdout]    7:     0x5605cad887b2 - std[617be2ca0a6fd877]::panicking::panic_handler::{closure#0}
[INFO] [stdout]    8:     0x5605cad811e9 - std[617be2ca0a6fd877]::sys::backtrace::__rust_end_short_backtrace::<std[617be2ca0a6fd877]::panicking::panic_handler::{closure#0}, !>
[INFO] [stdout]    9:     0x5605cad893bd - __rustc[ea4f61d10b84890b]::rust_begin_unwind
[INFO] [stdout]   10:     0x5605cadc378c - core[a373ad73a504971]::panicking::panic_fmt
[INFO] [stdout]   11:     0x5605cadc3562 - core[a373ad73a504971]::result::unwrap_failed
[INFO] [stdout]   12:     0x5605cac3f5fc - node_modules[23b79419b57feae9]::ensure_libraries
[INFO] [stdout]   13:     0x5605cac462b8 - <node_modules[23b79419b57feae9]::angular::{closure#0} as core[a373ad73a504971]::ops::function::FnOnce<()>>::call_once
[INFO] [stdout]   14:     0x5605cacf449b - test[aada8e7e76ba119b]::__rust_begin_short_backtrace::<core[a373ad73a504971]::result::Result<(), alloc[2e1b2a31b91974c5]::string::String>, fn() -> core[a373ad73a504971]::result::Result<(), alloc[2e1b2a31b91974c5]::string::String>>
[INFO] [stdout]   15:     0x5605cad01675 - test[aada8e7e76ba119b]::run_test::{closure#0}
[INFO] [stdout]   16:     0x5605cacfaf64 - std[617be2ca0a6fd877]::sys::backtrace::__rust_begin_short_backtrace::<test[aada8e7e76ba119b]::run_test::{closure#1}, ()>
[INFO] [stdout]   17:     0x5605cad04702 - <std[617be2ca0a6fd877]::thread::lifecycle::spawn_unchecked<test[aada8e7e76ba119b]::run_test::{closure#1}, ()>::{closure#1} as core[a373ad73a504971]::ops::function::FnOnce<()>>::call_once::{shim:vtable#0}
[INFO] [stdout]   18:     0x5605cadac6af - <std[617be2ca0a6fd877]::sys::thread::unix::Thread>::new::thread_start
[INFO] [stdout]   19:     0x7ad325129dfa - <unknown>
[INFO] [stdout]   20:     0x7ad3251bd3d4 - clone
[INFO] [stdout]   21:                0x0 - <unknown>
[INFO] [stdout] 
[INFO] [stdout] ---- everything_js_es2015_script stdout ----
[INFO] [stdout] 
[INFO] [stdout] thread 'everything_js_es2015_script' (1336) panicked at tests/node_modules.rs:139:14:
[INFO] [stdout] failed to execute npm i: Os { code: 2, kind: NotFound, message: "No such file or directory" }
[INFO] [stdout] stack backtrace:
[INFO] [stdout]    0:     0x5605cadad3c1 - <<std[617be2ca0a6fd877]::sys::backtrace::BacktraceLock>::print::DisplayBacktrace as core[a373ad73a504971]::fmt::Display>::fmt
[INFO] [stdout]    1:     0x5605cadc2faa - core[a373ad73a504971]::fmt::write
[INFO] [stdout]    2:     0x5605cadb1b0c - <alloc[2e1b2a31b91974c5]::vec::Vec<u8> as core[a373ad73a504971]::io::write::Write>::write_fmt
[INFO] [stdout]    3:     0x5605cad88706 - std[617be2ca0a6fd877]::panicking::default_hook::{closure#0}
[INFO] [stdout]    4:     0x5605cada5389 - std[617be2ca0a6fd877]::panicking::default_hook
[INFO] [stdout]    5:     0x5605cad01050 - test[aada8e7e76ba119b]::test_main_inner::{closure#0}
[INFO] [stdout]    6:     0x5605cada5542 - std[617be2ca0a6fd877]::panicking::panic_with_hook
[INFO] [stdout]    7:     0x5605cad887b2 - std[617be2ca0a6fd877]::panicking::panic_handler::{closure#0}
[INFO] [stdout]    8:     0x5605cad811e9 - std[617be2ca0a6fd877]::sys::backtrace::__rust_end_short_backtrace::<std[617be2ca0a6fd877]::panicking::panic_handler::{closure#0}, !>
[INFO] [stdout]    9:     0x5605cad893bd - __rustc[ea4f61d10b84890b]::rust_begin_unwind
[INFO] [stdout]   10:     0x5605cadc378c - core[a373ad73a504971]::panicking::panic_fmt
[INFO] [stdout]   11:     0x5605cadc3562 - core[a373ad73a504971]::result::unwrap_failed
[INFO] [stdout]   12:     0x5605cac3f5fc - node_modules[23b79419b57feae9]::ensure_libraries
[INFO] [stdout]   13:     0x5605cac450d8 - <node_modules[23b79419b57feae9]::everything_js_es2015_script::{closure#0} as core[a373ad73a504971]::ops::function::FnOnce<()>>::call_once
[INFO] [stdout]   14:     0x5605cacf449b - test[aada8e7e76ba119b]::__rust_begin_short_backtrace::<core[a373ad73a504971]::result::Result<(), alloc[2e1b2a31b91974c5]::string::String>, fn() -> core[a373ad73a504971]::result::Result<(), alloc[2e1b2a31b91974c5]::string::String>>
[INFO] [stdout]   15:     0x5605cad01675 - test[aada8e7e76ba119b]::run_test::{closure#0}
[INFO] [stdout]   16:     0x5605cacfaf64 - std[617be2ca0a6fd877]::sys::backtrace::__rust_begin_short_backtrace::<test[aada8e7e76ba119b]::run_test::{closure#1}, ()>
[INFO] [stdout]   17:     0x5605cad04702 - <std[617be2ca0a6fd877]::thread::lifecycle::spawn_unchecked<test[aada8e7e76ba119b]::run_test::{closure#1}, ()>::{closure#1} as core[a373ad73a504971]::ops::function::FnOnce<()>>::call_once::{shim:vtable#0}
[INFO] [stdout]   18:     0x5605cadac6af - <std[617be2ca0a6fd877]::sys::thread::unix::Thread>::new::thread_start
[INFO] [stdout]   19:     0x7ad325129dfa - <unknown>
[INFO] [stdout]   20:     0x7ad3251bd3d4 - clone
[INFO] [stdout]   21:                0x0 - <unknown>
[INFO] [stdout] 
[INFO] [stdout] ---- lodash stdout ----
[INFO] [stdout] 
[INFO] [stdout] thread 'lodash' (1340) panicked at tests/node_modules.rs:139:14:
[INFO] [stdout] failed to execute npm i: Os { code: 2, kind: NotFound, message: "No such file or directory" }
[INFO] [stdout] stack backtrace:
[INFO] [stdout]    0:     0x5605cadad3c1 - <<std[617be2ca0a6fd877]::sys::backtrace::BacktraceLock>::print::DisplayBacktrace as core[a373ad73a504971]::fmt::Display>::fmt
[INFO] [stdout]    1:     0x5605cadc2faa - core[a373ad73a504971]::fmt::write
[INFO] [stdout]    2:     0x5605cadb1b0c - <alloc[2e1b2a31b91974c5]::vec::Vec<u8> as core[a373ad73a504971]::io::write::Write>::write_fmt
[INFO] [stdout]    3:     0x5605cad88706 - std[617be2ca0a6fd877]::panicking::default_hook::{closure#0}
[INFO] [stdout]    4:     0x5605cada5389 - std[617be2ca0a6fd877]::panicking::default_hook
[INFO] [stdout]    5:     0x5605cad01050 - test[aada8e7e76ba119b]::test_main_inner::{closure#0}
[INFO] [stdout]    6:     0x5605cada5542 - std[617be2ca0a6fd877]::panicking::panic_with_hook
[INFO] [stdout]    7:     0x5605cad887b2 - std[617be2ca0a6fd877]::panicking::panic_handler::{closure#0}
[INFO] [stdout]    8:     0x5605cad811e9 - std[617be2ca0a6fd877]::sys::backtrace::__rust_end_short_backtrace::<std[617be2ca0a6fd877]::panicking::panic_handler::{closure#0}, !>
[INFO] [stdout]    9:     0x5605cad893bd - __rustc[ea4f61d10b84890b]::rust_begin_unwind
[INFO] [stdout]   10:     0x5605cadc378c - core[a373ad73a504971]::panicking::panic_fmt
[INFO] [stdout]   11:     0x5605cadc3562 - core[a373ad73a504971]::result::unwrap_failed
[INFO] [stdout]   12:     0x5605cac3f5fc - node_modules[23b79419b57feae9]::ensure_libraries
[INFO] [stdout]   13:     0x5605cac45e58 - <node_modules[23b79419b57feae9]::lodash::{closure#0} as core[a373ad73a504971]::ops::function::FnOnce<()>>::call_once
[INFO] [stdout]   14:     0x5605cacf449b - test[aada8e7e76ba119b]::__rust_begin_short_backtrace::<core[a373ad73a504971]::result::Result<(), alloc[2e1b2a31b91974c5]::string::String>, fn() -> core[a373ad73a504971]::result::Result<(), alloc[2e1b2a31b91974c5]::string::String>>
[INFO] [stdout]   15:     0x5605cad01675 - test[aada8e7e76ba119b]::run_test::{closure#0}
[INFO] [stdout]   16:     0x5605cacfaf64 - std[617be2ca0a6fd877]::sys::backtrace::__rust_begin_short_backtrace::<test[aada8e7e76ba119b]::run_test::{closure#1}, ()>
[INFO] [stdout]   17:     0x5605cad04702 - <std[617be2ca0a6fd877]::thread::lifecycle::spawn_unchecked<test[aada8e7e76ba119b]::run_test::{closure#1}, ()>::{closure#1} as core[a373ad73a504971]::ops::function::FnOnce<()>>::call_once::{shim:vtable#0}
[INFO] [stdout]   18:     0x5605cadac6af - <std[617be2ca0a6fd877]::sys::thread::unix::Thread>::new::thread_start
[INFO] [stdout]   19:     0x7ad325129dfa - <unknown>
[INFO] [stdout]   20:     0x7ad3251bd3d4 - clone
[INFO] [stdout]   21:                0x0 - <unknown>
[INFO] [stdout] 
[INFO] [stdout] ---- moment stdout ----
[INFO] [stdout] 
[INFO] [stdout] thread 'moment' (1341) panicked at tests/node_modules.rs:139:14:
[INFO] [stdout] failed to execute npm i: Os { code: 2, kind: NotFound, message: "No such file or directory" }
[INFO] [stdout] stack backtrace:
[INFO] [stdout]    0:     0x5605cadad3c1 - <<std[617be2ca0a6fd877]::sys::backtrace::BacktraceLock>::print::DisplayBacktrace as core[a373ad73a504971]::fmt::Display>::fmt
[INFO] [stdout]    1:     0x5605cadc2faa - core[a373ad73a504971]::fmt::write
[INFO] [stdout]    2:     0x5605cadb1b0c - <alloc[2e1b2a31b91974c5]::vec::Vec<u8> as core[a373ad73a504971]::io::write::Write>::write_fmt
[INFO] [stdout]    3:     0x5605cad88706 - std[617be2ca0a6fd877]::panicking::default_hook::{closure#0}
[INFO] [stdout]    4:     0x5605cada5389 - std[617be2ca0a6fd877]::panicking::default_hook
[INFO] [stdout]    5:     0x5605cad01050 - test[aada8e7e76ba119b]::test_main_inner::{closure#0}
[INFO] [stdout]    6:     0x5605cada5542 - std[617be2ca0a6fd877]::panicking::panic_with_hook
[INFO] [stdout]    7:     0x5605cad887b2 - std[617be2ca0a6fd877]::panicking::panic_handler::{closure#0}
[INFO] [stdout]    8:     0x5605cad811e9 - std[617be2ca0a6fd877]::sys::backtrace::__rust_end_short_backtrace::<std[617be2ca0a6fd877]::panicking::panic_handler::{closure#0}, !>
[INFO] [stdout]    9:     0x5605cad893bd - __rustc[ea4f61d10b84890b]::rust_begin_unwind
[INFO] [stdout]   10:     0x5605cadc378c - core[a373ad73a504971]::panicking::panic_fmt
[INFO] [stdout]   11:     0x5605cadc3562 - core[a373ad73a504971]::result::unwrap_failed
[INFO] [stdout]   12:     0x5605cac3f5fc - node_modules[23b79419b57feae9]::ensure_libraries
[INFO] [stdout]   13:     0x5605cac46088 - <node_modules[23b79419b57feae9]::moment::{closure#0} as core[a373ad73a504971]::ops::function::FnOnce<()>>::call_once
[INFO] [stdout]   14:     0x5605cacf449b - test[aada8e7e76ba119b]::__rust_begin_short_backtrace::<core[a373ad73a504971]::result::Result<(), alloc[2e1b2a31b91974c5]::string::String>, fn() -> core[a373ad73a504971]::result::Result<(), alloc[2e1b2a31b91974c5]::string::String>>
[INFO] [stdout]   15:     0x5605cad01675 - test[aada8e7e76ba119b]::run_test::{closure#0}
[INFO] [stdout]   16:     0x5605cacfaf64 - std[617be2ca0a6fd877]::sys::backtrace::__rust_begin_short_backtrace::<test[aada8e7e76ba119b]::run_test::{closure#1}, ()>
[INFO] [stdout]   17:     0x5605cad04702 - <std[617be2ca0a6fd877]::thread::lifecycle::spawn_unchecked<test[aada8e7e76ba119b]::run_test::{closure#1}, ()>::{closure#1} as core[a373ad73a504971]::ops::function::FnOnce<()>>::call_once::{shim:vtable#0}
[INFO] [stdout]   18:     0x5605cadac6af - <std[617be2ca0a6fd877]::sys::thread::unix::Thread>::new::thread_start
[INFO] [stdout]   19:     0x7ad325129dfa - <unknown>
[INFO] [stdout]   20:     0x7ad3251bd3d4 - clone
[INFO] [stdout]   21:                0x0 - <unknown>
[INFO] [stdout] 
[INFO] [stdout] ---- everything_js_es2015_module stdout ----
[INFO] [stdout] 
[INFO] [stdout] thread 'everything_js_es2015_module' (1335) panicked at tests/node_modules.rs:139:14:
[INFO] [stdout] failed to execute npm i: Os { code: 2, kind: NotFound, message: "No such file or directory" }
[INFO] [stdout] stack backtrace:
[INFO] [stdout]    0:     0x5605cadad3c1 - <<std[617be2ca0a6fd877]::sys::backtrace::BacktraceLock>::print::DisplayBacktrace as core[a373ad73a504971]::fmt::Display>::fmt
[INFO] [stdout]    1:     0x5605cadc2faa - core[a373ad73a504971]::fmt::write
[INFO] [stdout]    2:     0x5605cadb1b0c - <alloc[2e1b2a31b91974c5]::vec::Vec<u8> as core[a373ad73a504971]::io::write::Write>::write_fmt
[INFO] [stdout]    3:     0x5605cad88706 - std[617be2ca0a6fd877]::panicking::default_hook::{closure#0}
[INFO] [stdout]    4:     0x5605cada5389 - std[617be2ca0a6fd877]::panicking::default_hook
[INFO] [stdout]    5:     0x5605cad01050 - test[aada8e7e76ba119b]::test_main_inner::{closure#0}
[INFO] [stdout]    6:     0x5605cada5542 - std[617be2ca0a6fd877]::panicking::panic_with_hook
[INFO] [stdout]    7:     0x5605cad887b2 - std[617be2ca0a6fd877]::panicking::panic_handler::{closure#0}
[INFO] [stdout]    8:     0x5605cad811e9 - std[617be2ca0a6fd877]::sys::backtrace::__rust_end_short_backtrace::<std[617be2ca0a6fd877]::panicking::panic_handler::{closure#0}, !>
[INFO] [stdout]    9:     0x5605cad893bd - __rustc[ea4f61d10b84890b]::rust_begin_unwind
[INFO] [stdout]   10:     0x5605cadc378c - core[a373ad73a504971]::panicking::panic_fmt
[INFO] [stdout]   11:     0x5605cadc3562 - core[a373ad73a504971]::result::unwrap_failed
[INFO] [stdout]   12:     0x5605cac3f5fc - node_modules[23b79419b57feae9]::ensure_libraries
[INFO] [stdout]   13:     0x5605cac44ea8 - <node_modules[23b79419b57feae9]::everything_js_es2015_module::{closure#0} as core[a373ad73a504971]::ops::function::FnOnce<()>>::call_once
[INFO] [stdout]   14:     0x5605cacf449b - test[aada8e7e76ba119b]::__rust_begin_short_backtrace::<core[a373ad73a504971]::result::Result<(), alloc[2e1b2a31b91974c5]::string::String>, fn() -> core[a373ad73a504971]::result::Result<(), alloc[2e1b2a31b91974c5]::string::String>>
[INFO] [stdout]   15:     0x5605cad01675 - test[aada8e7e76ba119b]::run_test::{closure#0}
[INFO] [stdout]   16:     0x5605cacfaf64 - std[617be2ca0a6fd877]::sys::backtrace::__rust_begin_short_backtrace::<test[aada8e7e76ba119b]::run_test::{closure#1}, ()>
[INFO] [stdout]   17:     0x5605cad04702 - <std[617be2ca0a6fd877]::thread::lifecycle::spawn_unchecked<test[aada8e7e76ba119b]::run_test::{closure#1}, ()>::{closure#1} as core[a373ad73a504971]::ops::function::FnOnce<()>>::call_once::{shim:vtable#0}
[INFO] [stdout]   18:     0x5605cadac6af - <std[617be2ca0a6fd877]::sys::thread::unix::Thread>::new::thread_start
[INFO] [stdout]   19:     0x7ad325129dfa - <unknown>
[INFO] [stdout]   20:     0x7ad3251bd3d4 - clone
[INFO] [stdout]   21:                0x0 - <unknown>
[INFO] [stdout] 
[INFO] [stdout] ---- dexie stdout ----
[INFO] [stdout] 
[INFO] [stdout] thread 'dexie' (1333) panicked at tests/node_modules.rs:139:14:
[INFO] [stderr] error: test failed, to rerun pass `--test node_modules`
[INFO] [stdout] failed to execute npm i: Os { code: 2, kind: NotFound, message: "No such file or directory" }
[INFO] [stdout] stack backtrace:
[INFO] [stdout]    0:     0x5605cadad3c1 - <<std[617be2ca0a6fd877]::sys::backtrace::BacktraceLock>::print::DisplayBacktrace as core[a373ad73a504971]::fmt::Display>::fmt
[INFO] [stdout]    1:     0x5605cadc2faa - core[a373ad73a504971]::fmt::write
[INFO] [stdout]    2:     0x5605cadb1b0c - <alloc[2e1b2a31b91974c5]::vec::Vec<u8> as core[a373ad73a504971]::io::write::Write>::write_fmt
[INFO] [stdout]    3:     0x5605cad88706 - std[617be2ca0a6fd877]::panicking::default_hook::{closure#0}
[INFO] [stdout]    4:     0x5605cada5389 - std[617be2ca0a6fd877]::panicking::default_hook
[INFO] [stdout]    5:     0x5605cad01050 - test[aada8e7e76ba119b]::test_main_inner::{closure#0}
[INFO] [stdout]    6:     0x5605cada5542 - std[617be2ca0a6fd877]::panicking::panic_with_hook
[INFO] [stdout]    7:     0x5605cad887b2 - std[617be2ca0a6fd877]::panicking::panic_handler::{closure#0}
[INFO] [stdout]    8:     0x5605cad811e9 - std[617be2ca0a6fd877]::sys::backtrace::__rust_end_short_backtrace::<std[617be2ca0a6fd877]::panicking::panic_handler::{closure#0}, !>
[INFO] [stdout]    9:     0x5605cad893bd - __rustc[ea4f61d10b84890b]::rust_begin_unwind
[INFO] [stdout]   10:     0x5605cadc378c - core[a373ad73a504971]::panicking::panic_fmt
[INFO] [stdout]   11:     0x5605cadc3562 - core[a373ad73a504971]::result::unwrap_failed
[INFO] [stdout]   12:     0x5605cac3f5fc - node_modules[23b79419b57feae9]::ensure_libraries
[INFO] [stdout]   13:     0x5605cac45538 - <node_modules[23b79419b57feae9]::dexie::{closure#0} as core[a373ad73a504971]::ops::function::FnOnce<()>>::call_once
[INFO] [stdout]   14:     0x5605cacf449b - test[aada8e7e76ba119b]::__rust_begin_short_backtrace::<core[a373ad73a504971]::result::Result<(), alloc[2e1b2a31b91974c5]::string::String>, fn() -> core[a373ad73a504971]::result::Result<(), alloc[2e1b2a31b91974c5]::string::String>>
[INFO] [stdout]   15:     0x5605cad01675 - test[aada8e7e76ba119b]::run_test::{closure#0}
[INFO] [stdout]   16:     0x5605cacfaf64 - std[617be2ca0a6fd877]::sys::backtrace::__rust_begin_short_backtrace::<test[aada8e7e76ba119b]::run_test::{closure#1}, ()>
[INFO] [stdout]   17:     0x5605cad04702 - <std[617be2ca0a6fd877]::thread::lifecycle::spawn_unchecked<test[aada8e7e76ba119b]::run_test::{closure#1}, ()>::{closure#1} as core[a373ad73a504971]::ops::function::FnOnce<()>>::call_once::{shim:vtable#0}
[INFO] [stdout]   18:     0x5605cadac6af - <std[617be2ca0a6fd877]::sys::thread::unix::Thread>::new::thread_start
[INFO] [stdout]   19:     0x7ad325129dfa - <unknown>
[INFO] [stdout]   20:     0x7ad3251bd3d4 - clone
[INFO] [stdout]   21:                0x0 - <unknown>
[INFO] [stdout] 
[INFO] [stdout] ---- vue stdout ----
[INFO] [stdout] 
[INFO] [stdout] thread 'vue' (1344) panicked at tests/node_modules.rs:139:14:
[INFO] [stdout] failed to execute npm i: Os { code: 2, kind: NotFound, message: "No such file or directory" }
[INFO] [stdout] stack backtrace:
[INFO] [stdout]    0:     0x5605cadad3c1 - <<std[617be2ca0a6fd877]::sys::backtrace::BacktraceLock>::print::DisplayBacktrace as core[a373ad73a504971]::fmt::Display>::fmt
[INFO] [stdout]    1:     0x5605cadc2faa - core[a373ad73a504971]::fmt::write
[INFO] [stdout]    2:     0x5605cadb1b0c - <alloc[2e1b2a31b91974c5]::vec::Vec<u8> as core[a373ad73a504971]::io::write::Write>::write_fmt
[INFO] [stdout]    3:     0x5605cad88706 - std[617be2ca0a6fd877]::panicking::default_hook::{closure#0}
[INFO] [stdout]    4:     0x5605cada5389 - std[617be2ca0a6fd877]::panicking::default_hook
[INFO] [stdout]    5:     0x5605cad01050 - test[aada8e7e76ba119b]::test_main_inner::{closure#0}
[INFO] [stdout]    6:     0x5605cada5542 - std[617be2ca0a6fd877]::panicking::panic_with_hook
[INFO] [stdout]    7:     0x5605cad887b2 - std[617be2ca0a6fd877]::panicking::panic_handler::{closure#0}
[INFO] [stdout]    8:     0x5605cad811e9 - std[617be2ca0a6fd877]::sys::backtrace::__rust_end_short_backtrace::<std[617be2ca0a6fd877]::panicking::panic_handler::{closure#0}, !>
[INFO] [stdout]    9:     0x5605cad893bd - __rustc[ea4f61d10b84890b]::rust_begin_unwind
[INFO] [stdout]   10:     0x5605cadc378c - core[a373ad73a504971]::panicking::panic_fmt
[INFO] [stdout]   11:     0x5605cadc3562 - core[a373ad73a504971]::result::unwrap_failed
[INFO] [stdout]   12:     0x5605cac3f5fc - node_modules[23b79419b57feae9]::ensure_libraries
[INFO] [stdout]   13:     0x5605cac45308 - <node_modules[23b79419b57feae9]::vue::{closure#0} as core[a373ad73a504971]::ops::function::FnOnce<()>>::call_once
[INFO] [stdout]   14:     0x5605cacf449b - test[aada8e7e76ba119b]::__rust_begin_short_backtrace::<core[a373ad73a504971]::result::Result<(), alloc[2e1b2a31b91974c5]::string::String>, fn() -> core[a373ad73a504971]::result::Result<(), alloc[2e1b2a31b91974c5]::string::String>>
[INFO] [stdout]   15:     0x5605cad01675 - test[aada8e7e76ba119b]::run_test::{closure#0}
[INFO] [stdout]   16:     0x5605cacfaf64 - std[617be2ca0a6fd877]::sys::backtrace::__rust_begin_short_backtrace::<test[aada8e7e76ba119b]::run_test::{closure#1}, ()>
[INFO] [stdout]   17:     0x5605cad04702 - <std[617be2ca0a6fd877]::thread::lifecycle::spawn_unchecked<test[aada8e7e76ba119b]::run_test::{closure#1}, ()>::{closure#1} as core[a373ad73a504971]::ops::function::FnOnce<()>>::call_once::{shim:vtable#0}
[INFO] [stdout]   18:     0x5605cadac6af - <std[617be2ca0a6fd877]::sys::thread::unix::Thread>::new::thread_start
[INFO] [stdout]   19:     0x7ad325129dfa - <unknown>
[INFO] [stdout]   20:     0x7ad3251bd3d4 - clone
[INFO] [stdout]   21:                0x0 - <unknown>
[INFO] [stdout] 
[INFO] [stdout] ---- everything_js_es5 stdout ----
[INFO] [stdout] 
[INFO] [stdout] thread 'everything_js_es5' (1338) panicked at tests/node_modules.rs:139:14:
[INFO] [stdout] failed to execute npm i: Os { code: 2, kind: NotFound, message: "No such file or directory" }
[INFO] [stdout] stack backtrace:
[INFO] [stdout]    0:     0x5605cadad3c1 - <<std[617be2ca0a6fd877]::sys::backtrace::BacktraceLock>::print::DisplayBacktrace as core[a373ad73a504971]::fmt::Display>::fmt
[INFO] [stdout]    1:     0x5605cadc2faa - core[a373ad73a504971]::fmt::write
[INFO] [stdout]    2:     0x5605cadb1b0c - <alloc[2e1b2a31b91974c5]::vec::Vec<u8> as core[a373ad73a504971]::io::write::Write>::write_fmt
[INFO] [stdout]    3:     0x5605cad88706 - std[617be2ca0a6fd877]::panicking::default_hook::{closure#0}
[INFO] [stdout]    4:     0x5605cada5389 - std[617be2ca0a6fd877]::panicking::default_hook
[INFO] [stdout]    5:     0x5605cad01050 - test[aada8e7e76ba119b]::test_main_inner::{closure#0}
[INFO] [stdout]    6:     0x5605cada5542 - std[617be2ca0a6fd877]::panicking::panic_with_hook
[INFO] [stdout]    7:     0x5605cad887b2 - std[617be2ca0a6fd877]::panicking::panic_handler::{closure#0}
[INFO] [stdout]    8:     0x5605cad811e9 - std[617be2ca0a6fd877]::sys::backtrace::__rust_end_short_backtrace::<std[617be2ca0a6fd877]::panicking::panic_handler::{closure#0}, !>
[INFO] [stdout]    9:     0x5605cad893bd - __rustc[ea4f61d10b84890b]::rust_begin_unwind
[INFO] [stdout]   10:     0x5605cadc378c - core[a373ad73a504971]::panicking::panic_fmt
[INFO] [stdout]   11:     0x5605cadc3562 - core[a373ad73a504971]::result::unwrap_failed
[INFO] [stdout]   12:     0x5605cac3f5fc - node_modules[23b79419b57feae9]::ensure_libraries
[INFO] [stdout]   13:     0x5605cac44c78 - <node_modules[23b79419b57feae9]::everything_js_es5::{closure#0} as core[a373ad73a504971]::ops::function::FnOnce<()>>::call_once
[INFO] [stdout]   14:     0x5605cacf449b - test[aada8e7e76ba119b]::__rust_begin_short_backtrace::<core[a373ad73a504971]::result::Result<(), alloc[2e1b2a31b91974c5]::string::String>, fn() -> core[a373ad73a504971]::result::Result<(), alloc[2e1b2a31b91974c5]::string::String>>
[INFO] [stdout]   15:     0x5605cad01675 - test[aada8e7e76ba119b]::run_test::{closure#0}
[INFO] [stdout]   16:     0x5605cacfaf64 - std[617be2ca0a6fd877]::sys::backtrace::__rust_begin_short_backtrace::<test[aada8e7e76ba119b]::run_test::{closure#1}, ()>
[INFO] [stdout]   17:     0x5605cad04702 - <std[617be2ca0a6fd877]::thread::lifecycle::spawn_unchecked<test[aada8e7e76ba119b]::run_test::{closure#1}, ()>::{closure#1} as core[a373ad73a504971]::ops::function::FnOnce<()>>::call_once::{shim:vtable#0}
[INFO] [stdout]   18:     0x5605cadac6af - <std[617be2ca0a6fd877]::sys::thread::unix::Thread>::new::thread_start
[INFO] [stdout]   19:     0x7ad325129dfa - <unknown>
[INFO] [stdout]   20:     0x7ad3251bd3d4 - clone
[INFO] [stdout]   21:                0x0 - <unknown>
[INFO] [stdout] 
[INFO] [stdout] ---- jquery stdout ----
[INFO] [stdout] 
[INFO] [stdout] thread 'jquery' (1339) panicked at tests/node_modules.rs:139:14:
[INFO] [stdout] failed to execute npm i: Os { code: 2, kind: NotFound, message: "No such file or directory" }
[INFO] [stdout] stack backtrace:
[INFO] [stdout]    0:     0x5605cadad3c1 - <<std[617be2ca0a6fd877]::sys::backtrace::BacktraceLock>::print::DisplayBacktrace as core[a373ad73a504971]::fmt::Display>::fmt
[INFO] [stdout]    1:     0x5605cadc2faa - core[a373ad73a504971]::fmt::write
[INFO] [stdout]    2:     0x5605cadb1b0c - <alloc[2e1b2a31b91974c5]::vec::Vec<u8> as core[a373ad73a504971]::io::write::Write>::write_fmt
[INFO] [stdout]    3:     0x5605cad88706 - std[617be2ca0a6fd877]::panicking::default_hook::{closure#0}
[INFO] [stdout]    4:     0x5605cada5389 - std[617be2ca0a6fd877]::panicking::default_hook
[INFO] [stdout]    5:     0x5605cad01050 - test[aada8e7e76ba119b]::test_main_inner::{closure#0}
[INFO] [stdout]    6:     0x5605cada5542 - std[617be2ca0a6fd877]::panicking::panic_with_hook
[INFO] [stdout]    7:     0x5605cad887b2 - std[617be2ca0a6fd877]::panicking::panic_handler::{closure#0}
[INFO] [stdout]    8:     0x5605cad811e9 - std[617be2ca0a6fd877]::sys::backtrace::__rust_end_short_backtrace::<std[617be2ca0a6fd877]::panicking::panic_handler::{closure#0}, !>
[INFO] [stdout]    9:     0x5605cad893bd - __rustc[ea4f61d10b84890b]::rust_begin_unwind
[INFO] [stdout]   10:     0x5605cadc378c - core[a373ad73a504971]::panicking::panic_fmt
[INFO] [stdout]   11:     0x5605cadc3562 - core[a373ad73a504971]::result::unwrap_failed
[INFO] [stdout]   12:     0x5605cac3f5fc - node_modules[23b79419b57feae9]::ensure_libraries
[INFO] [stdout]   13:     0x5605cac45999 - <node_modules[23b79419b57feae9]::jquery::{closure#0} as core[a373ad73a504971]::ops::function::FnOnce<()>>::call_once
[INFO] [stdout]   14:     0x5605cacf449b - test[aada8e7e76ba119b]::__rust_begin_short_backtrace::<core[a373ad73a504971]::result::Result<(), alloc[2e1b2a31b91974c5]::string::String>, fn() -> core[a373ad73a504971]::result::Result<(), alloc[2e1b2a31b91974c5]::string::String>>
[INFO] [stdout]   15:     0x5605cad01675 - test[aada8e7e76ba119b]::run_test::{closure#0}
[INFO] [stdout]   16:     0x5605cacfaf64 - std[617be2ca0a6fd877]::sys::backtrace::__rust_begin_short_backtrace::<test[aada8e7e76ba119b]::run_test::{closure#1}, ()>
[INFO] [stdout]   17:     0x5605cad04702 - <std[617be2ca0a6fd877]::thread::lifecycle::spawn_unchecked<test[aada8e7e76ba119b]::run_test::{closure#1}, ()>::{closure#1} as core[a373ad73a504971]::ops::function::FnOnce<()>>::call_once::{shim:vtable#0}
[INFO] [stdout]   18:     0x5605cadac6af - <std[617be2ca0a6fd877]::sys::thread::unix::Thread>::new::thread_start
[INFO] [stdout]   19:     0x7ad325129dfa - <unknown>
[INFO] [stdout]   20:     0x7ad3251bd3d4 - clone
[INFO] [stdout]   21:                0x0 - <unknown>
[INFO] [stdout] 
[INFO] [stdout] ---- react stdout ----
[INFO] [stdout] 
[INFO] [stdout] thread 'react' (1342) panicked at tests/node_modules.rs:139:14:
[INFO] [stdout] failed to execute npm i: Os { code: 2, kind: NotFound, message: "No such file or directory" }
[INFO] [stdout] stack backtrace:
[INFO] [stdout]    0:     0x5605cadad3c1 - <<std[617be2ca0a6fd877]::sys::backtrace::BacktraceLock>::print::DisplayBacktrace as core[a373ad73a504971]::fmt::Display>::fmt
[INFO] [stdout]    1:     0x5605cadc2faa - core[a373ad73a504971]::fmt::write
[INFO] [stdout]    2:     0x5605cadb1b0c - <alloc[2e1b2a31b91974c5]::vec::Vec<u8> as core[a373ad73a504971]::io::write::Write>::write_fmt
[INFO] [stdout]    3:     0x5605cad88706 - std[617be2ca0a6fd877]::panicking::default_hook::{closure#0}
[INFO] [stdout]    4:     0x5605cada5389 - std[617be2ca0a6fd877]::panicking::default_hook
[INFO] [stdout]    5:     0x5605cad01050 - test[aada8e7e76ba119b]::test_main_inner::{closure#0}
[INFO] [stdout]    6:     0x5605cada5542 - std[617be2ca0a6fd877]::panicking::panic_with_hook
[INFO] [stdout]    7:     0x5605cad887b2 - std[617be2ca0a6fd877]::panicking::panic_handler::{closure#0}
[INFO] [stdout]    8:     0x5605cad811e9 - std[617be2ca0a6fd877]::sys::backtrace::__rust_end_short_backtrace::<std[617be2ca0a6fd877]::panicking::panic_handler::{closure#0}, !>
[INFO] [stdout]    9:     0x5605cad893bd - __rustc[ea4f61d10b84890b]::rust_begin_unwind
[INFO] [stdout]   10:     0x5605cadc378c - core[a373ad73a504971]::panicking::panic_fmt
[INFO] [stdout]   11:     0x5605cadc3562 - core[a373ad73a504971]::result::unwrap_failed
[INFO] [stdout]   12:     0x5605cac3f5fc - node_modules[23b79419b57feae9]::ensure_libraries
[INFO] [stdout]   13:     0x5605cac45768 - <node_modules[23b79419b57feae9]::react::{closure#0} as core[a373ad73a504971]::ops::function::FnOnce<()>>::call_once
[INFO] [stdout]   14:     0x5605cacf449b - test[aada8e7e76ba119b]::__rust_begin_short_backtrace::<core[a373ad73a504971]::result::Result<(), alloc[2e1b2a31b91974c5]::string::String>, fn() -> core[a373ad73a504971]::result::Result<(), alloc[2e1b2a31b91974c5]::string::String>>
[INFO] [stdout]   15:     0x5605cad01675 - test[aada8e7e76ba119b]::run_test::{closure#0}
[INFO] [stdout]   16:     0x5605cacfaf64 - std[617be2ca0a6fd877]::sys::backtrace::__rust_begin_short_backtrace::<test[aada8e7e76ba119b]::run_test::{closure#1}, ()>
[INFO] [stdout]   17:     0x5605cad04702 - <std[617be2ca0a6fd877]::thread::lifecycle::spawn_unchecked<test[aada8e7e76ba119b]::run_test::{closure#1}, ()>::{closure#1} as core[a373ad73a504971]::ops::function::FnOnce<()>>::call_once::{shim:vtable#0}
[INFO] [stdout]   18:     0x5605cadac6af - <std[617be2ca0a6fd877]::sys::thread::unix::Thread>::new::thread_start
[INFO] [stdout]   19:     0x7ad325129dfa - <unknown>
[INFO] [stdout]   20:     0x7ad3251bd3d4 - clone
[INFO] [stdout]   21:                0x0 - <unknown>
[INFO] [stdout] 
[INFO] [stdout] ---- react_dom stdout ----
[INFO] [stdout] 
[INFO] [stdout] thread 'react_dom' (1343) panicked at tests/node_modules.rs:139:14:
[INFO] [stdout] failed to execute npm i: Os { code: 2, kind: NotFound, message: "No such file or directory" }
[INFO] [stdout] stack backtrace:
[INFO] [stdout]    0:     0x5605cadad3c1 - <<std[617be2ca0a6fd877]::sys::backtrace::BacktraceLock>::print::DisplayBacktrace as core[a373ad73a504971]::fmt::Display>::fmt
[INFO] [stdout]    1:     0x5605cadc2faa - core[a373ad73a504971]::fmt::write
[INFO] [stdout]    2:     0x5605cadb1b0c - <alloc[2e1b2a31b91974c5]::vec::Vec<u8> as core[a373ad73a504971]::io::write::Write>::write_fmt
[INFO] [stdout]    3:     0x5605cad88706 - std[617be2ca0a6fd877]::panicking::default_hook::{closure#0}
[INFO] [stdout]    4:     0x5605cada5389 - std[617be2ca0a6fd877]::panicking::default_hook
[INFO] [stdout]    5:     0x5605cad01050 - test[aada8e7e76ba119b]::test_main_inner::{closure#0}
[INFO] [stdout]    6:     0x5605cada5542 - std[617be2ca0a6fd877]::panicking::panic_with_hook
[INFO] [stdout]    7:     0x5605cad887b2 - std[617be2ca0a6fd877]::panicking::panic_handler::{closure#0}
[INFO] [stdout]    8:     0x5605cad811e9 - std[617be2ca0a6fd877]::sys::backtrace::__rust_end_short_backtrace::<std[617be2ca0a6fd877]::panicking::panic_handler::{closure#0}, !>
[INFO] [stdout]    9:     0x5605cad893bd - __rustc[ea4f61d10b84890b]::rust_begin_unwind
[INFO] [stdout]   10:     0x5605cadc378c - core[a373ad73a504971]::panicking::panic_fmt
[INFO] [stdout]   11:     0x5605cadc3562 - core[a373ad73a504971]::result::unwrap_failed
[INFO] [stdout]   12:     0x5605cac3f5fc - node_modules[23b79419b57feae9]::ensure_libraries
[INFO] [stdout]   13:     0x5605cac464e8 - <node_modules[23b79419b57feae9]::react_dom::{closure#0} as core[a373ad73a504971]::ops::function::FnOnce<()>>::call_once
[INFO] [stdout]   14:     0x5605cacf449b - test[aada8e7e76ba119b]::__rust_begin_short_backtrace::<core[a373ad73a504971]::result::Result<(), alloc[2e1b2a31b91974c5]::string::String>, fn() -> core[a373ad73a504971]::result::Result<(), alloc[2e1b2a31b91974c5]::string::String>>
[INFO] [stdout]   15:     0x5605cad01675 - test[aada8e7e76ba119b]::run_test::{closure#0}
[INFO] [stdout]   16:     0x5605cacfaf64 - std[617be2ca0a6fd877]::sys::backtrace::__rust_begin_short_backtrace::<test[aada8e7e76ba119b]::run_test::{closure#1}, ()>
[INFO] [stdout]   17:     0x5605cad04702 - <std[617be2ca0a6fd877]::thread::lifecycle::spawn_unchecked<test[aada8e7e76ba119b]::run_test::{closure#1}, ()>::{closure#1} as core[a373ad73a504971]::ops::function::FnOnce<()>>::call_once::{shim:vtable#0}
[INFO] [stdout]   18:     0x5605cadac6af - <std[617be2ca0a6fd877]::sys::thread::unix::Thread>::new::thread_start
[INFO] [stdout]   19:     0x7ad325129dfa - <unknown>
[INFO] [stdout]   20:     0x7ad3251bd3d4 - clone
[INFO] [stdout]   21:                0x0 - <unknown>
[INFO] [stdout] 
[INFO] [stdout] 
[INFO] [stdout] failures:
[INFO] [stdout]     angular
[INFO] [stdout]     dexie
[INFO] [stdout]     everything_js_es2015_module
[INFO] [stdout]     everything_js_es2015_script
[INFO] [stdout]     everything_js_es5
[INFO] [stdout]     jquery
[INFO] [stdout]     lodash
[INFO] [stdout]     moment
[INFO] [stdout]     react
[INFO] [stdout]     react_dom
[INFO] [stdout]     vue
[INFO] [stdout] 
[INFO] [stdout] test result: FAILED. 0 passed; 11 failed; 0 ignored; 0 measured; 0 filtered out; finished in 0.01s
[INFO] [stdout] 
[INFO] running `Command { std: "docker" "inspect" "1be6b0a6c8b636aaa5b156246ffeafecb24ee30e41050bdcf0b8ca05966b5b48", kill_on_drop: false }`
[INFO] running `Command { std: "docker" "rm" "-f" "1be6b0a6c8b636aaa5b156246ffeafecb24ee30e41050bdcf0b8ca05966b5b48", kill_on_drop: false }`
[INFO] [stdout] 1be6b0a6c8b636aaa5b156246ffeafecb24ee30e41050bdcf0b8ca05966b5b48
