[INFO] fetching crate resource 0.6.1...
[INFO] testing resource-0.6.1 against 1.100.0-beta.1+cargoflags=--release for beta-release-1.100-2
[INFO] extracting crate resource 0.6.1 into /workspace/builds/worker-7-tc2/source
[INFO] started tweaking crates.io crate resource 0.6.1
[INFO] finished tweaking crates.io crate resource 0.6.1
[INFO] tweaked toml for crates.io crate resource 0.6.1 written to /workspace/builds/worker-7-tc2/source/Cargo.toml
[INFO] validating manifest of crates.io crate resource 0.6.1 on toolchain 1.100.0-beta.1
[INFO] running `Command { std: CARGO_HOME="/workspace/cargo-home" RUSTUP_HOME="/workspace/rustup-home" "/workspace/cargo-home/bin/cargo" "+1.100.0-beta.1" "metadata" "--manifest-path" "Cargo.toml" "--no-deps", kill_on_drop: false }`
[INFO] crate crates.io crate resource 0.6.1 already has a lockfile, it will not be regenerated
[INFO] running `Command { std: CARGO_HOME="/workspace/cargo-home" RUSTUP_HOME="/workspace/rustup-home" "/workspace/cargo-home/bin/cargo" "+1.100.0-beta.1" "fetch" "--manifest-path" "Cargo.toml", kill_on_drop: false }`
[INFO] running `Command { std: "docker" "create" "-v" "/var/lib/crater-agent-workspace/builds/worker-7-tc2/source:/opt/rustwide/workdir:ro,Z" "-v" "/var/lib/crater-agent-workspace/builds/worker-7-tc2/target:/opt/rustwide/target:rw,Z" "-v" "/var/lib/crater-agent-workspace/cargo-home:/opt/rustwide/cargo-home:ro,Z" "-v" "/var/lib/crater-agent-workspace/rustup-home:/opt/rustwide/rustup-home:ro,Z" "-m" "1610612736" "--network" "none" "ghcr.io/rust-lang/crates-build-env/linux@sha256:77db811e55d90add9212f6832c23229e3de5f1c1f9905e8cb07319ea15df73ac" "sleep" "infinity", kill_on_drop: false }`
[INFO] [stdout] 19f3dac366a43d28283e49cf911f3dcfe8c635935f9afa188d78b0ee09186e15
[INFO] running `Command { std: "docker" "start" "19f3dac366a43d28283e49cf911f3dcfe8c635935f9afa188d78b0ee09186e15", kill_on_drop: false }`
[INFO] running `Command { std: "docker" "inspect" "19f3dac366a43d28283e49cf911f3dcfe8c635935f9afa188d78b0ee09186e15", kill_on_drop: false }`
[INFO] running `Command { std: "docker" "exec" "-e" "SOURCE_DIR=/opt/rustwide/workdir" "-e" "CARGO_HOME=/opt/rustwide/cargo-home" "-e" "RUSTUP_HOME=/opt/rustwide/rustup-home" "-e" "CARGO_TARGET_DIR=/opt/rustwide/target" "-w" "/opt/rustwide/workdir" "--user" "0:0" "19f3dac366a43d28283e49cf911f3dcfe8c635935f9afa188d78b0ee09186e15" "/opt/rustwide/cargo-home/bin/cargo" "+1.100.0-beta.1" "metadata" "--no-deps" "--format-version=1", kill_on_drop: false }`
[INFO] running `Command { std: "docker" "inspect" "19f3dac366a43d28283e49cf911f3dcfe8c635935f9afa188d78b0ee09186e15", kill_on_drop: false }`
[INFO] running `Command { std: "docker" "exec" "-e" "SOURCE_DIR=/opt/rustwide/workdir" "-e" "CARGO_HOME=/opt/rustwide/cargo-home" "-e" "RUSTUP_HOME=/opt/rustwide/rustup-home" "-e" "CARGO_TARGET_DIR=/opt/rustwide/target" "-e" "CARGO_INCREMENTAL=0" "-e" "RUST_BACKTRACE=full" "-e" "RUSTFLAGS=--cap-lints=warn" "-e" "RUSTDOCFLAGS=--cap-lints=warn" "-w" "/opt/rustwide/workdir" "--user" "0:0" "19f3dac366a43d28283e49cf911f3dcfe8c635935f9afa188d78b0ee09186e15" "/opt/rustwide/cargo-home/bin/cargo" "+1.100.0-beta.1" "build" "--frozen" "--message-format=json" "--release", kill_on_drop: false }`
[INFO] [stderr]    Compiling proc-macro2 v1.0.93
[INFO] [stderr]    Compiling unicode-ident v1.0.17
[INFO] [stderr]    Compiling quote v1.0.38
[INFO] [stderr]    Compiling resource_list_proc_macro v0.6.1
[INFO] [stderr]    Compiling resource v0.6.1 (/opt/rustwide/workdir)
[INFO] [stderr]     Finished `release` profile [optimized] target(s) in 1.67s
[INFO] running `Command { std: "docker" "inspect" "19f3dac366a43d28283e49cf911f3dcfe8c635935f9afa188d78b0ee09186e15", kill_on_drop: false }`
[INFO] running `Command { std: "docker" "exec" "-e" "SOURCE_DIR=/opt/rustwide/workdir" "-e" "CARGO_HOME=/opt/rustwide/cargo-home" "-e" "RUSTUP_HOME=/opt/rustwide/rustup-home" "-e" "CARGO_TARGET_DIR=/opt/rustwide/target" "-e" "CARGO_INCREMENTAL=0" "-e" "RUST_BACKTRACE=full" "-e" "RUSTFLAGS=--cap-lints=warn" "-e" "RUSTDOCFLAGS=--cap-lints=warn" "-w" "/opt/rustwide/workdir" "--user" "0:0" "19f3dac366a43d28283e49cf911f3dcfe8c635935f9afa188d78b0ee09186e15" "/opt/rustwide/cargo-home/bin/cargo" "+1.100.0-beta.1" "test" "--frozen" "--no-run" "--message-format=json" "--release", kill_on_drop: false }`
[INFO] [stderr]    Compiling resource v0.6.1 (/opt/rustwide/workdir)
[INFO] [stdout] warning: unused import: `super::*`
[INFO] [stdout]    --> src/lib.rs:700:9
[INFO] [stdout]     |
[INFO] [stdout] 700 |     use super::*;
[INFO] [stdout]     |         ^^^^^^^^
[INFO] [stdout]     |
[INFO] [stdout]     = note: `#[warn(unused_imports)]` (part of `#[warn(unused)]`) on by default
[INFO] [stdout] 
[INFO] [stdout] 
[INFO] [stderr]     Finished `release` profile [optimized] target(s) in 0.67s
[INFO] running `Command { std: "docker" "inspect" "19f3dac366a43d28283e49cf911f3dcfe8c635935f9afa188d78b0ee09186e15", kill_on_drop: false }`
[INFO] running `Command { std: "docker" "exec" "-e" "SOURCE_DIR=/opt/rustwide/workdir" "-e" "CARGO_HOME=/opt/rustwide/cargo-home" "-e" "RUSTUP_HOME=/opt/rustwide/rustup-home" "-e" "CARGO_TARGET_DIR=/opt/rustwide/target" "-e" "CARGO_INCREMENTAL=0" "-e" "RUST_BACKTRACE=full" "-e" "RUSTFLAGS=--cap-lints=warn" "-e" "RUSTDOCFLAGS=--cap-lints=warn" "-w" "/opt/rustwide/workdir" "--user" "0:0" "19f3dac366a43d28283e49cf911f3dcfe8c635935f9afa188d78b0ee09186e15" "/opt/rustwide/cargo-home/bin/cargo" "+1.100.0-beta.1" "test" "--frozen" "--release", kill_on_drop: false }`
[INFO] [stderr] warning: unused import: `super::*`
[INFO] [stderr]    --> src/lib.rs:700:9
[INFO] [stderr]     |
[INFO] [stderr] 700 |     use super::*;
[INFO] [stderr]     |         ^^^^^^^^
[INFO] [stderr]     |
[INFO] [stderr]     = note: `#[warn(unused_imports)]` (part of `#[warn(unused)]`) on by default
[INFO] [stderr] 
[INFO] [stderr] warning: `resource` (lib test) generated 1 warning (run `cargo fix --lib -p resource --tests` to apply 1 suggestion)
[INFO] [stderr]     Finished `release` profile [optimized] target(s) in 0.03s
[INFO] [stderr]      Running unittests src/lib.rs (/opt/rustwide/target/release/build/resource/d4b1695c9bb268a5/out/resource-d4b1695c9bb268a5)
[INFO] [stdout] 
[INFO] [stdout] running 17 tests
[INFO] [stdout] test multi_file_tests::load_with_fn_tuple_of_multiple_strings ... ok
[INFO] [stdout] test single_file_transform_tests::transform_single_string ... ok
[INFO] [stdout] test multi_file_tests::load_array_of_multiple_bytes ... ok
[INFO] [stdout] test multi_file_tests::load_tuple_of_multiple_strings ... ok
[INFO] [stdout] test static_reload_tests::reload ... FAILED
[INFO] [stdout] test static_reload_tests::changed ... FAILED
[INFO] [stdout] test resource_list_tests::test_resource_str_list ... ok
[INFO] [stdout] test multi_file_tests::load_array_of_multiple_strings ... ok
[INFO] [stdout] test multi_file_tests::load_tuple_of_multiple_bytes ... ok
[INFO] [stdout] test static_reload_tests::reload_if_changed ... FAILED
[INFO] [stdout] test multi_file_tests::load_with_fn_array_of_multiple_bytes ... ok
[INFO] [stdout] test static_tests::bytes_static ... ok
[INFO] [stdout] test static_tests::str_static ... ok
[INFO] [stdout] test multi_file_tests::load_with_fn_array_of_multiple_strings ... ok
[INFO] [stdout] test resource_list_tests::test_resource_list ... ok
[INFO] [stdout] test multi_file_tests::load_with_fn_tuple_of_multiple_bytes ... ok
[INFO] [stdout] test single_file_transform_tests::transform_single_bytes ... ok
[INFO] [stdout] 
[INFO] [stdout] failures:
[INFO] [stdout] 
[INFO] [stdout] ---- static_reload_tests::reload stdout ----
[INFO] [stdout] 
[INFO] [stdout] thread 'static_reload_tests::reload' (246) panicked at src/lib.rs:746:63:
[INFO] [stdout] called `Result::unwrap()` on an `Err` value: Os { code: 30, kind: ReadOnlyFilesystem, message: "Read-only file system" }
[INFO] [stdout] stack backtrace:
[INFO] [stdout]    0:     0x5fa02d39c6b1 - <<std[617be2ca0a6fd877]::sys::backtrace::BacktraceLock>::print::DisplayBacktrace as core[a373ad73a504971]::fmt::Display>::fmt
[INFO] [stdout]    1:     0x5fa02d3b05aa - core[a373ad73a504971]::fmt::write
[INFO] [stdout]    2:     0x5fa02d3a08cc - <alloc[2e1b2a31b91974c5]::vec::Vec<u8> as core[a373ad73a504971]::io::write::Write>::write_fmt
[INFO] [stdout]    3:     0x5fa02d378936 - std[617be2ca0a6fd877]::panicking::default_hook::{closure#0}
[INFO] [stdout]    4:     0x5fa02d394b69 - std[617be2ca0a6fd877]::panicking::default_hook
[INFO] [stdout]    5:     0x5fa02d331210 - test[aada8e7e76ba119b]::test_main_inner::{closure#0}
[INFO] [stdout]    6:     0x5fa02d394d22 - std[617be2ca0a6fd877]::panicking::panic_with_hook
[INFO] [stdout]    7:     0x5fa02d3789e2 - std[617be2ca0a6fd877]::panicking::panic_handler::{closure#0}
[INFO] [stdout]    8:     0x5fa02d3716f9 - std[617be2ca0a6fd877]::sys::backtrace::__rust_end_short_backtrace::<std[617be2ca0a6fd877]::panicking::panic_handler::{closure#0}, !>
[INFO] [stdout]    9:     0x5fa02d3795ed - __rustc[ea4f61d10b84890b]::rust_begin_unwind
[INFO] [stdout]   10:     0x5fa02d3b0cdc - core[a373ad73a504971]::panicking::panic_fmt
[INFO] [stdout]   11:     0x5fa02d3b0ab2 - core[a373ad73a504971]::result::unwrap_failed
[INFO] [stdout]   12:     0x5fa02d32428b - <resource[8cfc04cdf38adfaa]::static_reload_tests::reload::{closure#0} as core[a373ad73a504971]::ops::function::FnOnce<()>>::call_once
[INFO] [stdout]   13:     0x5fa02d32465b - test[aada8e7e76ba119b]::__rust_begin_short_backtrace::<core[a373ad73a504971]::result::Result<(), alloc[2e1b2a31b91974c5]::string::String>, fn() -> core[a373ad73a504971]::result::Result<(), alloc[2e1b2a31b91974c5]::string::String>>
[INFO] [stdout]   14:     0x5fa02d331835 - test[aada8e7e76ba119b]::run_test::{closure#0}
[INFO] [stdout]   15:     0x5fa02d32b124 - std[617be2ca0a6fd877]::sys::backtrace::__rust_begin_short_backtrace::<test[aada8e7e76ba119b]::run_test::{closure#1}, ()>
[INFO] [stdout]   16:     0x5fa02d3348c2 - <std[617be2ca0a6fd877]::thread::lifecycle::spawn_unchecked<test[aada8e7e76ba119b]::run_test::{closure#1}, ()>::{closure#1} as core[a373ad73a504971]::ops::function::FnOnce<()>>::call_once::{shim:vtable#0}
[INFO] [stdout]   17:     0x5fa02d39bd2f - <std[617be2ca0a6fd877]::sys::thread::unix::Thread>::new::thread_start
[INFO] [stdout]   18:     0x7b2ad13cddfa - <unknown>
[INFO] [stdout]   19:     0x7b2ad14613d4 - clone
[INFO] [stdout]   20:                0x0 - <unknown>
[INFO] [stdout] 
[INFO] [stdout] ---- static_reload_tests::changed stdout ----
[INFO] [stdout] 
[INFO] [stdout] thread 'static_reload_tests::changed' (245) panicked at src/lib.rs:730:64:
[INFO] [stdout] called `Result::unwrap()` on an `Err` value: Os { code: 30, kind: ReadOnlyFilesystem, message: "Read-only file system" }
[INFO] [stdout] stack backtrace:
[INFO] [stdout]    0:     0x5fa02d39c6b1 - <<std[617be2ca0a6fd877]::sys::backtrace::BacktraceLock>::print::DisplayBacktrace as core[a373ad73a504971]::fmt::Display>::fmt
[INFO] [stdout]    1:     0x5fa02d3b05aa - core[a373ad73a504971]::fmt::write
[INFO] [stdout]    2:     0x5fa02d3a08cc - <alloc[2e1b2a31b91974c5]::vec::Vec<u8> as core[a373ad73a504971]::io::write::Write>::write_fmt
[INFO] [stdout]    3:     0x5fa02d378936 - std[617be2ca0a6fd877]::panicking::default_hook::{closure#0}
[INFO] [stdout]    4:     0x5fa02d394b69 - std[617be2ca0a6fd877]::panicking::default_hook
[INFO] [stdout]    5:     0x5fa02d331210 - test[aada8e7e76ba119b]::test_main_inner::{closure#0}
[INFO] [stdout]    6:     0x5fa02d394d22 - std[617be2ca0a6fd877]::panicking::panic_with_hook
[INFO] [stdout]    7:     0x5fa02d3789e2 - std[617be2ca0a6fd877]::panicking::panic_handler::{closure#0}
[INFO] [stdout]    8:     0x5fa02d3716f9 - std[617be2ca0a6fd877]::sys::backtrace::__rust_end_short_backtrace::<std[617be2ca0a6fd877]::panicking::panic_handler::{closure#0}, !>
[INFO] [stdout]    9:     0x5fa02d3795ed - __rustc[ea4f61d10b84890b]::rust_begin_unwind
[INFO] [stdout]   10:     0x5fa02d3b0cdc - core[a373ad73a504971]::panicking::panic_fmt
[INFO] [stdout]   11:     0x5fa02d3b0ab2 - core[a373ad73a504971]::result::unwrap_failed
[INFO] [stdout]   12:     0x5fa02d3243db - <resource[8cfc04cdf38adfaa]::static_reload_tests::changed::{closure#0} as core[a373ad73a504971]::ops::function::FnOnce<()>>::call_once
[INFO] [stdout]   13:     0x5fa02d32465b - test[aada8e7e76ba119b]::__rust_begin_short_backtrace::<core[a373ad73a504971]::result::Result<(), alloc[2e1b2a31b91974c5]::string::String>, fn() -> core[a373ad73a504971]::result::Result<(), alloc[2e1b2a31b91974c5]::string::String>>
[INFO] [stdout]   14:     0x5fa02d331835 - test[aada8e7e76ba119b]::run_test::{closure#0}
[INFO] [stdout]   15:     0x5fa02d32b124 - std[617be2ca0a6fd877]::sys::backtrace::__rust_begin_short_backtrace::<test[aada8e7e76ba119b]::run_test::{closure#1}, ()>
[INFO] [stdout]   16:     0x5fa02d3348c2 - <std[617be2ca0a6fd877]::thread::lifecycle::spawn_unchecked<test[aada8e7e76ba119b]::run_test::{closure#1}, ()>::{closure#1} as core[a373ad73a504971]::ops::function::FnOnce<()>>::call_once::{shim:vtable#0}
[INFO] [stdout]   17:     0x5fa02d39bd2f - <std[617be2ca0a6fd877]::sys::thread::unix::Thread>::new::thread_start
[INFO] [stdout]   18:     0x7b2ad13cddfa - <unknown>
[INFO] [stdout]   19:     0x7b2ad14613d4 - clone
[INFO] [stdout]   20:                0x0 - <unknown>
[INFO] [stdout] 
[INFO] [stdout] ---- static_reload_tests::reload_if_changed stdout ----
[INFO] [stdout] 
[INFO] [stdout] thread 'static_reload_tests::reload_if_changed' (247) panicked at src/lib.rs:762:74:
[INFO] [stdout] called `Result::unwrap()` on an `Err` value: Os { code: 30, kind: ReadOnlyFilesystem, message: "Read-only file system" }
[INFO] [stdout] stack backtrace:
[INFO] [stdout]    0:     0x5fa02d39c6b1 - <<std[617be2ca0a6fd877]::sys::backtrace::BacktraceLock>::print::DisplayBacktrace as core[a373ad73a504971]::fmt::Display>::fmt
[INFO] [stdout]    1:     0x5fa02d3b05aa - core[a373ad73a504971]::fmt::write
[INFO] [stdout]    2:     0x5fa02d3a08cc - <alloc[2e1b2a31b91974c5]::vec::Vec<u8> as core[a373ad73a504971]::io::write::Write>::write_fmt
[INFO] [stdout]    3:     0x5fa02d378936 - std[617be2ca0a6fd877]::panicking::default_hook::{closure#0}
[INFO] [stdout]    4:     0x5fa02d394b69 - std[617be2ca0a6fd877]::panicking::default_hook
[INFO] [stdout]    5:     0x5fa02d331210 - test[aada8e7e76ba119b]::test_main_inner::{closure#0}
[INFO] [stdout]    6:     0x5fa02d394d22 - std[617be2ca0a6fd877]::panicking::panic_with_hook
[INFO] [stdout]    7:     0x5fa02d3789e2 - std[617be2ca0a6fd877]::panicking::panic_handler::{closure#0}
[INFO] [stdout]    8:     0x5fa02d3716f9 - std[617be2ca0a6fd877]::sys::backtrace::__rust_end_short_backtrace::<std[617be2ca0a6fd877]::panicking::panic_handler::{closure#0}, !>
[INFO] [stdout]    9:     0x5fa02d3795ed - __rustc[ea4f61d10b84890b]::rust_begin_unwind
[INFO] [stdout]   10:     0x5fa02d3b0cdc - core[a373ad73a504971]::panicking::panic_fmt
[INFO] [stdout]   11:     0x5fa02d3b0ab2 - core[a373ad73a504971]::result::unwrap_failed
[INFO] [stdout]   12:     0x5fa02d32413b - <resource[8cfc04cdf38adfaa]::static_reload_tests::reload_if_changed::{closure#0} as core[a373ad73a504971]::ops::function::FnOnce<()>>::call_once
[INFO] [stdout]   13:     0x5fa02d32465b - test[aada8e7e76ba119b]::__rust_begin_short_backtrace::<core[a373ad73a504971]::result::Result<(), alloc[2e1b2a31b91974c5]::string::String>, fn() -> core[a373ad73a504971]::result::Result<(), alloc[2e1b2a31b91974c5]::string::String>>
[INFO] [stdout]   14:     0x5fa02d331835 - test[aada8e7e76ba119b]::run_test::{closure#0}
[INFO] [stdout]   15:     0x5fa02d32b124 - std[617be2ca0a6fd877]::sys::backtrace::__rust_begin_short_backtrace::<test[aada8e7e76ba119b]::run_test::{closure#1}, ()>
[INFO] [stdout]   16:     0x5fa02d3348c2 - <std[617be2ca0a6fd877]::thread::lifecycle::spawn_unchecked<test[aada8e7e76ba119b]::run_test::{closure#1}, ()>::{closure#1} as core[a373ad73a504971]::ops::function::FnOnce<()>>::call_once::{shim:vtable#0}
[INFO] [stdout]   17:     0x5fa02d39bd2f - <std[617be2ca0a6fd877]::sys::thread::unix::Thread>::new::thread_start
[INFO] [stdout]   18:     0x7b2ad13cddfa - <unknown>
[INFO] [stdout]   19:     0x7b2ad14613d4 - clone
[INFO] [stdout]   20:                0x0 - <unknown>
[INFO] [stdout] 
[INFO] [stdout] 
[INFO] [stdout] failures:
[INFO] [stdout]     static_reload_tests::changed
[INFO] [stdout]     static_reload_tests::reload
[INFO] [stdout]     static_reload_tests::reload_if_changed
[INFO] [stdout] 
[INFO] [stdout] test result: FAILED. 14 passed; 3 failed; 0 ignored; 0 measured; 0 filtered out; finished in 0.01s
[INFO] [stdout] 
[INFO] [stderr] error: test failed, to rerun pass `--lib`
[INFO] running `Command { std: "docker" "inspect" "19f3dac366a43d28283e49cf911f3dcfe8c635935f9afa188d78b0ee09186e15", kill_on_drop: false }`
[INFO] running `Command { std: "docker" "rm" "-f" "19f3dac366a43d28283e49cf911f3dcfe8c635935f9afa188d78b0ee09186e15", kill_on_drop: false }`
[INFO] [stdout] 19f3dac366a43d28283e49cf911f3dcfe8c635935f9afa188d78b0ee09186e15
