[INFO] fetching crate resource-tracker 0.1.18...
[INFO] testing resource-tracker-0.1.18 against 1.100.0-beta.1+cargoflags=--release for beta-release-1.100-2
[INFO] extracting crate resource-tracker 0.1.18 into /workspace/builds/worker-0-tc2/source
[INFO] removed /workspace/builds/worker-0-tc2/source/.cargo/config.toml
[INFO] started tweaking crates.io crate resource-tracker 0.1.18
[INFO] removed 0 missing examples
[INFO] removed 0 missing tests
[INFO] finished tweaking crates.io crate resource-tracker 0.1.18
[INFO] tweaked toml for crates.io crate resource-tracker 0.1.18 written to /workspace/builds/worker-0-tc2/source/Cargo.toml
[INFO] validating manifest of crates.io crate resource-tracker 0.1.18 on toolchain 1.100.0-beta.1
[INFO] running `Command { std: CARGO_HOME="/workspace/cargo-home" RUSTUP_HOME="/workspace/rustup-home" "/workspace/cargo-home/bin/cargo" "+1.100.0-beta.1" "metadata" "--manifest-path" "Cargo.toml" "--no-deps", kill_on_drop: false }`
[INFO] crate crates.io crate resource-tracker 0.1.18 already has a lockfile, it will not be regenerated
[INFO] running `Command { std: CARGO_HOME="/workspace/cargo-home" RUSTUP_HOME="/workspace/rustup-home" "/workspace/cargo-home/bin/cargo" "+1.100.0-beta.1" "fetch" "--manifest-path" "Cargo.toml", kill_on_drop: false }`
[INFO] [stderr] warning: `package.homepage` is redundant with `package.repository`
[INFO] [stderr]   --> Cargo.toml:80:12
[INFO] [stderr]    |
[INFO] [stderr] 80 | homepage = "https://github.com/SpareCores/resource-tracker-rs"
[INFO] [stderr]    |            ^^^^^^^^^^^^^^^^^^^^^^^^^^^^^^^^^^^^^^^^^^^^^^^^^^^
[INFO] [stderr] ...
[INFO] [stderr] 85 | repository = "https://github.com/SpareCores/resource-tracker-rs"
[INFO] [stderr]    |              ---------------------------------------------------
[INFO] [stderr]    |
[INFO] [stderr]    = note: `cargo::redundant_homepage` is set to `warn` by default
[INFO] [stderr] help: consider removing `package.homepage`
[INFO] [stderr] warning: `resource-tracker` (manifest) generated 1 warning
[INFO] running `Command { std: "docker" "create" "-v" "/var/lib/crater-agent-workspace/builds/worker-0-tc2/source:/opt/rustwide/workdir:ro,Z" "-v" "/var/lib/crater-agent-workspace/builds/worker-0-tc2/target:/opt/rustwide/target:rw,Z" "-v" "/var/lib/crater-agent-workspace/cargo-home:/opt/rustwide/cargo-home:ro,Z" "-v" "/var/lib/crater-agent-workspace/rustup-home:/opt/rustwide/rustup-home:ro,Z" "-m" "1610612736" "--network" "none" "ghcr.io/rust-lang/crates-build-env/linux@sha256:77db811e55d90add9212f6832c23229e3de5f1c1f9905e8cb07319ea15df73ac" "sleep" "infinity", kill_on_drop: false }`
[INFO] [stdout] 559cbbbd23b60650ed74e8210a04835da2ffead40821c6283dec43646391945d
[INFO] running `Command { std: "docker" "start" "559cbbbd23b60650ed74e8210a04835da2ffead40821c6283dec43646391945d", kill_on_drop: false }`
[INFO] running `Command { std: "docker" "inspect" "559cbbbd23b60650ed74e8210a04835da2ffead40821c6283dec43646391945d", kill_on_drop: false }`
[INFO] running `Command { std: "docker" "exec" "-e" "SOURCE_DIR=/opt/rustwide/workdir" "-e" "CARGO_HOME=/opt/rustwide/cargo-home" "-e" "RUSTUP_HOME=/opt/rustwide/rustup-home" "-e" "CARGO_TARGET_DIR=/opt/rustwide/target" "-w" "/opt/rustwide/workdir" "--user" "0:0" "559cbbbd23b60650ed74e8210a04835da2ffead40821c6283dec43646391945d" "/opt/rustwide/cargo-home/bin/cargo" "+1.100.0-beta.1" "metadata" "--no-deps" "--format-version=1", kill_on_drop: false }`
[INFO] running `Command { std: "docker" "inspect" "559cbbbd23b60650ed74e8210a04835da2ffead40821c6283dec43646391945d", kill_on_drop: false }`
[INFO] running `Command { std: "docker" "exec" "-e" "SOURCE_DIR=/opt/rustwide/workdir" "-e" "CARGO_HOME=/opt/rustwide/cargo-home" "-e" "RUSTUP_HOME=/opt/rustwide/rustup-home" "-e" "CARGO_TARGET_DIR=/opt/rustwide/target" "-e" "CARGO_INCREMENTAL=0" "-e" "RUST_BACKTRACE=full" "-e" "RUSTFLAGS=--cap-lints=warn" "-e" "RUSTDOCFLAGS=--cap-lints=warn" "-w" "/opt/rustwide/workdir" "--user" "0:0" "559cbbbd23b60650ed74e8210a04835da2ffead40821c6283dec43646391945d" "/opt/rustwide/cargo-home/bin/cargo" "+1.100.0-beta.1" "build" "--frozen" "--message-format=json" "--release", kill_on_drop: false }`
[INFO] [stderr] warning: `package.homepage` is redundant with `package.repository`
[INFO] [stderr]   --> Cargo.toml:80:12
[INFO] [stderr]    |
[INFO] [stderr] 80 | homepage = "https://github.com/SpareCores/resource-tracker-rs"
[INFO] [stderr]    |            ^^^^^^^^^^^^^^^^^^^^^^^^^^^^^^^^^^^^^^^^^^^^^^^^^^^
[INFO] [stderr] ...
[INFO] [stderr] 85 | repository = "https://github.com/SpareCores/resource-tracker-rs"
[INFO] [stderr]    |              ---------------------------------------------------
[INFO] [stderr]    |
[INFO] [stderr]    = note: `cargo::redundant_homepage` is set to `warn` by default
[INFO] [stderr] help: consider removing `package.homepage`
[INFO] [stderr] warning: `resource-tracker` (manifest) generated 1 warning
[INFO] [stderr]    Compiling proc-macro2 v1.0.106
[INFO] [stderr]    Compiling quote v1.0.45
[INFO] [stderr]    Compiling unicode-ident v1.0.24
[INFO] [stderr]    Compiling cfg-if v1.0.4
[INFO] [stderr]    Compiling libc v0.2.183
[INFO] [stderr]    Compiling serde_core v1.0.228
[INFO] [stderr]    Compiling find-msvc-tools v0.1.9
[INFO] [stderr]    Compiling typenum v1.19.0
[INFO] [stderr]    Compiling shlex v1.3.0
[INFO] [stderr]    Compiling bitflags v2.11.0
[INFO] [stderr]    Compiling memchr v2.8.0
[INFO] [stderr]    Compiling utf8parse v0.2.2
[INFO] [stderr]    Compiling hashbrown v0.16.1
[INFO] [stderr]    Compiling equivalent v1.0.2
[INFO] [stderr]    Compiling winnow v1.0.0
[INFO] [stderr]    Compiling autocfg v1.5.0
[INFO] [stderr]    Compiling anstyle-parse v1.0.0
[INFO] [stderr]    Compiling strsim v0.11.1
[INFO] [stderr]    Compiling toml_datetime v1.1.0+spec-1.1.0
[INFO] [stderr]    Compiling ident_case v1.0.1
[INFO] [stderr]    Compiling fnv v1.0.7
[INFO] [stderr]    Compiling zeroize v1.8.2
[INFO] [stderr]    Compiling is_terminal_polyfill v1.70.2
[INFO] [stderr]    Compiling anstyle v1.0.14
[INFO] [stderr]    Compiling colorchoice v1.0.5
[INFO] [stderr]    Compiling crc32fast v1.5.0
[INFO] [stderr]    Compiling anstyle-query v1.1.5
[INFO] [stderr]    Compiling rustls-pki-types v1.14.0
[INFO] [stderr]    Compiling libloading v0.8.9
[INFO] [stderr]    Compiling cc v1.2.57
[INFO] [stderr]    Compiling anstream v1.0.0
[INFO] [stderr]    Compiling simd-adler32 v0.3.8
[INFO] [stderr]    Compiling cmov v0.5.2
[INFO] [stderr]    Compiling rustversion v1.0.22
[INFO] [stderr]    Compiling itoa v1.0.18
[INFO] [stderr]    Compiling untrusted v0.9.0
[INFO] [stderr]    Compiling clap_lex v1.1.0
[INFO] [stderr]    Compiling adler2 v2.0.1
[INFO] [stderr]    Compiling serde v1.0.228
[INFO] [stderr]    Compiling heck v0.5.0
[INFO] [stderr]    Compiling cfg_aliases v0.2.1
[INFO] [stderr]    Compiling zmij v1.0.21
[INFO] [stderr]    Compiling httparse v1.10.1
[INFO] [stderr]    Compiling num-traits v0.2.19
[INFO] [stderr]    Compiling nix v0.31.2
[INFO] [stderr]    Compiling ctutils v0.4.0
[INFO] [stderr]    Compiling miniz_oxide v0.8.9
[INFO] [stderr]    Compiling aho-corasick v1.1.5
[INFO] [stderr]    Compiling clap_builder v4.6.0
[INFO] [stderr]    Compiling hybrid-array v0.4.8
[INFO] [stderr]    Compiling rustix v1.1.4
[INFO] [stderr]    Compiling log v0.4.29
[INFO] [stderr]    Compiling thiserror v1.0.69
[INFO] [stderr]    Compiling indexmap v2.13.0
[INFO] [stderr]    Compiling serde_json v1.0.149
[INFO] [stderr]    Compiling libdrm_amdgpu_sys v0.8.12
[INFO] [stderr]    Compiling const-oid v0.10.2
[INFO] [stderr]    Compiling rustls v0.23.37
[INFO] [stderr]    Compiling iana-time-zone v0.1.65
[INFO] [stderr]    Compiling bytes v1.11.1
[INFO] [stderr]    Compiling regex-syntax v0.8.11
[INFO] [stderr]    Compiling toml_parser v1.1.0+spec-1.1.0
[INFO] [stderr]    Compiling syn v2.0.117
[INFO] [stderr]    Compiling ring v0.17.14
[INFO] [stderr]    Compiling flate2 v1.1.9
[INFO] [stderr]    Compiling crypto-common v0.2.1
[INFO] [stderr]    Compiling block-buffer v0.12.0
[INFO] [stderr]    Compiling linux-raw-sys v0.12.1
[INFO] [stderr]    Compiling chrono v0.4.44
[INFO] [stderr]    Compiling base64 v0.22.1
[INFO] [stderr]    Compiling once_cell v1.21.4
[INFO] [stderr]    Compiling subtle v2.6.1
[INFO] [stderr]    Compiling http v1.4.0
[INFO] [stderr]    Compiling hex v0.4.3
[INFO] [stderr]    Compiling procfs v0.18.0
[INFO] [stderr]    Compiling webpki-roots v1.0.6
[INFO] [stderr]    Compiling toml_edit v0.25.8+spec-1.1.0
[INFO] [stderr]    Compiling nvml-wrapper-sys v0.9.0
[INFO] [stderr]    Compiling getrandom v0.2.17
[INFO] [stderr]    Compiling utf8-zero v0.8.1
[INFO] [stderr]    Compiling percent-encoding v2.3.2
[INFO] [stderr]    Compiling serde_spanned v1.1.0
[INFO] [stderr]    Compiling digest v0.11.2
[INFO] [stderr]    Compiling cpufeatures v0.3.0
[INFO] [stderr]    Compiling static_assertions v1.1.0
[INFO] [stderr]    Compiling sha2 v0.11.0
[INFO] [stderr]    Compiling hmac v0.13.0-rc.6
[INFO] [stderr]    Compiling proc-macro-crate v3.5.0
[INFO] [stderr]    Compiling toml v1.1.0+spec-1.1.0
[INFO] [stderr]    Compiling procfs-core v0.18.0
[INFO] [stderr]    Compiling ureq-proto v0.6.0
[INFO] [stderr]    Compiling regex-automata v0.4.18
[INFO] [stderr]    Compiling darling_core v0.20.11
[INFO] [stderr]    Compiling clap_derive v4.6.0
[INFO] [stderr]    Compiling serde_derive v1.0.228
[INFO] [stderr]    Compiling thiserror-impl v1.0.69
[INFO] [stderr]    Compiling num_enum_derive v0.7.6
[INFO] [stderr]    Compiling num_enum v0.7.6
[INFO] [stderr]    Compiling clap v4.6.0
[INFO] [stderr]    Compiling rune-entropy v0.1.1
[INFO] [stderr]    Compiling regex v1.13.1
[INFO] [stderr]    Compiling rune-redact v0.1.0
[INFO] [stderr]    Compiling darling_macro v0.20.11
[INFO] [stderr]    Compiling darling v0.20.11
[INFO] [stderr]    Compiling wrapcenum-derive v0.4.1
[INFO] [stderr]    Compiling nvml-wrapper v0.12.0
[INFO] [stderr]    Compiling rustls-webpki v0.103.10
[INFO] [stderr]    Compiling libamdgpu_top v0.11.3
[INFO] [stderr]    Compiling ureq v3.3.0
[INFO] [stderr]    Compiling resource-tracker v0.1.18 (/opt/rustwide/workdir)
[INFO] [stderr]     Finished `release` profile [optimized] target(s) in 1m 48s
[INFO] [stderr] warning: the following packages contain code that will be rejected by a future version of Rust: nix v0.31.2
[INFO] [stderr] note: to see what the problems were, use the option `--future-incompat-report`, or run `cargo report future-incompatibilities --id 5`
[INFO] running `Command { std: "docker" "inspect" "559cbbbd23b60650ed74e8210a04835da2ffead40821c6283dec43646391945d", kill_on_drop: false }`
[INFO] running `Command { std: "docker" "exec" "-e" "SOURCE_DIR=/opt/rustwide/workdir" "-e" "CARGO_HOME=/opt/rustwide/cargo-home" "-e" "RUSTUP_HOME=/opt/rustwide/rustup-home" "-e" "CARGO_TARGET_DIR=/opt/rustwide/target" "-e" "CARGO_INCREMENTAL=0" "-e" "RUST_BACKTRACE=full" "-e" "RUSTFLAGS=--cap-lints=warn" "-e" "RUSTDOCFLAGS=--cap-lints=warn" "-w" "/opt/rustwide/workdir" "--user" "0:0" "559cbbbd23b60650ed74e8210a04835da2ffead40821c6283dec43646391945d" "/opt/rustwide/cargo-home/bin/cargo" "+1.100.0-beta.1" "test" "--frozen" "--no-run" "--message-format=json" "--release", kill_on_drop: false }`
[INFO] [stderr] warning: `package.homepage` is redundant with `package.repository`
[INFO] [stderr]   --> Cargo.toml:80:12
[INFO] [stderr]    |
[INFO] [stderr] 80 | homepage = "https://github.com/SpareCores/resource-tracker-rs"
[INFO] [stderr]    |            ^^^^^^^^^^^^^^^^^^^^^^^^^^^^^^^^^^^^^^^^^^^^^^^^^^^
[INFO] [stderr] ...
[INFO] [stderr] 85 | repository = "https://github.com/SpareCores/resource-tracker-rs"
[INFO] [stderr]    |              ---------------------------------------------------
[INFO] [stderr]    |
[INFO] [stderr]    = note: `cargo::redundant_homepage` is set to `warn` by default
[INFO] [stderr] help: consider removing `package.homepage`
[INFO] [stderr] warning: `resource-tracker` (manifest) generated 1 warning
[INFO] [stderr]    Compiling cfg-if v1.0.4
[INFO] [stderr]    Compiling libc v0.2.183
[INFO] [stderr]    Compiling serde_core v1.0.228
[INFO] [stderr]    Compiling typenum v1.19.0
[INFO] [stderr]    Compiling bitflags v2.11.0
[INFO] [stderr]    Compiling memchr v2.8.0
[INFO] [stderr]    Compiling utf8parse v0.2.2
[INFO] [stderr]    Compiling is_terminal_polyfill v1.70.2
[INFO] [stderr]    Compiling anstyle v1.0.14
[INFO] [stderr]    Compiling anstyle-query v1.1.5
[INFO] [stderr]    Compiling zeroize v1.8.2
[INFO] [stderr]    Compiling colorchoice v1.0.5
[INFO] [stderr]    Compiling libloading v0.8.9
[INFO] [stderr]    Compiling simd-adler32 v0.3.8
[INFO] [stderr]    Compiling strsim v0.11.1
[INFO] [stderr]    Compiling untrusted v0.9.0
[INFO] [stderr]    Compiling cmov v0.5.2
[INFO] [stderr]    Compiling adler2 v2.0.1
[INFO] [stderr]    Compiling anstyle-parse v1.0.0
[INFO] [stderr]    Compiling itoa v1.0.18
[INFO] [stderr]    Compiling clap_lex v1.1.0
[INFO] [stderr]    Compiling crc32fast v1.5.0
[INFO] [stderr]    Compiling num-traits v0.2.19
[INFO] [stderr]    Compiling miniz_oxide v0.8.9
[INFO] [stderr]    Compiling rustls-pki-types v1.14.0
[INFO] [stderr]    Compiling iana-time-zone v0.1.65
[INFO] [stderr]    Compiling bytes v1.11.1
[INFO] [stderr]    Compiling regex-syntax v0.8.11
[INFO] [stderr]    Compiling log v0.4.29
[INFO] [stderr]    Compiling const-oid v0.10.2
[INFO] [stderr]    Compiling ctutils v0.4.0
[INFO] [stderr]    Compiling anstream v1.0.0
[INFO] [stderr]    Compiling aho-corasick v1.1.5
[INFO] [stderr]    Compiling zmij v1.0.21
[INFO] [stderr]    Compiling httparse v1.10.1
[INFO] [stderr]    Compiling subtle v2.6.1
[INFO] [stderr]    Compiling flate2 v1.1.9
[INFO] [stderr]    Compiling base64 v0.22.1
[INFO] [stderr]    Compiling winnow v1.0.0
[INFO] [stderr]    Compiling clap_builder v4.6.0
[INFO] [stderr]    Compiling hex v0.4.3
[INFO] [stderr]    Compiling once_cell v1.21.4
[INFO] [stderr]    Compiling http v1.4.0
[INFO] [stderr]    Compiling hybrid-array v0.4.8
[INFO] [stderr]    Compiling linux-raw-sys v0.12.1
[INFO] [stderr]    Compiling toml_parser v1.1.0+spec-1.1.0
[INFO] [stderr]    Compiling webpki-roots v1.0.6
[INFO] [stderr]    Compiling nvml-wrapper-sys v0.9.0
[INFO] [stderr]    Compiling num_enum v0.7.6
[INFO] [stderr]    Compiling thiserror v1.0.69
[INFO] [stderr]    Compiling utf8-zero v0.8.1
[INFO] [stderr]    Compiling percent-encoding v2.3.2
[INFO] [stderr]    Compiling cpufeatures v0.3.0
[INFO] [stderr]    Compiling static_assertions v1.1.0
[INFO] [stderr]    Compiling chrono v0.4.44
[INFO] [stderr]    Compiling crypto-common v0.2.1
[INFO] [stderr]    Compiling block-buffer v0.12.0
[INFO] [stderr]    Compiling rustix v1.1.4
[INFO] [stderr]    Compiling getrandom v0.2.17
[INFO] [stderr]    Compiling nix v0.31.2
[INFO] [stderr]    Compiling libdrm_amdgpu_sys v0.8.12
[INFO] [stderr]    Compiling num_cpus v1.17.0
[INFO] [stderr]    Compiling ring v0.17.14
[INFO] [stderr]    Compiling ureq-proto v0.6.0
[INFO] [stderr]    Compiling nvml-wrapper v0.12.0
[INFO] [stderr]    Compiling procfs-core v0.18.0
[INFO] [stderr]    Compiling digest v0.11.2
[INFO] [stderr]    Compiling sha2 v0.11.0
[INFO] [stderr]    Compiling hmac v0.13.0-rc.6
[INFO] [stderr]    Compiling regex-automata v0.4.18
[INFO] [stderr]    Compiling serde v1.0.228
[INFO] [stderr]    Compiling toml_datetime v1.1.0+spec-1.1.0
[INFO] [stderr]    Compiling serde_spanned v1.1.0
[INFO] [stderr]    Compiling serde_json v1.0.149
[INFO] [stderr]    Compiling clap v4.6.0
[INFO] [stderr]    Compiling rune-entropy v0.1.1
[INFO] [stderr]    Compiling toml v1.1.0+spec-1.1.0
[INFO] [stderr]    Compiling rustls-webpki v0.103.10
[INFO] [stderr]    Compiling rustls v0.23.37
[INFO] [stderr]    Compiling procfs v0.18.0
[INFO] [stderr]    Compiling regex v1.13.1
[INFO] [stderr]    Compiling rune-redact v0.1.0
[INFO] [stderr]    Compiling ureq v3.3.0
[INFO] [stderr]    Compiling libamdgpu_top v0.11.3
[INFO] [stderr]    Compiling resource-tracker v0.1.18 (/opt/rustwide/workdir)
[INFO] [stderr]     Finished `release` profile [optimized] target(s) in 1m 51s
[INFO] [stderr] warning: the following packages contain code that will be rejected by a future version of Rust: nix v0.31.2
[INFO] [stderr] note: to see what the problems were, use the option `--future-incompat-report`, or run `cargo report future-incompatibilities --id 5`
[INFO] running `Command { std: "docker" "inspect" "559cbbbd23b60650ed74e8210a04835da2ffead40821c6283dec43646391945d", kill_on_drop: false }`
[INFO] running `Command { std: "docker" "exec" "-e" "SOURCE_DIR=/opt/rustwide/workdir" "-e" "CARGO_HOME=/opt/rustwide/cargo-home" "-e" "RUSTUP_HOME=/opt/rustwide/rustup-home" "-e" "CARGO_TARGET_DIR=/opt/rustwide/target" "-e" "CARGO_INCREMENTAL=0" "-e" "RUST_BACKTRACE=full" "-e" "RUSTFLAGS=--cap-lints=warn" "-e" "RUSTDOCFLAGS=--cap-lints=warn" "-w" "/opt/rustwide/workdir" "--user" "0:0" "559cbbbd23b60650ed74e8210a04835da2ffead40821c6283dec43646391945d" "/opt/rustwide/cargo-home/bin/cargo" "+1.100.0-beta.1" "test" "--frozen" "--release", kill_on_drop: false }`
[INFO] [stderr] warning: `package.homepage` is redundant with `package.repository`
[INFO] [stderr]   --> Cargo.toml:80:12
[INFO] [stderr]    |
[INFO] [stderr] 80 | homepage = "https://github.com/SpareCores/resource-tracker-rs"
[INFO] [stderr]    |            ^^^^^^^^^^^^^^^^^^^^^^^^^^^^^^^^^^^^^^^^^^^^^^^^^^^
[INFO] [stderr] ...
[INFO] [stderr] 85 | repository = "https://github.com/SpareCores/resource-tracker-rs"
[INFO] [stderr]    |              ---------------------------------------------------
[INFO] [stderr]    |
[INFO] [stderr]    = note: `cargo::redundant_homepage` is set to `warn` by default
[INFO] [stderr] help: consider removing `package.homepage`
[INFO] [stderr] warning: `resource-tracker` (manifest) generated 1 warning
[INFO] [stderr]     Finished `release` profile [optimized] target(s) in 0.23s
[INFO] [stderr] warning: the following packages contain code that will be rejected by a future version of Rust: nix v0.31.2
[INFO] [stderr] note: to see what the problems were, use the option `--future-incompat-report`, or run `cargo report future-incompatibilities --id 5`
[INFO] [stderr]      Running unittests src/main.rs (/opt/rustwide/target/release/build/resource-tracker/b01a131dea1abd6e/out/resource_tracker-b01a131dea1abd6e)
[INFO] [stdout] 
[INFO] [stdout] running 165 tests
[INFO] [stdout] test collector::clouds::gcp::tests::test_zone_to_region ... ok
[INFO] [stdout] test collector::cpu::tests::test_aggregate_util_cores_no_clamp ... ok
[INFO] [stdout] test collector::cpu::tests::test_cutime_correction_cancels_exited_child_ticks ... ok
[INFO] [stdout] test collector::cpu::tests::test_carry_forward_limited_to_one_hop ... ok
[INFO] [stdout] test collector::cpu::tests::test_cutime_correction_handles_cascaded_exits ... ok
[INFO] [stdout] test collector::cpu::tests::test_carry_forward_spans_gap_for_reappearing_pid ... ok
[INFO] [stdout] test collector::cpu::tests::test_cutime_correction_skipped_when_exited_exceeds_raw ... ok
[INFO] [stdout] test collector::cpu::tests::test_process_tree_ticks_contains_root_pid ... ok
[INFO] [stdout] test collector::cpu::tests::test_util_pct_all_idle_is_zero ... ok
[INFO] [stdout] test collector::cpu::tests::test_mib_truncation_can_underreport_pss_delta ... ok
[INFO] [stdout] test collector::cpu::tests::test_process_count_positive ... ok
[INFO] [stdout] test collector::cpu::tests::test_first_collect_returns_zero_for_delta_fields ... ok
[INFO] [stdout] test collector::cpu::tests::test_process_tree_memory_nonzero_for_self ... ok
[INFO] [stdout] test collector::cpu::tests::test_first_collect_with_pid_returns_some_process_fields ... ok
[INFO] [stdout] test collector::cpu::tests::test_util_pct_half_busy_is_50 ... ok
[INFO] [stdout] test collector::cpu::tests::test_util_pct_raw_is_not_clamped ... ok
[INFO] [stdout] test collector::disk::tests::test_read_device_info_nonexistent_all_none ... ok
[INFO] [stdout] test collector::disk::tests::test_sector_size_4k_gives_8x_bytes ... ok
[INFO] [stdout] test collector::disk::tests::test_sector_size_fallback_is_512 ... ok
[INFO] [stdout] test collector::disk::tests::test_disk_first_collect_rates_zero ... ok
[INFO] [stdout] test collector::cpu::tests::test_util_pct_no_delta_is_zero ... ok
[INFO] [stdout] test collector::cpu::tests::test_util_pct_fully_busy_is_100 ... ok
[INFO] [stdout] test collector::disk::tests::test_disk_second_collect_rates_nonneg ... ok
[INFO] [stdout] test collector::clouds::tests::test_spawn_cloud_discovery_joins_without_panic ... ok
[INFO] [stdout] test collector::disk::tests::test_disk_totals_nondecreasing ... ok
[INFO] [stdout] test collector::cpu::tests::test_second_collect_no_pid_all_process_fields_none ... ok
[INFO] [stdout] test collector::disk::tests::test_disk_results_sorted_by_device ... ok
[INFO] [stdout] test collector::gpu::tests::test_all_gpu_process_info_consistent ... ok
[INFO] [stdout] test collector::gpu::tests::test_all_gpu_process_info_no_gpu_returns_none ... ok
[INFO] [stdout] test collector::gpu::tests::test_gpu_collect_vram_used_le_total ... ok
[INFO] [stdout] test collector::gpu::tests::test_all_gpu_process_info_ge_empty_pid_query ... ok
[INFO] [stdout] test collector::cpu::tests::test_second_collect_with_pid_nonneg_cores ... ok
[INFO] [stdout] test collector::gpu::tests::test_all_gpu_process_info_gpu_host_returns_some ... ok
[INFO] [stdout] test collector::gpu::tests::test_gpu_collect_does_not_panic ... ok
[INFO] [stdout] test collector::cpu::tests::test_pss_tracks_file_backed_mapping_kib_resolution ... FAILED
[INFO] [stdout] test collector::gpu::tests::test_process_gpu_info_empty_pids_consistent ... ok
[INFO] [stdout] test collector::cpu::tests::test_pss_tracks_file_backed_mapping ... FAILED
[INFO] [stdout] test collector::gpu::tests::test_process_gpu_info_real_pid_does_not_panic ... ok
[INFO] [stdout] test collector::gpu::tests::test_gpu_collect_utilization_in_range ... ok
[INFO] [stdout] test collector::host::tests::test_collect_host_info_vcpus_positive ... ok
[INFO] [stdout] test collector::host::tests::test_collect_host_info_one_gpu_sets_fields ... ok
[INFO] [stdout] test collector::gpu::tests::test_process_gpu_info_no_gpu_returns_none ... ok
[INFO] [stdout] test collector::memory::tests::test_memory_free_and_available_le_total ... ok
[INFO] [stdout] test collector::memory::tests::test_memory_swap_fields_consistent ... ok
[INFO] [stdout] test collector::memory::tests::test_memory_collect_ok_and_total_positive ... ok
[INFO] [stdout] test collector::host::tests::test_collect_host_info_hostname_present ... ok
[INFO] [stdout] test collector::memory::tests::test_memory_used_is_total_minus_available ... ok
[INFO] [stdout] test collector::host::tests::test_collect_host_info_no_gpus_returns_none_gpu_fields ... ok
[INFO] [stdout] test collector::gpu::tests::test_gpu_collect_identity_fields_nonempty ... ok
[INFO] [stdout] test collector::memory::tests::test_memory_collect_is_repeatable ... ok
[INFO] [stdout] test collector::memory::tests::test_memory_used_pct_in_range ... ok
[INFO] [stdout] test collector::network::tests::test_network_first_collect_rates_zero ... ok
[INFO] [stdout] test collector::network::tests::test_network_no_loopback_sorted ... ok
[INFO] [stdout] test collector::host::tests::test_collect_host_info_two_gpus_sums_vram ... ok
[INFO] [stdout] test collector::network::tests::test_network_second_collect_rates_nonneg ... ok
[INFO] [stdout] test collector::network::tests::test_network_totals_nondecreasing ... ok
[INFO] [stdout] test config::tests::test_job_metadata_default_all_none ... ok
[INFO] [stdout] test config::tests::test_output_format_equality ... ok
[INFO] [stdout] test config::tests::test_toml_config_default_is_all_none ... ok
[INFO] [stdout] test config::tests::test_toml_config_deserializes ... ok
[INFO] [stdout] test config::tests::test_toml_config_ignores_unknown_keys ... ok
[INFO] [stdout] test metrics::tests::test_actual_interval_ms_absent_from_json_when_none ... ok
[INFO] [stdout] test metrics::tests::test_actual_interval_ms_present_in_json_when_some ... ok
[INFO] [stdout] test metrics::tests::test_timestamp_secs_round_trips_through_json ... ok
[INFO] [stdout] test output::csv::tests::test_csv_actual_interval_ms_does_not_add_column ... ok
[INFO] [stdout] test output::csv::tests::test_csv_cpu_usage_is_utilization_pct_direct ... ok
[INFO] [stdout] test output::csv::tests::test_csv_disk_space_used_equals_total_minus_free ... ok
[INFO] [stdout] test output::csv::tests::test_csv_header_is_first_line_no_embedded_newline ... ok
[INFO] [stdout] test output::csv::tests::test_csv_no_trailing_commas_no_quoted_fields ... ok
[INFO] [stdout] test output::csv::tests::test_csv_output_is_deterministic ... ok
[INFO] [stdout] test output::csv::tests::test_csv_process_gpu_fields_emitted_when_set ... ok
[INFO] [stdout] test output::csv::tests::test_csv_process_gpu_fields_empty_when_untracked ... ok
[INFO] [stdout] test output::csv::tests::test_csv_rate_conversion_falls_back_to_nominal_when_actual_absent ... ok
[INFO] [stdout] test output::csv::tests::test_csv_rate_conversion_uses_actual_interval_when_present ... ok
[INFO] [stdout] test output::csv::tests::test_csv_row_column_count_matches_header ... ok
[INFO] [stdout] test sentinel::run::tests::test_base64_encode_csv_roundtrip ... ok
[INFO] [stdout] test sentinel::run::tests::test_base64_encode_rfc4648_vectors ... ok
[INFO] [stdout] test sentinel::run::tests::test_close_run_data_source_inline ... ok
[INFO] [stdout] test sentinel::run::tests::test_close_run_finished_at_omitted_when_none ... ok
[INFO] [stdout] test sentinel::run::tests::test_close_run_data_csv_is_raw_csv_not_base64 ... ok
[INFO] [stdout] test sentinel::run::tests::test_close_run_finished_at_is_valid_iso8601 ... ok
[INFO] [stdout] test sentinel::run::tests::test_close_run_request_omits_run_id ... ok
[INFO] [stdout] test sentinel::run::tests::test_close_run_handles_valid_run_finish_response ... ok
[INFO] [stdout] test sentinel::run::tests::test_close_run_posts_to_finish_endpoint ... ok
[INFO] [stdout] test sentinel::run::tests::test_close_run_no_extra_fields_in_payload ... ok
[INFO] [stdout] test sentinel::run::tests::test_creds_expiring_soon_far_future ... ok
[INFO] [stdout] test sentinel::run::tests::test_creds_expiring_soon_past ... ok
[INFO] [stdout] test sentinel::run::tests::test_creds_expiring_soon_unparseable ... ok
[INFO] [stdout] test sentinel::run::tests::test_days_since_epoch_invalid_inputs ... ok
[INFO] [stdout] test sentinel::run::tests::test_close_run_run_status_finished_for_zero_exit ... ok
[INFO] [stdout] test sentinel::run::tests::test_days_since_epoch_known_dates ... ok
[INFO] [stdout] test sentinel::run::tests::test_close_run_run_status_finished_for_sigterm ... ok
[INFO] [stdout] test sentinel::run::tests::test_close_run_uses_inline_route_when_no_uris ... ok
[INFO] [stdout] test sentinel::run::tests::test_close_run_uses_s3_route_when_uris_present ... ok
[INFO] [stdout] test sentinel::run::tests::test_parse_iso8601_secs_too_few_components ... ok
[INFO] [stdout] test sentinel::run::tests::test_parse_iso8601_secs_with_utc_offset ... ok
[INFO] [stdout] test sentinel::run::tests::test_real_api_finish_run_returns_ok ... ok
[INFO] [stdout] test sentinel::run::tests::test_parse_iso8601_secs_known ... ok
[INFO] [stdout] test sentinel::run::tests::test_now_iso8601_parses ... ok
[INFO] [stdout] test sentinel::run::tests::test_close_run_s3_no_extra_fields ... ok
[INFO] [stdout] test sentinel::run::tests::test_slice_is_empty_helper ... ok
[INFO] [stdout] test sentinel::run::tests::test_close_run_run_status_failed_for_nonzero_exit ... ok
[INFO] [stdout] test sentinel::run::tests::test_start_run_omits_command_when_standalone ... ok
[INFO] [stdout] test sentinel::run::tests::test_refresh_credentials_updates_context ... ok
[INFO] [stdout] test sentinel::run::tests::test_start_run_includes_command_array_in_payload ... ok
[INFO] [stdout] test sentinel::run::tests::test_unix_secs_to_iso8601_known_values ... ok
[INFO] [stdout] test sentinel::run::tests::test_unix_secs_to_iso8601_leap_day ... ok
[INFO] [stdout] test sentinel::s3::tests::test_epoch_to_utc_known_date ... ok
[INFO] [stdout] test sentinel::run::tests::test_start_run_posts_to_runs_endpoint ... ok
[INFO] [stdout] test sentinel::s3::tests::test_epoch_to_utc_unix_epoch ... ok
[INFO] [stdout] test collector::cpu::tests::test_process_utime_no_double_count_after_child_exits ... ok
[INFO] [stdout] test sentinel::s3::tests::test_format_amz_date_known_timestamp ... ok
[INFO] [stdout] test sentinel::s3::tests::test_detect_region_from_mock_server ... ok
[INFO] [stdout] test sentinel::s3::tests::test_parse_empty_key_is_error ... ok
[INFO] [stdout] test sentinel::s3::tests::test_parse_https_uri_is_error ... ok
[INFO] [stdout] test sentinel::s3::tests::test_parse_missing_slash_is_error ... ok
[INFO] [stdout] test sentinel::s3::tests::test_parse_valid_s3_uri ... ok
[INFO] [stdout] test sentinel::s3::tests::test_region_cache_skips_network_on_hit ... ok
[INFO] [stdout] test sentinel::s3::tests::test_sig_v4_golden_value ... ok
[INFO] [stdout] test sentinel::tests::test_api_url_env_override ... ok
[INFO] [stdout] test sentinel::tests::test_empty_token_returns_none ... ok
[INFO] [stdout] test sentinel::tests::test_no_token_returns_none ... ok
[INFO] [stdout] test sentinel::s3::tests::test_s3_put_to_mock_server_returns_uri ... ok
[INFO] [stdout] test sentinel::tests::test_valid_token_returns_some_with_defaults ... ok
[INFO] [stdout] test sentinel::upload::tests::test_batch_uploader_new_shares_buffer ... ok
[INFO] [stdout] test sentinel::upload::tests::test_samples_to_csv_all_lines_end_with_newline ... ok
[INFO] [stdout] test sentinel::upload::tests::test_samples_to_csv_empty_slice ... ok
[INFO] [stdout] test sentinel::upload::tests::test_gzip_compress_decompresses_to_valid_csv ... ok
[INFO] [stdout] test sentinel::upload::tests::test_upload_roundtrip_real_api ... ok
[INFO] [stdout] test sentinel::upload::tests::test_upload_thread_refreshes_expiring_credentials ... ok
[INFO] [stdout] test sentinel::upload::tests::test_upload_thread_processes_batch_with_invalid_uri ... ok
[INFO] [stdout] test sentinel::upload::tests::test_upload_thread_shuts_down_promptly ... ok
[INFO] [stdout] test tests::test_redact_ipv4_broadcast ... ok
[INFO] [stdout] test tests::test_redact_ip_invalid_partial ... ok
[INFO] [stdout] test tests::test_redact_email_twitter_style ... ok
[INFO] [stdout] test tests::test_redact_ipv4_all_zeros ... ok
[INFO] [stdout] test tests::test_redact_email_dot_in_username ... ok
[INFO] [stdout] test tests::test_redact_ip_invalid_octet_overflow ... ok
[INFO] [stdout] test tests::test_redact_email_plain_good ... ok
[INFO] [stdout] test tests::test_redact_connection_string ... ok
[INFO] [stdout] test tests::test_redact_ipv4_loopback ... ok
[INFO] [stdout] test tests::test_redact_email_invalid_host ... ok
[INFO] [stdout] test tests::test_redact_url_https_with_account ... ok
[INFO] [stdout] test tests::test_redact_url_no_tld ... ok
[INFO] [stdout] test tests::test_redact_url_https ... ok
[INFO] [stdout] test tests::test_redact_url_invalid_no_protocol ... ok
[INFO] [stdout] test tests::test_redact_ipv4_standard ... ok
[INFO] [stdout] test tests::test_redact_ipv4_with_port ... ok
[INFO] [stdout] test tests::test_redact_url_with_port ... ok
[INFO] [stdout] test tests::test_redact_possible_token ... ok
[INFO] [stdout] test tests::test_redact_ssl_cert ... ok
[INFO] [stdout] test tests::test_redact_url_ftp ... ok
[INFO] [stdout] test tests::test_redact_url_with_query_params ... ok
[INFO] [stdout] test tests::test_redact_ssl_private_key_rsa ... ok
[INFO] [stdout] test tests::test_redact_url_with_subdomain ... ok
[INFO] [stdout] test tests::test_redact_url_http ... ok
[INFO] [stdout] test tests::test_sigint_sets_shutdown_flag ... ok
[INFO] [stdout] test thread_util::tests::test_spawn_named_returns_none_on_nproc_limit ... FAILED
[INFO] [stdout] test tests::test_redact_url_with_fragment ... ok
[INFO] [stdout] test collector::clouds::tests::test_per_phase_timeout_no_helper_thread ... FAILED
[INFO] [stdout] test collector::cpu::tests::test_process_cores_used_does_not_exceed_system_utilization ... ok
[INFO] [stdout] test collector::cpu::tests::test_cutime_correction_multi_interval_child_exit ... ok
[INFO] [stdout] test sentinel::upload::tests::test_upload_thread_skips_empty_batch_then_processes ... ok
[INFO] [stdout] test sentinel::upload::tests::test_upload_thread_handles_s3_failure_gracefully ... ok
[INFO] [stdout] test sentinel::upload::tests::test_upload_thread_resets_consecutive_failures ... ok
[INFO] [stdout] 
[INFO] [stdout] failures:
[INFO] [stdout] 
[INFO] [stdout] ---- collector::cpu::tests::test_pss_tracks_file_backed_mapping_kib_resolution stdout ----
[INFO] [stdout] 
[INFO] [stdout] thread 'collector::cpu::tests::test_pss_tracks_file_backed_mapping_kib_resolution' (2603) panicked at src/collector/cpu.rs:1538:9:
[INFO] [stdout] PSS must increase by >= 4096 KiB (±64 KiB) as sole mapper: before=4975 KiB, after=5529 KiB (delta=554 KiB)
[INFO] [stdout] stack backtrace:
[INFO] [stdout]    0:     0x57303affd7f7 - <unknown>
[INFO] [stdout]    1:     0x57303aee7254 - <unknown>
[INFO] [stdout]    2:     0x57303affcdbb - <unknown>
[INFO] [stdout]    3:     0x57303affc9b9 - <unknown>
[INFO] [stdout]    4:     0x57303affc63a - <unknown>
[INFO] [stdout]    5:     0x57303affc16b - <unknown>
[INFO] [stdout]    6:     0x57303b021f81 - <unknown>
[INFO] [stdout]    7:     0x57303b021f39 - <unknown>
[INFO] [stdout]    8:     0x57303b02242c - <unknown>
[INFO] [stdout]    9:     0x57303aee70eb - <unknown>
[INFO] [stdout]   10:     0x57303aec0acc - <unknown>
[INFO] [stdout]   11:     0x57303b03e00b - <unknown>
[INFO] [stdout]   12:     0x57303b03a276 - <unknown>
[INFO] [stdout]   13:     0x57303b039a9c - <unknown>
[INFO] [stdout]   14:     0x57303b05601c - <unknown>
[INFO] [stdout]   15:     0x57303b024488 - <unknown>
[INFO] [stdout]   16:     0x772621694dfa - <unknown>
[INFO] [stdout]   17:     0x7726217283d4 - clone
[INFO] [stdout]   18:                0x0 - <unknown>
[INFO] [stdout] 
[INFO] [stdout] ---- collector::cpu::tests::test_pss_tracks_file_backed_mapping stdout ----
[INFO] [stdout] 
[INFO] [stdout] thread 'collector::cpu::tests::test_pss_tracks_file_backed_mapping' (2602) panicked at src/collector/cpu.rs:1412:9:
[INFO] [stdout] RSS must increase by >= 4 MiB after touching the mapping: before=7 MiB, after=7 MiB (delta=0 MiB)
[INFO] [stdout] stack backtrace:
[INFO] [stdout]    0:     0x57303affd7f7 - <unknown>
[INFO] [stdout]    1:     0x57303aee7254 - <unknown>
[INFO] [stdout]    2:     0x57303affcdbb - <unknown>
[INFO] [stdout]    3:     0x57303affc9b9 - <unknown>
[INFO] [stdout]    4:     0x57303affc63a - <unknown>
[INFO] [stdout]    5:     0x57303affc16b - <unknown>
[INFO] [stdout]    6:     0x57303b021f81 - <unknown>
[INFO] [stdout]    7:     0x57303b021f39 - <unknown>
[INFO] [stdout]    8:     0x57303b02242c - <unknown>
[INFO] [stdout]    9:     0x57303aee70eb - <unknown>
[INFO] [stdout]   10:     0x57303aebf1c4 - <unknown>
[INFO] [stdout]   11:     0x57303b03e00b - <unknown>
[INFO] [stdout]   12:     0x57303b03a276 - <unknown>
[INFO] [stdout]   13:     0x57303b039a9c - <unknown>
[INFO] [stdout]   14:     0x57303b05601c - <unknown>
[INFO] [stdout]   15:     0x57303b024488 - <unknown>
[INFO] [stdout]   16:     0x772621694dfa - <unknown>
[INFO] [stdout]   17:     0x7726217283d4 - clone
[INFO] [stdout]   18:                0x0 - <unknown>
[INFO] [stdout] 
[INFO] [stdout] ---- thread_util::tests::test_spawn_named_returns_none_on_nproc_limit stdout ----
[INFO] [stdout] 
[INFO] [stdout] thread 'thread_util::tests::test_spawn_named_returns_none_on_nproc_limit' (2798) panicked at src/thread_util.rs:78:9:
[INFO] [stdout] spawn_named should return None under tight RLIMIT_NPROC, not panic
[INFO] [stdout] stack backtrace:
[INFO] [stdout]    0:     0x57303affd7f7 - <unknown>
[INFO] [stdout]    1:     0x57303aee7254 - <unknown>
[INFO] [stdout]    2:     0x57303affcdbb - <unknown>
[INFO] [stdout]    3:     0x57303affc9b9 - <unknown>
[INFO] [stdout]    4:     0x57303affc63a - <unknown>
[INFO] [stdout]    5:     0x57303affc16b - <unknown>
[INFO] [stdout]    6:     0x57303b021fb2 - <unknown>
[INFO] [stdout]    7:     0x57303b021f39 - <unknown>
[INFO] [stdout]    8:     0x57303b02242c - <unknown>
[INFO] [stdout]    9:     0x57303aee70eb - <unknown>
[INFO] [stdout]   10:     0x57303aeb078f - <unknown>
[INFO] [stdout]   11:     0x57303b03e00b - <unknown>
[INFO] [stdout]   12:     0x57303b03a276 - <unknown>
[INFO] [stdout]   13:     0x57303b039a9c - <unknown>
[INFO] [stdout]   14:     0x57303b05601c - <unknown>
[INFO] [stdout]   15:     0x57303b024488 - <unknown>
[INFO] [stdout]   16:     0x772621694dfa - <unknown>
[INFO] [stdout]   17:     0x7726217283d4 - clone
[INFO] [stdout]   18:                0x0 - <unknown>
[INFO] [stdout] 
[INFO] [stdout] ---- collector::clouds::tests::test_per_phase_timeout_no_helper_thread stdout ----
[INFO] [stdout] 
[INFO] [stdout] thread 'collector::clouds::tests::test_per_phase_timeout_no_helper_thread' (2575) panicked at src/collector/clouds/mod.rs:227:9:
[INFO] [stdout] ureq spawned extra thread(s) under per-phase timeout: baseline=6 during=12 threads=["resource_tracke", "collector::clou", "collector::cpu:", "collector::cpu:", "sentinel::uploa", "sentinel-upload", "sentinel::uploa", "sentinel-upload", "sentinel::uploa", "sentinel-upload"]
[INFO] [stdout] stack backtrace:
[INFO] [stdout]    0:     0x57303affd7f7 - <unknown>
[INFO] [stdout]    1:     0x57303aee7254 - <unknown>
[INFO] [stdout]    2:     0x57303affcdbb - <unknown>
[INFO] [stdout]    3:     0x57303affc9b9 - <unknown>
[INFO] [stdout]    4:     0x57303affc63a - <unknown>
[INFO] [stdout]    5:     0x57303affc16b - <unknown>
[INFO] [stdout]    6:     0x57303b021f81 - <unknown>
[INFO] [stdout]    7:     0x57303b021f39 - <unknown>
[INFO] [stdout]    8:     0x57303b02242c - <unknown>
[INFO] [stdout]    9:     0x57303aee70eb - <unknown>
[INFO] [stdout]   10:     0x57303aec3c36 - <unknown>
[INFO] [stdout]   11:     0x57303b03e00b - <unknown>
[INFO] [stdout]   12:     0x57303b03a276 - <unknown>
[INFO] [stdout]   13:     0x57303b039a9c - <unknown>
[INFO] [stdout]   14:     0x57303b05601c - <unknown>
[INFO] [stdout]   15:     0x57303b024488 - <unknown>
[INFO] [stdout]   16:     0x772621694dfa - <unknown>
[INFO] [stdout]   17:     0x7726217283d4 - clone
[INFO] [stdout]   18:                0x0 - <unknown>
[INFO] [stdout] 
[INFO] [stdout] 
[INFO] [stdout] failures:
[INFO] [stdout]     collector::clouds::tests::test_per_phase_timeout_no_helper_thread
[INFO] [stdout]     collector::cpu::tests::test_pss_tracks_file_backed_mapping
[INFO] [stdout]     collector::cpu::tests::test_pss_tracks_file_backed_mapping_kib_resolution
[INFO] [stdout]     thread_util::tests::test_spawn_named_returns_none_on_nproc_limit
[INFO] [stdout] 
[INFO] [stdout] test result: FAILED. 161 passed; 4 failed; 0 ignored; 0 measured; 0 filtered out; finished in 26.08s
[INFO] [stdout] 
[INFO] [stderr] error: test failed, to rerun pass `--bin resource-tracker`
[INFO] running `Command { std: "docker" "inspect" "559cbbbd23b60650ed74e8210a04835da2ffead40821c6283dec43646391945d", kill_on_drop: false }`
[INFO] running `Command { std: "docker" "rm" "-f" "559cbbbd23b60650ed74e8210a04835da2ffead40821c6283dec43646391945d", kill_on_drop: false }`
[INFO] [stdout] 559cbbbd23b60650ed74e8210a04835da2ffead40821c6283dec43646391945d
