[INFO] fetching crate resonators 0.1.1...
[INFO] testing resonators-0.1.1 against 1.100.0-beta.1+cargoflags=--release for beta-release-1.100-2
[INFO] extracting crate resonators 0.1.1 into /workspace/builds/worker-0-tc2/source
[INFO] started tweaking crates.io crate resonators 0.1.1
[INFO] removed 0 missing examples
[INFO] removed 0 missing tests
[INFO] finished tweaking crates.io crate resonators 0.1.1
[INFO] tweaked toml for crates.io crate resonators 0.1.1 written to /workspace/builds/worker-0-tc2/source/Cargo.toml
[INFO] validating manifest of crates.io crate resonators 0.1.1 on toolchain 1.100.0-beta.1
[INFO] running `Command { std: CARGO_HOME="/workspace/cargo-home" RUSTUP_HOME="/workspace/rustup-home" "/workspace/cargo-home/bin/cargo" "+1.100.0-beta.1" "metadata" "--manifest-path" "Cargo.toml" "--no-deps", kill_on_drop: false }`
[INFO] crate crates.io crate resonators 0.1.1 already has a lockfile, it will not be regenerated
[INFO] running `Command { std: CARGO_HOME="/workspace/cargo-home" RUSTUP_HOME="/workspace/rustup-home" "/workspace/cargo-home/bin/cargo" "+1.100.0-beta.1" "fetch" "--manifest-path" "Cargo.toml", kill_on_drop: false }`
[INFO] [stderr] warning: `package.homepage` is redundant with `package.repository`
[INFO] [stderr]   --> Cargo.toml:41:12
[INFO] [stderr]    |
[INFO] [stderr] 41 | homepage = "https://github.com/jhartquist/resonators"
[INFO] [stderr]    |            ^^^^^^^^^^^^^^^^^^^^^^^^^^^^^^^^^^^^^^^^^^
[INFO] [stderr] ...
[INFO] [stderr] 46 | repository = "https://github.com/jhartquist/resonators"
[INFO] [stderr]    |              ------------------------------------------
[INFO] [stderr]    |
[INFO] [stderr]    = note: `cargo::redundant_homepage` is set to `warn` by default
[INFO] [stderr] help: consider removing `package.homepage`
[INFO] [stderr] warning: `resonators` (manifest) generated 1 warning
[INFO] running `Command { std: "docker" "create" "-v" "/var/lib/crater-agent-workspace/builds/worker-0-tc2/source:/opt/rustwide/workdir:ro,Z" "-v" "/var/lib/crater-agent-workspace/builds/worker-0-tc2/target:/opt/rustwide/target:rw,Z" "-v" "/var/lib/crater-agent-workspace/cargo-home:/opt/rustwide/cargo-home:ro,Z" "-v" "/var/lib/crater-agent-workspace/rustup-home:/opt/rustwide/rustup-home:ro,Z" "-m" "1610612736" "--network" "none" "ghcr.io/rust-lang/crates-build-env/linux@sha256:77db811e55d90add9212f6832c23229e3de5f1c1f9905e8cb07319ea15df73ac" "sleep" "infinity", kill_on_drop: false }`
[INFO] [stdout] 222c83808bf2d42013328b01efc284f37cacd8ca140c6ff0b137c34d8cb5eb39
[INFO] running `Command { std: "docker" "start" "222c83808bf2d42013328b01efc284f37cacd8ca140c6ff0b137c34d8cb5eb39", kill_on_drop: false }`
[INFO] running `Command { std: "docker" "inspect" "222c83808bf2d42013328b01efc284f37cacd8ca140c6ff0b137c34d8cb5eb39", kill_on_drop: false }`
[INFO] running `Command { std: "docker" "exec" "-e" "SOURCE_DIR=/opt/rustwide/workdir" "-e" "CARGO_HOME=/opt/rustwide/cargo-home" "-e" "RUSTUP_HOME=/opt/rustwide/rustup-home" "-e" "CARGO_TARGET_DIR=/opt/rustwide/target" "-w" "/opt/rustwide/workdir" "--user" "0:0" "222c83808bf2d42013328b01efc284f37cacd8ca140c6ff0b137c34d8cb5eb39" "/opt/rustwide/cargo-home/bin/cargo" "+1.100.0-beta.1" "metadata" "--no-deps" "--format-version=1", kill_on_drop: false }`
[INFO] running `Command { std: "docker" "inspect" "222c83808bf2d42013328b01efc284f37cacd8ca140c6ff0b137c34d8cb5eb39", kill_on_drop: false }`
[INFO] running `Command { std: "docker" "exec" "-e" "SOURCE_DIR=/opt/rustwide/workdir" "-e" "CARGO_HOME=/opt/rustwide/cargo-home" "-e" "RUSTUP_HOME=/opt/rustwide/rustup-home" "-e" "CARGO_TARGET_DIR=/opt/rustwide/target" "-e" "CARGO_INCREMENTAL=0" "-e" "RUST_BACKTRACE=full" "-e" "RUSTFLAGS=--cap-lints=warn" "-e" "RUSTDOCFLAGS=--cap-lints=warn" "-w" "/opt/rustwide/workdir" "--user" "0:0" "222c83808bf2d42013328b01efc284f37cacd8ca140c6ff0b137c34d8cb5eb39" "/opt/rustwide/cargo-home/bin/cargo" "+1.100.0-beta.1" "build" "--frozen" "--message-format=json" "--release", kill_on_drop: false }`
[INFO] [stderr] warning: `package.homepage` is redundant with `package.repository`
[INFO] [stderr]   --> Cargo.toml:41:12
[INFO] [stderr]    |
[INFO] [stderr] 41 | homepage = "https://github.com/jhartquist/resonators"
[INFO] [stderr]    |            ^^^^^^^^^^^^^^^^^^^^^^^^^^^^^^^^^^^^^^^^^^
[INFO] [stderr] ...
[INFO] [stderr] 46 | repository = "https://github.com/jhartquist/resonators"
[INFO] [stderr]    |              ------------------------------------------
[INFO] [stderr]    |
[INFO] [stderr]    = note: `cargo::redundant_homepage` is set to `warn` by default
[INFO] [stderr] help: consider removing `package.homepage`
[INFO] [stderr] warning: `resonators` (manifest) generated 1 warning
[INFO] [stderr]    Compiling num-complex v0.4.6
[INFO] [stderr]    Compiling resonators v0.1.1 (/opt/rustwide/workdir)
[INFO] [stderr]     Finished `release` profile [optimized] target(s) in 1.19s
[INFO] running `Command { std: "docker" "inspect" "222c83808bf2d42013328b01efc284f37cacd8ca140c6ff0b137c34d8cb5eb39", kill_on_drop: false }`
[INFO] running `Command { std: "docker" "exec" "-e" "SOURCE_DIR=/opt/rustwide/workdir" "-e" "CARGO_HOME=/opt/rustwide/cargo-home" "-e" "RUSTUP_HOME=/opt/rustwide/rustup-home" "-e" "CARGO_TARGET_DIR=/opt/rustwide/target" "-e" "CARGO_INCREMENTAL=0" "-e" "RUST_BACKTRACE=full" "-e" "RUSTFLAGS=--cap-lints=warn" "-e" "RUSTDOCFLAGS=--cap-lints=warn" "-w" "/opt/rustwide/workdir" "--user" "0:0" "222c83808bf2d42013328b01efc284f37cacd8ca140c6ff0b137c34d8cb5eb39" "/opt/rustwide/cargo-home/bin/cargo" "+1.100.0-beta.1" "test" "--frozen" "--no-run" "--message-format=json" "--release", kill_on_drop: false }`
[INFO] [stderr] warning: `package.homepage` is redundant with `package.repository`
[INFO] [stderr]   --> Cargo.toml:41:12
[INFO] [stderr]    |
[INFO] [stderr] 41 | homepage = "https://github.com/jhartquist/resonators"
[INFO] [stderr]    |            ^^^^^^^^^^^^^^^^^^^^^^^^^^^^^^^^^^^^^^^^^^
[INFO] [stderr] ...
[INFO] [stderr] 46 | repository = "https://github.com/jhartquist/resonators"
[INFO] [stderr]    |              ------------------------------------------
[INFO] [stderr]    |
[INFO] [stderr]    = note: `cargo::redundant_homepage` is set to `warn` by default
[INFO] [stderr] help: consider removing `package.homepage`
[INFO] [stderr] warning: `resonators` (manifest) generated 1 warning
[INFO] [stderr]    Compiling jobserver v0.1.34
[INFO] [stderr]    Compiling num-traits v0.2.19
[INFO] [stderr]    Compiling zerocopy v0.8.48
[INFO] [stderr]    Compiling zstd-safe v5.0.2+zstd.1.5.2
[INFO] [stderr]    Compiling pest v2.8.6
[INFO] [stderr]    Compiling base64ct v1.8.3
[INFO] [stderr]    Compiling zerocopy-derive v0.8.48
[INFO] [stderr]    Compiling sha2 v0.10.9
[INFO] [stderr]    Compiling serde v1.0.228
[INFO] [stderr]    Compiling ucd-trie v0.1.7
[INFO] [stderr]    Compiling regex-automata v0.4.14
[INFO] [stderr]    Compiling clap_builder v4.6.0
[INFO] [stderr]    Compiling time v0.3.47
[INFO] [stderr]    Compiling serde_json v1.0.149
[INFO] [stderr]    Compiling flate2 v1.1.9
[INFO] [stderr]    Compiling constant_time_eq v0.1.5
[INFO] [stderr]    Compiling rayon v1.12.0
[INFO] [stderr]    Compiling page_size v0.6.0
[INFO] [stderr]    Compiling cc v1.2.60
[INFO] [stderr]    Compiling password-hash v0.4.2
[INFO] [stderr]    Compiling pbkdf2 v0.11.0
[INFO] [stderr]    Compiling num-complex v0.4.6
[INFO] [stderr]    Compiling num-integer v0.1.46
[INFO] [stderr]    Compiling plotters v0.3.7
[INFO] [stderr]    Compiling pest_meta v2.8.6
[INFO] [stderr]    Compiling tinytemplate v1.2.1
[INFO] [stderr]    Compiling num-bigint v0.4.6
[INFO] [stderr]    Compiling zstd-sys v2.0.16+zstd.1.5.7
[INFO] [stderr]    Compiling bzip2-sys v0.1.13+1.0.8
[INFO] [stderr]    Compiling alloca v0.4.0
[INFO] [stderr]    Compiling resonators v0.1.1 (/opt/rustwide/workdir)
[INFO] [stderr]    Compiling bzip2 v0.4.4
[INFO] [stderr]    Compiling pest_generator v2.8.6
[INFO] [stderr]    Compiling regex v1.12.3
[INFO] [stderr]    Compiling pest_derive v2.8.6
[INFO] [stderr]    Compiling clap v4.6.1
[INFO] [stderr]    Compiling py_literal v0.4.0
[INFO] [stderr]    Compiling half v2.7.1
[INFO] [stderr]    Compiling ciborium-ll v0.2.2
[INFO] [stderr]    Compiling ciborium v0.2.2
[INFO] [stderr]    Compiling criterion v0.8.2
[INFO] [stderr]    Compiling zstd v0.11.2+zstd.1.5.2
[INFO] [stderr]    Compiling zip v0.6.6
[INFO] [stderr]    Compiling npyz v0.9.0
[INFO] [stderr]     Finished `release` profile [optimized] target(s) in 1m 21s
[INFO] running `Command { std: "docker" "inspect" "222c83808bf2d42013328b01efc284f37cacd8ca140c6ff0b137c34d8cb5eb39", kill_on_drop: false }`
[INFO] running `Command { std: "docker" "exec" "-e" "SOURCE_DIR=/opt/rustwide/workdir" "-e" "CARGO_HOME=/opt/rustwide/cargo-home" "-e" "RUSTUP_HOME=/opt/rustwide/rustup-home" "-e" "CARGO_TARGET_DIR=/opt/rustwide/target" "-e" "CARGO_INCREMENTAL=0" "-e" "RUST_BACKTRACE=full" "-e" "RUSTFLAGS=--cap-lints=warn" "-e" "RUSTDOCFLAGS=--cap-lints=warn" "-w" "/opt/rustwide/workdir" "--user" "0:0" "222c83808bf2d42013328b01efc284f37cacd8ca140c6ff0b137c34d8cb5eb39" "/opt/rustwide/cargo-home/bin/cargo" "+1.100.0-beta.1" "test" "--frozen" "--release", kill_on_drop: false }`
[INFO] [stderr] warning: `package.homepage` is redundant with `package.repository`
[INFO] [stderr]   --> Cargo.toml:41:12
[INFO] [stderr]    |
[INFO] [stderr] 41 | homepage = "https://github.com/jhartquist/resonators"
[INFO] [stderr]    |            ^^^^^^^^^^^^^^^^^^^^^^^^^^^^^^^^^^^^^^^^^^
[INFO] [stderr] ...
[INFO] [stderr] 46 | repository = "https://github.com/jhartquist/resonators"
[INFO] [stderr]    |              ------------------------------------------
[INFO] [stderr]    |
[INFO] [stderr]    = note: `cargo::redundant_homepage` is set to `warn` by default
[INFO] [stderr] help: consider removing `package.homepage`
[INFO] [stderr] warning: `resonators` (manifest) generated 1 warning
[INFO] [stderr]     Finished `release` profile [optimized] target(s) in 0.40s
[INFO] [stderr]      Running unittests src/lib.rs (/opt/rustwide/target/release/build/resonators/a94af858dd92583a/out/resonators-a94af858dd92583a)
[INFO] [stdout] 
[INFO] [stdout] running 21 tests
[INFO] [stdout] test bank::tests::reset_clears_state ... ok
[INFO] [stdout] test resonator::tests::magnitude_is_sqrt_of_power ... ok
[INFO] [stdout] test bank::tests::resonate_drops_trailing_samples ... ok
[INFO] [stdout] test resonator::tests::power_is_magnitude_squared ... ok
[INFO] [stdout] test bank::tests::resonate_signal_shorter_than_hop ... ok
[INFO] [stdout] test bank::tests::resonate_panics_on_zero_hop - should panic ... ok
[INFO] [stdout] test dynamics::tests::heuristic_alphas_matches_scalar ... ok
[INFO] [stdout] test dynamics::tests::heuristic_alpha_increases_with_freq ... ok
[INFO] [stdout] test resonator::tests::reset_clears_state ... ok
[INFO] [stdout] test resonator::tests::stabilize_restores_unit_magnitude ... ok
[INFO] [stdout] test frequencies::tests::midi_to_hz_octave_doubles ... ok
[INFO] [stdout] test bank::tests::resonate_empty_signal ... ok
[INFO] [stdout] test bank::tests::resonate_matches_streaming ... ok
[INFO] [stdout] test frequencies::tests::midi_to_hz_a4 ... ok
[INFO] [stdout] test resonator::tests::matched_sine_power_converges_near_one_quarter ... ok
[INFO] [stdout] test bank::tests::matched_sine_power_converges_near_one_quarter ... ok
[INFO] [stdout] test dynamics::tests::alpha_tau_roundtrip ... ok
[INFO] [stdout] test resonator::tests::phase_uses_atan2 ... ok
[INFO] [stdout] test dynamics::tests::heuristic_alpha_in_valid_range ... ok
[INFO] [stdout] test bank::tests::single_bin_bank_matches_scalar_resonator ... ok
[INFO] [stdout] test bank::tests::peaks_at_matched_bin ... ok
[INFO] [stdout] 
[INFO] [stdout] test result: ok. 21 passed; 0 failed; 0 ignored; 0 measured; 0 filtered out; finished in 0.02s
[INFO] [stdout] 
[INFO] [stdout] 
[INFO] [stdout] running 2 tests
[INFO] [stdout] test bank_matches_reference ... FAILED
[INFO] [stderr]      Running tests/reference.rs (/opt/rustwide/target/release/build/resonators/fa701193a5fbbe16/out/reference-fa701193a5fbbe16)
[INFO] [stdout] test resonator_matches_reference ... FAILED
[INFO] [stdout] 
[INFO] [stdout] failures:
[INFO] [stdout] 
[INFO] [stdout] ---- bank_matches_reference stdout ----
[INFO] [stdout] 
[INFO] [stdout] thread 'bank_matches_reference' (1244) panicked at tests/reference.rs:21:50:
[INFO] [stdout] called `Result::unwrap()` on an `Err` value: Os { code: 2, kind: NotFound, message: "No such file or directory" }
[INFO] [stdout] stack backtrace:
[INFO] [stdout]    0:     0x5f86bbf76c71 - <<std[617be2ca0a6fd877]::sys::backtrace::BacktraceLock>::print::DisplayBacktrace as core[a373ad73a504971]::fmt::Display>::fmt
[INFO] [stdout]    1:     0x5f86bbf8c26a - core[a373ad73a504971]::fmt::write
[INFO] [stdout]    2:     0x5f86bbf7af7c - <alloc[2e1b2a31b91974c5]::vec::Vec<u8> as core[a373ad73a504971]::io::write::Write>::write_fmt
[INFO] [stdout]    3:     0x5f86bbf530d6 - std[617be2ca0a6fd877]::panicking::default_hook::{closure#0}
[INFO] [stdout]    4:     0x5f86bbf6f309 - std[617be2ca0a6fd877]::panicking::default_hook
[INFO] [stdout]    5:     0x5f86bbe742c0 - test[aada8e7e76ba119b]::test_main_inner::{closure#0}
[INFO] [stdout]    6:     0x5f86bbf6f4c2 - std[617be2ca0a6fd877]::panicking::panic_with_hook
[INFO] [stdout]    7:     0x5f86bbf53182 - std[617be2ca0a6fd877]::panicking::panic_handler::{closure#0}
[INFO] [stdout]    8:     0x5f86bbf4be99 - std[617be2ca0a6fd877]::sys::backtrace::__rust_end_short_backtrace::<std[617be2ca0a6fd877]::panicking::panic_handler::{closure#0}, !>
[INFO] [stdout]    9:     0x5f86bbf53d8d - __rustc[ea4f61d10b84890b]::rust_begin_unwind
[INFO] [stdout]   10:     0x5f86bbf8c99c - core[a373ad73a504971]::panicking::panic_fmt
[INFO] [stdout]   11:     0x5f86bbf8c772 - core[a373ad73a504971]::result::unwrap_failed
[INFO] [stdout]   12:     0x5f86bbe5c158 - <reference[8d7841ebc591ffdb]::Fixture>::load
[INFO] [stdout]   13:     0x5f86bbe5c8e6 - <reference[8d7841ebc591ffdb]::bank_matches_reference::{closure#0} as core[a373ad73a504971]::ops::function::FnOnce<()>>::call_once
[INFO] [stdout]   14:     0x5f86bbe6770b - test[aada8e7e76ba119b]::__rust_begin_short_backtrace::<core[a373ad73a504971]::result::Result<(), alloc[2e1b2a31b91974c5]::string::String>, fn() -> core[a373ad73a504971]::result::Result<(), alloc[2e1b2a31b91974c5]::string::String>>
[INFO] [stdout]   15:     0x5f86bbe748e5 - test[aada8e7e76ba119b]::run_test::{closure#0}
[INFO] [stdout]   16:     0x5f86bbe6e1d4 - std[617be2ca0a6fd877]::sys::backtrace::__rust_begin_short_backtrace::<test[aada8e7e76ba119b]::run_test::{closure#1}, ()>
[INFO] [stdout]   17:     0x5f86bbe77972 - <std[617be2ca0a6fd877]::thread::lifecycle::spawn_unchecked<test[aada8e7e76ba119b]::run_test::{closure#1}, ()>::{closure#1} as core[a373ad73a504971]::ops::function::FnOnce<()>>::call_once::{shim:vtable#0}
[INFO] [stdout]   18:     0x5f86bbf764cf - <std[617be2ca0a6fd877]::sys::thread::unix::Thread>::new::thread_start
[INFO] [stdout]   19:     0x74eb9a8b3dfa - <unknown>
[INFO] [stdout]   20:     0x74eb9a9473d4 - clone
[INFO] [stdout]   21:                0x0 - <unknown>
[INFO] [stdout] 
[INFO] [stdout] ---- resonator_matches_reference stdout ----
[INFO] [stdout] 
[INFO] [stdout] thread 'resonator_matches_reference' (1245) panicked at tests/reference.rs:21:50:
[INFO] [stdout] called `Result::unwrap()` on an `Err` value: Os { code: 2, kind: NotFound, message: "No such file or directory" }
[INFO] [stdout] stack backtrace:
[INFO] [stdout]    0:     0x5f86bbf76c71 - <<std[617be2ca0a6fd877]::sys::backtrace::BacktraceLock>::print::DisplayBacktrace as core[a373ad73a504971]::fmt::Display>::fmt
[INFO] [stdout]    1:     0x5f86bbf8c26a - core[a373ad73a504971]::fmt::write
[INFO] [stdout]    2:     0x5f86bbf7af7c - <alloc[2e1b2a31b91974c5]::vec::Vec<u8> as core[a373ad73a504971]::io::write::Write>::write_fmt
[INFO] [stdout]    3:     0x5f86bbf530d6 - std[617be2ca0a6fd877]::panicking::default_hook::{closure#0}
[INFO] [stdout]    4:     0x5f86bbf6f309 - std[617be2ca0a6fd877]::panicking::default_hook
[INFO] [stdout]    5:     0x5f86bbe742c0 - test[aada8e7e76ba119b]::test_main_inner::{closure#0}
[INFO] [stdout]    6:     0x5f86bbf6f4c2 - std[617be2ca0a6fd877]::panicking::panic_with_hook
[INFO] [stdout]    7:     0x5f86bbf53182 - std[617be2ca0a6fd877]::panicking::panic_handler::{closure#0}
[INFO] [stdout]    8:     0x5f86bbf4be99 - std[617be2ca0a6fd877]::sys::backtrace::__rust_end_short_backtrace::<std[617be2ca0a6fd877]::panicking::panic_handler::{closure#0}, !>
[INFO] [stdout]    9:     0x5f86bbf53d8d - __rustc[ea4f61d10b84890b]::rust_begin_unwind
[INFO] [stdout]   10:     0x5f86bbf8c99c - core[a373ad73a504971]::panicking::panic_fmt
[INFO] [stdout]   11:     0x5f86bbf8c772 - core[a373ad73a504971]::result::unwrap_failed
[INFO] [stdout]   12:     0x5f86bbe5c158 - <reference[8d7841ebc591ffdb]::Fixture>::load
[INFO] [stdout]   13:     0x5f86bbe5e870 - <reference[8d7841ebc591ffdb]::resonator_matches_reference::{closure#0} as core[a373ad73a504971]::ops::function::FnOnce<()>>::call_once
[INFO] [stdout]   14:     0x5f86bbe6770b - test[aada8e7e76ba119b]::__rust_begin_short_backtrace::<core[a373ad73a504971]::result::Result<(), alloc[2e1b2a31b91974c5]::string::String>, fn() -> core[a373ad73a504971]::result::Result<(), alloc[2e1b2a31b91974c5]::string::String>>
[INFO] [stdout]   15:     0x5f86bbe748e5 - test[aada8e7e76ba119b]::run_test::{closure#0}
[INFO] [stdout]   16:     0x5f86bbe6e1d4 - std[617be2ca0a6fd877]::sys::backtrace::__rust_begin_short_backtrace::<test[aada8e7e76ba119b]::run_test::{closure#1}, ()>
[INFO] [stdout]   17:     0x5f86bbe77972 - <std[617be2ca0a6fd877]::thread::lifecycle::spawn_unchecked<test[aada8e7e76ba119b]::run_test::{closure#1}, ()>::{closure#1} as core[a373ad73a504971]::ops::function::FnOnce<()>>::call_once::{shim:vtable#0}
[INFO] [stdout]   18:     0x5f86bbf764cf - <std[617be2ca0a6fd877]::sys::thread::unix::Thread>::new::thread_start
[INFO] [stdout]   19:     0x74eb9a8b3dfa - <unknown>
[INFO] [stdout]   20:     0x74eb9a9473d4 - clone
[INFO] [stdout]   21:                0x0 - <unknown>
[INFO] [stdout] 
[INFO] [stdout] 
[INFO] [stdout] failures:
[INFO] [stdout]     bank_matches_reference
[INFO] [stdout]     resonator_matches_reference
[INFO] [stdout] 
[INFO] [stdout] test result: FAILED. 0 passed; 2 failed; 0 ignored; 0 measured; 0 filtered out; finished in 0.00s
[INFO] [stdout] 
[INFO] [stderr] error: test failed, to rerun pass `--test reference`
[INFO] running `Command { std: "docker" "inspect" "222c83808bf2d42013328b01efc284f37cacd8ca140c6ff0b137c34d8cb5eb39", kill_on_drop: false }`
[INFO] running `Command { std: "docker" "rm" "-f" "222c83808bf2d42013328b01efc284f37cacd8ca140c6ff0b137c34d8cb5eb39", kill_on_drop: false }`
[INFO] [stdout] 222c83808bf2d42013328b01efc284f37cacd8ca140c6ff0b137c34d8cb5eb39
