[INFO] fetching crate resolute-cli 0.3.0...
[INFO] testing resolute-cli-0.3.0 against 1.100.0-beta.1+cargoflags=--release for beta-release-1.100-2
[INFO] extracting crate resolute-cli 0.3.0 into /workspace/builds/worker-4-tc2/source
[INFO] started tweaking crates.io crate resolute-cli 0.3.0
[INFO] removed 0 missing tests
[INFO] finished tweaking crates.io crate resolute-cli 0.3.0
[INFO] tweaked toml for crates.io crate resolute-cli 0.3.0 written to /workspace/builds/worker-4-tc2/source/Cargo.toml
[INFO] validating manifest of crates.io crate resolute-cli 0.3.0 on toolchain 1.100.0-beta.1
[INFO] running `Command { std: CARGO_HOME="/workspace/cargo-home" RUSTUP_HOME="/workspace/rustup-home" "/workspace/cargo-home/bin/cargo" "+1.100.0-beta.1" "metadata" "--manifest-path" "Cargo.toml" "--no-deps", kill_on_drop: false }`
[INFO] crate crates.io crate resolute-cli 0.3.0 already has a lockfile, it will not be regenerated
[INFO] running `Command { std: CARGO_HOME="/workspace/cargo-home" RUSTUP_HOME="/workspace/rustup-home" "/workspace/cargo-home/bin/cargo" "+1.100.0-beta.1" "fetch" "--manifest-path" "Cargo.toml", kill_on_drop: false }`
[INFO] [stderr] warning: `package.homepage` is redundant with `package.repository`
[INFO] [stderr]   --> Cargo.toml:49:12
[INFO] [stderr]    |
[INFO] [stderr] 49 | homepage = "https://github.com/joshburgess/resolute"
[INFO] [stderr]    |            ^^^^^^^^^^^^^^^^^^^^^^^^^^^^^^^^^^^^^^^^^
[INFO] [stderr] ...
[INFO] [stderr] 54 | repository = "https://github.com/joshburgess/resolute"
[INFO] [stderr]    |              -----------------------------------------
[INFO] [stderr]    |
[INFO] [stderr]    = note: `cargo::redundant_homepage` is set to `warn` by default
[INFO] [stderr] help: consider removing `package.homepage`
[INFO] [stderr] warning: `resolute-cli` (manifest) generated 1 warning
[INFO] running `Command { std: "docker" "create" "-v" "/var/lib/crater-agent-workspace/builds/worker-4-tc2/source:/opt/rustwide/workdir:ro,Z" "-v" "/var/lib/crater-agent-workspace/builds/worker-4-tc2/target:/opt/rustwide/target:rw,Z" "-v" "/var/lib/crater-agent-workspace/cargo-home:/opt/rustwide/cargo-home:ro,Z" "-v" "/var/lib/crater-agent-workspace/rustup-home:/opt/rustwide/rustup-home:ro,Z" "-m" "1610612736" "--network" "none" "ghcr.io/rust-lang/crates-build-env/linux@sha256:77db811e55d90add9212f6832c23229e3de5f1c1f9905e8cb07319ea15df73ac" "sleep" "infinity", kill_on_drop: false }`
[INFO] [stdout] a203ef49c9ad5c6d729b16d863d2577a977b0590cd6c64daa6c0e5bb53f514b9
[INFO] running `Command { std: "docker" "start" "a203ef49c9ad5c6d729b16d863d2577a977b0590cd6c64daa6c0e5bb53f514b9", kill_on_drop: false }`
[INFO] running `Command { std: "docker" "inspect" "a203ef49c9ad5c6d729b16d863d2577a977b0590cd6c64daa6c0e5bb53f514b9", kill_on_drop: false }`
[INFO] running `Command { std: "docker" "exec" "-e" "SOURCE_DIR=/opt/rustwide/workdir" "-e" "CARGO_HOME=/opt/rustwide/cargo-home" "-e" "RUSTUP_HOME=/opt/rustwide/rustup-home" "-e" "CARGO_TARGET_DIR=/opt/rustwide/target" "-w" "/opt/rustwide/workdir" "--user" "0:0" "a203ef49c9ad5c6d729b16d863d2577a977b0590cd6c64daa6c0e5bb53f514b9" "/opt/rustwide/cargo-home/bin/cargo" "+1.100.0-beta.1" "metadata" "--no-deps" "--format-version=1", kill_on_drop: false }`
[INFO] running `Command { std: "docker" "inspect" "a203ef49c9ad5c6d729b16d863d2577a977b0590cd6c64daa6c0e5bb53f514b9", kill_on_drop: false }`
[INFO] running `Command { std: "docker" "exec" "-e" "SOURCE_DIR=/opt/rustwide/workdir" "-e" "CARGO_HOME=/opt/rustwide/cargo-home" "-e" "RUSTUP_HOME=/opt/rustwide/rustup-home" "-e" "CARGO_TARGET_DIR=/opt/rustwide/target" "-e" "CARGO_INCREMENTAL=0" "-e" "RUST_BACKTRACE=full" "-e" "RUSTFLAGS=--cap-lints=warn" "-e" "RUSTDOCFLAGS=--cap-lints=warn" "-w" "/opt/rustwide/workdir" "--user" "0:0" "a203ef49c9ad5c6d729b16d863d2577a977b0590cd6c64daa6c0e5bb53f514b9" "/opt/rustwide/cargo-home/bin/cargo" "+1.100.0-beta.1" "build" "--frozen" "--message-format=json" "--release", kill_on_drop: false }`
[INFO] [stderr] warning: `package.homepage` is redundant with `package.repository`
[INFO] [stderr]   --> Cargo.toml:49:12
[INFO] [stderr]    |
[INFO] [stderr] 49 | homepage = "https://github.com/joshburgess/resolute"
[INFO] [stderr]    |            ^^^^^^^^^^^^^^^^^^^^^^^^^^^^^^^^^^^^^^^^^
[INFO] [stderr] ...
[INFO] [stderr] 54 | repository = "https://github.com/joshburgess/resolute"
[INFO] [stderr]    |              -----------------------------------------
[INFO] [stderr]    |
[INFO] [stderr]    = note: `cargo::redundant_homepage` is set to `warn` by default
[INFO] [stderr] help: consider removing `package.homepage`
[INFO] [stderr] warning: `resolute-cli` (manifest) generated 1 warning
[INFO] [stderr]    Compiling libc v0.2.183
[INFO] [stderr]    Compiling subtle v2.6.1
[INFO] [stderr]    Compiling tokio-macros v2.6.1
[INFO] [stderr]    Compiling zerocopy v0.8.48
[INFO] [stderr]    Compiling getrandom v0.3.4
[INFO] [stderr]    Compiling socket2 v0.6.3
[INFO] [stderr]    Compiling mio v1.2.0
[INFO] [stderr]    Compiling pin-project-lite v0.2.17
[INFO] [stderr]    Compiling tracing-core v0.1.36
[INFO] [stderr]    Compiling digest v0.10.7
[INFO] [stderr]    Compiling bytes v1.11.1
[INFO] [stderr]    Compiling thiserror v2.0.18
[INFO] [stderr]    Compiling socket2 v0.5.10
[INFO] [stderr]    Compiling serde_json v1.0.149
[INFO] [stderr]    Compiling base64 v0.22.1
[INFO] [stderr]    Compiling md5 v0.7.0
[INFO] [stderr]    Compiling quote v1.0.45
[INFO] [stderr]    Compiling serde v1.0.228
[INFO] [stderr]    Compiling rand_core v0.9.5
[INFO] [stderr]    Compiling hmac v0.12.1
[INFO] [stderr]    Compiling sha2 v0.10.9
[INFO] [stderr]    Compiling clap_builder v4.6.0
[INFO] [stderr]    Compiling clap_derive v4.6.0
[INFO] [stderr]    Compiling rand_chacha v0.9.0
[INFO] [stderr]    Compiling arc-swap v1.9.0
[INFO] [stderr]    Compiling tokio v1.50.0
[INFO] [stderr]    Compiling rand v0.9.2
[INFO] [stderr]    Compiling tracing v0.1.44
[INFO] [stderr]    Compiling resolute-derive v0.1.0
[INFO] [stderr]    Compiling syn v2.0.117
[INFO] [stderr]    Compiling clap v4.6.0
[INFO] [stderr]    Compiling ppv-lite86 v0.2.21
[INFO] [stderr]    Compiling pg-wired v0.4.0
[INFO] [stderr]    Compiling tokio-stream v0.1.18
[INFO] [stderr]    Compiling pg-pool v0.4.0
[INFO] [stderr]    Compiling resolute-macros v0.3.0
[INFO] [stderr]    Compiling resolute v0.5.0
[INFO] [stderr]    Compiling resolute-cli v0.3.0 (/opt/rustwide/workdir)
[INFO] [stderr]     Finished `release` profile [optimized] target(s) in 1m 05s
[INFO] running `Command { std: "docker" "inspect" "a203ef49c9ad5c6d729b16d863d2577a977b0590cd6c64daa6c0e5bb53f514b9", kill_on_drop: false }`
[INFO] running `Command { std: "docker" "exec" "-e" "SOURCE_DIR=/opt/rustwide/workdir" "-e" "CARGO_HOME=/opt/rustwide/cargo-home" "-e" "RUSTUP_HOME=/opt/rustwide/rustup-home" "-e" "CARGO_TARGET_DIR=/opt/rustwide/target" "-e" "CARGO_INCREMENTAL=0" "-e" "RUST_BACKTRACE=full" "-e" "RUSTFLAGS=--cap-lints=warn" "-e" "RUSTDOCFLAGS=--cap-lints=warn" "-w" "/opt/rustwide/workdir" "--user" "0:0" "a203ef49c9ad5c6d729b16d863d2577a977b0590cd6c64daa6c0e5bb53f514b9" "/opt/rustwide/cargo-home/bin/cargo" "+1.100.0-beta.1" "test" "--frozen" "--no-run" "--message-format=json" "--release", kill_on_drop: false }`
[INFO] [stderr] warning: `package.homepage` is redundant with `package.repository`
[INFO] [stderr]   --> Cargo.toml:49:12
[INFO] [stderr]    |
[INFO] [stderr] 49 | homepage = "https://github.com/joshburgess/resolute"
[INFO] [stderr]    |            ^^^^^^^^^^^^^^^^^^^^^^^^^^^^^^^^^^^^^^^^^
[INFO] [stderr] ...
[INFO] [stderr] 54 | repository = "https://github.com/joshburgess/resolute"
[INFO] [stderr]    |              -----------------------------------------
[INFO] [stderr]    |
[INFO] [stderr]    = note: `cargo::redundant_homepage` is set to `warn` by default
[INFO] [stderr] help: consider removing `package.homepage`
[INFO] [stderr] warning: `resolute-cli` (manifest) generated 1 warning
[INFO] [stderr]    Compiling tempfile v3.27.0
[INFO] [stderr]    Compiling resolute-cli v0.3.0 (/opt/rustwide/workdir)
[INFO] [stderr]     Finished `release` profile [optimized] target(s) in 7.89s
[INFO] running `Command { std: "docker" "inspect" "a203ef49c9ad5c6d729b16d863d2577a977b0590cd6c64daa6c0e5bb53f514b9", kill_on_drop: false }`
[INFO] running `Command { std: "docker" "exec" "-e" "SOURCE_DIR=/opt/rustwide/workdir" "-e" "CARGO_HOME=/opt/rustwide/cargo-home" "-e" "RUSTUP_HOME=/opt/rustwide/rustup-home" "-e" "CARGO_TARGET_DIR=/opt/rustwide/target" "-e" "CARGO_INCREMENTAL=0" "-e" "RUST_BACKTRACE=full" "-e" "RUSTFLAGS=--cap-lints=warn" "-e" "RUSTDOCFLAGS=--cap-lints=warn" "-w" "/opt/rustwide/workdir" "--user" "0:0" "a203ef49c9ad5c6d729b16d863d2577a977b0590cd6c64daa6c0e5bb53f514b9" "/opt/rustwide/cargo-home/bin/cargo" "+1.100.0-beta.1" "test" "--frozen" "--release", kill_on_drop: false }`
[INFO] [stderr] warning: `package.homepage` is redundant with `package.repository`
[INFO] [stderr]   --> Cargo.toml:49:12
[INFO] [stderr]    |
[INFO] [stderr] 49 | homepage = "https://github.com/joshburgess/resolute"
[INFO] [stderr]    |            ^^^^^^^^^^^^^^^^^^^^^^^^^^^^^^^^^^^^^^^^^
[INFO] [stderr] ...
[INFO] [stderr] 54 | repository = "https://github.com/joshburgess/resolute"
[INFO] [stderr]    |              -----------------------------------------
[INFO] [stderr]    |
[INFO] [stderr]    = note: `cargo::redundant_homepage` is set to `warn` by default
[INFO] [stderr] help: consider removing `package.homepage`
[INFO] [stderr] warning: `resolute-cli` (manifest) generated 1 warning
[INFO] [stderr]     Finished `release` profile [optimized] target(s) in 0.12s
[INFO] [stderr]      Running unittests src/main.rs (/opt/rustwide/target/release/build/resolute-cli/194c26290b0c2ab7/out/resolute_cli-194c26290b0c2ab7)
[INFO] [stdout] 
[INFO] [stdout] running 16 tests
[INFO] [stdout] test tests::multiple_queries_in_one_file ... ok
[INFO] [stdout] test tests::nested_macro_arguments ... ok
[INFO] [stdout] test tests::cfg_gated_code_is_scanned ... ok
[INFO] [stdout] test tests::unparseable_file_is_warned_not_panicked ... ok
[INFO] [stdout] test tests::non_query_macros_are_ignored ... ok
[INFO] [stdout] test tests::path_prefixed_invocation ... ok
[INFO] [stdout] test tests::query_file_missing_file_is_skipped ... ok
[INFO] [stdout] test tests::raw_string_literal_query ... ok
[INFO] [stdout] test tests::scans_basic_query ... ok
[INFO] [stdout] test tests::query_file_reads_sql_from_disk ... ok
[INFO] [stdout] test tests::query_as_with_path_type ... ok
[INFO] [stdout] test tests::query_file_as_skips_type_and_reads_disk ... ok
[INFO] [stdout] test tests::scans_query_scalar ... ok
[INFO] [stdout] test tests::query_unchecked_is_not_scanned ... ok
[INFO] [stderr]      Running tests/cli_test.rs (/opt/rustwide/target/release/build/resolute-cli/a99f8e6be72af67d/out/cli_test-a99f8e6be72af67d)
[INFO] [stdout] test tests::scans_query_with_args ... ok
[INFO] [stdout] test tests::query_as_skips_type ... ok
[INFO] [stdout] 
[INFO] [stdout] test result: ok. 16 passed; 0 failed; 0 ignored; 0 measured; 0 filtered out; finished in 0.01s
[INFO] [stdout] 
[INFO] [stdout] 
[INFO] [stdout] running 11 tests
[INFO] [stdout] test test_database_create_and_drop ... FAILED
[INFO] [stdout] test test_migrate_create ... ok
[INFO] [stdout] test test_database_create_is_idempotent ... FAILED
[INFO] [stdout] test test_prepare_then_check_against_live_db ... FAILED
[INFO] [stdout] test test_migrate_help ... ok
[INFO] [stdout] test test_migrate_info_shows_pending_sql_without_applying ... FAILED
[INFO] [stdout] test test_migrate_run_status_revert ... FAILED
[INFO] [stdout] test test_migrate_validate_detects_missing_file ... FAILED
[INFO] [stdout] test test_migrate_run_failing_sql_does_not_record ... FAILED
[INFO] [stdout] test test_migrate_validate_clean ... FAILED
[INFO] [stdout] test test_help_output ... ok
[INFO] [stdout] 
[INFO] [stdout] failures:
[INFO] [stdout] 
[INFO] [stdout] ---- test_database_create_and_drop stdout ----
[INFO] [stdout] 
[INFO] [stdout] thread 'test_database_create_and_drop' (985) panicked at tests/cli_test.rs:200:5:
[INFO] [stdout] database create failed:
[INFO] [stdout] Error: Wire(Io(Os { code: 111, kind: ConnectionRefused, message: "Connection refused" }))
[INFO] [stdout] 
[INFO] [stdout] stack backtrace:
[INFO] [stdout]    0:     0x5cf210de1dc1 - <<std[617be2ca0a6fd877]::sys::backtrace::BacktraceLock>::print::DisplayBacktrace as core[a373ad73a504971]::fmt::Display>::fmt
[INFO] [stdout]    1:     0x5cf210df60fa - core[a373ad73a504971]::fmt::write
[INFO] [stdout]    2:     0x5cf210de62ac - <alloc[2e1b2a31b91974c5]::vec::Vec<u8> as core[a373ad73a504971]::io::write::Write>::write_fmt
[INFO] [stdout]    3:     0x5cf210dbc7c6 - std[617be2ca0a6fd877]::panicking::default_hook::{closure#0}
[INFO] [stdout]    4:     0x5cf210dd9869 - std[617be2ca0a6fd877]::panicking::default_hook
[INFO] [stdout]    5:     0x5cf210d74e10 - test[aada8e7e76ba119b]::test_main_inner::{closure#0}
[INFO] [stdout]    6:     0x5cf210dd9a22 - std[617be2ca0a6fd877]::panicking::panic_with_hook
[INFO] [stdout]    7:     0x5cf210dbc872 - std[617be2ca0a6fd877]::panicking::panic_handler::{closure#0}
[INFO] [stdout]    8:     0x5cf210db53c9 - std[617be2ca0a6fd877]::sys::backtrace::__rust_end_short_backtrace::<std[617be2ca0a6fd877]::panicking::panic_handler::{closure#0}, !>
[INFO] [stdout]    9:     0x5cf210dbd47d - __rustc[ea4f61d10b84890b]::rust_begin_unwind
[INFO] [stdout]   10:     0x5cf210df682c - core[a373ad73a504971]::panicking::panic_fmt
[INFO] [stdout]   11:     0x5cf210d60dcf - <cli_test[43e69a044539e03d]::test_database_create_and_drop::{closure#0} as core[a373ad73a504971]::ops::function::FnOnce<()>>::call_once
[INFO] [stdout]   12:     0x5cf210d6825b - test[aada8e7e76ba119b]::__rust_begin_short_backtrace::<core[a373ad73a504971]::result::Result<(), alloc[2e1b2a31b91974c5]::string::String>, fn() -> core[a373ad73a504971]::result::Result<(), alloc[2e1b2a31b91974c5]::string::String>>
[INFO] [stdout]   13:     0x5cf210d75435 - test[aada8e7e76ba119b]::run_test::{closure#0}
[INFO] [stdout]   14:     0x5cf210d6ed24 - std[617be2ca0a6fd877]::sys::backtrace::__rust_begin_short_backtrace::<test[aada8e7e76ba119b]::run_test::{closure#1}, ()>
[INFO] [stdout]   15:     0x5cf210d784c2 - <std[617be2ca0a6fd877]::thread::lifecycle::spawn_unchecked<test[aada8e7e76ba119b]::run_test::{closure#1}, ()>::{closure#1} as core[a373ad73a504971]::ops::function::FnOnce<()>>::call_once::{shim:vtable#0}
[INFO] [stdout]   16:     0x5cf210de143f - <std[617be2ca0a6fd877]::sys::thread::unix::Thread>::new::thread_start
[INFO] [stdout]   17:     0x79cf28905dfa - <unknown>
[INFO] [stdout]   18:     0x79cf289993d4 - clone
[INFO] [stdout]   19:                0x0 - <unknown>
[INFO] [stdout] 
[INFO] [stdout] ---- test_database_create_is_idempotent stdout ----
[INFO] [stdout] 
[INFO] [stdout] thread 'test_database_create_is_idempotent' (986) panicked at tests/cli_test.rs:513:5:
[INFO] [stdout] assertion failed: first.status.success()
[INFO] [stdout] stack backtrace:
[INFO] [stdout]    0:     0x5cf210de1dc1 - <<std[617be2ca0a6fd877]::sys::backtrace::BacktraceLock>::print::DisplayBacktrace as core[a373ad73a504971]::fmt::Display>::fmt
[INFO] [stdout]    1:     0x5cf210df60fa - core[a373ad73a504971]::fmt::write
[INFO] [stdout]    2:     0x5cf210de62ac - <alloc[2e1b2a31b91974c5]::vec::Vec<u8> as core[a373ad73a504971]::io::write::Write>::write_fmt
[INFO] [stdout]    3:     0x5cf210dbc7c6 - std[617be2ca0a6fd877]::panicking::default_hook::{closure#0}
[INFO] [stdout]    4:     0x5cf210dd9869 - std[617be2ca0a6fd877]::panicking::default_hook
[INFO] [stdout]    5:     0x5cf210d74e10 - test[aada8e7e76ba119b]::test_main_inner::{closure#0}
[INFO] [stdout]    6:     0x5cf210dd9a22 - std[617be2ca0a6fd877]::panicking::panic_with_hook
[INFO] [stdout]    7:     0x5cf210dbc8a4 - std[617be2ca0a6fd877]::panicking::panic_handler::{closure#0}
[INFO] [stdout]    8:     0x5cf210db53c9 - std[617be2ca0a6fd877]::sys::backtrace::__rust_end_short_backtrace::<std[617be2ca0a6fd877]::panicking::panic_handler::{closure#0}, !>
[INFO] [stdout]    9:     0x5cf210dbd47d - __rustc[ea4f61d10b84890b]::rust_begin_unwind
[INFO] [stdout]   10:     0x5cf210df682c - core[a373ad73a504971]::panicking::panic_fmt
[INFO] [stdout]   11:     0x5cf210df67f2 - core[a373ad73a504971]::panicking::panic
[INFO] [stdout]   12:     0x5cf210d62309 - <cli_test[43e69a044539e03d]::test_database_create_is_idempotent::{closure#0} as core[a373ad73a504971]::ops::function::FnOnce<()>>::call_once
[INFO] [stdout]   13:     0x5cf210d6825b - test[aada8e7e76ba119b]::__rust_begin_short_backtrace::<core[a373ad73a504971]::result::Result<(), alloc[2e1b2a31b91974c5]::string::String>, fn() -> core[a373ad73a504971]::result::Result<(), alloc[2e1b2a31b91974c5]::string::String>>
[INFO] [stdout]   14:     0x5cf210d75435 - test[aada8e7e76ba119b]::run_test::{closure#0}
[INFO] [stdout]   15:     0x5cf210d6ed24 - std[617be2ca0a6fd877]::sys::backtrace::__rust_begin_short_backtrace::<test[aada8e7e76ba119b]::run_test::{closure#1}, ()>
[INFO] [stdout]   16:     0x5cf210d784c2 - <std[617be2ca0a6fd877]::thread::lifecycle::spawn_unchecked<test[aada8e7e76ba119b]::run_test::{closure#1}, ()>::{closure#1} as core[a373ad73a504971]::ops::function::FnOnce<()>>::call_once::{shim:vtable#0}
[INFO] [stdout]   17:     0x5cf210de143f - <std[617be2ca0a6fd877]::sys::thread::unix::Thread>::new::thread_start
[INFO] [stdout]   18:     0x79cf28905dfa - <unknown>
[INFO] [stdout]   19:     0x79cf289993d4 - clone
[INFO] [stdout]   20:                0x0 - <unknown>
[INFO] [stdout] 
[INFO] [stdout] ---- test_prepare_then_check_against_live_db stdout ----
[INFO] [stdout] 
[INFO] [stdout] thread 'test_prepare_then_check_against_live_db' (998) panicked at tests/cli_test.rs:569:5:
[INFO] [stdout] prepare failed:
[INFO] [stdout] stdout: Found 1 query!() invocations
[INFO] [stdout] 
[INFO] [stdout] stderr: Error: Io(Os { code: 111, kind: ConnectionRefused, message: "Connection refused" })
[INFO] [stdout] 
[INFO] [stdout] stack backtrace:
[INFO] [stdout]    0:     0x5cf210de1dc1 - <<std[617be2ca0a6fd877]::sys::backtrace::BacktraceLock>::print::DisplayBacktrace as core[a373ad73a504971]::fmt::Display>::fmt
[INFO] [stdout]    1:     0x5cf210df60fa - core[a373ad73a504971]::fmt::write
[INFO] [stdout]    2:     0x5cf210de62ac - <alloc[2e1b2a31b91974c5]::vec::Vec<u8> as core[a373ad73a504971]::io::write::Write>::write_fmt
[INFO] [stdout]    3:     0x5cf210dbc7c6 - std[617be2ca0a6fd877]::panicking::default_hook::{closure#0}
[INFO] [stdout]    4:     0x5cf210dd9869 - std[617be2ca0a6fd877]::panicking::default_hook
[INFO] [stdout]    5:     0x5cf210d74e10 - test[aada8e7e76ba119b]::test_main_inner::{closure#0}
[INFO] [stdout]    6:     0x5cf210dd9a22 - std[617be2ca0a6fd877]::panicking::panic_with_hook
[INFO] [stdout]    7:     0x5cf210dbc872 - std[617be2ca0a6fd877]::panicking::panic_handler::{closure#0}
[INFO] [stdout]    8:     0x5cf210db53c9 - std[617be2ca0a6fd877]::sys::backtrace::__rust_end_short_backtrace::<std[617be2ca0a6fd877]::panicking::panic_handler::{closure#0}, !>
[INFO] [stdout]    9:     0x5cf210dbd47d - __rustc[ea4f61d10b84890b]::rust_begin_unwind
[INFO] [stdout]   10:     0x5cf210df682c - core[a373ad73a504971]::panicking::panic_fmt
[INFO] [stdout]   11:     0x5cf210d62e19 - <cli_test[43e69a044539e03d]::test_prepare_then_check_against_live_db::{closure#0} as core[a373ad73a504971]::ops::function::FnOnce<()>>::call_once
[INFO] [stdout]   12:     0x5cf210d6825b - test[aada8e7e76ba119b]::__rust_begin_short_backtrace::<core[a373ad73a504971]::result::Result<(), alloc[2e1b2a31b91974c5]::string::String>, fn() -> core[a373ad73a504971]::result::Result<(), alloc[2e1b2a31b91974c5]::string::String>>
[INFO] [stdout]   13:     0x5cf210d75435 - test[aada8e7e76ba119b]::run_test::{closure#0}
[INFO] [stdout]   14:     0x5cf210d6ed24 - std[617be2ca0a6fd877]::sys::backtrace::__rust_begin_short_backtrace::<test[aada8e7e76ba119b]::run_test::{closure#1}, ()>
[INFO] [stdout]   15:     0x5cf210d784c2 - <std[617be2ca0a6fd877]::thread::lifecycle::spawn_unchecked<test[aada8e7e76ba119b]::run_test::{closure#1}, ()>::{closure#1} as core[a373ad73a504971]::ops::function::FnOnce<()>>::call_once::{shim:vtable#0}
[INFO] [stdout]   16:     0x5cf210de143f - <std[617be2ca0a6fd877]::sys::thread::unix::Thread>::new::thread_start
[INFO] [stdout]   17:     0x79cf28905dfa - <unknown>
[INFO] [stdout]   18:     0x79cf289993d4 - clone
[INFO] [stdout]   19:                0x0 - <unknown>
[INFO] [stdout] 
[INFO] [stdout] ---- test_migrate_info_shows_pending_sql_without_applying stdout ----
[INFO] [stdout] 
[INFO] [stdout] thread 'test_migrate_info_shows_pending_sql_without_applying' (993) panicked at tests/cli_test.rs:33:5:
[INFO] [stdout] isolated DB create failed for postgres://postgres:postgres@127.0.0.1:54322/__resolute_test_info_984_0:
[INFO] [stdout] Error: Wire(Io(Os { code: 111, kind: ConnectionRefused, message: "Connection refused" }))
[INFO] [stdout] 
[INFO] [stdout] stack backtrace:
[INFO] [stdout]    0:     0x5cf210de1dc1 - <<std[617be2ca0a6fd877]::sys::backtrace::BacktraceLock>::print::DisplayBacktrace as core[a373ad73a504971]::fmt::Display>::fmt
[INFO] [stdout]    1:     0x5cf210df60fa - core[a373ad73a504971]::fmt::write
[INFO] [stdout]    2:     0x5cf210de62ac - <alloc[2e1b2a31b91974c5]::vec::Vec<u8> as core[a373ad73a504971]::io::write::Write>::write_fmt
[INFO] [stdout]    3:     0x5cf210dbc7c6 - std[617be2ca0a6fd877]::panicking::default_hook::{closure#0}
[INFO] [stdout]    4:     0x5cf210dd9869 - std[617be2ca0a6fd877]::panicking::default_hook
[INFO] [stdout]    5:     0x5cf210d74e10 - test[aada8e7e76ba119b]::test_main_inner::{closure#0}
[INFO] [stdout]    6:     0x5cf210dd9a22 - std[617be2ca0a6fd877]::panicking::panic_with_hook
[INFO] [stdout]    7:     0x5cf210dbc872 - std[617be2ca0a6fd877]::panicking::panic_handler::{closure#0}
[INFO] [stdout]    8:     0x5cf210db53c9 - std[617be2ca0a6fd877]::sys::backtrace::__rust_end_short_backtrace::<std[617be2ca0a6fd877]::panicking::panic_handler::{closure#0}, !>
[INFO] [stdout]    9:     0x5cf210dbd47d - __rustc[ea4f61d10b84890b]::rust_begin_unwind
[INFO] [stdout]   10:     0x5cf210df682c - core[a373ad73a504971]::panicking::panic_fmt
[INFO] [stdout]   11:     0x5cf210d5e452 - cli_test[43e69a044539e03d]::setup_isolated_db
[INFO] [stdout]   12:     0x5cf210d64b3a - <cli_test[43e69a044539e03d]::test_migrate_info_shows_pending_sql_without_applying::{closure#0} as core[a373ad73a504971]::ops::function::FnOnce<()>>::call_once
[INFO] [stdout]   13:     0x5cf210d6825b - test[aada8e7e76ba119b]::__rust_begin_short_backtrace::<core[a373ad73a504971]::result::Result<(), alloc[2e1b2a31b91974c5]::string::String>, fn() -> core[a373ad73a504971]::result::Result<(), alloc[2e1b2a31b91974c5]::string::String>>
[INFO] [stdout]   14:     0x5cf210d75435 - test[aada8e7e76ba119b]::run_test::{closure#0}
[INFO] [stdout]   15:     0x5cf210d6ed24 - std[617be2ca0a6fd877]::sys::backtrace::__rust_begin_short_backtrace::<test[aada8e7e76ba119b]::run_test::{closure#1}, ()>
[INFO] [stdout]   16:     0x5cf210d784c2 - <std[617be2ca0a6fd877]::thread::lifecycle::spawn_unchecked<test[aada8e7e76ba119b]::run_test::{closure#1}, ()>::{closure#1} as core[a373ad73a504971]::ops::function::FnOnce<()>>::call_once::{shim:vtable#0}
[INFO] [stdout]   17:     0x5cf210de143f - <std[617be2ca0a6fd877]::sys::thread::unix::Thread>::new::thread_start
[INFO] [stdout]   18:     0x79cf28905dfa - <unknown>
[INFO] [stdout]   19:     0x79cf289993d4 - clone
[INFO] [stdout]   20:                0x0 - <unknown>
[INFO] [stdout] 
[INFO] [stdout] ---- test_migrate_run_status_revert stdout ----
[INFO] [stdout] 
[INFO] [stdout] thread 'test_migrate_run_status_revert' (995) panicked at tests/cli_test.rs:33:5:
[INFO] [stdout] isolated DB create failed for postgres://postgres:postgres@127.0.0.1:54322/__resolute_test_run_status_revert_984_2:
[INFO] [stdout] Error: Wire(Io(Os { code: 111, kind: ConnectionRefused, message: "Connection refused" }))
[INFO] [stdout] 
[INFO] [stdout] stack backtrace:
[INFO] [stdout]    0:     0x5cf210de1dc1 - <<std[617be2ca0a6fd877]::sys::backtrace::BacktraceLock>::print::DisplayBacktrace as core[a373ad73a504971]::fmt::Display>::fmt
[INFO] [stdout]    1:     0x5cf210df60fa - core[a373ad73a504971]::fmt::write
[INFO] [stdout]    2:     0x5cf210de62ac - <alloc[2e1b2a31b91974c5]::vec::Vec<u8> as core[a373ad73a504971]::io::write::Write>::write_fmt
[INFO] [stdout]    3:     0x5cf210dbc7c6 - std[617be2ca0a6fd877]::panicking::default_hook::{closure#0}
[INFO] [stdout]    4:     0x5cf210dd9869 - std[617be2ca0a6fd877]::panicking::default_hook
[INFO] [stdout]    5:     0x5cf210d74e10 - test[aada8e7e76ba119b]::test_main_inner::{closure#0}
[INFO] [stdout]    6:     0x5cf210dd9a22 - std[617be2ca0a6fd877]::panicking::panic_with_hook
[INFO] [stdout]    7:     0x5cf210dbc872 - std[617be2ca0a6fd877]::panicking::panic_handler::{closure#0}
[INFO] [stdout]    8:     0x5cf210db53c9 - std[617be2ca0a6fd877]::sys::backtrace::__rust_end_short_backtrace::<std[617be2ca0a6fd877]::panicking::panic_handler::{closure#0}, !>
[INFO] [stdout]    9:     0x5cf210dbd47d - __rustc[ea4f61d10b84890b]::rust_begin_unwind
[INFO] [stdout]   10:     0x5cf210df682c - core[a373ad73a504971]::panicking::panic_fmt
[INFO] [stdout]   11:     0x5cf210d5e452 - cli_test[43e69a044539e03d]::setup_isolated_db
[INFO] [stdout]   12:     0x5cf210d60ff7 - <cli_test[43e69a044539e03d]::test_migrate_run_status_revert::{closure#0} as core[a373ad73a504971]::ops::function::FnOnce<()>>::call_once
[INFO] [stdout]   13:     0x5cf210d6825b - test[aada8e7e76ba119b]::__rust_begin_short_backtrace::<core[a373ad73a504971]::result::Result<(), alloc[2e1b2a31b91974c5]::string::String>, fn() -> core[a373ad73a504971]::result::Result<(), alloc[2e1b2a31b91974c5]::string::String>>
[INFO] [stdout]   14:     0x5cf210d75435 - test[aada8e7e76ba119b]::run_test::{closure#0}
[INFO] [stdout]   15:     0x5cf210d6ed24 - std[617be2ca0a6fd877]::sys::backtrace::__rust_begin_short_backtrace::<test[aada8e7e76ba119b]::run_test::{closure#1}, ()>
[INFO] [stdout]   16:     0x5cf210d784c2 - <std[617be2ca0a6fd877]::thread::lifecycle::spawn_unchecked<test[aada8e7e76ba119b]::run_test::{closure#1}, ()>::{closure#1} as core[a373ad73a504971]::ops::function::FnOnce<()>>::call_once::{shim:vtable#0}
[INFO] [stdout]   17:     0x5cf210de143f - <std[617be2ca0a6fd877]::sys::thread::unix::Thread>::new::thread_start
[INFO] [stdout]   18:     0x79cf28905dfa - <unknown>
[INFO] [stdout]   19:     0x79cf289993d4 - clone
[INFO] [stdout]   20:                0x0 - <unknown>
[INFO] [stdout] 
[INFO] [stdout] ---- test_migrate_validate_detects_missing_file stdout ----
[INFO] [stdout] 
[INFO] [stdout] thread 'test_migrate_validate_detects_missing_file' (997) panicked at tests/cli_test.rs:33:5:
[INFO] [stdout] isolated DB create failed for postgres://postgres:postgres@127.0.0.1:54322/__resolute_test_validate_missing_984_4:
[INFO] [stdout] Error: Wire(Io(Os { code: 111, kind: ConnectionRefused, message: "Connection refused" }))
[INFO] [stdout] 
[INFO] [stdout] stack backtrace:
[INFO] [stdout]    0:     0x5cf210de1dc1 - <<std[617be2ca0a6fd877]::sys::backtrace::BacktraceLock>::print::DisplayBacktrace as core[a373ad73a504971]::fmt::Display>::fmt
[INFO] [stdout]    1:     0x5cf210df60fa - core[a373ad73a504971]::fmt::write
[INFO] [stdout]    2:     0x5cf210de62ac - <alloc[2e1b2a31b91974c5]::vec::Vec<u8> as core[a373ad73a504971]::io::write::Write>::write_fmt
[INFO] [stdout]    3:     0x5cf210dbc7c6 - std[617be2ca0a6fd877]::panicking::default_hook::{closure#0}
[INFO] [stdout]    4:     0x5cf210dd9869 - std[617be2ca0a6fd877]::panicking::default_hook
[INFO] [stdout]    5:     0x5cf210d74e10 - test[aada8e7e76ba119b]::test_main_inner::{closure#0}
[INFO] [stdout]    6:     0x5cf210dd9a22 - std[617be2ca0a6fd877]::panicking::panic_with_hook
[INFO] [stdout]    7:     0x5cf210dbc872 - std[617be2ca0a6fd877]::panicking::panic_handler::{closure#0}
[INFO] [stdout]    8:     0x5cf210db53c9 - std[617be2ca0a6fd877]::sys::backtrace::__rust_end_short_backtrace::<std[617be2ca0a6fd877]::panicking::panic_handler::{closure#0}, !>
[INFO] [stdout]    9:     0x5cf210dbd47d - __rustc[ea4f61d10b84890b]::rust_begin_unwind
[INFO] [stdout]   10:     0x5cf210df682c - core[a373ad73a504971]::panicking::panic_fmt
[INFO] [stdout]   11:     0x5cf210d5e452 - cli_test[43e69a044539e03d]::setup_isolated_db
[INFO] [stdout]   12:     0x5cf210d632ae - <cli_test[43e69a044539e03d]::test_migrate_validate_detects_missing_file::{closure#0} as core[a373ad73a504971]::ops::function::FnOnce<()>>::call_once
[INFO] [stdout]   13:     0x5cf210d6825b - test[aada8e7e76ba119b]::__rust_begin_short_backtrace::<core[a373ad73a504971]::result::Result<(), alloc[2e1b2a31b91974c5]::string::String>, fn() -> core[a373ad73a504971]::result::Result<(), alloc[2e1b2a31b91974c5]::string::String>>
[INFO] [stdout]   14:     0x5cf210d75435 - test[aada8e7e76ba119b]::run_test::{closure#0}
[INFO] [stdout]   15:     0x5cf210d6ed24 - std[617be2ca0a6fd877]::sys::backtrace::__rust_begin_short_backtrace::<test[aada8e7e76ba119b]::run_test::{closure#1}, ()>
[INFO] [stdout]   16:     0x5cf210d784c2 - <std[617be2ca0a6fd877]::thread::lifecycle::spawn_unchecked<test[aada8e7e76ba119b]::run_test::{closure#1}, ()>::{closure#1} as core[a373ad73a504971]::ops::function::FnOnce<()>>::call_once::{shim:vtable#0}
[INFO] [stdout]   17:     0x5cf210de143f - <std[617be2ca0a6fd877]::sys::thread::unix::Thread>::new::thread_start
[INFO] [stdout]   18:     0x79cf28905dfa - <unknown>
[INFO] [stdout]   19:     0x79cf289993d4 - clone
[INFO] [stdout]   20:                0x0 - <unknown>
[INFO] [stdout] 
[INFO] [stdout] ---- test_migrate_run_failing_sql_does_not_record stdout ----
[INFO] [stdout] 
[INFO] [stdout] thread 'test_migrate_run_failing_sql_does_not_record' (994) panicked at tests/cli_test.rs:33:5:
[INFO] [stdout] isolated DB create failed for postgres://postgres:postgres@127.0.0.1:54322/__resolute_test_failing_sql_984_1:
[INFO] [stdout] Error: Wire(Io(Os { code: 111, kind: ConnectionRefused, message: "Connection refused" }))
[INFO] [stdout] 
[INFO] [stdout] stack backtrace:
[INFO] [stdout]    0:     0x5cf210de1dc1 - <<std[617be2ca0a6fd877]::sys::backtrace::BacktraceLock>::print::DisplayBacktrace as core[a373ad73a504971]::fmt::Display>::fmt
[INFO] [stdout]    1:     0x5cf210df60fa - core[a373ad73a504971]::fmt::write
[INFO] [stdout]    2:     0x5cf210de62ac - <alloc[2e1b2a31b91974c5]::vec::Vec<u8> as core[a373ad73a504971]::io::write::Write>::write_fmt
[INFO] [stdout]    3:     0x5cf210dbc7c6 - std[617be2ca0a6fd877]::panicking::default_hook::{closure#0}
[INFO] [stdout]    4:     0x5cf210dd9869 - std[617be2ca0a6fd877]::panicking::default_hook
[INFO] [stdout]    5:     0x5cf210d74e10 - test[aada8e7e76ba119b]::test_main_inner::{closure#0}
[INFO] [stdout]    6:     0x5cf210dd9a22 - std[617be2ca0a6fd877]::panicking::panic_with_hook
[INFO] [stdout]    7:     0x5cf210dbc872 - std[617be2ca0a6fd877]::panicking::panic_handler::{closure#0}
[INFO] [stdout]    8:     0x5cf210db53c9 - std[617be2ca0a6fd877]::sys::backtrace::__rust_end_short_backtrace::<std[617be2ca0a6fd877]::panicking::panic_handler::{closure#0}, !>
[INFO] [stdout]    9:     0x5cf210dbd47d - __rustc[ea4f61d10b84890b]::rust_begin_unwind
[INFO] [stdout]   10:     0x5cf210df682c - core[a373ad73a504971]::panicking::panic_fmt
[INFO] [stdout]   11:     0x5cf210d5e452 - cli_test[43e69a044539e03d]::setup_isolated_db
[INFO] [stdout]   12:     0x5cf210d6407e - <cli_test[43e69a044539e03d]::test_migrate_run_failing_sql_does_not_record::{closure#0} as core[a373ad73a504971]::ops::function::FnOnce<()>>::call_once
[INFO] [stdout]   13:     0x5cf210d6825b - test[aada8e7e76ba119b]::__rust_begin_short_backtrace::<core[a373ad73a504971]::result::Result<(), alloc[2e1b2a31b91974c5]::string::String>, fn() -> core[a373ad73a504971]::result::Result<(), alloc[2e1b2a31b91974c5]::string::String>>
[INFO] [stdout]   14:     0x5cf210d75435 - test[aada8e7e76ba119b]::run_test::{closure#0}
[INFO] [stdout]   15:     0x5cf210d6ed24 - std[617be2ca0a6fd877]::sys::backtrace::__rust_begin_short_backtrace::<test[aada8e7e76ba119b]::run_test::{closure#1}, ()>
[INFO] [stdout]   16:     0x5cf210d784c2 - <std[617be2ca0a6fd877]::thread::lifecycle::spawn_unchecked<test[aada8e7e76ba119b]::run_test::{closure#1}, ()>::{closure#1} as core[a373ad73a504971]::ops::function::FnOnce<()>>::call_once::{shim:vtable#0}
[INFO] [stdout]   17:     0x5cf210de143f - <std[617be2ca0a6fd877]::sys::thread::unix::Thread>::new::thread_start
[INFO] [stdout]   18:     0x79cf28905dfa - <unknown>
[INFO] [stdout]   19:     0x79cf289993d4 - clone
[INFO] [stdout]   20:                0x0 - <unknown>
[INFO] [stdout] 
[INFO] [stdout] ---- test_migrate_validate_clean stdout ----
[INFO] [stdout] 
[INFO] [stdout] thread 'test_migrate_validate_clean' (996) panicked at tests/cli_test.rs:33:5:
[INFO] [stdout] isolated DB create failed for postgres://postgres:postgres@127.0.0.1:54322/__resolute_test_validate_clean_984_3:
[INFO] [stdout] Error: Wire(Io(Os { code: 111, kind: ConnectionRefused, message: "Connection refused" }))
[INFO] [stdout] 
[INFO] [stdout] stack backtrace:
[INFO] [stdout]    0:     0x5cf210de1dc1 - <<std[617be2ca0a6fd877]::sys::backtrace::BacktraceLock>::print::DisplayBacktrace as core[a373ad73a504971]::fmt::Display>::fmt
[INFO] [stdout]    1:     0x5cf210df60fa - core[a373ad73a504971]::fmt::write
[INFO] [stdout]    2:     0x5cf210de62ac - <alloc[2e1b2a31b91974c5]::vec::Vec<u8> as core[a373ad73a504971]::io::write::Write>::write_fmt
[INFO] [stdout]    3:     0x5cf210dbc7c6 - std[617be2ca0a6fd877]::panicking::default_hook::{closure#0}
[INFO] [stdout]    4:     0x5cf210dd9869 - std[617be2ca0a6fd877]::panicking::default_hook
[INFO] [stdout]    5:     0x5cf210d74e10 - test[aada8e7e76ba119b]::test_main_inner::{closure#0}
[INFO] [stdout]    6:     0x5cf210dd9a22 - std[617be2ca0a6fd877]::panicking::panic_with_hook
[INFO] [stdout]    7:     0x5cf210dbc872 - std[617be2ca0a6fd877]::panicking::panic_handler::{closure#0}
[INFO] [stdout]    8:     0x5cf210db53c9 - std[617be2ca0a6fd877]::sys::backtrace::__rust_end_short_backtrace::<std[617be2ca0a6fd877]::panicking::panic_handler::{closure#0}, !>
[INFO] [stdout]    9:     0x5cf210dbd47d - __rustc[ea4f61d10b84890b]::rust_begin_unwind
[INFO] [stdout]   10:     0x5cf210df682c - core[a373ad73a504971]::panicking::panic_fmt
[INFO] [stdout]   11:     0x5cf210d5e452 - cli_test[43e69a044539e03d]::setup_isolated_db
[INFO] [stdout]   12:     0x5cf210d5fe4e - <cli_test[43e69a044539e03d]::test_migrate_validate_clean::{closure#0} as core[a373ad73a504971]::ops::function::FnOnce<()>>::call_once
[INFO] [stdout]   13:     0x5cf210d6825b - test[aada8e7e76ba119b]::__rust_begin_short_backtrace::<core[a373ad73a504971]::result::Result<(), alloc[2e1b2a31b91974c5]::string::String>, fn() -> core[a373ad73a504971]::result::Result<(), alloc[2e1b2a31b91974c5]::string::String>>
[INFO] [stdout]   14:     0x5cf210d75435 - test[aada8e7e76ba119b]::run_test::{closure#0}
[INFO] [stdout]   15:     0x5cf210d6ed24 - std[617be2ca0a6fd877]::sys::backtrace::__rust_begin_short_backtrace::<test[aada8e7e76ba119b]::run_test::{closure#1}, ()>
[INFO] [stdout]   16:     0x5cf210d784c2 - <std[617be2ca0a6fd877]::thread::lifecycle::spawn_unchecked<test[aada8e7e76ba119b]::run_test::{closure#1}, ()>::{closure#1} as core[a373ad73a504971]::ops::function::FnOnce<()>>::call_once::{shim:vtable#0}
[INFO] [stdout]   17:     0x5cf210de143f - <std[617be2ca0a6fd877]::sys::thread::unix::Thread>::new::thread_start
[INFO] [stdout]   18:     0x79cf28905dfa - <unknown>
[INFO] [stdout]   19:     0x79cf289993d4 - clone
[INFO] [stdout]   20:                0x0 - <unknown>
[INFO] [stdout] 
[INFO] [stdout] 
[INFO] [stdout] failures:
[INFO] [stdout]     test_database_create_and_drop
[INFO] [stdout]     test_database_create_is_idempotent
[INFO] [stdout]     test_migrate_info_shows_pending_sql_without_applying
[INFO] [stdout]     test_migrate_run_failing_sql_does_not_record
[INFO] [stdout]     test_migrate_run_status_revert
[INFO] [stdout]     test_migrate_validate_clean
[INFO] [stdout]     test_migrate_validate_detects_missing_file
[INFO] [stdout]     test_prepare_then_check_against_live_db
[INFO] [stdout] 
[INFO] [stdout] test result: FAILED. 3 passed; 8 failed; 0 ignored; 0 measured; 0 filtered out; finished in 0.03s
[INFO] [stdout] 
[INFO] [stderr] error: test failed, to rerun pass `--test cli_test`
[INFO] running `Command { std: "docker" "inspect" "a203ef49c9ad5c6d729b16d863d2577a977b0590cd6c64daa6c0e5bb53f514b9", kill_on_drop: false }`
[INFO] running `Command { std: "docker" "rm" "-f" "a203ef49c9ad5c6d729b16d863d2577a977b0590cd6c64daa6c0e5bb53f514b9", kill_on_drop: false }`
[INFO] [stdout] a203ef49c9ad5c6d729b16d863d2577a977b0590cd6c64daa6c0e5bb53f514b9
