[INFO] fetching crate reratui 1.1.0...
[INFO] testing reratui-1.1.0 against 1.99.0-beta.8+cargoflags=--release for beta-release-1.100-2
[INFO] extracting crate reratui 1.1.0 into /workspace/builds/worker-6-tc1/source
[INFO] started tweaking crates.io crate reratui 1.1.0
[INFO] removed 0 missing tests
[INFO] finished tweaking crates.io crate reratui 1.1.0
[INFO] tweaked toml for crates.io crate reratui 1.1.0 written to /workspace/builds/worker-6-tc1/source/Cargo.toml
[INFO] validating manifest of crates.io crate reratui 1.1.0 on toolchain 1.99.0-beta.8
[INFO] running `Command { std: CARGO_HOME="/workspace/cargo-home" RUSTUP_HOME="/workspace/rustup-home" "/workspace/cargo-home/bin/cargo" "+1.99.0-beta.8" "metadata" "--manifest-path" "Cargo.toml" "--no-deps", kill_on_drop: false }`
[INFO] crate crates.io crate reratui 1.1.0 already has a lockfile, it will not be regenerated
[INFO] running `Command { std: CARGO_HOME="/workspace/cargo-home" RUSTUP_HOME="/workspace/rustup-home" "/workspace/cargo-home/bin/cargo" "+1.99.0-beta.8" "fetch" "--manifest-path" "Cargo.toml", kill_on_drop: false }`
[INFO] [stderr]  Downloading crates ...
[INFO] [stderr]   Downloaded unicode-truncate v2.0.0
[INFO] running `Command { std: "docker" "create" "-v" "/var/lib/crater-agent-workspace/builds/worker-6-tc1/source:/opt/rustwide/workdir:ro,Z" "-v" "/var/lib/crater-agent-workspace/builds/worker-6-tc1/target:/opt/rustwide/target:rw,Z" "-v" "/var/lib/crater-agent-workspace/cargo-home:/opt/rustwide/cargo-home:ro,Z" "-v" "/var/lib/crater-agent-workspace/rustup-home:/opt/rustwide/rustup-home:ro,Z" "-m" "1610612736" "--network" "none" "ghcr.io/rust-lang/crates-build-env/linux@sha256:77db811e55d90add9212f6832c23229e3de5f1c1f9905e8cb07319ea15df73ac" "sleep" "infinity", kill_on_drop: false }`
[INFO] [stdout] cc1c55028218d7797cbd573fa19eb78c122426849bf5bd4c4bbc4463e967a9d6
[INFO] running `Command { std: "docker" "start" "cc1c55028218d7797cbd573fa19eb78c122426849bf5bd4c4bbc4463e967a9d6", kill_on_drop: false }`
[INFO] running `Command { std: "docker" "inspect" "cc1c55028218d7797cbd573fa19eb78c122426849bf5bd4c4bbc4463e967a9d6", kill_on_drop: false }`
[INFO] running `Command { std: "docker" "exec" "-e" "SOURCE_DIR=/opt/rustwide/workdir" "-e" "CARGO_HOME=/opt/rustwide/cargo-home" "-e" "RUSTUP_HOME=/opt/rustwide/rustup-home" "-e" "CARGO_TARGET_DIR=/opt/rustwide/target" "-w" "/opt/rustwide/workdir" "--user" "0:0" "cc1c55028218d7797cbd573fa19eb78c122426849bf5bd4c4bbc4463e967a9d6" "/opt/rustwide/cargo-home/bin/cargo" "+1.99.0-beta.8" "metadata" "--no-deps" "--format-version=1", kill_on_drop: false }`
[INFO] running `Command { std: "docker" "inspect" "cc1c55028218d7797cbd573fa19eb78c122426849bf5bd4c4bbc4463e967a9d6", kill_on_drop: false }`
[INFO] running `Command { std: "docker" "exec" "-e" "SOURCE_DIR=/opt/rustwide/workdir" "-e" "CARGO_HOME=/opt/rustwide/cargo-home" "-e" "RUSTUP_HOME=/opt/rustwide/rustup-home" "-e" "CARGO_TARGET_DIR=/opt/rustwide/target" "-e" "CARGO_INCREMENTAL=0" "-e" "RUST_BACKTRACE=full" "-e" "RUSTFLAGS=--cap-lints=warn" "-e" "RUSTDOCFLAGS=--cap-lints=warn" "-w" "/opt/rustwide/workdir" "--user" "0:0" "cc1c55028218d7797cbd573fa19eb78c122426849bf5bd4c4bbc4463e967a9d6" "/opt/rustwide/cargo-home/bin/cargo" "+1.99.0-beta.8" "build" "--frozen" "--message-format=json" "--release", kill_on_drop: false }`
[INFO] [stderr]    Compiling proc-macro2 v1.0.105
[INFO] [stderr]    Compiling quote v1.0.43
[INFO] [stderr]    Compiling libc v0.2.180
[INFO] [stderr]    Compiling itertools v0.13.0
[INFO] [stderr]    Compiling indoc v2.0.7
[INFO] [stderr]    Compiling ryu v1.0.22
[INFO] [stderr]    Compiling instability v0.3.11
[INFO] [stderr]    Compiling castaway v0.2.4
[INFO] [stderr]    Compiling lru v0.16.3
[INFO] [stderr]    Compiling itertools v0.14.0
[INFO] [stderr]    Compiling rustix v1.1.3
[INFO] [stderr]    Compiling time-core v0.1.6
[INFO] [stderr]    Compiling num_threads v0.1.7
[INFO] [stderr]    Compiling num-conv v0.1.0
[INFO] [stderr]    Compiling futures-channel v0.3.31
[INFO] [stderr]    Compiling line-clipping v0.3.5
[INFO] [stderr]    Compiling regex-syntax v0.8.8
[INFO] [stderr]    Compiling tracing-core v0.1.36
[INFO] [stderr]    Compiling compact_str v0.9.0
[INFO] [stderr]    Compiling syn v2.0.114
[INFO] [stderr]    Compiling errno v0.3.14
[INFO] [stderr]    Compiling mio v1.1.1
[INFO] [stderr]    Compiling parking_lot_core v0.9.12
[INFO] [stderr]    Compiling time v0.3.44
[INFO] [stderr]    Compiling socket2 v0.6.1
[INFO] [stderr]    Compiling signal-hook-registry v1.4.8
[INFO] [stderr]    Compiling parking_lot v0.12.5
[INFO] [stderr]    Compiling unicode-truncate v2.0.0
[INFO] [stderr]    Compiling signal-hook v0.3.18
[INFO] [stderr]    Compiling signal-hook-mio v0.2.5
[INFO] [stderr]    Compiling regex-automata v0.4.13
[INFO] [stderr]    Compiling darling_core v0.23.0
[INFO] [stderr]    Compiling thiserror-impl v2.0.17
[INFO] [stderr]    Compiling strum_macros v0.27.2
[INFO] [stderr]    Compiling derive_more-impl v2.1.1
[INFO] [stderr]    Compiling futures-macro v0.3.31
[INFO] [stderr]    Compiling tokio-macros v2.6.0
[INFO] [stderr]    Compiling tracing-attributes v0.1.31
[INFO] [stderr]    Compiling tokio v1.49.0
[INFO] [stderr]    Compiling derive_more v2.1.1
[INFO] [stderr]    Compiling crossterm v0.29.0
[INFO] [stderr]    Compiling futures-util v0.3.31
[INFO] [stderr]    Compiling tracing v0.1.44
[INFO] [stderr]    Compiling darling_macro v0.23.0
[INFO] [stderr]    Compiling thiserror v2.0.17
[INFO] [stderr]    Compiling kasuari v0.4.11
[INFO] [stderr]    Compiling darling v0.23.0
[INFO] [stderr]    Compiling strum v0.27.2
[INFO] [stderr]    Compiling ratatui-core v0.1.0
[INFO] [stderr]    Compiling regex v1.12.2
[INFO] [stderr]    Compiling ratatui-widgets v0.3.0
[INFO] [stderr]    Compiling ratatui-crossterm v0.1.0
[INFO] [stderr]    Compiling futures-executor v0.3.31
[INFO] [stderr]    Compiling futures v0.3.31
[INFO] [stderr]    Compiling ratatui-macros v0.7.0
[INFO] [stderr]    Compiling ratatui v0.30.0
[INFO] [stderr]    Compiling tokio-stream v0.1.18
[INFO] [stderr]    Compiling reratui v1.1.0 (/opt/rustwide/workdir)
[INFO] [stdout] warning: unused variable: `fiber_id`
[INFO] [stdout]    --> src/fiber_tree.rs:139:21
[INFO] [stdout]     |
[INFO] [stdout] 139 |         if let Some(fiber_id) = self.render_stack.last().copied() {
[INFO] [stdout]     |                     ^^^^^^^^ help: if this is intentional, prefix it with an underscore: `_fiber_id`
[INFO] [stdout]     |
[INFO] [stdout]     = note: `#[warn(unused_variables)]` (part of `#[warn(unused)]`) on by default
[INFO] [stdout] 
[INFO] [stdout] 
[INFO] [stderr]     Finished `release` profile [optimized] target(s) in 53.36s
[INFO] running `Command { std: "docker" "inspect" "cc1c55028218d7797cbd573fa19eb78c122426849bf5bd4c4bbc4463e967a9d6", kill_on_drop: false }`
[INFO] running `Command { std: "docker" "exec" "-e" "SOURCE_DIR=/opt/rustwide/workdir" "-e" "CARGO_HOME=/opt/rustwide/cargo-home" "-e" "RUSTUP_HOME=/opt/rustwide/rustup-home" "-e" "CARGO_TARGET_DIR=/opt/rustwide/target" "-e" "CARGO_INCREMENTAL=0" "-e" "RUST_BACKTRACE=full" "-e" "RUSTFLAGS=--cap-lints=warn" "-e" "RUSTDOCFLAGS=--cap-lints=warn" "-w" "/opt/rustwide/workdir" "--user" "0:0" "cc1c55028218d7797cbd573fa19eb78c122426849bf5bd4c4bbc4463e967a9d6" "/opt/rustwide/cargo-home/bin/cargo" "+1.99.0-beta.8" "test" "--frozen" "--no-run" "--message-format=json" "--release", kill_on_drop: false }`
[INFO] [stderr]    Compiling rustix v1.1.3
[INFO] [stderr]    Compiling getrandom v0.3.4
[INFO] [stderr]    Compiling zerocopy v0.8.33
[INFO] [stderr]    Compiling wait-timeout v0.2.1
[INFO] [stderr]    Compiling sdd v3.0.10
[INFO] [stderr]    Compiling serial_test_derive v3.3.1
[INFO] [stderr]    Compiling rand_core v0.9.3
[INFO] [stderr]    Compiling rand_xorshift v0.4.0
[INFO] [stderr]    Compiling rand v0.9.2
[INFO] [stderr]    Compiling scc v2.4.0
[INFO] [stderr]    Compiling ppv-lite86 v0.2.21
[INFO] [stderr]    Compiling crossterm v0.29.0
[INFO] [stderr]    Compiling tempfile v3.24.0
[INFO] [stderr]    Compiling rand_chacha v0.9.0
[INFO] [stderr]    Compiling serial_test v3.3.1
[INFO] [stderr]    Compiling rusty-fork v0.3.1
[INFO] [stderr]    Compiling proptest v1.9.0
[INFO] [stderr]    Compiling ratatui-crossterm v0.1.0
[INFO] [stderr]    Compiling ratatui v0.30.0
[INFO] [stderr]    Compiling reratui v1.1.0 (/opt/rustwide/workdir)
[INFO] [stdout] warning: unused variable: `fiber_id`
[INFO] [stdout]    --> src/fiber_tree.rs:139:21
[INFO] [stdout]     |
[INFO] [stdout] 139 |         if let Some(fiber_id) = self.render_stack.last().copied() {
[INFO] [stdout]     |                     ^^^^^^^^ help: if this is intentional, prefix it with an underscore: `_fiber_id`
[INFO] [stdout]     |
[INFO] [stdout]     = note: `#[warn(unused_variables)]` (part of `#[warn(unused)]`) on by default
[INFO] [stdout] 
[INFO] [stdout] 
[INFO] [stdout] warning: unused variable: `fiber_id`
[INFO] [stdout]    --> src/fiber_tree.rs:139:21
[INFO] [stdout]     |
[INFO] [stdout] 139 |         if let Some(fiber_id) = self.render_stack.last().copied() {
[INFO] [stdout]     |                     ^^^^^^^^ help: if this is intentional, prefix it with an underscore: `_fiber_id`
[INFO] [stdout]     |
[INFO] [stdout]     = note: `#[warn(unused_variables)]` (part of `#[warn(unused)]`) on by default
[INFO] [stdout] 
[INFO] [stdout] 
[INFO] [stdout] warning: unused variable: `strict_mode`
[INFO] [stdout]    --> src/strict_mode.rs:253:13
[INFO] [stdout]     |
[INFO] [stdout] 253 |         let strict_mode = StrictMode::new(true);
[INFO] [stdout]     |             ^^^^^^^^^^^
[INFO] [stdout]     |
[INFO] [stdout] help: you might have meant to pattern match on the similarly named struct `StrictMode`
[INFO] [stdout]     |
[INFO] [stdout] 253 |         let strict_mode::StrictMode = StrictMode::new(true);
[INFO] [stdout]     |                        ++++++++++++
[INFO] [stdout] help: if this is intentional, prefix it with an underscore
[INFO] [stdout]     |
[INFO] [stdout] 253 |         let _strict_mode = StrictMode::new(true);
[INFO] [stdout]     |             +
[INFO] [stdout] 
[INFO] [stdout] 
[INFO] [stdout] warning: unused variable: `strict_mode_disabled`
[INFO] [stdout]    --> src/strict_mode.rs:257:13
[INFO] [stdout]     |
[INFO] [stdout] 257 |         let strict_mode_disabled = StrictMode::new(false);
[INFO] [stdout]     |             ^^^^^^^^^^^^^^^^^^^^ help: if this is intentional, prefix it with an underscore: `_strict_mode_disabled`
[INFO] [stdout] 
[INFO] [stdout] 
[INFO] [stdout] warning: unused variable: `strict_mode`
[INFO] [stdout]    --> src/strict_mode.rs:264:13
[INFO] [stdout]     |
[INFO] [stdout] 264 |         let strict_mode = StrictMode::default();
[INFO] [stdout]     |             ^^^^^^^^^^^
[INFO] [stdout]     |
[INFO] [stdout] help: you might have meant to pattern match on the similarly named struct `StrictMode`
[INFO] [stdout]     |
[INFO] [stdout] 264 |         let strict_mode::StrictMode = StrictMode::default();
[INFO] [stdout]     |                        ++++++++++++
[INFO] [stdout] help: if this is intentional, prefix it with an underscore
[INFO] [stdout]     |
[INFO] [stdout] 264 |         let _strict_mode = StrictMode::default();
[INFO] [stdout]     |             +
[INFO] [stdout] 
[INFO] [stdout] 
[INFO] [stderr]     Finished `release` profile [optimized] target(s) in 1m 17s
[INFO] running `Command { std: "docker" "inspect" "cc1c55028218d7797cbd573fa19eb78c122426849bf5bd4c4bbc4463e967a9d6", kill_on_drop: false }`
[INFO] running `Command { std: "docker" "exec" "-e" "SOURCE_DIR=/opt/rustwide/workdir" "-e" "CARGO_HOME=/opt/rustwide/cargo-home" "-e" "RUSTUP_HOME=/opt/rustwide/rustup-home" "-e" "CARGO_TARGET_DIR=/opt/rustwide/target" "-e" "CARGO_INCREMENTAL=0" "-e" "RUST_BACKTRACE=full" "-e" "RUSTFLAGS=--cap-lints=warn" "-e" "RUSTDOCFLAGS=--cap-lints=warn" "-w" "/opt/rustwide/workdir" "--user" "0:0" "cc1c55028218d7797cbd573fa19eb78c122426849bf5bd4c4bbc4463e967a9d6" "/opt/rustwide/cargo-home/bin/cargo" "+1.99.0-beta.8" "test" "--frozen" "--release", kill_on_drop: false }`
[INFO] [stderr] warning: unused variable: `fiber_id`
[INFO] [stderr]    --> src/fiber_tree.rs:139:21
[INFO] [stderr]     |
[INFO] [stderr] 139 |         if let Some(fiber_id) = self.render_stack.last().copied() {
[INFO] [stderr]     |                     ^^^^^^^^ help: if this is intentional, prefix it with an underscore: `_fiber_id`
[INFO] [stderr]     |
[INFO] [stderr]     = note: `#[warn(unused_variables)]` (part of `#[warn(unused)]`) on by default
[INFO] [stderr] 
[INFO] [stderr] warning: `reratui` (lib) generated 1 warning (run `cargo fix --lib -p reratui` to apply 1 suggestion)
[INFO] [stderr] warning: unused variable: `strict_mode`
[INFO] [stderr]    --> src/strict_mode.rs:253:13
[INFO] [stderr]     |
[INFO] [stderr] 253 |         let strict_mode = StrictMode::new(true);
[INFO] [stderr]     |             ^^^^^^^^^^^
[INFO] [stderr]     |
[INFO] [stderr] help: you might have meant to pattern match on the similarly named struct `StrictMode`
[INFO] [stderr]     |
[INFO] [stderr] 253 |         let strict_mode::StrictMode = StrictMode::new(true);
[INFO] [stderr]     |                        ++++++++++++
[INFO] [stderr] help: if this is intentional, prefix it with an underscore
[INFO] [stderr]     |
[INFO] [stderr] 253 |         let _strict_mode = StrictMode::new(true);
[INFO] [stderr]     |             +
[INFO] [stderr] 
[INFO] [stderr] warning: unused variable: `strict_mode_disabled`
[INFO] [stderr]    --> src/strict_mode.rs:257:13
[INFO] [stderr]     |
[INFO] [stderr] 257 |         let strict_mode_disabled = StrictMode::new(false);
[INFO] [stderr]     |             ^^^^^^^^^^^^^^^^^^^^ help: if this is intentional, prefix it with an underscore: `_strict_mode_disabled`
[INFO] [stderr] 
[INFO] [stderr] warning: unused variable: `strict_mode`
[INFO] [stderr]    --> src/strict_mode.rs:264:13
[INFO] [stderr]     |
[INFO] [stderr] 264 |         let strict_mode = StrictMode::default();
[INFO] [stderr]     |             ^^^^^^^^^^^
[INFO] [stderr]     |
[INFO] [stderr] help: you might have meant to pattern match on the similarly named struct `StrictMode`
[INFO] [stderr]     |
[INFO] [stderr] 264 |         let strict_mode::StrictMode = StrictMode::default();
[INFO] [stderr]     |                        ++++++++++++
[INFO] [stderr] help: if this is intentional, prefix it with an underscore
[INFO] [stderr]     |
[INFO] [stderr] 264 |         let _strict_mode = StrictMode::default();
[INFO] [stderr]     |             +
[INFO] [stderr] 
[INFO] [stderr] warning: `reratui` (lib test) generated 4 warnings (1 duplicate) (run `cargo fix --lib -p reratui --tests` to apply 3 suggestions)
[INFO] [stderr]     Finished `release` profile [optimized] target(s) in 0.23s
[INFO] [stderr]      Running unittests src/lib.rs (/opt/rustwide/target/release/deps/reratui-4bf51f5e34f46144)
[INFO] [stdout] 
[INFO] [stdout] running 483 tests
[INFO] [stdout] test component::tests::test_different_types_different_ids ... ok
[INFO] [stdout] test component::tests::test_same_type_different_positions ... ok
[INFO] [stdout] test component::tests::test_wrapper_clone ... ok
[INFO] [stdout] test context_stack::property_tests::prop_context_cleanup_on_unmount ... ok
[INFO] [stdout] test context_stack::property_tests::prop_same_fiber_multiple_values ... ok
[INFO] [stdout] test context_stack::tests::test_clear ... ok
[INFO] [stdout] test context_stack::tests::test_context_stack_creation ... ok
[INFO] [stdout] test context_stack::tests::test_has_context ... ok
[INFO] [stdout] test context_stack::tests::test_multiple_contexts_same_fiber ... ok
[INFO] [stdout] test context_stack::tests::test_get_nonexistent_returns_none ... ok
[INFO] [stdout] test context_stack::tests::test_default_impl ... ok
[INFO] [stdout] test context_stack::property_tests::prop_multiple_context_types_independent ... ok
[INFO] [stdout] test component::tests::test_simulated_render_frames ... ok
[INFO] [stdout] test context_stack::tests::test_multiple_types ... ok
[INFO] [stdout] test context_stack::property_tests::prop_context_stack_shadowing ... ok
[INFO] [stdout] test context_stack::tests::test_deeply_nested_providers ... ok
[INFO] [stdout] test element::property_tests::prop_element_default_creates_empty_text ... ok
[INFO] [stdout] test context_stack::property_tests::prop_fiber_provides_multiple_types ... ok
[INFO] [stdout] test component::tests::test_position_counter_reset ... ok
[INFO] [stdout] test context_stack::tests::test_pop_for_fiber ... ok
[INFO] [stdout] test context_stack::tests::test_thread_local_pop_for_fiber ... ok
[INFO] [stdout] test context_stack::tests::test_thread_local_push_and_get ... ok
[INFO] [stdout] test context_stack::tests::test_provider_count ... ok
[INFO] [stdout] test context_stack::tests::test_with_context_stack ... ok
[INFO] [stdout] test context_stack::tests::test_with_context_stack_mut ... ok
[INFO] [stdout] test context_stack::tests::test_push_and_get ... ok
[INFO] [stdout] test element::tests::test_element_default_creates_empty_text ... ok
[INFO] [stdout] test element::tests::test_element_fragment_empty_returns_empty_text ... ok
[INFO] [stdout] test element::tests::test_element_fragment_multiple_creates_widget ... ok
[INFO] [stdout] test element::tests::test_element_fragment_renders_children ... ok
[INFO] [stdout] test element::tests::test_element_fragment_single_returns_element ... ok
[INFO] [stdout] test element::property_tests::prop_element_new_creates_empty_text ... ok
[INFO] [stdout] test element::property_tests::prop_fragment_empty_returns_empty_text ... ok
[INFO] [stdout] test element::tests::test_element_text_creates_text_node ... ok
[INFO] [stdout] test element::property_tests::prop_with_key_noop_on_text ... ok
[INFO] [stdout] test element::property_tests::prop_element_widget_creates_widget_variant ... ok
[INFO] [stdout] test element::property_tests::prop_element_text_creates_text_variant ... ok
[INFO] [stdout] test element::property_tests::prop_fragment_single_returns_element ... ok
[INFO] [stdout] test element::tests::test_element_with_key_sets_key_on_widget ... ok
[INFO] [stdout] test element::tests::test_element_widget_renders ... ok
[INFO] [stdout] test element::tests::test_element_widget_creates_widget_node ... ok
[INFO] [stdout] test element::tests::test_element_with_key_does_nothing_on_text ... ok
[INFO] [stdout] test element::property_tests::prop_text_render_is_noop ... ok
[INFO] [stdout] test element::property_tests::prop_fragment_multiple_creates_widget ... ok
[INFO] [stdout] test element::tests::test_element_text_render_is_noop ... ok
[INFO] [stdout] test context_stack::tests::test_nested_providers_shadow ... ok
[INFO] [stdout] test element::tests::test_element_new_creates_empty_text ... ok
[INFO] [stdout] test element::property_tests::prop_with_key_preserves_variant ... ok
[INFO] [stdout] test element::property_tests::prop_widget_renders_content ... ok
[INFO] [stdout] test element::property_tests::prop_with_key_sets_key_on_widget ... ok
[INFO] [stdout] test element::property_tests::prop_fragment_renders_children ... ok
[INFO] [stdout] test event::tests::test_stop_propagation_blocks_other_fibers ... ok
[INFO] [stdout] test fiber::tests::test_async_pending_effect_creation ... ok
[INFO] [stdout] test event::tests::test_clear_event ... ok
[INFO] [stdout] test fiber::tests::test_async_pending_effect_with_async_cleanup ... ok
[INFO] [stdout] test fiber::tests::test_fiber_creation ... ok
[INFO] [stdout] test fiber::tests::test_fiber_id_traits ... ok
[INFO] [stdout] test event::tests::test_different_fibers_can_read_same_event ... ok
[INFO] [stdout] test fiber::tests::test_async_pending_effect_execution ... ok
[INFO] [stdout] test event::tests::test_propagation_state_reset ... ok
[INFO] [stdout] test event::tests::test_set_and_get_event ... ok
[INFO] [stdout] test event::tests::test_new_event_resets_propagation_state ... ok
[INFO] [stdout] test event::tests::test_stop_propagation_allows_same_fiber ... ok
[INFO] [stdout] test fiber::tests::test_pending_effect_with_cleanup ... ok
[INFO] [stdout] test fiber::tests::test_reset_hook_index ... ok
[INFO] [stdout] test fiber::tests::test_next_hook_index ... ok
[INFO] [stdout] test fiber::tests::test_pending_effect_creation ... ok
[INFO] [stdout] test fiber::tests::test_get_or_init_hook ... ok
[INFO] [stdout] test fiber_tree::tests::test_fiber_tree_creation ... ok
[INFO] [stdout] test fiber::tests::test_set_and_get_hook ... ok
[INFO] [stdout] test fiber_tree::property_tests::prop_unseen_fibers_scheduled_for_unmount ... ok
[INFO] [stdout] test fiber_tree::property_tests::prop_fiber_lifecycle_management ... ok
[INFO] [stdout] test fiber_tree::property_tests::prop_component_id_mapping_consistency ... ok
[INFO] [stdout] test fiber::tests::test_fiber_with_parent_and_key ... ok
[INFO] [stdout] test fiber_tree::tests::test_mark_unseen_for_unmount_schedules_unseen ... ok
[INFO] [stdout] test fiber_tree::tests::test_mount_child_fiber ... ok
[INFO] [stdout] test fiber_tree::tests::test_get_or_create_fiber_by_component_id_different_ids ... ok
[INFO] [stdout] test fiber_tree::tests::test_dirty_fibers ... ok
[INFO] [stdout] test fiber_tree::tests::test_process_unmounts_multiple_fibers ... ok
[INFO] [stdout] test fiber_tree::tests::test_has_pending_unmounts ... ok
[INFO] [stdout] test fiber_tree::tests::test_get_or_create_fiber_by_component_id_returns_existing ... ok
[INFO] [stdout] test fiber_tree::tests::test_fiber_lifecycle_full_cycle ... ok
[INFO] [stdout] test fiber_tree::tests::test_prepare_for_render ... ok
[INFO] [stdout] test fiber_tree::tests::test_mark_unseen_for_unmount_clears_seen_set ... ok
[INFO] [stdout] test fiber_tree::tests::test_get_or_create_fiber_by_component_id_creates_new ... ok
[INFO] [stdout] test fiber_tree::tests::test_mount_root_fiber ... ok
[INFO] [stdout] test fiber_tree::tests::test_process_unmounts_cleans_up_context ... ok
[INFO] [stdout] test global_events::property_tests::prop_only_press_events_processed ... ok
[INFO] [stdout] test global_events::tests::test_clear_handlers ... ok
[INFO] [stdout] test fiber_tree::tests::test_render_stack ... ok
[INFO] [stdout] test fiber_tree::tests::test_process_unmounts_nested_context_cleanup ... ok
[INFO] [stdout] test fiber_tree::tests::test_get_or_create_fiber_by_component_id_with_parent ... ok
[INFO] [stdout] test global_events::property_tests::prop_propagation_stops_on_true ... ok
[INFO] [stdout] test global_events::property_tests::prop_handler_propagation ... ok
[INFO] [stdout] test global_events::tests::test_no_handlers_for_key ... ok
[INFO] [stdout] test global_events::tests::test_only_press_events_processed ... ok
[INFO] [stdout] test fiber_tree::tests::test_process_unmounts_removes_fibers ... ok
[INFO] [stdout] test fiber_tree::tests::test_remove_cleans_up_component_id_mapping ... ok
[INFO] [stdout] test fiber_tree::tests::test_cleanup_component_id_mapping ... ok
[INFO] [stdout] test global_events::property_tests::prop_all_handlers_called_when_none_stop ... ok
[INFO] [stdout] test event::tests::test_event_available_multiple_times_per_fiber ... ok
[INFO] [stdout] test event::tests::test_event_state_helpers ... ok
[INFO] [stdout] test event::tests::test_peek_does_not_affect_propagation ... ok
[INFO] [stdout] test fiber_tree::tests::test_remove_fiber ... ok
[INFO] [stdout] test fiber_tree::tests::test_schedule_unmount ... ok
[INFO] [stdout] test global_events::tests::test_handler_registration_and_invocation ... ok
[INFO] [stdout] test global_events::tests::test_handlers_called_in_registration_order ... ok
[INFO] [stdout] test global_events::tests::test_propagation_continues_on_false ... ok
[INFO] [stdout] test hooks::async_hooks::tests::test_mutation_options_default ... ok
[INFO] [stdout] test hooks::async_hooks::tests::test_future_state_from_result ... ok
[INFO] [stdout] test hooks::async_hooks::tests::test_future_handle_new ... ok
[INFO] [stdout] test hooks::async_hooks::tests::test_future_handle_cancel ... ok
[INFO] [stdout] test hooks::async_hooks::tests::test_future_state_methods ... ok
[INFO] [stdout] test hooks::async_hooks::tests::test_future_state_default ... ok
[INFO] [stdout] test hooks::async_hooks::tests::test_future_handle_set_state ... ok
[INFO] [stdout] test hooks::async_hooks::tests::test_query_status_default ... ok
[INFO] [stdout] test hooks::async_hooks::tests::test_mutation_status_default ... ok
[INFO] [stdout] test hooks::async_hooks::tests::test_mutation_state_default ... ok
[INFO] [stdout] test hooks::async_hooks::tests::test_future_state_map ... ok
[INFO] [stdout] test hooks::async_hooks::tests::test_use_mutation_reset ... ok
[INFO] [stdout] test hooks::async_hooks::tests::test_query_options_default ... ok
[INFO] [stdout] test global_events::tests::test_propagation_stops_on_true ... ok
[INFO] [stdout] test hooks::async_hooks::tests::test_use_future_returns_handle ... ok
[INFO] [stdout] test hooks::async_hooks::tests::test_use_mutation_returns_handle ... ok
[INFO] [stdout] test hooks::context::tests::test_context_with_custom_type ... ok
[INFO] [stdout] test hooks::async_hooks::tests::test_use_query_disabled ... ok
[INFO] [stdout] test hooks::context::tests::test_multiple_context_types ... ok
[INFO] [stdout] test hooks::context::tests::test_nested_providers_shadow ... ok
[INFO] [stdout] test hooks::async_hooks::tests::test_use_query_returns_result ... ok
[INFO] [stdout] test hooks::async_hooks::tests::test_clear_query_cache ... ok
[INFO] [stdout] test hooks::context::tests::test_try_use_context_returns_none_without_provider ... ok
[INFO] [stdout] test hooks::context::tests::test_use_context_provider_creates_value ... ok
[INFO] [stdout] test hooks::context::tests::test_use_context_returns_value ... ok
[INFO] [stdout] test hooks::context::tests::test_use_context_provider_pushes_to_context_stack ... ok
[INFO] [stdout] test hooks::context::tests::test_try_use_context_returns_value ... ok
[INFO] [stdout] test hooks::effect::tests::test_use_async_effect_once ... ok
[INFO] [stdout] test hooks::context::tests::test_use_context_provider_tracks_provided_contexts ... ok
[INFO] [stdout] test hooks::context::tests::test_use_context_provider_returns_same_value_on_rerender ... ok
[INFO] [stdout] test hooks::effect::tests::test_async_effect_queued_not_executed_immediately ... ok
[INFO] [stdout] test hooks::effect::tests::test_async_effect_with_empty_deps_runs_once ... ok
[INFO] [stdout] test hooks::effect::tests::test_effect_with_empty_deps_runs_once ... ok
[INFO] [stdout] test hooks::effect::tests::test_effect_queued_not_executed_immediately ... ok
[INFO] [stdout] test hooks::effect::tests::test_effect_with_none_deps_runs_every_render ... ok
[INFO] [stdout] test hooks::effect_event::property_tests::prop_effect_event_function_stability ... ok
[INFO] [stdout] test hooks::effect_event::property_tests::prop_effect_event_stability_with_varying_handlers ... ok
[INFO] [stdout] test hooks::effect_event::property_tests::prop_effect_event_sees_current_state ... ok
[INFO] [stdout] test hooks::effect::tests::test_effect_runs_on_flush ... ok
[INFO] [stdout] test hooks::effect::tests::test_effect_with_changing_deps ... ok
[INFO] [stdout] test hooks::effect::tests::test_use_effect_once ... ok
[INFO] [stdout] test hooks::context::tests::test_use_context_provider_panics_outside_render - should panic ... ok
[INFO] [stdout] test hooks::effect_event::property_tests::prop_effect_event_handler_always_current ... ok
[INFO] [stdout] test hooks::context::tests::test_use_context_panics_without_provider - should panic ... ok
[INFO] [stdout] test hooks::effect_event::property_tests::prop_multiple_effect_events_independent ... ok
[INFO] [stdout] test hooks::effect_event::tests::test_effect_event_sees_current_state ... ok
[INFO] [stdout] test hooks::effect_event::tests::test_effect_event_stability_across_renders ... ok
[INFO] [stdout] test hooks::effect_event::tests::test_effect_event_handler_updated_each_render ... ok
[INFO] [stdout] test hooks::effect_event::tests::test_effect_event_fiber_id_and_hook_index ... ok
[INFO] [stdout] test hooks::effect_event::tests::test_effect_event_with_return_value ... ok
[INFO] [stdout] test hooks::effect_event::tests::test_use_effect_event_basic ... ok
[INFO] [stdout] test hooks::effect_event::tests::test_use_effect_event_panics_outside_render - should panic ... ok
[INFO] [stdout] test hooks::event::tests::test_peek_event_returns_event ... ok
[INFO] [stdout] test hooks::effect_event::tests::test_effect_event_clone_shares_handler ... ok
[INFO] [stdout] test hooks::event::tests::test_peek_event_works_after_stop_propagation ... ok
[INFO] [stdout] test hooks::event::tests::test_stop_propagation_allows_same_fiber ... ok
[INFO] [stdout] test hooks::event::tests::test_use_event_returns_event ... ok
[INFO] [stdout] test hooks::effect_event::tests::test_multiple_effect_events ... ok
[INFO] [stdout] test hooks::event::tests::test_stop_propagation_blocks_other_fibers ... ok
[INFO] [stdout] test hooks::event::tests::test_use_event_returns_none_when_no_event ... ok
[INFO] [stdout] test hooks::event::tests::test_use_event_available_multiple_times ... ok
[INFO] [stdout] test hooks::event::tests::test_use_event_clones_event ... ok
[INFO] [stdout] test hooks::effect_event::tests::test_use_effect_event_with_unit_input ... ok
[INFO] [stdout] test hooks::form::tests::test_form_config_builder ... ok
[INFO] [stdout] test hooks::form::tests::test_use_form_touched_state ... ok
[INFO] [stdout] test hooks::form::tests::test_form_config_builder_with_default_submit ... ok
[INFO] [stdout] test hooks::form::tests::test_use_form_get_all_values ... ok
[INFO] [stdout] test hooks::form::tests::test_try_use_form_context_returns_none ... ok
[INFO] [stdout] test hooks::form::tests::test_use_form_validation ... ok
[INFO] [stdout] test hooks::form::tests::test_use_watch ... ok
[INFO] [stdout] test hooks::form::tests::test_use_form_set_value ... ok
[INFO] [stdout] test hooks::form::tests::test_use_watch_all ... ok
[INFO] [stdout] test hooks::form::tests::test_field_registration_has_error ... ok
[INFO] [stdout] test hooks::form::tests::test_use_watch_multiple ... ok
[INFO] [stdout] test hooks::form::tests::test_use_form_register ... ok
[INFO] [stdout] test hooks::form::tests::test_validator_custom ... ok
[INFO] [stdout] test hooks::form::tests::test_form_config_builder_panics_without_submit - should panic ... ok
[INFO] [stdout] test hooks::form::tests::test_use_form_reset ... ok
[INFO] [stdout] test hooks::form::tests::test_use_form_initializes_state ... ok
[INFO] [stdout] test hooks::form::tests::test_use_form_context ... ok
[INFO] [stdout] test hooks::form::tests::test_validator_email ... ok
[INFO] [stdout] test hooks::history::tests::test_use_history_basic ... ok
[INFO] [stdout] test hooks::form::tests::test_validator_required ... ok
[INFO] [stdout] test hooks::form::tests::test_validator_max_length ... ok
[INFO] [stdout] test hooks::form::tests::test_validator_min_length ... ok
[INFO] [stdout] test hooks::history::tests::test_use_history_can_undo_redo ... ok
[INFO] [stdout] test hooks::history::property_tests::prop_history_set_clears_future ... ok
[INFO] [stdout] test hooks::history::property_tests::prop_history_stable_across_renders ... ok
[INFO] [stdout] test hooks::history::property_tests::prop_history_past_future_count_invariant ... ok
[INFO] [stdout] test hooks::form::tests::test_validator_range ... ok
[INFO] [stdout] test hooks::history::property_tests::prop_history_undo_redo_round_trip ... ok
[INFO] [stdout] test hooks::history::property_tests::prop_history_tracks_all_values ... ok
[INFO] [stdout] test hooks::history::property_tests::prop_history_multiple_undo_redo_round_trip ... ok
[INFO] [stdout] test hooks::history::property_tests::prop_history_can_undo_redo_consistency ... ok
[INFO] [stdout] test hooks::history::tests::test_use_history_clear_history ... ok
[INFO] [stdout] test hooks::history::tests::test_use_history_go_back_forward ... ok
[INFO] [stdout] test hooks::form::tests::test_validator_numeric ... ok
[INFO] [stdout] test hooks::id::tests::test_use_id_format ... ok
[INFO] [stdout] test hooks::history::tests::test_use_history_set_clears_future ... ok
[INFO] [stdout] test hooks::history::tests::test_use_history_redo ... ok
[INFO] [stdout] test hooks::history::tests::test_use_history_stable_across_renders ... ok
[INFO] [stdout] test hooks::id::property_tests::prop_id_stability_across_renders ... ok
[INFO] [stdout] test hooks::id::property_tests::prop_id_format_valid ... ok
[INFO] [stdout] test hooks::id::property_tests::prop_id_uniqueness_across_fibers ... ok
[INFO] [stdout] test hooks::id::property_tests::prop_id_uniqueness_across_hooks ... ok
[INFO] [stdout] test hooks::id::tests::test_use_id_basic ... ok
[INFO] [stdout] test hooks::id::tests::test_use_id_unique_per_fiber ... ok
[INFO] [stdout] test hooks::history::tests::test_use_history_undo ... ok
[INFO] [stdout] test hooks::history::tests::test_use_history_set ... ok
[INFO] [stdout] test hooks::history::tests::test_use_history_past_future_count ... ok
[INFO] [stdout] test hooks::history::tests::test_use_history_with_string ... ok
[INFO] [stdout] test hooks::id::tests::test_use_id_stable_across_renders ... ok
[INFO] [stdout] test hooks::id::property_tests::prop_id_stability_with_multiple_hooks ... ok
[INFO] [stdout] test hooks::history::tests::test_use_history_panics_outside_render - should panic ... ok
[INFO] [stdout] test hooks::id::tests::test_use_id_panics_outside_render - should panic ... ok
[INFO] [stdout] test hooks::layout::tests::test_component_area_default ... ok
[INFO] [stdout] test hooks::layout::tests::test_frame_info_is_first_frame ... ok
[INFO] [stdout] test hooks::keyboard::tests::test_use_keyboard_receives_key_event ... ok
[INFO] [stdout] test hooks::layout::tests::test_frame_info_delta_conversions ... ok
[INFO] [stdout] test hooks::keyboard::tests::test_use_keyboard_press_only_handles_press ... ok
[INFO] [stdout] test hooks::layout::tests::test_frame_info_default ... ok
[INFO] [stdout] test hooks::keyboard::tests::test_use_keyboard_shortcut_ignores_wrong_key ... ok
[INFO] [stdout] test hooks::layout::tests::test_component_area_deref ... ok
[INFO] [stdout] test hooks::keyboard::tests::test_use_keyboard_shortcut_matches_exact ... ok
[INFO] [stdout] test hooks::keyboard::tests::test_use_keyboard_shortcut_ignores_wrong_modifier ... ok
[INFO] [stdout] test hooks::keyboard::tests::test_use_keyboard_shortcut_with_combined_modifiers ... ok
[INFO] [stdout] test hooks::layout::tests::test_frame_info_creation ... ok
[INFO] [stdout] test hooks::id::tests::test_use_id_unique_per_hook ... ok
[INFO] [stdout] test hooks::layout::tests::test_use_area_with_context ... ok
[INFO] [stdout] test hooks::keyboard::tests::test_use_keyboard_ignores_non_key_events ... ok
[INFO] [stdout] test hooks::layout::tests::test_frame_info_fps ... ok
[INFO] [stdout] test hooks::layout::tests::test_use_media_query_default ... ok
[INFO] [stdout] test hooks::layout::tests::test_use_media_query_evaluates_predicate ... ok
[INFO] [stdout] test hooks::layout::tests::test_try_use_area_without_context ... ok
[INFO] [stdout] test hooks::keyboard::tests::test_use_keyboard_no_event ... ok
[INFO] [stdout] test hooks::memo::tests::test_use_memo_stable_with_none_deps ... ok
[INFO] [stdout] test hooks::memo::tests::test_use_callback_stable_with_same_deps ... ok
[INFO] [stdout] test hooks::layout::tests::test_use_resize_updates_on_event ... ok
[INFO] [stdout] test hooks::memo::tests::test_use_callback_stable_with_none_deps ... ok
[INFO] [stdout] test hooks::layout::tests::test_use_resize_default ... ok
[INFO] [stdout] test hooks::memo::tests::test_use_memo_stable_with_same_deps ... ok
[INFO] [stdout] test hooks::layout::tests::test_use_on_resize_receives_event ... ok
[INFO] [stdout] test hooks::memo::tests::test_use_callback_panics_outside_render - should panic ... ok
[INFO] [stdout] test hooks::memo::tests::test_use_memo_recomputes_on_dep_change ... ok
[INFO] [stdout] test hooks::memo::tests::test_use_callback_basic ... ok
[INFO] [stdout] test hooks::memo::tests::test_use_callback_with_tuple_deps ... ok
[INFO] [stdout] test hooks::layout::tests::test_use_on_resize_ignores_non_resize_events ... ok
[INFO] [stdout] test hooks::memo::tests::test_use_memo_panics_outside_render - should panic ... ok
[INFO] [stdout] test hooks::memo::tests::test_use_memo_basic ... ok
[INFO] [stdout] test hooks::mouse::tests::test_use_mouse_hover_outside_area ... ok
[INFO] [stdout] test hooks::mouse::tests::test_use_mouse_click_only_handles_down ... ok
[INFO] [stdout] test hooks::mouse::tests::test_use_mouse_hover_inside_area ... ok
[INFO] [stdout] test hooks::mouse::tests::test_use_mouse_ignores_non_mouse_events ... ok
[INFO] [stdout] test hooks::mouse::tests::test_use_mouse_no_event ... ok
[INFO] [stdout] test hooks::mouse::tests::test_drag_info_default ... ok
[INFO] [stdout] test hooks::memo::tests::test_multiple_callbacks ... ok
[INFO] [stdout] test hooks::mouse::tests::test_use_mouse_receives_mouse_event ... ok
[INFO] [stdout] test hooks::r#ref::tests::test_ref_is_clone ... ok
[INFO] [stdout] test hooks::mouse::tests::test_use_mouse_position_default ... ok
[INFO] [stdout] test hooks::r#ref::tests::test_ref_replace ... ok
[INFO] [stdout] test hooks::r#ref::tests::test_ref_set_does_not_trigger_rerender ... ok
[INFO] [stdout] test hooks::r#ref::property_tests::prop_ref_set_does_not_mark_dirty ... ok
[INFO] [stdout] test hooks::r#ref::tests::test_ref_take ... ok
[INFO] [stdout] test hooks::r#ref::tests::test_ref_with_accessor ... ok
[INFO] [stdout] test hooks::r#ref::property_tests::prop_ref_update_persists_across_renders ... ok
[INFO] [stdout] test hooks::r#ref::tests::test_use_ref_returns_same_value_on_rerender ... ok
[INFO] [stdout] test hooks::r#ref::property_tests::prop_ref_value_persistence_across_renders ... ok
[INFO] [stdout] test hooks::r#ref::tests::test_ref_with_mut_accessor ... ok
[INFO] [stdout] test hooks::r#ref::property_tests::prop_ref_replace_does_not_mark_dirty ... ok
[INFO] [stdout] test hooks::r#ref::tests::test_use_ref_initial_value ... ok
[INFO] [stdout] test hooks::reducer::property_tests::prop_dispatch_works_after_rerender ... ok
[INFO] [stdout] test hooks::r#ref::tests::test_use_ref_panics_outside_render - should panic ... ok
[INFO] [stdout] test hooks::r#ref::property_tests::prop_ref_with_mut_does_not_mark_dirty ... ok
[INFO] [stdout] test hooks::r#ref::tests::test_multiple_refs ... ok
[INFO] [stdout] test hooks::reducer::tests::test_dispatch_applies_reducer ... ok
[INFO] [stdout] test hooks::reducer::tests::test_dispatch_is_clone ... ok
[INFO] [stdout] test hooks::reducer::tests::test_dispatch_queues_update ... ok
[INFO] [stdout] test hooks::r#ref::tests::test_ref_persists_across_multiple_renders ... ok
[INFO] [stdout] test hooks::r#ref::tests::test_ref_update_does_not_trigger_rerender ... ok
[INFO] [stdout] test hooks::r#ref::property_tests::prop_ref_clone_shares_storage ... ok
[INFO] [stdout] test hooks::r#ref::property_tests::prop_ref_update_does_not_mark_dirty ... ok
[INFO] [stdout] test hooks::reducer::property_tests::prop_multiple_reducers_batch_independently ... ok
[INFO] [stdout] test hooks::reducer::property_tests::prop_dispatch_function_stability ... ok
[INFO] [stdout] test hooks::reducer::tests::test_multiple_dispatches_batched ... ok
[INFO] [stdout] test hooks::memo::tests::test_use_callback_recreated_on_dep_change ... ok
[INFO] [stdout] test hooks::mouse::tests::test_use_mouse_position ... ok
[INFO] [stdout] test hooks::state::tests::test_functional_updates_receive_latest_state ... ok
[INFO] [stdout] test hooks::reducer::tests::test_dispatch_stability_across_renders ... ok
[INFO] [stdout] test hooks::reducer::tests::test_complex_state_reducer ... ok
[INFO] [stdout] test hooks::reducer::property_tests::prop_reducer_batches_multiple_dispatches ... ok
[INFO] [stdout] test hooks::reducer::tests::test_multiple_reducers ... ok
[INFO] [stdout] test hooks::reducer::tests::test_use_reducer_returns_same_value_on_rerender ... ok
[INFO] [stdout] test hooks::state::tests::test_state_setter_debug ... ok
[INFO] [stdout] test hooks::reducer::property_tests::prop_reducer_applies_actions_correctly ... ok
[INFO] [stdout] test hooks::state::tests::test_batched_updates_applied_correctly ... ok
[INFO] [stdout] test hooks::state::tests::test_set_if_changed_skips_equal_value ... ok
[INFO] [stdout] test hooks::state::tests::test_state_setter_set_queues_update ... ok
[INFO] [stdout] test hooks::state::tests::test_state_setter_is_copy ... ok
[INFO] [stdout] test hooks::reducer::tests::test_use_reducer_initial_value ... ok
[INFO] [stdout] test hooks::state::tests::test_multiple_state_hooks ... ok
[INFO] [stdout] test hooks::state::tests::test_update_if_changed_updates_different_result ... ok
[INFO] [stdout] test hooks::state::tests::test_set_if_changed_updates_different_value ... ok
[INFO] [stdout] test hooks::state::tests::test_use_state_initial_value ... ok
[INFO] [stdout] test hooks::reducer::tests::test_use_reducer_panics_outside_render - should panic ... ok
[INFO] [stdout] test hooks::state::tests::test_state_setter_update_queues_functional_update ... ok
[INFO] [stdout] test hooks::state::tests::test_update_if_changed_skips_equal_result ... ok
[INFO] [stdout] test hooks::reducer::property_tests::prop_reducer_with_complex_actions ... ok
[INFO] [stdout] test hooks::state::tests::test_use_state_panics_outside_render - should panic ... ok
[INFO] [stdout] test hooks::timing::tests::test_use_timeout_can_cancel ... ok
[INFO] [stdout] test hooks::timing::tests::test_use_interval_returns_handle ... ok
[INFO] [stdout] test hooks::state::tests::test_use_state_returns_same_value_on_rerender ... ok
[INFO] [stdout] test hooks::timing::tests::test_use_timeout_returns_handle ... ok
[INFO] [stdout] test hooks::timing::property_tests::prop_interval_cancel_idempotent ... ok
[INFO] [stdout] [?1049l[?1006l[?1015l[?1003l[?1002l[?1000l[?1049l[?1006l[?1015l[?1003l[?1002l[?1000l[?1049l[?1006l[?1015l[?1003l[?1002l[?1000l[?1049l[?1006l[?1015l[?1003l[?1002l[?1000l[?1049l[?1006l[?1015l[?1003l[?1002l[?1000l[?1049l[?1006l[?1015l[?1003l[?1002l[?1000l[?1049l[?1006l[?1015l[?1003l[?1002l[?1000l[?1049l[?1006l[?1015l[?1003l[?1002l[?1000l[?1049l[?1006l[?1015l[?1003l[?1002l[?1000l[?1049l[?1006l[?1015l[?1003l[?1002l[?1000l[?1049l[?1006l[?1015l[?1003l[?1002l[?1000l[?1049l[?1006l[?1015l[?1003l[?1002l[?1000l[?1049l[?1006l[?1015l[?1003l[?1002l[?1000l[?1049l[?1006l[?1015l[?1003l[?1002l[?1000l[?1049l[?1006l[?1015l[?1003l[?1002l[?1000l[?1049l[?1006l[?1015l[?1003l[?1002l[?1000l[?1049l[?1006l[?1015l[?1003l[?1002l[?1000l[?1049l[?1006l[?1015l[?1003l[?1002l[?1000l[?1049l[?1006l[?1015l[?1003l[?1002l[?1000l[?1049l[?1006l[?1015l[?1003l[?1002l[?1000l[?1049l[?1006l[?1015l[?1003l[?1002l[?1000l[?1049l[?1006l[?1015l[?1003l[?1002l[?1000l[?1049l[?1006l[?1015l[?1003l[?1002l[?1000l[?1049l[?1006l[?1015l[?1003l[?1002l[?1000ltest hooks::timing::property_tests::prop_interval_pause_resume_consistent ... ok
[INFO] [stdout] test hooks::timing::property_tests::prop_interval_handle_clone_shares_state ... ok
[INFO] [stdout] test hooks::timing::property_tests::prop_multiple_intervals_independent ... ok
[INFO] [stdout] test hooks::timing::property_tests::prop_multiple_timeouts_independent ... ok
[INFO] [stdout] test hooks::timing::property_tests::prop_timeout_cancel_idempotent ... ok
[INFO] [stdout] test hooks::timing::property_tests::prop_timeout_handle_clone_shares_state ... ok
[INFO] [stdout] test hooks::timing::tests::test_interval_handle_cancel ... ok
[INFO] [stdout] test hooks::timing::tests::test_use_interval_can_cancel ... ok
[INFO] [stdout] test hooks::timing::tests::test_use_interval_can_pause_resume ... ok
[INFO] [stdout] [?1049l[?1006l[?1015l[?1003l[?1002l[?1000l[?1049l[?1006l[?1015l[?1003l[?1002l[?1000l[?1049l[?1006l[?1015l[?1003l[?1002l[?1000l[?1049l[?1006l[?1015l[?1003l[?1002l[?1000l[?1049l[?1006l[?1015l[?1003l[?1002l[?1000l[?1049l[?1006l[?1015l[?1003l[?1002l[?1000l[?1049l[?1006l[?1015l[?1003l[?1002l[?1000l[?1049l[?1006l[?1015l[?1003l[?1002l[?1000l[?1049l[?1006l[?1015l[?1003l[?1002l[?1000l[?1049l[?1006l[?1015l[?1003l[?1002l[?1000ltest render_context::property_tests::prop_state_batching_via_context ... ok
[INFO] [stdout] [?1049l[?1006l[?1015l[?1003l[?1002l[?1000l[?1049l[?1006l[?1015l[?1003l[?1002l[?1000l[?1049l[?1006l[?1015l[?1003l[?1002l[?1000ltest render_context::property_tests::prop_event_available_to_all_fibers_via_context ... ok
[INFO] [stdout] [?1049l[?1006l[?1015l[?1003l[?1002l[?1000l[?1049l[?1006l[?1015l[?1003l[?1002l[?1000l[?1049l[?1006l[?1015l[?1003l[?1002l[?1000l[?1049l[?1006l[?1015l[?1003l[?1002l[?1000l[?1049l[?1006l[?1015l[?1003l[?1002l[?1000l[?1049l[?1006l[?1015l[?1003l[?1002l[?1000l[?1049l[?1006l[?1015l[?1003l[?1002l[?1000l[?1049l[?1006l[?1015l[?1003l[?1002l[?1000l[?1049l[?1006l[?1015l[?1003l[?1002l[?1000l[?1049l[?1006l[?1015l[?1003l[?1002l[?1000l[?1049l[?1006l[?1015l[?1003l[?1002l[?1000l[?1049l[?1006l[?1015l[?1003l[?1002l[?1000l[?1049l[?1006l[?1015l[?1003l[?1002l[?1000l[?1049l[?1006l[?1015l[?1003l[?1002l[?1000l[?1049l[?1006l[?1015l[?1003l[?1002l[?1000l[?1049l[?1006l[?1015l[?1003l[?1002l[?1000l[?1049l[?1006l[?1015l[?1003l[?1002l[?1000l[?1049l[?1006l[?1015l[?1003l[?1002l[?1000l[?1049l[?1006l[?1015l[?1003l[?1002l[?1000l[?1049l[?1006l[?1015l[?1003l[?1002l[?1000l[?1049l[?1006l[?1015l[?1003l[?1002l[?1000l[?1049l[?1006l[?1015l[?1003l[?1002l[?1000l[?1049l[?1006l[?1015l[?1003l[?1002l[?1000l[?1049l[?1006l[?1015l[?1003l[?1002l[?1000l[?1049l[?1006l[?1015l[?1003l[?1002l[?1000ltest render_context::tests::test_clear_resets_all_state ... [?1049lok[?1006l[?1015l[?1003l[?1002l[?1000l
[INFO] [stdout] test panic_handler::tests::test_panic_payload_preserved ... ok
[INFO] [stdout] test render_context::property_tests::prop_unseen_fibers_scheduled_for_unmount_via_context ... ok
[INFO] [stdout] test hooks::timing::tests::test_interval_handle_pause_resume ... ok
[INFO] [stdout] test panic_handler::property_tests::prop_setup_panic_handler_idempotent ... ok
[INFO] [stdout] test hooks::timing::tests::test_timeout_handle_cancel ... ok
[INFO] [stdout] test render_context::property_tests::prop_fiber_lifecycle_consistency ... ok
[INFO] [stdout] test panic_handler::tests::test_multiple_setups_from_different_threads ... ok
[INFO] [stdout] test render_context::tests::test_fallback_to_legacy_fiber_tree ... ok
[INFO] [stdout] test panic_handler::tests::test_setup_panic_handler_idempotent ... ok
[INFO] [stdout] test render_context::tests::test_init_and_clear_render_context ... ok
[INFO] [stdout] test render_context::tests::test_mark_unseen_for_unmount ... ok
[INFO] [stdout] test render_context::tests::test_with_render_context_mut ... ok
[INFO] [stdout] test render_context::tests::test_process_unmounts_cleans_up_context ... ok
[INFO] [stdout] test runtime::tests::test_cleanup_runs_before_new_effects ... ok
[INFO] [stdout] test render_context::tests::test_render_context_creation ... ok
[INFO] [stdout] test render_context::property_tests::prop_context_cleanup_on_unmount_via_context ... ok
[INFO] [stdout] test runtime::tests::test_complete_render_cycle_with_use_event ... ok
[INFO] [stdout] [?1049l[?1006l[?1015l[?1003l[?1002l[?1000l[?1049l[?1006l[?1015l[?1003l[?1002l[?1000ltest runtime::tests::test_event_phase_batching_functional_updates ... FAILED
[INFO] [stdout] test runtime::tests::test_effects_run_in_declaration_order ... ok
[INFO] [stdout] test runtime::tests::test_event_cleared_after_render_cycle ... ok
[INFO] [stdout] test runtime::tests::test_exit_flag_operations ... ok
[INFO] [stdout] [?1049l[?1006l[?1015l[?1003l[?1002l[?1000ltest runtime::tests::test_event_phase_no_updates_no_dirty_fibers ... ok
[INFO] [stdout] [?1049l[?1006l[?1015l[?1003l[?1002l[?1000l[?1049l[?1006l[?1015l[?1003l[?1002l[?1000l[?1049l[?1006l[?1015l[?1003l[?1002l[?1000l[?1049l[?1006l[?1015l[?1003l[?1002l[?1000l[?1049l[?1006l[?1015l[?1003l[?1002l[?1000l[?1049l[?1006l[?1015l[?1003l[?1002l[?1000l[?1049l[?1006l[?1015l[?1003l[?1002l[?1000l[?1049l[?1006l[?1015l[?1003l[?1002l[?1000l[?1049l[?1006l[?1015l[?1003l[?1002l[?1000l[?1049l[?1006l[?1015l[?1003l[?1002l[?1000l[?1049l[?1006l[?1015l[?1003l[?1002l[?1000l[?1049l[?1006l[?1015l[?1003l[?1002l[?1000l[?1049l[?1006l[?1015l[?1003l[?1002l[?1000l[?1049l[?1006l[?1015l[?1003l[?1002l[?1000l[?1049l[?1006l[?1015l[?1003l[?1002l[?1000l[?1049l[?1006l[?1015l[?1003l[?1002l[?1000l[?1049l[?1006l[?1015l[?1003l[?1002l[?1000l[?1049l[?1006l[?1015l[?1003l[?1002l[?1000l[?1049l[?1006l[?1015l[?1003l[?1002l[?1000ltest panic_handler::tests::test_catch_panic_after_setup ... ok
[INFO] [stdout] [?1049l[?1006l[?1015l[?1003l[?1002l[?1000l[?1049l[?1006l[?1015l[?1003l[?1002l[?1000ltest render_context::tests::test_begin_and_end_batch ... ok
[INFO] [stdout] test render_context::tests::test_with_render_context ... ok
[INFO] [stdout] [?1049l[?1006l[?1015l[?1003l[?1002l[?1000l[?1049l[?1006l[?1015l[?1003l[?1002l[?1000ltest render_context::tests::test_prepare_for_render ... ok
[INFO] [stdout] test runtime::tests::test_effect_execution_timing_after_commit ... ok
[INFO] [stdout] test runtime::tests::test_event_phase_equality_check_skips_unchanged ... ok
[INFO] [stdout] [?1049l[?1006l[?1015l[?1003l[?1002l[?1000l[?1049l[?1006l[?1015l[?1003l[?1002l[?1000ltest render_context::tests::test_set_and_clear_event ... ok
[INFO] [stdout] test runtime::tests::test_position_based_component_id_stability ... ok
[INFO] [stdout] [?1049l[?1006l[?1015l[?1003l[?1002l[?1000l[?1049l[?1006l[?1015l[?1003l[?1002l[?1000l[?1049l[?1006l[?1015l[?1003l[?1002l[?1000l[?1049l[?1006l[?1015l[?1003l[?1002l[?1000l[?1049l[?1006l[?1015l[?1003l[?1002l[?1000ltest runtime::tests::test_prepare_for_render_resets_hook_indices ... ok
[INFO] [stdout] [?1049l[?1006l[?1015l[?1003l[?1002l[?1000ltest runtime::tests::test_reentrant_update_integration ... ok
[INFO] [stdout] test runtime::tests::test_render_phase_flag ... ok
[INFO] [stdout] test runtime::tests::test_runtime_render_loop_with_cross_thread_updates ... ok
[INFO] [stdout] [?1049l[?1006l[?1015l[?1003l[?1002l[?1000ltest runtime::tests::test_runtime_resets_position_counter ... ok
[INFO] [stdout] test runtime::tests::test_event_phase_batching_multiple_fibers ... FAILED
[INFO] [stdout] test runtime::tests::test_render_phase_isolation ... ok
[INFO] [stdout] test runtime::tests::test_event_phase_batching_multiple_updates ... FAILED
[INFO] [stdout] test runtime::tests::test_use_event_returns_none_when_no_event ... ok
[INFO] [stdout] [?1049l[?1006l[?1015l[?1003l[?1002l[?1000ltest runtime::tests::test_warn_if_effect_during_render_inside_render ... ok
[INFO] [stdout] [?1049l[?1006l[?1015l[?1003l[?1002l[?1000ltest runtime::tests::test_warn_if_effect_during_render_outside_render ... ok
[INFO] [stdout] test runtime::tests::test_use_event_available_during_render_phase ... ok
[INFO] [stdout] test runtime::tests::test_cross_thread_updates_applied_after_drain ... FAILED
[INFO] [stdout] test runtime::tests::test_render_options_default ... ok
[INFO] [stdout] test scheduler::batch::property_tests::prop_equality_check_optimization ... ok
[INFO] [stdout] test scheduler::batch::property_tests::prop_functional_updater_chaining ... ok
[INFO] [stdout] test scheduler::batch::property_tests::prop_main_thread_uses_local_batch ... ok
[INFO] [stdout] test scheduler::batch::property_tests::prop_reentrant_fallback_safe ... ok
[INFO] [stdout] test panic_handler::tests::test_setup_panic_handler_thread_safety ... ok
[INFO] [stdout] test scheduler::batch::tests::test_begin_and_end_batch ... ok
[INFO] [stdout] test scheduler::batch::tests::test_chained_functional_updates ... ok
[INFO] [stdout] test scheduler::batch::tests::test_clear_batch ... ok
[INFO] [stdout] test scheduler::batch::tests::test_cross_thread_updates_preserve_order ... ok
[INFO] [stdout] test scheduler::batch::tests::test_default_impl ... ok
[INFO] [stdout] test scheduler::batch::property_tests::prop_update_ordering_preserved ... ok
[INFO] [stdout] test scheduler::batch::tests::test_end_batch_applies_value_updates ... ok
[INFO] [stdout] test scheduler::batch::tests::test_init_main_thread_and_is_main_thread ... ok
[INFO] [stdout] test scheduler::batch::tests::test_mixed_updates_with_equality_check ... ok
[INFO] [stdout] test scheduler::batch::tests::test_end_batch_marks_fiber_dirty_in_tree ... ok
[INFO] [stdout] [?1049l[?1006l[?1015l[?1003l[?1002l[?1000l[?1049l[?1006l[?1015l[?1003l[?1002l[?1000l[?1049l[?1006l[?1015l[?1003l[?1002l[?1000l[?1049l[?1006l[?1015l[?1003l[?1002l[?1000ltest scheduler::batch::tests::test_drain_cross_thread_updates_applies_updater ... FAILED
[INFO] [stdout] test scheduler::batch::tests::test_drain_cross_thread_updates_applies_value ... ok
[INFO] [stdout] test scheduler::batch::tests::test_multiple_background_threads_queue_updates ... FAILED
[INFO] [stdout] test scheduler::batch::tests::test_multiple_fibers_dirty ... ok
[INFO] [stdout] [?1049l[?1006l[?1015l[?1003l[?1002l[?1000l[?1049l[?1006l[?1015l[?1003l[?1002l[?1000l[?1049l[?1006l[?1015l[?1003l[?1002l[?1000l[?1049l[?1006l[?1015l[?1003l[?1002l[?1000l[?1049l[?1006l[?1015l[?1003l[?1002l[?1000l[?1049l[?1006l[?1015l[?1003l[?1002l[?1000l[?1049l[?1006l[?1015l[?1003l[?1002l[?1000l[?1049l[?1006l[?1015l[?1003l[?1002l[?1000l[?1049l[?1006l[?1015l[?1003l[?1002l[?1000l[?1049l[?1006l[?1015l[?1003l[?1002l[?1000l[?1049l[?1006l[?1015l[?1003l[?1002l[?1000l[?1049l[?1006l[?1015l[?1003l[?1002l[?1000l[?1049l[?1006l[?1015l[?1003l[?1002l[?1000l[?1049l[?1006l[?1015l[?1003l[?1002l[?1000l[?1049l[?1006l[?1015l[?1003l[?1002l[?1000l[?1049l[?1006l[?1015l[?1003l[?1002l[?1000l[?1049l[?1006l[?1015l[?1003l[?1002l[?1000l[?1049l[?1006l[?1015l[?1003l[?1002l[?1000l[?1049l[?1006l[?1015l[?1003l[?1002l[?1000l[?1049l[?1006l[?1015l[?1003l[?1002l[?1000l[?1049l[?1006l[?1015l[?1003l[?1002l[?1000l[?1049l[?1006l[?1015l[?1003l[?1002l[?1000l[?1049l[?1006l[?1015l[?1003l[?1002l[?1000l[?1049l[?1006l[?1015l[?1003l[?1002l[?1000l[?1049l[?1006l[?1015l[?1003l[?1002l[?1000l[?1049l[?1006l[?1015l[?1003l[?1002l[?1000l[?1049l[?1006l[?1015l[?1003l[?1002l[?1000l[?1049l[?1006l[?1015l[?1003l[?1002l[?1000l[?1049l[?1006l[?1015l[?1003l[?1002l[?1000l[?1049l[?1006l[?1015l[?1003l[?1002l[?1000l[?1049l[?1006l[?1015l[?1003l[?1002l[?1000l[?1049l[?1006l[?1015l[?1003l[?1002l[?1000l[?1049l[?1006l[?1015l[?1003l[?1002l[?1000l[?1049l[?1006l[?1015l[?1003l[?1002l[?1000l[?1049l[?1006l[?1015l[?1003l[?1002l[?1000l[?1049l[?1006l[?1015l[?1003l[?1002l[?1000l[?1049l[?1006l[?1015l[?1003l[?1002l[?1000l[?1049l[?1006l[?1015l[?1003l[?1002l[?1000l[?1049l[?1006l[?1015l[?1003l[?1002l[?1000l[?1049l[?1006l[?1015l[?1003l[?1002l[?1000l[?1049l[?1006l[?1015l[?1003l[?1002l[?1000l[?1049l[?1006l[?1015l[?1003l[?1002l[?1000l[?1049l[?1006l[?1015l[?1003l[?1002l[?1000l[?1049l[?1006l[?1015l[?1003l[?1002l[?1000l[?1049l[?1006l[?1015l[?1003l[?1002l[?1000l[?1049l[?1006l[?1015l[?1003l[?1002l[?1000l[?1049l[?1006l[?1015l[?1003l[?1002l[?1000l[?1049l[?1006l[?1015l[?1003l[?1002l[?1000l[?1049l[?1006l[?1015l[?1003l[?1002l[?1000l[?1049l[?1006l[?1015l[?1003l[?1002l[?1000l[?1049l[?1006l[?1015l[?1003l[?1002l[?1000l[?1049l[?1006l[?1015l[?1003l[?1002l[?1000l[?1049l[?1006l[?1015l[?1003l[?1002l[?1000l[?1049l[?1006l[?1015l[?1003l[?1002l[?1000l[?1049l[?1006l[?1015l[?1003l[?1002l[?1000l[?1049l[?1006l[?1015l[?1003l[?1002l[?1000l[?1049l[?1006l[?1015l[?1003l[?1002l[?1000l[?1049l[?1006l[?1015l[?1003l[?1002l[?1000l[?1049l[?1006l[?1015l[?1003l[?1002l[?1000l[?1049l[?1006l[?1015l[?1003l[?1002l[?1000l[?1049l[?1006l[?1015l[?1003l[?1002l[?1000l[?1049l[?1006l[?1015l[?1003l[?1002l[?1000l[?1049l[?1006l[?1015l[?1003l[?1002l[?1000l[?1049l[?1006l[?1015l[?1003l[?1002l[?1000l[?1049l[?1006l[?1015l[?1003l[?1002l[?1000l[?1049l[?1006l[?1015l[?1003l[?1002l[?1000l[?1049l[?1006l[?1015l[?1003l[?1002l[?1000l[?1049l[?1006l[?1015l[?1003l[?1002l[?1000l[?1049l[?1006l[?1015l[?1003l[?1002l[?1000l[?1049l[?1006l[?1015l[?1003l[?1002l[?1000l[?1049l[?1006l[?1015l[?1003l[?1002l[?1000l[?1049l[?1006l[?1015l[?1003l[?1002l[?1000l[?1049l[?1006l[?1015l[?1003l[?1002l[?1000l[?1049l[?1006l[?1015l[?1003l[?1002l[?1000l[?1049l[?1006l[?1015l[?1003l[?1002l[?1000l[?1049l[?1006l[?1015l[?1003l[?1002l[?1000l[?1049l[?1006l[?1015l[?1003l[?1002l[?1000l[?1049l[?1006l[?1015l[?1003l[?1002l[?1000l[?1049l[?1006l[?1015l[?1003l[?1002l[?1000ltest scheduler::batch::tests::test_drain_cross_thread_updates_moves_to_local_batch ... ok
[INFO] [stdout] [?1049l[?1006l[?1015l[?1003l[?1002l[?1000l[?1049l[?1006l[?1015l[?1003l[?1002l[?1000ltest scheduler::batch::tests::test_end_batch_applies_functional_updates ... ok
[INFO] [stdout] test scheduler::batch::tests::test_multiple_updates_same_fiber ... ok
[INFO] [stdout] [?1049l[?1006l[?1015l[?1003l[?1002l[?1000l[?1049l[?1006l[?1015l[?1003l[?1002l[?1000ltest scheduler::batch::tests::test_is_main_thread_without_init ... ok
[INFO] [stdout] test scheduler::batch::tests::test_queue_cross_thread_update_adds_to_queue ... ok
[INFO] [stdout] [?1049l[?1006l[?1015l[?1003l[?1002l[?1000l[?1049l[?1006l[?1015l[?1003l[?1002l[?1000ltest scheduler::batch::tests::test_queue_update_fallback_applies_correctly_after_drain ... ok
[INFO] [stdout] test scheduler::batch::tests::test_queue_update_fallback_preserves_order_with_multiple_updates ... FAILED
[INFO] [stdout] [?1049l[?1006l[?1015l[?1003l[?1002l[?1000ltest scheduler::batch::property_tests::prop_state_batch_atomicity ... [?1049l[?1006l[?1015l[?1003l[?1002l[?1000lok
[INFO] [stdout] test runtime::tests::test_concurrent_cross_thread_updates_from_multiple_threads ... FAILED
[INFO] [stdout] [?1049l[?1006l[?1015l[?1003l[?1002l[?1000l[?1049l[?1006l[?1015l[?1003l[?1002l[?1000ltest scheduler::batch::tests::test_background_thread_always_uses_cross_thread_queue ... ok
[INFO] [stdout] [?1049l[?1006l[?1015l[?1003l[?1002l[?1000l[?1049l[?1006l[?1015l[?1003l[?1002l[?1000ltest runtime::tests::test_multiple_cleanups_run_in_reverse_order ... ok
[INFO] [stdout] test scheduler::batch::tests::test_queue_update_mixed_local_and_fallback ... ok
[INFO] [stdout] [?1049l[?1006l[?1015l[?1003l[?1002l[?1000ltest scheduler::batch::tests::test_queue_update_routes_to_local_on_main_thread ... ok
[INFO] [stdout] [?1049l[?1006l[?1015l[?1003l[?1002l[?1000ltest scheduler::batch::tests::test_state_batch_creation ... ok
[INFO] [stdout] test scheduler::batch::tests::test_thread_local_queue_and_end_batch ... ok
[INFO] [stdout] [?1049l[?1006l[?1015l[?1003l[?1002l[?1000l[?1049l[?1006l[?1015l[?1003l[?1002l[?1000ltest scheduler::batch::tests::test_try_borrow_mut_success_path ... ok
[INFO] [stdout] test scheduler::batch::tests::test_take_updates ... ok
[INFO] [stdout] [?1049l[?1006l[?1015l[?1003l[?1002l[?1000ltest scheduler::batch::tests::test_update_nonexistent_fiber ... [?1049l[?1006l[?1015l[?1003l[?1002l[?1000lok
[INFO] [stdout] test scheduler::batch::tests::test_thread_local_begin_batch ... ok
[INFO] [stdout] test scheduler::batch::tests::test_updater_if_changed_skips_equal_results ... ok
[INFO] [stdout] [?1049l[?1006l[?1015l[?1003l[?1002l[?1000l[?1049l[?1006l[?1015l[?1003l[?1002l[?1000l[?1049l[?1006l[?1015l[?1003l[?1002l[?1000l[?1049l[?1006l[?1015l[?1003l[?1002l[?1000l[?1049l[?1006l[?1015l[?1003l[?1002l[?1000l[?1049l[?1006l[?1015l[?1003l[?1002l[?1000l[?1049l[?1006l[?1015l[?1003l[?1002l[?1000l[?1049l[?1006l[?1015l[?1003l[?1002l[?1000ltest scheduler::batch::tests::test_queue_update_fallback_with_value_if_changed ... ok
[INFO] [stdout] [?1049l[?1006l[?1015l[?1003l[?1002l[?1000l[?1049l[?1006l[?1015l[?1003l[?1002l[?1000l[?1049l[?1006l[?1015l[?1003l[?1002l[?1000l[?1049l[?1006l[?1015l[?1003l[?1002l[?1000ltest scheduler::batch::tests::test_value_if_changed_skips_equal_values ... ok
[INFO] [stdout] test scheduler::batch::tests::test_with_state_batch_mut ... ok
[INFO] [stdout] test scheduler::batch::tests::test_updater_if_changed_updates_different_results ... ok
[INFO] [stdout] test scheduler::effect_queue::property_tests::prop_effect_empty_deps_runs_once ... ok
[INFO] [stdout] test scheduler::effect_queue::property_tests::prop_cleanup_runs_before_new_effect ... ok
[INFO] [stdout] test scheduler::batch::tests::test_with_state_batch ... ok
[INFO] [stdout] test scheduler::batch::tests::test_queue_update_fallback_to_cross_thread_on_reentrant_call ... ok
[INFO] [stdout] test scheduler::batch::tests::test_queue_update_fallback_with_functional_updater ... ok
[INFO] [stdout] test scheduler::effect_queue::tests::test_effect_hook_state_deps_changed ... ok
[INFO] [stdout] test scheduler::effect_queue::tests::test_effect_hook_state_with_deps ... ok
[INFO] [stdout] test scheduler::effect_queue::tests::test_effect_returns_cleanup ... ok
[INFO] [stdout] test scheduler::batch::tests::test_queue_update_marks_fiber_dirty ... ok
[INFO] [stdout] test scheduler::effect_queue::tests::test_effect_hook_state_cleanup ... ok
[INFO] [stdout] test scheduler::effect_queue::tests::test_effect_queue_creation ... ok
[INFO] [stdout] test scheduler::effect_queue::property_tests::prop_effect_execution_ordering ... ok
[INFO] [stdout] test scheduler::effect_queue::property_tests::prop_effect_none_deps_runs_every_render ... ok
[INFO] [stdout] test scheduler::batch::tests::test_value_if_changed_updates_different_values ... ok
[INFO] [stdout] test scheduler::effect_queue::tests::test_flush_runs_cleanups_in_reverse_order ... ok
[INFO] [stdout] test scheduler::effect_queue::tests::test_flush_runs_effects_in_declaration_order ... ok
[INFO] [stdout] test scheduler::effect_queue::tests::test_queue_cleanup ... ok
[INFO] [stdout] test scheduler::effect_queue::tests::test_queue_effect ... ok
[INFO] [stdout] test scheduler::effect_queue::tests::test_thread_local_queue_effect ... ok
[INFO] [stdout] test scheduler::reconciler::property_tests::prop_render_stack_integrity ... ok
[INFO] [stdout] test scheduler::effect_queue::property_tests::prop_effect_dependency_tracking ... ok
[INFO] [stdout] [?1049l[?1006l[?1015l[?1003l[?1002l[?1000ltest scheduler::reconciler::tests::test_apply_empty_patches ... ok
[INFO] [stdout] test scheduler::reconciler::tests::test_complex_diff_scenario ... ok
[INFO] [stdout] test scheduler::reconciler::tests::test_apply_create_patches_with_keys ... ok
[INFO] [stdout] test scheduler::reconciler::property_tests::prop_unseen_fiber_unmount_scheduling ... ok
[INFO] [stdout] test scheduler::reconciler::tests::test_diff_all_elements_replaced ... ok
[INFO] [stdout] test scheduler::effect_queue::tests::test_clear_queue ... ok
[INFO] [stdout] test scheduler::reconciler::tests::test_element_tree_creation ... ok
[INFO] [stdout] test scheduler::effect_queue::tests::test_effect_hook_state_creation ... ok
[INFO] [stdout] test scheduler::reconciler::tests::test_apply_create_patches ... ok
[INFO] [stdout] test scheduler::reconciler::tests::test_element_tree_empty ... ok
[INFO] [stdout] test scheduler::reconciler::property_tests::prop_key_based_matching_preserves_identity ... ok
[INFO] [stdout] test scheduler::reconciler::tests::test_diff_populated_to_empty ... ok
[INFO] [stdout] test scheduler::reconciler::tests::test_element_tree_key_map ... ok
[INFO] [stdout] test scheduler::reconciler::tests::test_element_tree_get ... ok
[INFO] [stdout] test scheduler::reconciler::tests::test_element_tree_get_by_key ... ok
[INFO] [stdout] test scheduler::reconciler::tests::test_key_based_matching_with_removals ... ok
[INFO] [stdout] test scheduler::reconciler::tests::test_reconciler_element_added ... ok
[INFO] [stdout] test scheduler::reconciler::tests::test_elements_equal_text ... ok
[INFO] [stdout] test scheduler::reconciler::tests::test_diff_empty_to_populated ... ok
[INFO] [stdout] test scheduler::reconciler::tests::test_key_based_matching_preserves_identity ... ok
[INFO] [stdout] test scheduler::reconciler::tests::test_key_based_matching_with_additions ... ok
[INFO] [stdout] test scheduler::reconciler::tests::test_diff_maintains_patch_order ... ok
[INFO] [stdout] test scheduler::reconciler::tests::test_key_based_matching_mixed_with_position ... ok
[INFO] [stdout] test strict_mode::tests::test_strict_mode_creation ... ok
[INFO] [stdout] test scheduler::reconciler::tests::test_reconciler_element_removed ... ok
[INFO] [stdout] test strict_mode::tests::test_strict_mode_default ... ok
[INFO] [stdout] test strict_mode::tests::test_strict_mode_global_flag ... ok
[INFO] [stdout] test scheduler::reconciler::tests::test_reconciler_same_trees ... ok
[INFO] [stdout] [?1049l[?1006l[?1015l[?1003l[?1002l[?1000l[?1049l[?1006l[?1015l[?1003l[?1002l[?1000l[?1049l[?1006l[?1015l[?1003l[?1002l[?1000l[?1049l[?1006l[?1015l[?1003l[?1002l[?1000l[?1049l[?1006l[?1015l[?1003l[?1002l[?1000l[?1049l[?1006l[?1015l[?1003l[?1002l[?1000l[?1049l[?1006l[?1015l[?1003l[?1002l[?1000l[?1049l[?1006l[?1015l[?1003l[?1002l[?1000l[?1049l[?1006l[?1015l[?1003l[?1002l[?1000l[?1049l[?1006l[?1015l[?1003l[?1002l[?1000ltest strict_mode::tests::test_wrap_effect_on_mount_disabled ... ok
[INFO] [stdout] [?1049l[?1006l[?1015l[?1003l[?1002l[?1000l[?1049l[?1006l[?1015l[?1003l[?1002l[?1000ltest scheduler::batch::property_tests::prop_cross_thread_updates_applied_after_drain ... FAILED
[INFO] [stdout] test scheduler::batch::property_tests::prop_concurrent_access_safe ... FAILED
[INFO] [stdout] test strict_mode::tests::test_wrap_render_with_diff_disabled ... ok
[INFO] [stdout] test panic_handler::property_tests::prop_panic_payload_preserved_after_multiple_setups ... ok
[INFO] [stdout] test scheduler::reconciler::tests::test_same_type_text ... ok
[INFO] [stdout] test scheduler::reconciler::tests::test_reconciler_text_change ... ok
[INFO] [stdout] test scheduler::effect_queue::tests::test_flush_runs_cleanups_before_effects ... ok
[INFO] [stdout] test strict_mode::tests::test_wrap_render_disabled ... ok
[INFO] [stdout] test scheduler::reconciler::tests::test_reconciler_no_old_tree ... ok
[INFO] [stdout] test scheduler::batch::property_tests::prop_cross_thread_update_delivery ... FAILED
[INFO] [stdout] test scheduler::reconciler::property_tests::prop_reconciliation_is_deterministic ... ok
[INFO] [stdout] test scheduler::reconciler::property_tests::prop_reconciliation_produces_valid_patches ... ok
[INFO] [stdout] test panic_handler::property_tests::prop_concurrent_setup_completes ... ok
[INFO] [stdout] 
[INFO] [stdout] failures:
[INFO] [stdout] 
[INFO] [stdout] ---- runtime::tests::test_event_phase_batching_functional_updates stdout ----
[INFO] [stdout] 
[INFO] [stdout] thread 'runtime::tests::test_event_phase_batching_functional_updates' (2145) panicked at src/runtime.rs:501:9:
[INFO] [stdout] assertion `left == right` failed
[INFO] [stdout]   left: 0
[INFO] [stdout]  right: 1
[INFO] [stdout] stack backtrace:
[INFO] [stdout]    0:     0x60f0be950541 - <<std[70759c8f55707aa4]::sys::backtrace::BacktraceLock>::print::DisplayBacktrace as core[df12db4294e9bfd3]::fmt::Display>::fmt
[INFO] [stdout]    1:     0x60f0be96756a - core[df12db4294e9bfd3]::fmt::write
[INFO] [stdout]    2:     0x60f0be95509c - <alloc[2182bb758b4b3781]::vec::Vec<u8> as core[df12db4294e9bfd3]::io::write::Write>::write_fmt
[INFO] [stdout]    3:     0x60f0be92ae86 - std[70759c8f55707aa4]::panicking::default_hook::{closure#0}
[INFO] [stdout]    4:     0x60f0be9487f9 - std[70759c8f55707aa4]::panicking::default_hook
[INFO] [stdout]    5:     0x60f0be7accf0 - test[9d35eded1c95d3be]::test_main_inner::<test[9d35eded1c95d3be]::test_main_static::{closure#0}>::{closure#0}
[INFO] [stdout]    6:     0x60f0be6ae946 - reratui[869d8f1b7b91d8a9]::panic_handler::setup_panic_handler::{closure#0}::{closure#0}
[INFO] [stderr] error: test failed, to rerun pass `--lib`
[INFO] [stdout]    7:     0x60f0be948b22 - std[70759c8f55707aa4]::panicking::panic_with_hook
[INFO] [stdout]    8:     0x60f0be92af32 - std[70759c8f55707aa4]::panicking::panic_handler::{closure#0}
[INFO] [stdout]    9:     0x60f0be923b69 - std[70759c8f55707aa4]::sys::backtrace::__rust_end_short_backtrace::<std[70759c8f55707aa4]::panicking::panic_handler::{closure#0}, !>
[INFO] [stdout]   10:     0x60f0be92bb2d - __rustc[8fa7c3cbc660c2b3]::rust_begin_unwind
[INFO] [stdout]   11:     0x60f0be967d4c - core[df12db4294e9bfd3]::panicking::panic_fmt
[INFO] [stdout]   12:     0x60f0be967c63 - core[df12db4294e9bfd3]::panicking::assert_failed_inner
[INFO] [stdout]   13:     0x60f0be962e2d - core[df12db4294e9bfd3]::panicking::assert_failed::<usize, usize>
[INFO] [stdout]   14:     0x60f0be76896e - reratui[869d8f1b7b91d8a9]::runtime::tests::test_event_phase_batching_functional_updates
[INFO] [stdout]   15:     0x60f0be69c4c9 - <reratui[869d8f1b7b91d8a9]::runtime::tests::test_event_phase_batching_functional_updates::{closure#0} as core[df12db4294e9bfd3]::ops::function::FnOnce<()>>::call_once
[INFO] [stdout]   16:     0x60f0be79ffdb - test[9d35eded1c95d3be]::__rust_begin_short_backtrace::<core[df12db4294e9bfd3]::result::Result<(), alloc[2182bb758b4b3781]::string::String>, fn() -> core[df12db4294e9bfd3]::result::Result<(), alloc[2182bb758b4b3781]::string::String>>
[INFO] [stdout]   17:     0x60f0be7ad645 - test[9d35eded1c95d3be]::run_test::{closure#0}
[INFO] [stdout]   18:     0x60f0be7a6f04 - std[70759c8f55707aa4]::sys::backtrace::__rust_begin_short_backtrace::<test[9d35eded1c95d3be]::run_test::{closure#1}, ()>
[INFO] [stdout]   19:     0x60f0be7b07a2 - <std[70759c8f55707aa4]::thread::lifecycle::spawn_unchecked<test[9d35eded1c95d3be]::run_test::{closure#1}, ()>::{closure#1} as core[df12db4294e9bfd3]::ops::function::FnOnce<()>>::call_once::{shim:vtable#0}
[INFO] [stdout]   20:     0x60f0be94fdd9 - <std[70759c8f55707aa4]::sys::thread::unix::Thread>::new::thread_start
[INFO] [stdout]   21:     0x76c50a5e9dfa - <unknown>
[INFO] [stdout]   22:     0x76c50a67d3d4 - clone
[INFO] [stdout]   23:                0x0 - <unknown>
[INFO] [stdout] 
[INFO] [stdout] ---- runtime::tests::test_event_phase_batching_multiple_fibers stdout ----
[INFO] [stdout] 
[INFO] [stdout] thread 'runtime::tests::test_event_phase_batching_multiple_fibers' (2146) panicked at src/runtime.rs:559:9:
[INFO] [stdout] assertion `left == right` failed
[INFO] [stdout]   left: 0
[INFO] [stdout]  right: 3
[INFO] [stdout] stack backtrace:
[INFO] [stdout]    0:     0x60f0be950541 - <<std[70759c8f55707aa4]::sys::backtrace::BacktraceLock>::print::DisplayBacktrace as core[df12db4294e9bfd3]::fmt::Display>::fmt
[INFO] [stdout]    1:     0x60f0be96756a - core[df12db4294e9bfd3]::fmt::write
[INFO] [stdout]    2:     0x60f0be95509c - <alloc[2182bb758b4b3781]::vec::Vec<u8> as core[df12db4294e9bfd3]::io::write::Write>::write_fmt
[INFO] [stdout]    3:     0x60f0be92ae86 - std[70759c8f55707aa4]::panicking::default_hook::{closure#0}
[INFO] [stdout]    4:     0x60f0be9487f9 - std[70759c8f55707aa4]::panicking::default_hook
[INFO] [stdout]    5:     0x60f0be7accf0 - test[9d35eded1c95d3be]::test_main_inner::<test[9d35eded1c95d3be]::test_main_static::{closure#0}>::{closure#0}
[INFO] [stdout]    6:     0x60f0be6ae946 - reratui[869d8f1b7b91d8a9]::panic_handler::setup_panic_handler::{closure#0}::{closure#0}
[INFO] [stdout]    7:     0x60f0be948b22 - std[70759c8f55707aa4]::panicking::panic_with_hook
[INFO] [stdout]    8:     0x60f0be92af32 - std[70759c8f55707aa4]::panicking::panic_handler::{closure#0}
[INFO] [stdout]    9:     0x60f0be923b69 - std[70759c8f55707aa4]::sys::backtrace::__rust_end_short_backtrace::<std[70759c8f55707aa4]::panicking::panic_handler::{closure#0}, !>
[INFO] [stdout]   10:     0x60f0be92bb2d - __rustc[8fa7c3cbc660c2b3]::rust_begin_unwind
[INFO] [stdout]   11:     0x60f0be967d4c - core[df12db4294e9bfd3]::panicking::panic_fmt
[INFO] [stdout]   12:     0x60f0be967c63 - core[df12db4294e9bfd3]::panicking::assert_failed_inner
[INFO] [stdout]   13:     0x60f0be962e2d - core[df12db4294e9bfd3]::panicking::assert_failed::<usize, usize>
[INFO] [stdout]   14:     0x60f0be7674b4 - reratui[869d8f1b7b91d8a9]::runtime::tests::test_event_phase_batching_multiple_fibers
[INFO] [stdout]   15:     0x60f0be69c3e9 - <reratui[869d8f1b7b91d8a9]::runtime::tests::test_event_phase_batching_multiple_fibers::{closure#0} as core[df12db4294e9bfd3]::ops::function::FnOnce<()>>::call_once
[INFO] [stdout]   16:     0x60f0be79ffdb - test[9d35eded1c95d3be]::__rust_begin_short_backtrace::<core[df12db4294e9bfd3]::result::Result<(), alloc[2182bb758b4b3781]::string::String>, fn() -> core[df12db4294e9bfd3]::result::Result<(), alloc[2182bb758b4b3781]::string::String>>
[INFO] [stdout]   17:     0x60f0be7ad645 - test[9d35eded1c95d3be]::run_test::{closure#0}
[INFO] [stdout]   18:     0x60f0be7a6f04 - std[70759c8f55707aa4]::sys::backtrace::__rust_begin_short_backtrace::<test[9d35eded1c95d3be]::run_test::{closure#1}, ()>
[INFO] [stdout]   19:     0x60f0be7b07a2 - <std[70759c8f55707aa4]::thread::lifecycle::spawn_unchecked<test[9d35eded1c95d3be]::run_test::{closure#1}, ()>::{closure#1} as core[df12db4294e9bfd3]::ops::function::FnOnce<()>>::call_once::{shim:vtable#0}
[INFO] [stdout]   20:     0x60f0be94fdd9 - <std[70759c8f55707aa4]::sys::thread::unix::Thread>::new::thread_start
[INFO] [stdout]   21:     0x76c50a5e9dfa - <unknown>
[INFO] [stdout]   22:     0x76c50a67d3d4 - clone
[INFO] [stdout]   23:                0x0 - <unknown>
[INFO] [stdout] 
[INFO] [stdout] ---- runtime::tests::test_event_phase_batching_multiple_updates stdout ----
[INFO] [stdout] 
[INFO] [stdout] thread 'runtime::tests::test_event_phase_batching_multiple_updates' (2147) panicked at src/runtime.rs:460:9:
[INFO] [stdout] assertion `left == right` failed
[INFO] [stdout]   left: 0
[INFO] [stdout]  right: 1
[INFO] [stdout] stack backtrace:
[INFO] [stdout]    0:     0x60f0be950541 - <<std[70759c8f55707aa4]::sys::backtrace::BacktraceLock>::print::DisplayBacktrace as core[df12db4294e9bfd3]::fmt::Display>::fmt
[INFO] [stdout]    1:     0x60f0be96756a - core[df12db4294e9bfd3]::fmt::write
[INFO] [stdout]    2:     0x60f0be95509c - <alloc[2182bb758b4b3781]::vec::Vec<u8> as core[df12db4294e9bfd3]::io::write::Write>::write_fmt
[INFO] [stdout]    3:     0x60f0be92ae86 - std[70759c8f55707aa4]::panicking::default_hook::{closure#0}
[INFO] [stdout]    4:     0x60f0be9487f9 - std[70759c8f55707aa4]::panicking::default_hook
[INFO] [stdout]    5:     0x60f0be7accf0 - test[9d35eded1c95d3be]::test_main_inner::<test[9d35eded1c95d3be]::test_main_static::{closure#0}>::{closure#0}
[INFO] [stdout]    6:     0x60f0be6ae946 - reratui[869d8f1b7b91d8a9]::panic_handler::setup_panic_handler::{closure#0}::{closure#0}
[INFO] [stdout]    7:     0x60f0be948b22 - std[70759c8f55707aa4]::panicking::panic_with_hook
[INFO] [stdout]    8:     0x60f0be92af32 - std[70759c8f55707aa4]::panicking::panic_handler::{closure#0}
[INFO] [stdout]    9:     0x60f0be923b69 - std[70759c8f55707aa4]::sys::backtrace::__rust_end_short_backtrace::<std[70759c8f55707aa4]::panicking::panic_handler::{closure#0}, !>
[INFO] [stdout]   10:     0x60f0be92bb2d - __rustc[8fa7c3cbc660c2b3]::rust_begin_unwind
[INFO] [stdout]   11:     0x60f0be967d4c - core[df12db4294e9bfd3]::panicking::panic_fmt
[INFO] [stdout]   12:     0x60f0be967c63 - core[df12db4294e9bfd3]::panicking::assert_failed_inner
[INFO] [stdout]   13:     0x60f0be962e2d - core[df12db4294e9bfd3]::panicking::assert_failed::<usize, usize>
[INFO] [stdout]   14:     0x60f0be767a2e - reratui[869d8f1b7b91d8a9]::runtime::tests::test_event_phase_batching_multiple_updates
[INFO] [stdout]   15:     0x60f0be69c429 - <reratui[869d8f1b7b91d8a9]::runtime::tests::test_event_phase_batching_multiple_updates::{closure#0} as core[df12db4294e9bfd3]::ops::function::FnOnce<()>>::call_once
[INFO] [stdout]   16:     0x60f0be79ffdb - test[9d35eded1c95d3be]::__rust_begin_short_backtrace::<core[df12db4294e9bfd3]::result::Result<(), alloc[2182bb758b4b3781]::string::String>, fn() -> core[df12db4294e9bfd3]::result::Result<(), alloc[2182bb758b4b3781]::string::String>>
[INFO] [stdout]   17:     0x60f0be7ad645 - test[9d35eded1c95d3be]::run_test::{closure#0}
[INFO] [stdout]   18:     0x60f0be7a6f04 - std[70759c8f55707aa4]::sys::backtrace::__rust_begin_short_backtrace::<test[9d35eded1c95d3be]::run_test::{closure#1}, ()>
[INFO] [stdout]   19:     0x60f0be7b07a2 - <std[70759c8f55707aa4]::thread::lifecycle::spawn_unchecked<test[9d35eded1c95d3be]::run_test::{closure#1}, ()>::{closure#1} as core[df12db4294e9bfd3]::ops::function::FnOnce<()>>::call_once::{shim:vtable#0}
[INFO] [stdout]   20:     0x60f0be94fdd9 - <std[70759c8f55707aa4]::sys::thread::unix::Thread>::new::thread_start
[INFO] [stdout]   21:     0x76c50a5e9dfa - <unknown>
[INFO] [stdout]   22:     0x76c50a67d3d4 - clone
[INFO] [stdout]   23:                0x0 - <unknown>
[INFO] [stdout] 
[INFO] [stdout] ---- runtime::tests::test_cross_thread_updates_applied_after_drain stdout ----
[INFO] [stdout] 
[INFO] [stdout] thread 'runtime::tests::test_cross_thread_updates_applied_after_drain' (2137) panicked at src/runtime.rs:1271:9:
[INFO] [stdout] Update from background thread should be in cross-thread queue
[INFO] [stdout] stack backtrace:
[INFO] [stdout]    0:     0x60f0be950541 - <<std[70759c8f55707aa4]::sys::backtrace::BacktraceLock>::print::DisplayBacktrace as core[df12db4294e9bfd3]::fmt::Display>::fmt
[INFO] [stdout]    1:     0x60f0be96756a - core[df12db4294e9bfd3]::fmt::write
[INFO] [stdout]    2:     0x60f0be95509c - <alloc[2182bb758b4b3781]::vec::Vec<u8> as core[df12db4294e9bfd3]::io::write::Write>::write_fmt
[INFO] [stdout]    3:     0x60f0be92ae86 - std[70759c8f55707aa4]::panicking::default_hook::{closure#0}
[INFO] [stdout]    4:     0x60f0be9487f9 - std[70759c8f55707aa4]::panicking::default_hook
[INFO] [stdout]    5:     0x60f0be7accf0 - test[9d35eded1c95d3be]::test_main_inner::<test[9d35eded1c95d3be]::test_main_static::{closure#0}>::{closure#0}
[INFO] [stdout]    6:     0x60f0be6ae946 - reratui[869d8f1b7b91d8a9]::panic_handler::setup_panic_handler::{closure#0}::{closure#0}
[INFO] [stdout]    7:     0x60f0be948b22 - std[70759c8f55707aa4]::panicking::panic_with_hook
[INFO] [stdout]    8:     0x60f0be92af64 - std[70759c8f55707aa4]::panicking::panic_handler::{closure#0}
[INFO] [stdout]    9:     0x60f0be923b69 - std[70759c8f55707aa4]::sys::backtrace::__rust_end_short_backtrace::<std[70759c8f55707aa4]::panicking::panic_handler::{closure#0}, !>
[INFO] [stdout]   10:     0x60f0be92bb2d - __rustc[8fa7c3cbc660c2b3]::rust_begin_unwind
[INFO] [stdout]   11:     0x60f0be967d4c - core[df12db4294e9bfd3]::panicking::panic_fmt
[INFO] [stdout]   12:     0x60f0be76911d - reratui[869d8f1b7b91d8a9]::runtime::tests::test_cross_thread_updates_applied_after_drain
[INFO] [stdout]   13:     0x60f0be69c509 - <reratui[869d8f1b7b91d8a9]::runtime::tests::test_cross_thread_updates_applied_after_drain::{closure#0} as core[df12db4294e9bfd3]::ops::function::FnOnce<()>>::call_once
[INFO] [stdout]   14:     0x60f0be79ffdb - test[9d35eded1c95d3be]::__rust_begin_short_backtrace::<core[df12db4294e9bfd3]::result::Result<(), alloc[2182bb758b4b3781]::string::String>, fn() -> core[df12db4294e9bfd3]::result::Result<(), alloc[2182bb758b4b3781]::string::String>>
[INFO] [stdout]   15:     0x60f0be7ad645 - test[9d35eded1c95d3be]::run_test::{closure#0}
[INFO] [stdout]   16:     0x60f0be7a6f04 - std[70759c8f55707aa4]::sys::backtrace::__rust_begin_short_backtrace::<test[9d35eded1c95d3be]::run_test::{closure#1}, ()>
[INFO] [stdout]   17:     0x60f0be7b07a2 - <std[70759c8f55707aa4]::thread::lifecycle::spawn_unchecked<test[9d35eded1c95d3be]::run_test::{closure#1}, ()>::{closure#1} as core[df12db4294e9bfd3]::ops::function::FnOnce<()>>::call_once::{shim:vtable#0}
[INFO] [stdout]   18:     0x60f0be94fdd9 - <std[70759c8f55707aa4]::sys::thread::unix::Thread>::new::thread_start
[INFO] [stdout]   19:     0x76c50a5e9dfa - <unknown>
[INFO] [stdout]   20:     0x76c50a67d3d4 - clone
[INFO] [stdout]   21:                0x0 - <unknown>
[INFO] [stdout] 
[INFO] [stdout] ---- scheduler::batch::tests::test_drain_cross_thread_updates_applies_updater stdout ----
[INFO] [stdout] 
[INFO] [stdout] thread 'scheduler::batch::tests::test_drain_cross_thread_updates_applies_updater' (2205) panicked at src/scheduler/batch.rs:1436:9:
[INFO] [stdout] assertion `left == right` failed
[INFO] [stdout]   left: Some(-1270503638)
[INFO] [stdout]  right: Some(15)
[INFO] [stdout] stack backtrace:
[INFO] [stdout]    0:     0x60f0be950541 - <<std[70759c8f55707aa4]::sys::backtrace::BacktraceLock>::print::DisplayBacktrace as core[df12db4294e9bfd3]::fmt::Display>::fmt
[INFO] [stdout]    1:     0x60f0be96756a - core[df12db4294e9bfd3]::fmt::write
[INFO] [stdout]    2:     0x60f0be95509c - <alloc[2182bb758b4b3781]::vec::Vec<u8> as core[df12db4294e9bfd3]::io::write::Write>::write_fmt
[INFO] [stdout]    3:     0x60f0be92ae86 - std[70759c8f55707aa4]::panicking::default_hook::{closure#0}
[INFO] [stdout]    4:     0x60f0be9487f9 - std[70759c8f55707aa4]::panicking::default_hook
[INFO] [stdout]    5:     0x60f0be7accf0 - test[9d35eded1c95d3be]::test_main_inner::<test[9d35eded1c95d3be]::test_main_static::{closure#0}>::{closure#0}
[INFO] [stdout]    6:     0x60f0be6ae946 - reratui[869d8f1b7b91d8a9]::panic_handler::setup_panic_handler::{closure#0}::{closure#0}
[INFO] [stdout]    7:     0x60f0be948b22 - std[70759c8f55707aa4]::panicking::panic_with_hook
[INFO] [stdout]    8:     0x60f0be92af32 - std[70759c8f55707aa4]::panicking::panic_handler::{closure#0}
[INFO] [stdout]    9:     0x60f0be923b69 - std[70759c8f55707aa4]::sys::backtrace::__rust_end_short_backtrace::<std[70759c8f55707aa4]::panicking::panic_handler::{closure#0}, !>
[INFO] [stdout]   10:     0x60f0be92bb2d - __rustc[8fa7c3cbc660c2b3]::rust_begin_unwind
[INFO] [stdout]   11:     0x60f0be967d4c - core[df12db4294e9bfd3]::panicking::panic_fmt
[INFO] [stdout]   12:     0x60f0be967c63 - core[df12db4294e9bfd3]::panicking::assert_failed_inner
[INFO] [stdout]   13:     0x60f0be6fad81 - core[df12db4294e9bfd3]::panicking::assert_failed::<core[df12db4294e9bfd3]::option::Option<i32>, core[df12db4294e9bfd3]::option::Option<i32>>
[INFO] [stdout]   14:     0x60f0be6ba4df - reratui[869d8f1b7b91d8a9]::scheduler::batch::tests::test_drain_cross_thread_updates_applies_updater
[INFO] [stdout]   15:     0x60f0be69ef59 - <reratui[869d8f1b7b91d8a9]::scheduler::batch::tests::test_drain_cross_thread_updates_applies_updater::{closure#0} as core[df12db4294e9bfd3]::ops::function::FnOnce<()>>::call_once
[INFO] [stdout]   16:     0x60f0be79ffdb - test[9d35eded1c95d3be]::__rust_begin_short_backtrace::<core[df12db4294e9bfd3]::result::Result<(), alloc[2182bb758b4b3781]::string::String>, fn() -> core[df12db4294e9bfd3]::result::Result<(), alloc[2182bb758b4b3781]::string::String>>
[INFO] [stdout]   17:     0x60f0be7ad645 - test[9d35eded1c95d3be]::run_test::{closure#0}
[INFO] [stdout]   18:     0x60f0be7a6f04 - std[70759c8f55707aa4]::sys::backtrace::__rust_begin_short_backtrace::<test[9d35eded1c95d3be]::run_test::{closure#1}, ()>
[INFO] [stdout]   19:     0x60f0be7b07a2 - <std[70759c8f55707aa4]::thread::lifecycle::spawn_unchecked<test[9d35eded1c95d3be]::run_test::{closure#1}, ()>::{closure#1} as core[df12db4294e9bfd3]::ops::function::FnOnce<()>>::call_once::{shim:vtable#0}
[INFO] [stdout]   20:     0x60f0be94fdd9 - <std[70759c8f55707aa4]::sys::thread::unix::Thread>::new::thread_start
[INFO] [stdout]   21:     0x76c50a5e9dfa - <unknown>
[INFO] [stdout]   22:     0x76c50a67d3d4 - clone
[INFO] [stdout]   23:                0x0 - <unknown>
[INFO] [stdout] 
[INFO] [stdout] ---- scheduler::batch::tests::test_multiple_background_threads_queue_updates stdout ----
[INFO] [stdout] 
[INFO] [stdout] thread 'scheduler::batch::tests::test_multiple_background_threads_queue_updates' (2228) panicked at src/scheduler/batch.rs:1864:9:
[INFO] [stdout] assertion failed: has_cross_thread_updates()
[INFO] [stdout] stack backtrace:
[INFO] [stdout]    0:     0x60f0be950541 - <<std[70759c8f55707aa4]::sys::backtrace::BacktraceLock>::print::DisplayBacktrace as core[df12db4294e9bfd3]::fmt::Display>::fmt
[INFO] [stdout]    1:     0x60f0be96756a - core[df12db4294e9bfd3]::fmt::write
[INFO] [stdout]    2:     0x60f0be95509c - <alloc[2182bb758b4b3781]::vec::Vec<u8> as core[df12db4294e9bfd3]::io::write::Write>::write_fmt
[INFO] [stdout]    3:     0x60f0be92ae86 - std[70759c8f55707aa4]::panicking::default_hook::{closure#0}
[INFO] [stdout]    4:     0x60f0be9487f9 - std[70759c8f55707aa4]::panicking::default_hook
[INFO] [stdout]    5:     0x60f0be7accf0 - test[9d35eded1c95d3be]::test_main_inner::<test[9d35eded1c95d3be]::test_main_static::{closure#0}>::{closure#0}
[INFO] [stdout]    6:     0x60f0be6ae946 - reratui[869d8f1b7b91d8a9]::panic_handler::setup_panic_handler::{closure#0}::{closure#0}
[INFO] [stdout]    7:     0x60f0be948b22 - std[70759c8f55707aa4]::panicking::panic_with_hook
[INFO] [stdout]    8:     0x60f0be92af64 - std[70759c8f55707aa4]::panicking::panic_handler::{closure#0}
[INFO] [stdout]    9:     0x60f0be923b69 - std[70759c8f55707aa4]::sys::backtrace::__rust_end_short_backtrace::<std[70759c8f55707aa4]::panicking::panic_handler::{closure#0}, !>
[INFO] [stdout]   10:     0x60f0be92bb2d - __rustc[8fa7c3cbc660c2b3]::rust_begin_unwind
[INFO] [stdout]   11:     0x60f0be967d4c - core[df12db4294e9bfd3]::panicking::panic_fmt
[INFO] [stdout]   12:     0x60f0be967d12 - core[df12db4294e9bfd3]::panicking::panic
[INFO] [stdout]   13:     0x60f0be6b98ff - reratui[869d8f1b7b91d8a9]::scheduler::batch::tests::test_multiple_background_threads_queue_updates
[INFO] [stdout]   14:     0x60f0be69ef19 - <reratui[869d8f1b7b91d8a9]::scheduler::batch::tests::test_multiple_background_threads_queue_updates::{closure#0} as core[df12db4294e9bfd3]::ops::function::FnOnce<()>>::call_once
[INFO] [stdout]   15:     0x60f0be79ffdb - test[9d35eded1c95d3be]::__rust_begin_short_backtrace::<core[df12db4294e9bfd3]::result::Result<(), alloc[2182bb758b4b3781]::string::String>, fn() -> core[df12db4294e9bfd3]::result::Result<(), alloc[2182bb758b4b3781]::string::String>>
[INFO] [stdout]   16:     0x60f0be7ad645 - test[9d35eded1c95d3be]::run_test::{closure#0}
[INFO] [stdout]   17:     0x60f0be7a6f04 - std[70759c8f55707aa4]::sys::backtrace::__rust_begin_short_backtrace::<test[9d35eded1c95d3be]::run_test::{closure#1}, ()>
[INFO] [stdout]   18:     0x60f0be7b07a2 - <std[70759c8f55707aa4]::thread::lifecycle::spawn_unchecked<test[9d35eded1c95d3be]::run_test::{closure#1}, ()>::{closure#1} as core[df12db4294e9bfd3]::ops::function::FnOnce<()>>::call_once::{shim:vtable#0}
[INFO] [stdout]   19:     0x60f0be94fdd9 - <std[70759c8f55707aa4]::sys::thread::unix::Thread>::new::thread_start
[INFO] [stdout]   20:     0x76c50a5e9dfa - <unknown>
[INFO] [stdout]   21:     0x76c50a67d3d4 - clone
[INFO] [stdout]   22:                0x0 - <unknown>
[INFO] [stdout] 
[INFO] [stdout] ---- scheduler::batch::tests::test_queue_update_fallback_preserves_order_with_multiple_updates stdout ----
[INFO] [stdout] 
[INFO] [stdout] thread 'scheduler::batch::tests::test_queue_update_fallback_preserves_order_with_multiple_updates' (2250) panicked at src/scheduler/batch.rs:1657:9:
[INFO] [stdout] assertion `left == right` failed
[INFO] [stdout]   left: Some(3)
[INFO] [stdout]  right: Some(6)
[INFO] [stdout] stack backtrace:
[INFO] [stdout]    0:     0x60f0be950541 - <<std[70759c8f55707aa4]::sys::backtrace::BacktraceLock>::print::DisplayBacktrace as core[df12db4294e9bfd3]::fmt::Display>::fmt
[INFO] [stdout]    1:     0x60f0be96756a - core[df12db4294e9bfd3]::fmt::write
[INFO] [stdout]    2:     0x60f0be95509c - <alloc[2182bb758b4b3781]::vec::Vec<u8> as core[df12db4294e9bfd3]::io::write::Write>::write_fmt
[INFO] [stdout]    3:     0x60f0be92ae86 - std[70759c8f55707aa4]::panicking::default_hook::{closure#0}
[INFO] [stdout]    4:     0x60f0be9487f9 - std[70759c8f55707aa4]::panicking::default_hook
[INFO] [stdout]    5:     0x60f0be7accf0 - test[9d35eded1c95d3be]::test_main_inner::<test[9d35eded1c95d3be]::test_main_static::{closure#0}>::{closure#0}
[INFO] [stdout]    6:     0x60f0be6ae946 - reratui[869d8f1b7b91d8a9]::panic_handler::setup_panic_handler::{closure#0}::{closure#0}
[INFO] [stdout]    7:     0x60f0be948b22 - std[70759c8f55707aa4]::panicking::panic_with_hook
[INFO] [stdout]    8:     0x60f0be92af32 - std[70759c8f55707aa4]::panicking::panic_handler::{closure#0}
[INFO] [stdout]    9:     0x60f0be923b69 - std[70759c8f55707aa4]::sys::backtrace::__rust_end_short_backtrace::<std[70759c8f55707aa4]::panicking::panic_handler::{closure#0}, !>
[INFO] [stdout]   10:     0x60f0be92bb2d - __rustc[8fa7c3cbc660c2b3]::rust_begin_unwind
[INFO] [stdout]   11:     0x60f0be967d4c - core[df12db4294e9bfd3]::panicking::panic_fmt
[INFO] [stdout]   12:     0x60f0be967c63 - core[df12db4294e9bfd3]::panicking::assert_failed_inner
[INFO] [stdout]   13:     0x60f0be6fad81 - core[df12db4294e9bfd3]::panicking::assert_failed::<core[df12db4294e9bfd3]::option::Option<i32>, core[df12db4294e9bfd3]::option::Option<i32>>
[INFO] [stdout]   14:     0x60f0be6bc270 - reratui[869d8f1b7b91d8a9]::scheduler::batch::tests::test_queue_update_fallback_preserves_order_with_multiple_updates
[INFO] [stdout]   15:     0x60f0be69f0d9 - <reratui[869d8f1b7b91d8a9]::scheduler::batch::tests::test_queue_update_fallback_preserves_order_with_multiple_updates::{closure#0} as core[df12db4294e9bfd3]::ops::function::FnOnce<()>>::call_once
[INFO] [stdout]   16:     0x60f0be79ffdb - test[9d35eded1c95d3be]::__rust_begin_short_backtrace::<core[df12db4294e9bfd3]::result::Result<(), alloc[2182bb758b4b3781]::string::String>, fn() -> core[df12db4294e9bfd3]::result::Result<(), alloc[2182bb758b4b3781]::string::String>>
[INFO] [stdout]   17:     0x60f0be7ad645 - test[9d35eded1c95d3be]::run_test::{closure#0}
[INFO] [stdout]   18:     0x60f0be7a6f04 - std[70759c8f55707aa4]::sys::backtrace::__rust_begin_short_backtrace::<test[9d35eded1c95d3be]::run_test::{closure#1}, ()>
[INFO] [stdout]   19:     0x60f0be7b07a2 - <std[70759c8f55707aa4]::thread::lifecycle::spawn_unchecked<test[9d35eded1c95d3be]::run_test::{closure#1}, ()>::{closure#1} as core[df12db4294e9bfd3]::ops::function::FnOnce<()>>::call_once::{shim:vtable#0}
[INFO] [stdout]   20:     0x60f0be94fdd9 - <std[70759c8f55707aa4]::sys::thread::unix::Thread>::new::thread_start
[INFO] [stdout]   21:     0x76c50a5e9dfa - <unknown>
[INFO] [stdout]   22:     0x76c50a67d3d4 - clone
[INFO] [stdout]   23:                0x0 - <unknown>
[INFO] [stdout] 
[INFO] [stdout] ---- runtime::tests::test_concurrent_cross_thread_updates_from_multiple_threads stdout ----
[INFO] [stdout] 
[INFO] [stdout] thread 'runtime::tests::test_concurrent_cross_thread_updates_from_multiple_threads' (2135) panicked at src/runtime.rs:1363:9:
[INFO] [stdout] assertion failed: dirty_fibers.contains(&fiber_id)
[INFO] [stdout] stack backtrace:
[INFO] [stdout]    0:     0x60f0be950541 - <<std[70759c8f55707aa4]::sys::backtrace::BacktraceLock>::print::DisplayBacktrace as core[df12db4294e9bfd3]::fmt::Display>::fmt
[INFO] [stdout]    1:     0x60f0be96756a - core[df12db4294e9bfd3]::fmt::write
[INFO] [stdout]    2:     0x60f0be95509c - <alloc[2182bb758b4b3781]::vec::Vec<u8> as core[df12db4294e9bfd3]::io::write::Write>::write_fmt
[INFO] [stdout]    3:     0x60f0be92ae86 - std[70759c8f55707aa4]::panicking::default_hook::{closure#0}
[INFO] [stdout]    4:     0x60f0be9487f9 - std[70759c8f55707aa4]::panicking::default_hook
[INFO] [stdout]    5:     0x60f0be7accf0 - test[9d35eded1c95d3be]::test_main_inner::<test[9d35eded1c95d3be]::test_main_static::{closure#0}>::{closure#0}
[INFO] [stdout]    6:     0x60f0be6ae946 - reratui[869d8f1b7b91d8a9]::panic_handler::setup_panic_handler::{closure#0}::{closure#0}
[INFO] [stdout]    7:     0x60f0be948b22 - std[70759c8f55707aa4]::panicking::panic_with_hook
[INFO] [stdout]    8:     0x60f0be92af64 - std[70759c8f55707aa4]::panicking::panic_handler::{closure#0}
[INFO] [stdout]    9:     0x60f0be923b69 - std[70759c8f55707aa4]::sys::backtrace::__rust_end_short_backtrace::<std[70759c8f55707aa4]::panicking::panic_handler::{closure#0}, !>
[INFO] [stdout]   10:     0x60f0be92bb2d - __rustc[8fa7c3cbc660c2b3]::rust_begin_unwind
[INFO] [stdout]   11:     0x60f0be967d4c - core[df12db4294e9bfd3]::panicking::panic_fmt
[INFO] [stdout]   12:     0x60f0be967d12 - core[df12db4294e9bfd3]::panicking::panic
[INFO] [stdout]   13:     0x60f0be769f62 - reratui[869d8f1b7b91d8a9]::runtime::tests::test_concurrent_cross_thread_updates_from_multiple_threads
[INFO] [stdout]   14:     0x60f0be69c5a9 - <reratui[869d8f1b7b91d8a9]::runtime::tests::test_concurrent_cross_thread_updates_from_multiple_threads::{closure#0} as core[df12db4294e9bfd3]::ops::function::FnOnce<()>>::call_once
[INFO] [stdout]   15:     0x60f0be79ffdb - test[9d35eded1c95d3be]::__rust_begin_short_backtrace::<core[df12db4294e9bfd3]::result::Result<(), alloc[2182bb758b4b3781]::string::String>, fn() -> core[df12db4294e9bfd3]::result::Result<(), alloc[2182bb758b4b3781]::string::String>>
[INFO] [stdout]   16:     0x60f0be7ad645 - test[9d35eded1c95d3be]::run_test::{closure#0}
[INFO] [stdout]   17:     0x60f0be7a6f04 - std[70759c8f55707aa4]::sys::backtrace::__rust_begin_short_backtrace::<test[9d35eded1c95d3be]::run_test::{closure#1}, ()>
[INFO] [stdout]   18:     0x60f0be7b07a2 - <std[70759c8f55707aa4]::thread::lifecycle::spawn_unchecked<test[9d35eded1c95d3be]::run_test::{closure#1}, ()>::{closure#1} as core[df12db4294e9bfd3]::ops::function::FnOnce<()>>::call_once::{shim:vtable#0}
[INFO] [stdout]   19:     0x60f0be94fdd9 - <std[70759c8f55707aa4]::sys::thread::unix::Thread>::new::thread_start
[INFO] [stdout]   20:     0x76c50a5e9dfa - <unknown>
[INFO] [stdout]   21:     0x76c50a67d3d4 - clone
[INFO] [stdout]   22:                0x0 - <unknown>
[INFO] [stdout] 
[INFO] [stdout] ---- scheduler::batch::property_tests::prop_cross_thread_updates_applied_after_drain stdout ----
[INFO] [stdout] proptest: failed to append to /opt/rustwide/workdir/proptest-regressions/scheduler/batch.txt: Read-only file system (os error 30)
[INFO] [stdout] 
[INFO] [stdout] thread 'scheduler::batch::property_tests::prop_cross_thread_updates_applied_after_drain' (2182) panicked at src/scheduler/batch.rs:1889:5:
[INFO] [stdout] Test failed: Cross-thread queue should have updates after background thread queuing at src/scheduler/batch.rs:1932.
[INFO] [stdout] minimal failing input: values = [
[INFO] [stdout]     -27528419,
[INFO] [stdout]     -123677969,
[INFO] [stdout]     1957875993,
[INFO] [stdout] ]
[INFO] [stdout] 	successes: 1
[INFO] [stdout] 	local rejects: 0
[INFO] [stdout] 	global rejects: 0
[INFO] [stdout] 
[INFO] [stdout] stack backtrace:
[INFO] [stdout]    0:     0x60f0be950541 - <<std[70759c8f55707aa4]::sys::backtrace::BacktraceLock>::print::DisplayBacktrace as core[df12db4294e9bfd3]::fmt::Display>::fmt
[INFO] [stdout]    1:     0x60f0be96756a - core[df12db4294e9bfd3]::fmt::write
[INFO] [stdout]    2:     0x60f0be95509c - <alloc[2182bb758b4b3781]::vec::Vec<u8> as core[df12db4294e9bfd3]::io::write::Write>::write_fmt
[INFO] [stdout]    3:     0x60f0be92ae86 - std[70759c8f55707aa4]::panicking::default_hook::{closure#0}
[INFO] [stdout]    4:     0x60f0be9487f9 - std[70759c8f55707aa4]::panicking::default_hook
[INFO] [stdout]    5:     0x60f0be7accf0 - test[9d35eded1c95d3be]::test_main_inner::<test[9d35eded1c95d3be]::test_main_static::{closure#0}>::{closure#0}
[INFO] [stdout]    6:     0x60f0be6ae946 - reratui[869d8f1b7b91d8a9]::panic_handler::setup_panic_handler::{closure#0}::{closure#0}
[INFO] [stdout]    7:     0x60f0be948b22 - std[70759c8f55707aa4]::panicking::panic_with_hook
[INFO] [stdout]    8:     0x60f0be92af32 - std[70759c8f55707aa4]::panicking::panic_handler::{closure#0}
[INFO] [stdout]    9:     0x60f0be923b69 - std[70759c8f55707aa4]::sys::backtrace::__rust_end_short_backtrace::<std[70759c8f55707aa4]::panicking::panic_handler::{closure#0}, !>
[INFO] [stdout]   10:     0x60f0be92bb2d - __rustc[8fa7c3cbc660c2b3]::rust_begin_unwind
[INFO] [stdout]   11:     0x60f0be967d4c - core[df12db4294e9bfd3]::panicking::panic_fmt
[INFO] [stdout]   12:     0x60f0be745e9c - reratui[869d8f1b7b91d8a9]::scheduler::batch::property_tests::prop_cross_thread_updates_applied_after_drain
[INFO] [stdout]   13:     0x60f0be69e959 - <reratui[869d8f1b7b91d8a9]::scheduler::batch::property_tests::prop_cross_thread_updates_applied_after_drain::{closure#0} as core[df12db4294e9bfd3]::ops::function::FnOnce<()>>::call_once
[INFO] [stdout]   14:     0x60f0be79ffdb - test[9d35eded1c95d3be]::__rust_begin_short_backtrace::<core[df12db4294e9bfd3]::result::Result<(), alloc[2182bb758b4b3781]::string::String>, fn() -> core[df12db4294e9bfd3]::result::Result<(), alloc[2182bb758b4b3781]::string::String>>
[INFO] [stdout]   15:     0x60f0be7ad645 - test[9d35eded1c95d3be]::run_test::{closure#0}
[INFO] [stdout]   16:     0x60f0be7a6f04 - std[70759c8f55707aa4]::sys::backtrace::__rust_begin_short_backtrace::<test[9d35eded1c95d3be]::run_test::{closure#1}, ()>
[INFO] [stdout]   17:     0x60f0be7b07a2 - <std[70759c8f55707aa4]::thread::lifecycle::spawn_unchecked<test[9d35eded1c95d3be]::run_test::{closure#1}, ()>::{closure#1} as core[df12db4294e9bfd3]::ops::function::FnOnce<()>>::call_once::{shim:vtable#0}
[INFO] [stdout]   18:     0x60f0be94fdd9 - <std[70759c8f55707aa4]::sys::thread::unix::Thread>::new::thread_start
[INFO] [stdout]   19:     0x76c50a5e9dfa - <unknown>
[INFO] [stdout]   20:     0x76c50a67d3d4 - clone
[INFO] [stdout]   21:                0x0 - <unknown>
[INFO] [stdout] 
[INFO] [stdout] ---- scheduler::batch::property_tests::prop_concurrent_access_safe stdout ----
[INFO] [stdout] proptest: failed to append to /opt/rustwide/workdir/proptest-regressions/scheduler/batch.txt: Read-only file system (os error 30)
[INFO] [stdout] 
[INFO] [stdout] thread 'scheduler::batch::property_tests::prop_concurrent_access_safe' (2180) panicked at src/scheduler/batch.rs:1889:5:
[INFO] [stdout] Test failed: assertion failed: `(left == right)` 
[INFO] [stdout]   left: `Some(-27528415)`, 
[INFO] [stdout]  right: `Some(2)`: All 2 updates should be applied, got Some(-27528415) at src/scheduler/batch.rs:2115.
[INFO] [stdout] minimal failing input: thread_count = 2, updates_per_thread = 1
[INFO] [stdout] 	successes: 0
[INFO] [stdout] 	local rejects: 0
[INFO] [stdout] 	global rejects: 0
[INFO] [stdout] 
[INFO] [stdout] stack backtrace:
[INFO] [stdout]    0:     0x60f0be950541 - <<std[70759c8f55707aa4]::sys::backtrace::BacktraceLock>::print::DisplayBacktrace as core[df12db4294e9bfd3]::fmt::Display>::fmt
[INFO] [stdout]    1:     0x60f0be96756a - core[df12db4294e9bfd3]::fmt::write
[INFO] [stdout]    2:     0x60f0be95509c - <alloc[2182bb758b4b3781]::vec::Vec<u8> as core[df12db4294e9bfd3]::io::write::Write>::write_fmt
[INFO] [stdout]    3:     0x60f0be92ae86 - std[70759c8f55707aa4]::panicking::default_hook::{closure#0}
[INFO] [stdout]    4:     0x60f0be9487f9 - std[70759c8f55707aa4]::panicking::default_hook
[INFO] [stdout]    5:     0x60f0be7accf0 - test[9d35eded1c95d3be]::test_main_inner::<test[9d35eded1c95d3be]::test_main_static::{closure#0}>::{closure#0}
[INFO] [stdout]    6:     0x60f0be6ae946 - reratui[869d8f1b7b91d8a9]::panic_handler::setup_panic_handler::{closure#0}::{closure#0}
[INFO] [stdout]    7:     0x60f0be948b22 - std[70759c8f55707aa4]::panicking::panic_with_hook
[INFO] [stdout]    8:     0x60f0be92af32 - std[70759c8f55707aa4]::panicking::panic_handler::{closure#0}
[INFO] [stdout]    9:     0x60f0be923b69 - std[70759c8f55707aa4]::sys::backtrace::__rust_end_short_backtrace::<std[70759c8f55707aa4]::panicking::panic_handler::{closure#0}, !>
[INFO] [stdout]   10:     0x60f0be92bb2d - __rustc[8fa7c3cbc660c2b3]::rust_begin_unwind
[INFO] [stdout]   11:     0x60f0be967d4c - core[df12db4294e9bfd3]::panicking::panic_fmt
[INFO] [stdout]   12:     0x60f0be7444c5 - reratui[869d8f1b7b91d8a9]::scheduler::batch::property_tests::prop_concurrent_access_safe
[INFO] [stdout]   13:     0x60f0be69e879 - <reratui[869d8f1b7b91d8a9]::scheduler::batch::property_tests::prop_concurrent_access_safe::{closure#0} as core[df12db4294e9bfd3]::ops::function::FnOnce<()>>::call_once
[INFO] [stdout]   14:     0x60f0be79ffdb - test[9d35eded1c95d3be]::__rust_begin_short_backtrace::<core[df12db4294e9bfd3]::result::Result<(), alloc[2182bb758b4b3781]::string::String>, fn() -> core[df12db4294e9bfd3]::result::Result<(), alloc[2182bb758b4b3781]::string::String>>
[INFO] [stdout]   15:     0x60f0be7ad645 - test[9d35eded1c95d3be]::run_test::{closure#0}
[INFO] [stdout]   16:     0x60f0be7a6f04 - std[70759c8f55707aa4]::sys::backtrace::__rust_begin_short_backtrace::<test[9d35eded1c95d3be]::run_test::{closure#1}, ()>
[INFO] [stdout]   17:     0x60f0be7b07a2 - <std[70759c8f55707aa4]::thread::lifecycle::spawn_unchecked<test[9d35eded1c95d3be]::run_test::{closure#1}, ()>::{closure#1} as core[df12db4294e9bfd3]::ops::function::FnOnce<()>>::call_once::{shim:vtable#0}
[INFO] [stdout]   18:     0x60f0be94fdd9 - <std[70759c8f55707aa4]::sys::thread::unix::Thread>::new::thread_start
[INFO] [stdout]   19:     0x76c50a5e9dfa - <unknown>
[INFO] [stdout]   20:     0x76c50a67d3d4 - clone
[INFO] [stdout]   21:                0x0 - <unknown>
[INFO] [stdout] 
[INFO] [stdout] ---- scheduler::batch::property_tests::prop_cross_thread_update_delivery stdout ----
[INFO] [stdout] proptest: failed to append to /opt/rustwide/workdir/proptest-regressions/scheduler/batch.txt: Read-only file system (os error 30)
[INFO] [stdout] 
[INFO] [stdout] thread 'scheduler::batch::property_tests::prop_cross_thread_update_delivery' (2181) panicked at src/scheduler/batch.rs:1889:5:
[INFO] [stdout] Test failed: assertion failed: `(left == right)` 
[INFO] [stdout]   left: `Some(1957875999)`, 
[INFO] [stdout]  right: `Some(6)`: All 6 updates should be applied after drain, got Some(1957875999) at src/scheduler/batch.rs:2458.
[INFO] [stdout] minimal failing input: update_count = 2, thread_count = 3
[INFO] [stdout] 	successes: 5
[INFO] [stdout] 	local rejects: 0
[INFO] [stdout] 	global rejects: 0
[INFO] [stdout] 
[INFO] [stdout] stack backtrace:
[INFO] [stdout]    0:     0x60f0be950541 - <<std[70759c8f55707aa4]::sys::backtrace::BacktraceLock>::print::DisplayBacktrace as core[df12db4294e9bfd3]::fmt::Display>::fmt
[INFO] [stdout]    1:     0x60f0be96756a - core[df12db4294e9bfd3]::fmt::write
[INFO] [stdout]    2:     0x60f0be95509c - <alloc[2182bb758b4b3781]::vec::Vec<u8> as core[df12db4294e9bfd3]::io::write::Write>::write_fmt
[INFO] [stdout]    3:     0x60f0be92ae86 - std[70759c8f55707aa4]::panicking::default_hook::{closure#0}
[INFO] [stdout]    4:     0x60f0be9487f9 - std[70759c8f55707aa4]::panicking::default_hook
[INFO] [stdout]    5:     0x60f0be7accf0 - test[9d35eded1c95d3be]::test_main_inner::<test[9d35eded1c95d3be]::test_main_static::{closure#0}>::{closure#0}
[INFO] [stdout]    6:     0x60f0be6ae946 - reratui[869d8f1b7b91d8a9]::panic_handler::setup_panic_handler::{closure#0}::{closure#0}
[INFO] [stdout]    7:     0x60f0be948b22 - std[70759c8f55707aa4]::panicking::panic_with_hook
[INFO] [stdout]    8:     0x60f0be92af32 - std[70759c8f55707aa4]::panicking::panic_handler::{closure#0}
[INFO] [stdout]    9:     0x60f0be923b69 - std[70759c8f55707aa4]::sys::backtrace::__rust_end_short_backtrace::<std[70759c8f55707aa4]::panicking::panic_handler::{closure#0}, !>
[INFO] [stdout]   10:     0x60f0be92bb2d - __rustc[8fa7c3cbc660c2b3]::rust_begin_unwind
[INFO] [stdout]   11:     0x60f0be967d4c - core[df12db4294e9bfd3]::panicking::panic_fmt
[INFO] [stdout]   12:     0x60f0be745755 - reratui[869d8f1b7b91d8a9]::scheduler::batch::property_tests::prop_cross_thread_update_delivery
[INFO] [stdout]   13:     0x60f0be69e919 - <reratui[869d8f1b7b91d8a9]::scheduler::batch::property_tests::prop_cross_thread_update_delivery::{closure#0} as core[df12db4294e9bfd3]::ops::function::FnOnce<()>>::call_once
[INFO] [stdout]   14:     0x60f0be79ffdb - test[9d35eded1c95d3be]::__rust_begin_short_backtrace::<core[df12db4294e9bfd3]::result::Result<(), alloc[2182bb758b4b3781]::string::String>, fn() -> core[df12db4294e9bfd3]::result::Result<(), alloc[2182bb758b4b3781]::string::String>>
[INFO] [stdout]   15:     0x60f0be7ad645 - test[9d35eded1c95d3be]::run_test::{closure#0}
[INFO] [stdout]   16:     0x60f0be7a6f04 - std[70759c8f55707aa4]::sys::backtrace::__rust_begin_short_backtrace::<test[9d35eded1c95d3be]::run_test::{closure#1}, ()>
[INFO] [stdout]   17:     0x60f0be7b07a2 - <std[70759c8f55707aa4]::thread::lifecycle::spawn_unchecked<test[9d35eded1c95d3be]::run_test::{closure#1}, ()>::{closure#1} as core[df12db4294e9bfd3]::ops::function::FnOnce<()>>::call_once::{shim:vtable#0}
[INFO] [stdout]   18:     0x60f0be94fdd9 - <std[70759c8f55707aa4]::sys::thread::unix::Thread>::new::thread_start
[INFO] [stdout]   19:     0x76c50a5e9dfa - <unknown>
[INFO] [stdout]   20:     0x76c50a67d3d4 - clone
[INFO] [stdout]   21:                0x0 - <unknown>
[INFO] [stdout] 
[INFO] [stdout] 
[INFO] [stdout] failures:
[INFO] [stdout]     runtime::tests::test_concurrent_cross_thread_updates_from_multiple_threads
[INFO] [stdout]     runtime::tests::test_cross_thread_updates_applied_after_drain
[INFO] [stdout]     runtime::tests::test_event_phase_batching_functional_updates
[INFO] [stdout]     runtime::tests::test_event_phase_batching_multiple_fibers
[INFO] [stdout]     runtime::tests::test_event_phase_batching_multiple_updates
[INFO] [stdout]     scheduler::batch::property_tests::prop_concurrent_access_safe
[INFO] [stdout]     scheduler::batch::property_tests::prop_cross_thread_update_delivery
[INFO] [stdout]     scheduler::batch::property_tests::prop_cross_thread_updates_applied_after_drain
[INFO] [stdout]     scheduler::batch::tests::test_drain_cross_thread_updates_applies_updater
[INFO] [stdout]     scheduler::batch::tests::test_multiple_background_threads_queue_updates
[INFO] [stdout]     scheduler::batch::tests::test_queue_update_fallback_preserves_order_with_multiple_updates
[INFO] [stdout] 
[INFO] [stdout] test result: FAILED. 472 passed; 11 failed; 0 ignored; 0 measured; 0 filtered out; finished in 1.02s
[INFO] [stdout] 
[INFO] running `Command { std: "docker" "inspect" "cc1c55028218d7797cbd573fa19eb78c122426849bf5bd4c4bbc4463e967a9d6", kill_on_drop: false }`
[INFO] running `Command { std: "docker" "rm" "-f" "cc1c55028218d7797cbd573fa19eb78c122426849bf5bd4c4bbc4463e967a9d6", kill_on_drop: false }`
[INFO] [stdout] cc1c55028218d7797cbd573fa19eb78c122426849bf5bd4c4bbc4463e967a9d6
