[INFO] fetching crate reqwest_resume 0.3.2...
[INFO] testing reqwest_resume-0.3.2 against 1.99.0-beta.8+cargoflags=--release for beta-release-1.100-2
[INFO] extracting crate reqwest_resume 0.3.2 into /workspace/builds/worker-0-tc1/source
[INFO] started tweaking crates.io crate reqwest_resume 0.3.2
[INFO] finished tweaking crates.io crate reqwest_resume 0.3.2
[INFO] tweaked toml for crates.io crate reqwest_resume 0.3.2 written to /workspace/builds/worker-0-tc1/source/Cargo.toml
[INFO] validating manifest of crates.io crate reqwest_resume 0.3.2 on toolchain 1.99.0-beta.8
[INFO] running `Command { std: CARGO_HOME="/workspace/cargo-home" RUSTUP_HOME="/workspace/rustup-home" "/workspace/cargo-home/bin/cargo" "+1.99.0-beta.8" "metadata" "--manifest-path" "Cargo.toml" "--no-deps", kill_on_drop: false }`
[INFO] running `Command { std: CARGO_HOME="/workspace/cargo-home" RUSTUP_HOME="/workspace/rustup-home" "/workspace/cargo-home/bin/cargo" "+1.99.0-beta.8" "generate-lockfile" "--manifest-path" "Cargo.toml", kill_on_drop: false }`
[INFO] [stderr]     Updating crates.io index
[INFO] [stderr]      Locking 142 packages to highest compatible versions
[INFO] [stderr]       Adding async-compression v0.3.15 (available: v0.4.51)
[INFO] [stderr]       Adding bytes v0.5.6 (available: v1.12.1)
[INFO] [stderr]       Adding bytes v1.1.0 (available: v1.12.1)
[INFO] [stderr]       Adding form_urlencoded v1.0.1 (available: v1.2.2)
[INFO] [stderr]       Adding percent-encoding v2.1.0 (available: v2.3.2)
[INFO] [stderr]       Adding reqwest v0.10.10 (available: v0.13.5)
[INFO] [stderr]       Adding tokio v0.2.25 (available: v1.53.3)
[INFO] [stderr]       Adding unicase v2.6.0 (available: v2.10.0)
[INFO] [stderr]       Adding url v2.3.0 (available: v2.5.8)
[INFO] running `Command { std: CARGO_HOME="/workspace/cargo-home" RUSTUP_HOME="/workspace/rustup-home" "/workspace/cargo-home/bin/cargo" "+1.99.0-beta.8" "fetch" "--manifest-path" "Cargo.toml", kill_on_drop: false }`
[INFO] [stderr]  Downloading crates ...
[INFO] [stderr]   Downloaded async-compression v0.3.15
[INFO] running `Command { std: "docker" "create" "-v" "/var/lib/crater-agent-workspace/builds/worker-0-tc1/source:/opt/rustwide/workdir:ro,Z" "-v" "/var/lib/crater-agent-workspace/builds/worker-0-tc1/target:/opt/rustwide/target:rw,Z" "-v" "/var/lib/crater-agent-workspace/cargo-home:/opt/rustwide/cargo-home:ro,Z" "-v" "/var/lib/crater-agent-workspace/rustup-home:/opt/rustwide/rustup-home:ro,Z" "-m" "1610612736" "--network" "none" "ghcr.io/rust-lang/crates-build-env/linux@sha256:77db811e55d90add9212f6832c23229e3de5f1c1f9905e8cb07319ea15df73ac" "sleep" "infinity", kill_on_drop: false }`
[INFO] [stdout] 9cf73f687234a52342522a68bba422a8dee4fb6a41c5f83197b0bfb5952b99f4
[INFO] running `Command { std: "docker" "start" "9cf73f687234a52342522a68bba422a8dee4fb6a41c5f83197b0bfb5952b99f4", kill_on_drop: false }`
[INFO] running `Command { std: "docker" "inspect" "9cf73f687234a52342522a68bba422a8dee4fb6a41c5f83197b0bfb5952b99f4", kill_on_drop: false }`
[INFO] running `Command { std: "docker" "exec" "-e" "SOURCE_DIR=/opt/rustwide/workdir" "-e" "CARGO_HOME=/opt/rustwide/cargo-home" "-e" "RUSTUP_HOME=/opt/rustwide/rustup-home" "-e" "CARGO_TARGET_DIR=/opt/rustwide/target" "-w" "/opt/rustwide/workdir" "--user" "0:0" "9cf73f687234a52342522a68bba422a8dee4fb6a41c5f83197b0bfb5952b99f4" "/opt/rustwide/cargo-home/bin/cargo" "+1.99.0-beta.8" "metadata" "--no-deps" "--format-version=1", kill_on_drop: false }`
[INFO] running `Command { std: "docker" "inspect" "9cf73f687234a52342522a68bba422a8dee4fb6a41c5f83197b0bfb5952b99f4", kill_on_drop: false }`
[INFO] running `Command { std: "docker" "exec" "-e" "SOURCE_DIR=/opt/rustwide/workdir" "-e" "CARGO_HOME=/opt/rustwide/cargo-home" "-e" "RUSTUP_HOME=/opt/rustwide/rustup-home" "-e" "CARGO_TARGET_DIR=/opt/rustwide/target" "-e" "CARGO_INCREMENTAL=0" "-e" "RUST_BACKTRACE=full" "-e" "RUSTFLAGS=--cap-lints=warn" "-e" "RUSTDOCFLAGS=--cap-lints=warn" "-w" "/opt/rustwide/workdir" "--user" "0:0" "9cf73f687234a52342522a68bba422a8dee4fb6a41c5f83197b0bfb5952b99f4" "/opt/rustwide/cargo-home/bin/cargo" "+1.99.0-beta.8" "build" "--frozen" "--message-format=json" "--release", kill_on_drop: false }`
[INFO] [stderr]    Compiling libc v0.2.191
[INFO] [stderr]    Compiling syn v2.0.119
[INFO] [stderr]    Compiling syn v1.0.109
[INFO] [stderr]    Compiling syn v3.0.9
[INFO] [stderr]    Compiling bytes v0.5.6
[INFO] [stderr]    Compiling futures-channel v0.3.34
[INFO] [stderr]    Compiling futures-io v0.3.34
[INFO] [stderr]    Compiling futures-task v0.3.34
[INFO] [stderr]    Compiling pin-project-lite v0.1.12
[INFO] [stderr]    Compiling indexmap v1.9.3
[INFO] [stderr]    Compiling tracing v0.1.44
[INFO] [stderr]    Compiling unicase v2.6.0
[INFO] [stderr]    Compiling hashbrown v0.12.3
[INFO] [stderr]    Compiling mime_guess v2.0.5
[INFO] [stderr]    Compiling http-body v0.3.1
[INFO] [stderr]    Compiling httpdate v0.3.2
[INFO] [stderr]    Compiling itoa v0.4.8
[INFO] [stderr]    Compiling hyperx v1.4.0
[INFO] [stderr]    Compiling net2 v0.2.39
[INFO] [stderr]    Compiling iovec v0.1.4
[INFO] [stderr]    Compiling openssl-sys v0.9.117
[INFO] [stderr]    Compiling socket2 v0.3.19
[INFO] [stderr]    Compiling mio v0.6.23
[INFO] [stderr]    Compiling tokio-macros v0.2.6
[INFO] [stderr]    Compiling pin-project-internal v1.1.13
[INFO] [stderr]    Compiling openssl-macros v0.1.1
[INFO] [stderr]    Compiling openssl v0.10.81
[INFO] [stderr]    Compiling tokio v0.2.25
[INFO] [stderr]    Compiling futures-macro v0.3.34
[INFO] [stderr]    Compiling pin-project v1.1.13
[INFO] [stderr]    Compiling tracing-futures v0.2.5
[INFO] [stderr]    Compiling futures-util v0.3.34
[INFO] [stderr]    Compiling tokio-util v0.3.1
[INFO] [stderr]    Compiling native-tls v0.2.18
[INFO] [stderr]    Compiling tokio-tls v0.3.1
[INFO] [stderr]    Compiling h2 v0.2.7
[INFO] [stderr]    Compiling futures-executor v0.3.34
[INFO] [stderr]    Compiling futures v0.3.34
[INFO] [stderr]    Compiling hyper v0.13.10
[INFO] [stderr]    Compiling hyper-tls v0.4.3
[INFO] [stderr]    Compiling reqwest v0.10.10
[INFO] [stderr]    Compiling reqwest_resume v0.3.2 (/opt/rustwide/workdir)
[INFO] [stderr]     Finished `release` profile [optimized] target(s) in 1m 22s
[INFO] running `Command { std: "docker" "inspect" "9cf73f687234a52342522a68bba422a8dee4fb6a41c5f83197b0bfb5952b99f4", kill_on_drop: false }`
[INFO] running `Command { std: "docker" "exec" "-e" "SOURCE_DIR=/opt/rustwide/workdir" "-e" "CARGO_HOME=/opt/rustwide/cargo-home" "-e" "RUSTUP_HOME=/opt/rustwide/rustup-home" "-e" "CARGO_TARGET_DIR=/opt/rustwide/target" "-e" "CARGO_INCREMENTAL=0" "-e" "RUST_BACKTRACE=full" "-e" "RUSTFLAGS=--cap-lints=warn" "-e" "RUSTDOCFLAGS=--cap-lints=warn" "-w" "/opt/rustwide/workdir" "--user" "0:0" "9cf73f687234a52342522a68bba422a8dee4fb6a41c5f83197b0bfb5952b99f4" "/opt/rustwide/cargo-home/bin/cargo" "+1.99.0-beta.8" "test" "--frozen" "--no-run" "--message-format=json" "--release", kill_on_drop: false }`
[INFO] [stderr]    Compiling async-compression v0.3.15
[INFO] [stderr]    Compiling reqwest_resume v0.3.2 (/opt/rustwide/workdir)
[INFO] [stderr]     Finished `release` profile [optimized] target(s) in 4.94s
[INFO] running `Command { std: "docker" "inspect" "9cf73f687234a52342522a68bba422a8dee4fb6a41c5f83197b0bfb5952b99f4", kill_on_drop: false }`
[INFO] running `Command { std: "docker" "exec" "-e" "SOURCE_DIR=/opt/rustwide/workdir" "-e" "CARGO_HOME=/opt/rustwide/cargo-home" "-e" "RUSTUP_HOME=/opt/rustwide/rustup-home" "-e" "CARGO_TARGET_DIR=/opt/rustwide/target" "-e" "CARGO_INCREMENTAL=0" "-e" "RUST_BACKTRACE=full" "-e" "RUSTFLAGS=--cap-lints=warn" "-e" "RUSTDOCFLAGS=--cap-lints=warn" "-w" "/opt/rustwide/workdir" "--user" "0:0" "9cf73f687234a52342522a68bba422a8dee4fb6a41c5f83197b0bfb5952b99f4" "/opt/rustwide/cargo-home/bin/cargo" "+1.99.0-beta.8" "test" "--frozen" "--release", kill_on_drop: false }`
[INFO] [stderr]     Finished `release` profile [optimized] target(s) in 0.13s
[INFO] [stderr]      Running unittests src/lib.rs (/opt/rustwide/target/release/deps/reqwest_resume-15fae20f4f37d2c2)
[INFO] [stdout] 
[INFO] [stdout] running 1 test
[INFO] [stdout] test test::dl_s3 ... FAILED
[INFO] [stdout] 
[INFO] [stdout] failures:
[INFO] [stdout] 
[INFO] [stdout] ---- test::dl_s3 stdout ----
[INFO] [stdout] 
[INFO] [stdout] thread 'test::dl_s3' (943) panicked at src/lib.rs:227:10:
[INFO] [stdout] called `Result::unwrap()` on an `Err` value: reqwest::Error { kind: Request, url: Url { scheme: "http", cannot_be_a_base: false, username: "", password: None, host: Some(Domain("commoncrawl.s3.amazonaws.com")), port: None, path: "/crawl-data/CC-MAIN-2018-30/warc.paths.gz", query: None, fragment: None }, source: hyper::Error(Connect, ConnectError("dns error", Custom { kind: Uncategorized, error: "failed to lookup address information: Temporary failure in name resolution" })) }
[INFO] [stdout] stack backtrace:
[INFO] [stdout]    0:     0x5d6f50033091 - <<std[70759c8f55707aa4]::sys::backtrace::BacktraceLock>::print::DisplayBacktrace as core[df12db4294e9bfd3]::fmt::Display>::fmt
[INFO] [stdout]    1:     0x5d6f5004936a - core[df12db4294e9bfd3]::fmt::write
[INFO] [stdout]    2:     0x5d6f50037a6c - <alloc[2182bb758b4b3781]::vec::Vec<u8> as core[df12db4294e9bfd3]::io::write::Write>::write_fmt
[INFO] [stdout]    3:     0x5d6f5000e726 - std[70759c8f55707aa4]::panicking::default_hook::{closure#0}
[INFO] [stdout]    4:     0x5d6f5002b0b9 - std[70759c8f55707aa4]::panicking::default_hook
[INFO] [stdout]    5:     0x5d6f4ffad080 - test[9d35eded1c95d3be]::test_main_inner::<test[9d35eded1c95d3be]::test_main_static::{closure#0}>::{closure#0}
[INFO] [stdout]    6:     0x5d6f5002b3e2 - std[70759c8f55707aa4]::panicking::panic_with_hook
[INFO] [stdout]    7:     0x5d6f5000e7d2 - std[70759c8f55707aa4]::panicking::panic_handler::{closure#0}
[INFO] [stdout]    8:     0x5d6f50007479 - std[70759c8f55707aa4]::sys::backtrace::__rust_end_short_backtrace::<std[70759c8f55707aa4]::panicking::panic_handler::{closure#0}, !>
[INFO] [stdout]    9:     0x5d6f5000f5bd - __rustc[8fa7c3cbc660c2b3]::rust_begin_unwind
[INFO] [stdout]   10:     0x5d6f50049acc - core[df12db4294e9bfd3]::panicking::panic_fmt
[INFO] [stdout]   11:     0x5d6f500498a2 - core[df12db4294e9bfd3]::result::unwrap_failed
[INFO] [stdout]   12:     0x5d6f4fe7a6ab - reqwest_resume[4d667baf3eaa7a1a]::test::dl_s3::{closure#0}
[INFO] [stdout]   13:     0x5d6f4fe721b2 - <tokio[52c88d6d3a0c2a8d]::macros::scoped_tls::ScopedKey<tokio[52c88d6d3a0c2a8d]::runtime::basic_scheduler::Context>>::set::<tokio[52c88d6d3a0c2a8d]::runtime::basic_scheduler::enter<<tokio[52c88d6d3a0c2a8d]::runtime::basic_scheduler::BasicScheduler<tokio[52c88d6d3a0c2a8d]::park::either::Either<tokio[52c88d6d3a0c2a8d]::time::driver::Driver<tokio[52c88d6d3a0c2a8d]::park::either::Either<tokio[52c88d6d3a0c2a8d]::io::driver::Driver, tokio[52c88d6d3a0c2a8d]::park::thread::ParkThread>>, tokio[52c88d6d3a0c2a8d]::park::either::Either<tokio[52c88d6d3a0c2a8d]::io::driver::Driver, tokio[52c88d6d3a0c2a8d]::park::thread::ParkThread>>>>::block_on<reqwest_resume[4d667baf3eaa7a1a]::test::dl_s3::{closure#0}>::{closure#0}, (), tokio[52c88d6d3a0c2a8d]::park::either::Either<tokio[52c88d6d3a0c2a8d]::time::driver::Driver<tokio[52c88d6d3a0c2a8d]::park::either::Either<tokio[52c88d6d3a0c2a8d]::io::driver::Driver, tokio[52c88d6d3a0c2a8d]::park::thread::ParkThread>>, tokio[52c88d6d3a0c2a8d]::park::either::Either<tokio[52c88d6d3a0c2a8d]::io::driver::Driver, tokio[52c88d6d3a0c2a8d]::park::thread::ParkThread>>>::{closure#0}, ()>
[INFO] [stdout]   14:     0x5d6f4fe8237f - tokio[52c88d6d3a0c2a8d]::runtime::basic_scheduler::enter::<<tokio[52c88d6d3a0c2a8d]::runtime::basic_scheduler::BasicScheduler<tokio[52c88d6d3a0c2a8d]::park::either::Either<tokio[52c88d6d3a0c2a8d]::time::driver::Driver<tokio[52c88d6d3a0c2a8d]::park::either::Either<tokio[52c88d6d3a0c2a8d]::io::driver::Driver, tokio[52c88d6d3a0c2a8d]::park::thread::ParkThread>>, tokio[52c88d6d3a0c2a8d]::park::either::Either<tokio[52c88d6d3a0c2a8d]::io::driver::Driver, tokio[52c88d6d3a0c2a8d]::park::thread::ParkThread>>>>::block_on<reqwest_resume[4d667baf3eaa7a1a]::test::dl_s3::{closure#0}>::{closure#0}, (), tokio[52c88d6d3a0c2a8d]::park::either::Either<tokio[52c88d6d3a0c2a8d]::time::driver::Driver<tokio[52c88d6d3a0c2a8d]::park::either::Either<tokio[52c88d6d3a0c2a8d]::io::driver::Driver, tokio[52c88d6d3a0c2a8d]::park::thread::ParkThread>>, tokio[52c88d6d3a0c2a8d]::park::either::Either<tokio[52c88d6d3a0c2a8d]::io::driver::Driver, tokio[52c88d6d3a0c2a8d]::park::thread::ParkThread>>>
[INFO] [stdout]   15:     0x5d6f4fe7571c - tokio[52c88d6d3a0c2a8d]::runtime::context::enter::<<tokio[52c88d6d3a0c2a8d]::runtime::Runtime>::block_on<reqwest_resume[4d667baf3eaa7a1a]::test::dl_s3::{closure#0}>::{closure#0}, ()>
[INFO] [stdout]   16:     0x5d6f4fe758b2 - reqwest_resume[4d667baf3eaa7a1a]::test::dl_s3
[INFO] [stdout]   17:     0x5d6f4fe89d99 - <reqwest_resume[4d667baf3eaa7a1a]::test::dl_s3::{closure#0} as core[df12db4294e9bfd3]::ops::function::FnOnce<()>>::call_once
[INFO] [stdout]   18:     0x5d6f4ffa036b - test[9d35eded1c95d3be]::__rust_begin_short_backtrace::<core[df12db4294e9bfd3]::result::Result<(), alloc[2182bb758b4b3781]::string::String>, fn() -> core[df12db4294e9bfd3]::result::Result<(), alloc[2182bb758b4b3781]::string::String>>
[INFO] [stdout]   19:     0x5d6f4ffad9d5 - test[9d35eded1c95d3be]::run_test::{closure#0}
[INFO] [stdout]   20:     0x5d6f4ffa7294 - std[70759c8f55707aa4]::sys::backtrace::__rust_begin_short_backtrace::<test[9d35eded1c95d3be]::run_test::{closure#1}, ()>
[INFO] [stdout]   21:     0x5d6f4ffb0b32 - <std[70759c8f55707aa4]::thread::lifecycle::spawn_unchecked<test[9d35eded1c95d3be]::run_test::{closure#1}, ()>::{closure#1} as core[df12db4294e9bfd3]::ops::function::FnOnce<()>>::call_once::{shim:vtable#0}
[INFO] [stdout]   22:     0x5d6f500325b9 - <std[70759c8f55707aa4]::sys::thread::unix::Thread>::new::thread_start
[INFO] [stdout]   23:     0x729c2b896dfa - <unknown>
[INFO] [stdout]   24:     0x729c2b92a3d4 - clone
[INFO] [stdout]   25:                0x0 - <unknown>
[INFO] [stdout] 
[INFO] [stdout] 
[INFO] [stdout] failures:
[INFO] [stdout]     test::dl_s3
[INFO] [stdout] 
[INFO] [stdout] test result: FAILED. 0 passed; 1 failed; 0 ignored; 0 measured; 0 filtered out; finished in 0.04s
[INFO] [stdout] 
[INFO] [stderr] error: test failed, to rerun pass `--lib`
[INFO] running `Command { std: "docker" "inspect" "9cf73f687234a52342522a68bba422a8dee4fb6a41c5f83197b0bfb5952b99f4", kill_on_drop: false }`
[INFO] running `Command { std: "docker" "rm" "-f" "9cf73f687234a52342522a68bba422a8dee4fb6a41c5f83197b0bfb5952b99f4", kill_on_drop: false }`
[INFO] [stdout] 9cf73f687234a52342522a68bba422a8dee4fb6a41c5f83197b0bfb5952b99f4
