[INFO] fetching crate reqwest-vcr 0.4.0...
[INFO] testing reqwest-vcr-0.4.0 against 1.100.0-beta.1+cargoflags=--release for beta-release-1.100-2
[INFO] extracting crate reqwest-vcr 0.4.0 into /workspace/builds/worker-5-tc2/source
[INFO] started tweaking crates.io crate reqwest-vcr 0.4.0
[INFO] removed 0 missing tests
[INFO] finished tweaking crates.io crate reqwest-vcr 0.4.0
[INFO] tweaked toml for crates.io crate reqwest-vcr 0.4.0 written to /workspace/builds/worker-5-tc2/source/Cargo.toml
[INFO] validating manifest of crates.io crate reqwest-vcr 0.4.0 on toolchain 1.100.0-beta.1
[INFO] running `Command { std: CARGO_HOME="/workspace/cargo-home" RUSTUP_HOME="/workspace/rustup-home" "/workspace/cargo-home/bin/cargo" "+1.100.0-beta.1" "metadata" "--manifest-path" "Cargo.toml" "--no-deps", kill_on_drop: false }`
[INFO] crate crates.io crate reqwest-vcr 0.4.0 already has a lockfile, it will not be regenerated
[INFO] running `Command { std: CARGO_HOME="/workspace/cargo-home" RUSTUP_HOME="/workspace/rustup-home" "/workspace/cargo-home/bin/cargo" "+1.100.0-beta.1" "fetch" "--manifest-path" "Cargo.toml", kill_on_drop: false }`
[INFO] running `Command { std: "docker" "create" "-v" "/var/lib/crater-agent-workspace/builds/worker-5-tc2/source:/opt/rustwide/workdir:ro,Z" "-v" "/var/lib/crater-agent-workspace/builds/worker-5-tc2/target:/opt/rustwide/target:rw,Z" "-v" "/var/lib/crater-agent-workspace/cargo-home:/opt/rustwide/cargo-home:ro,Z" "-v" "/var/lib/crater-agent-workspace/rustup-home:/opt/rustwide/rustup-home:ro,Z" "-m" "1610612736" "--network" "none" "ghcr.io/rust-lang/crates-build-env/linux@sha256:77db811e55d90add9212f6832c23229e3de5f1c1f9905e8cb07319ea15df73ac" "sleep" "infinity", kill_on_drop: false }`
[INFO] [stdout] 3897f6ad13a3aa37684ae6217eb9bfdc806af49d4499a88d7bf0af666983c119
[INFO] running `Command { std: "docker" "start" "3897f6ad13a3aa37684ae6217eb9bfdc806af49d4499a88d7bf0af666983c119", kill_on_drop: false }`
[INFO] running `Command { std: "docker" "inspect" "3897f6ad13a3aa37684ae6217eb9bfdc806af49d4499a88d7bf0af666983c119", kill_on_drop: false }`
[INFO] running `Command { std: "docker" "exec" "-e" "SOURCE_DIR=/opt/rustwide/workdir" "-e" "CARGO_HOME=/opt/rustwide/cargo-home" "-e" "RUSTUP_HOME=/opt/rustwide/rustup-home" "-e" "CARGO_TARGET_DIR=/opt/rustwide/target" "-w" "/opt/rustwide/workdir" "--user" "0:0" "3897f6ad13a3aa37684ae6217eb9bfdc806af49d4499a88d7bf0af666983c119" "/opt/rustwide/cargo-home/bin/cargo" "+1.100.0-beta.1" "metadata" "--no-deps" "--format-version=1", kill_on_drop: false }`
[INFO] running `Command { std: "docker" "inspect" "3897f6ad13a3aa37684ae6217eb9bfdc806af49d4499a88d7bf0af666983c119", kill_on_drop: false }`
[INFO] running `Command { std: "docker" "exec" "-e" "SOURCE_DIR=/opt/rustwide/workdir" "-e" "CARGO_HOME=/opt/rustwide/cargo-home" "-e" "RUSTUP_HOME=/opt/rustwide/rustup-home" "-e" "CARGO_TARGET_DIR=/opt/rustwide/target" "-e" "CARGO_INCREMENTAL=0" "-e" "RUST_BACKTRACE=full" "-e" "RUSTFLAGS=--cap-lints=warn" "-e" "RUSTDOCFLAGS=--cap-lints=warn" "-w" "/opt/rustwide/workdir" "--user" "0:0" "3897f6ad13a3aa37684ae6217eb9bfdc806af49d4499a88d7bf0af666983c119" "/opt/rustwide/cargo-home/bin/cargo" "+1.100.0-beta.1" "build" "--frozen" "--message-format=json" "--release", kill_on_drop: false }`
[INFO] [stderr]    Compiling proc-macro2 v1.0.94
[INFO] [stderr]    Compiling libc v0.2.182
[INFO] [stderr]    Compiling writeable v0.5.5
[INFO] [stderr]    Compiling litemap v0.7.5
[INFO] [stderr]    Compiling icu_locid_transform_data v1.5.0
[INFO] [stderr]    Compiling smallvec v1.14.0
[INFO] [stderr]    Compiling icu_properties_data v1.5.0
[INFO] [stderr]    Compiling serde v1.0.219
[INFO] [stderr]    Compiling write16 v1.0.0
[INFO] [stderr]    Compiling utf16_iter v1.0.5
[INFO] [stderr]    Compiling icu_normalizer_data v1.5.0
[INFO] [stderr]    Compiling futures-task v0.3.31
[INFO] [stderr]    Compiling once_cell v1.21.1
[INFO] [stderr]    Compiling autocfg v1.4.0
[INFO] [stderr]    Compiling form_urlencoded v1.2.1
[INFO] [stderr]    Compiling futures-channel v0.3.31
[INFO] [stderr]    Compiling log v0.4.26
[INFO] [stderr]    Compiling anyhow v1.0.97
[INFO] [stderr]    Compiling http-body-util v0.1.3
[INFO] [stderr]    Compiling tracing-core v0.1.33
[INFO] [stderr]    Compiling serde_json v1.0.140
[INFO] [stderr]    Compiling futures-util v0.3.31
[INFO] [stderr]    Compiling iana-time-zone v0.1.61
[INFO] [stderr]    Compiling void v1.0.2
[INFO] [stderr]    Compiling memchr v2.7.4
[INFO] [stderr]    Compiling base64 v0.21.7
[INFO] [stderr]    Compiling num-traits v0.2.19
[INFO] [stderr]    Compiling quote v1.0.40
[INFO] [stderr]    Compiling syn v2.0.100
[INFO] [stderr]    Compiling socket2 v0.5.8
[INFO] [stderr]    Compiling mio v1.0.3
[INFO] [stderr]    Compiling socket2 v0.6.2
[INFO] [stderr]    Compiling tokio v1.44.1
[INFO] [stderr]    Compiling tower v0.5.2
[INFO] [stderr]    Compiling hyper v1.8.1
[INFO] [stderr]    Compiling tower-http v0.6.8
[INFO] [stderr]    Compiling synstructure v0.13.1
[INFO] [stderr]    Compiling zerofrom-derive v0.1.6
[INFO] [stderr]    Compiling yoke-derive v0.7.5
[INFO] [stderr]    Compiling zerovec-derive v0.10.3
[INFO] [stderr]    Compiling displaydoc v0.2.5
[INFO] [stderr]    Compiling icu_provider_macros v1.5.0
[INFO] [stderr]    Compiling serde_derive v1.0.219
[INFO] [stderr]    Compiling tracing-attributes v0.1.28
[INFO] [stderr]    Compiling thiserror-impl v2.0.18
[INFO] [stderr]    Compiling async-trait v0.1.88
[INFO] [stderr]    Compiling zerofrom v0.1.6
[INFO] [stderr]    Compiling yoke v0.7.5
[INFO] [stderr]    Compiling tracing v0.1.41
[INFO] [stderr]    Compiling thiserror v2.0.18
[INFO] [stderr]    Compiling hyper-util v0.1.20
[INFO] [stderr]    Compiling zerovec v0.10.4
[INFO] [stderr]    Compiling tinystr v0.7.6
[INFO] [stderr]    Compiling icu_collections v1.5.0
[INFO] [stderr]    Compiling icu_locid v1.5.0
[INFO] [stderr]    Compiling icu_provider v1.5.0
[INFO] [stderr]    Compiling icu_locid_transform v1.5.0
[INFO] [stderr]    Compiling icu_properties v1.5.1
[INFO] [stderr]    Compiling chrono v0.4.40
[INFO] [stderr]    Compiling icu_normalizer v1.5.0
[INFO] [stderr]    Compiling idna_adapter v1.2.0
[INFO] [stderr]    Compiling idna v1.0.3
[INFO] [stderr]    Compiling url v2.5.4
[INFO] [stderr]    Compiling reqwest v0.13.2
[INFO] [stderr]    Compiling vcr-cassette v2.0.1
[INFO] [stderr]    Compiling reqwest-middleware v0.5.1
[INFO] [stderr]    Compiling reqwest-vcr v0.4.0 (/opt/rustwide/workdir)
[INFO] [stderr]     Finished `release` profile [optimized] target(s) in 51.52s
[INFO] running `Command { std: "docker" "inspect" "3897f6ad13a3aa37684ae6217eb9bfdc806af49d4499a88d7bf0af666983c119", kill_on_drop: false }`
[INFO] running `Command { std: "docker" "exec" "-e" "SOURCE_DIR=/opt/rustwide/workdir" "-e" "CARGO_HOME=/opt/rustwide/cargo-home" "-e" "RUSTUP_HOME=/opt/rustwide/rustup-home" "-e" "CARGO_TARGET_DIR=/opt/rustwide/target" "-e" "CARGO_INCREMENTAL=0" "-e" "RUST_BACKTRACE=full" "-e" "RUSTFLAGS=--cap-lints=warn" "-e" "RUSTDOCFLAGS=--cap-lints=warn" "-w" "/opt/rustwide/workdir" "--user" "0:0" "3897f6ad13a3aa37684ae6217eb9bfdc806af49d4499a88d7bf0af666983c119" "/opt/rustwide/cargo-home/bin/cargo" "+1.100.0-beta.1" "test" "--frozen" "--no-run" "--message-format=json" "--release", kill_on_drop: false }`
[INFO] [stderr]    Compiling parking_lot_core v0.9.10
[INFO] [stderr]    Compiling log v0.4.26
[INFO] [stderr]    Compiling libc v0.2.182
[INFO] [stderr]    Compiling lock_api v0.4.12
[INFO] [stderr]    Compiling tracing-core v0.1.33
[INFO] [stderr]    Compiling aws-lc-rs v1.16.0
[INFO] [stderr]    Compiling tokio-macros v2.5.0
[INFO] [stderr]    Compiling signal-hook-registry v1.4.2
[INFO] [stderr]    Compiling indexmap v2.13.0
[INFO] [stderr]    Compiling rustls v0.23.37
[INFO] [stderr]    Compiling openssl-macros v0.1.1
[INFO] [stderr]    Compiling native-tls v0.2.14
[INFO] [stderr]    Compiling encoding_rs v0.8.35
[INFO] [stderr]    Compiling regex-syntax v0.6.29
[INFO] [stderr]    Compiling url v2.5.4
[INFO] [stderr]    Compiling regex-syntax v0.8.5
[INFO] [stderr]    Compiling overload v0.1.1
[INFO] [stderr]    Compiling nu-ansi-term v0.46.0
[INFO] [stderr]    Compiling thread_local v1.1.8
[INFO] [stderr]    Compiling serde_urlencoded v0.7.1
[INFO] [stderr]    Compiling rustls-pemfile v2.2.0
[INFO] [stderr]    Compiling tracing-test-macro v0.2.5
[INFO] [stderr]    Compiling parking_lot v0.12.3
[INFO] [stderr]    Compiling tracing v0.1.41
[INFO] [stderr]    Compiling tracing-log v0.2.0
[INFO] [stderr]    Compiling tokio v1.44.1
[INFO] [stderr]    Compiling vcr-cassette v2.0.1
[INFO] [stderr]    Compiling jobserver v0.1.32
[INFO] [stderr]    Compiling cc v1.2.56
[INFO] [stderr]    Compiling regex-automata v0.4.9
[INFO] [stderr]    Compiling regex-automata v0.1.10
[INFO] [stderr]    Compiling cmake v0.1.57
[INFO] [stderr]    Compiling matchers v0.1.0
[INFO] [stderr]    Compiling aws-lc-sys v0.37.1
[INFO] [stderr]    Compiling openssl-sys v0.9.111
[INFO] [stderr]    Compiling openssl v0.10.75
[INFO] [stderr]    Compiling regex v1.11.1
[INFO] [stderr]    Compiling tracing-subscriber v0.3.19
[INFO] [stderr]    Compiling tracing-test v0.2.5
[INFO] [stderr]    Compiling tokio-util v0.7.18
[INFO] [stderr]    Compiling tower v0.5.2
[INFO] [stderr]    Compiling h2 v0.4.13
[INFO] [stderr]    Compiling tower-http v0.6.8
[INFO] [stderr]    Compiling tokio-native-tls v0.3.1
[INFO] [stderr]    Compiling hyper v1.8.1
[INFO] [stderr]    Compiling hyper-util v0.1.20
[INFO] [stderr]    Compiling hyper-tls v0.6.0
[INFO] [stderr]    Compiling reqwest v0.12.15
[INFO] [stderr]    Compiling rustls-webpki v0.103.9
[INFO] [stderr]    Compiling tokio-rustls v0.26.4
[INFO] [stderr]    Compiling rustls-platform-verifier v0.6.2
[INFO] [stderr]    Compiling hyper-rustls v0.27.7
[INFO] [stderr]    Compiling reqwest v0.13.2
[INFO] [stderr]    Compiling reqwest-middleware v0.5.1
[INFO] [stderr]    Compiling reqwest-vcr v0.4.0 (/opt/rustwide/workdir)
[INFO] [stderr]     Finished `release` profile [optimized] target(s) in 2m 26s
[INFO] running `Command { std: "docker" "inspect" "3897f6ad13a3aa37684ae6217eb9bfdc806af49d4499a88d7bf0af666983c119", kill_on_drop: false }`
[INFO] running `Command { std: "docker" "exec" "-e" "SOURCE_DIR=/opt/rustwide/workdir" "-e" "CARGO_HOME=/opt/rustwide/cargo-home" "-e" "RUSTUP_HOME=/opt/rustwide/rustup-home" "-e" "CARGO_TARGET_DIR=/opt/rustwide/target" "-e" "CARGO_INCREMENTAL=0" "-e" "RUST_BACKTRACE=full" "-e" "RUSTFLAGS=--cap-lints=warn" "-e" "RUSTDOCFLAGS=--cap-lints=warn" "-w" "/opt/rustwide/workdir" "--user" "0:0" "3897f6ad13a3aa37684ae6217eb9bfdc806af49d4499a88d7bf0af666983c119" "/opt/rustwide/cargo-home/bin/cargo" "+1.100.0-beta.1" "test" "--frozen" "--release", kill_on_drop: false }`
[INFO] [stderr]     Finished `release` profile [optimized] target(s) in 0.36s
[INFO] [stderr]      Running unittests src/lib.rs (/opt/rustwide/target/release/build/reqwest-vcr/20f1262b24c053b4/out/reqwest_vcr-20f1262b24c053b4)
[INFO] [stderr]      Running tests/integration/lib.rs (/opt/rustwide/target/release/build/reqwest-vcr/94817e2e3e440bb9/out/integration-94817e2e3e440bb9)
[INFO] [stdout] 
[INFO] [stdout] running 0 tests
[INFO] [stdout] 
[INFO] [stdout] test result: ok. 0 passed; 0 failed; 0 ignored; 0 measured; 0 filtered out; finished in 0.00s
[INFO] [stdout] 
[INFO] [stdout] 
[INFO] [stdout] running 6 tests
[INFO] [stdout] test e2e::test_rvcr_failed_debug ... ok
[INFO] [stdout] test modifiers::test_modifier_response ... FAILED
[INFO] [stdout] test modifiers::test_modifier_request ... FAILED
[INFO] [stdout] test e2e::test_rvcr_replay_skip_found ... FAILED
[INFO] [stdout] test e2e::test_rvcr_replay ... FAILED
[INFO] [stdout] test e2e::test_rvcr_replay_search_all ... FAILED
[INFO] [stdout] 
[INFO] [stdout] failures:
[INFO] [stdout] 
[INFO] [stdout] ---- modifiers::test_modifier_response stdout ----
[INFO] [stdout] 2026-10-18T15:19:27.489351Z TRACE hyper_util::client::legacy::pool: checkout waiting for idle connection: ("http", 127.0.0.1:38282)
[INFO] [stdout] 2026-10-18T15:19:27.489380Z TRACE hyper_util::client::legacy::connect::http: Http::connect; scheme=Some("http"), host=Some("127.0.0.1"), port=Some(Port(38282))
[INFO] [stdout] 2026-10-18T15:19:27.489388Z DEBUG hyper_util::client::legacy::connect::http: connecting to 127.0.0.1:38282
[INFO] [stdout] 2026-10-18T15:19:27.489537Z TRACE hyper_util::client::legacy::connect::http: connect error for 127.0.0.1:38282: ConnectError("tcp connect error", Os { code: 111, kind: ConnectionRefused, message: "Connection refused" })
[INFO] [stdout] 2026-10-18T15:19:27.489564Z TRACE hyper_util::client::legacy::pool: checkout dropped for ("http", 127.0.0.1:38282)
[INFO] [stdout] 
[INFO] [stdout] thread 'modifiers::test_modifier_response' (3805) panicked at tests/integration/modifiers.rs:127:10:
[INFO] [stdout] Can not send request: Reqwest(reqwest::Error { kind: Request, url: "http://127.0.0.1:38282/post", source: hyper_util::client::legacy::Error(Connect, ConnectError("tcp connect error", 127.0.0.1:38282, Os { code: 111, kind: ConnectionRefused, message: "Connection refused" })) })
[INFO] [stdout] stack backtrace:
[INFO] [stdout]    0:     0x63affd4c16c1 - <<std[617be2ca0a6fd877]::sys::backtrace::BacktraceLock>::print::DisplayBacktrace as core[a373ad73a504971]::fmt::Display>::fmt
[INFO] [stdout]    1:     0x63affd4da67a - core[a373ad73a504971]::fmt::write
[INFO] [stdout]    2:     0x63affd4c68dc - <alloc[2e1b2a31b91974c5]::vec::Vec<u8> as core[a373ad73a504971]::io::write::Write>::write_fmt
[INFO] [stdout]    3:     0x63affd49b736 - std[617be2ca0a6fd877]::panicking::default_hook::{closure#0}
[INFO] [stdout]    4:     0x63affd4b8db9 - std[617be2ca0a6fd877]::panicking::default_hook
[INFO] [stdout]    5:     0x63affcf47550 - test[aada8e7e76ba119b]::test_main_inner::{closure#0}
[INFO] [stdout]    6:     0x63affd4b90e2 - std[617be2ca0a6fd877]::panicking::panic_with_hook
[INFO] [stdout]    7:     0x63affd49b7e2 - std[617be2ca0a6fd877]::panicking::panic_handler::{closure#0}
[INFO] [stdout]    8:     0x63affd493ba9 - std[617be2ca0a6fd877]::sys::backtrace::__rust_end_short_backtrace::<std[617be2ca0a6fd877]::panicking::panic_handler::{closure#0}, !>
[INFO] [stdout]    9:     0x63affd49c6ed - __rustc[ea4f61d10b84890b]::rust_begin_unwind
[INFO] [stdout]   10:     0x63affd4dae5c - core[a373ad73a504971]::panicking::panic_fmt
[INFO] [stdout]   11:     0x63affd4dac32 - core[a373ad73a504971]::result::unwrap_failed
[INFO] [stdout]   12:     0x63affcf137f0 - integration[1484e25edb527a08]::modifiers::test_modifier_response::{closure#0}
[INFO] [stdout]   13:     0x63affcf185a8 - <tokio[c6b9cce8533dd348]::runtime::context::scoped::Scoped<tokio[c6b9cce8533dd348]::runtime::scheduler::Context>>::set::<<tokio[c6b9cce8533dd348]::runtime::scheduler::current_thread::CoreGuard>::enter<<tokio[c6b9cce8533dd348]::runtime::scheduler::current_thread::CoreGuard>::block_on<core[a373ad73a504971]::pin::Pin<&mut core[a373ad73a504971]::pin::Pin<&mut dyn core[a373ad73a504971]::future::future::Future<Output = ()>>>>::{closure#0}, core[a373ad73a504971]::option::Option<()>>::{closure#0}, (alloc[2e1b2a31b91974c5]::boxed::Box<tokio[c6b9cce8533dd348]::runtime::scheduler::current_thread::Core>, core[a373ad73a504971]::option::Option<()>)>
[INFO] [stdout]   14:     0x63affcf18c7d - <tokio[c6b9cce8533dd348]::runtime::scheduler::current_thread::CoreGuard>::block_on::<core[a373ad73a504971]::pin::Pin<&mut core[a373ad73a504971]::pin::Pin<&mut dyn core[a373ad73a504971]::future::future::Future<Output = ()>>>>
[INFO] [stdout]   15:     0x63affcf1e760 - tokio[c6b9cce8533dd348]::runtime::context::runtime::enter_runtime::<<tokio[c6b9cce8533dd348]::runtime::scheduler::current_thread::CurrentThread>::block_on<core[a373ad73a504971]::pin::Pin<&mut dyn core[a373ad73a504971]::future::future::Future<Output = ()>>>::{closure#0}, ()>
[INFO] [stdout]   16:     0x63affcf1c6ea - <tokio[c6b9cce8533dd348]::runtime::runtime::Runtime>::block_on::<core[a373ad73a504971]::pin::Pin<&mut dyn core[a373ad73a504971]::future::future::Future<Output = ()>>>
[INFO] [stdout]   17:     0x63affcf147be - <integration[1484e25edb527a08]::modifiers::test_modifier_response::{closure#0} as core[a373ad73a504971]::ops::function::FnOnce<()>>::call_once
[INFO] [stdout]   18:     0x63affcf3a99b - test[aada8e7e76ba119b]::__rust_begin_short_backtrace::<core[a373ad73a504971]::result::Result<(), alloc[2e1b2a31b91974c5]::string::String>, fn() -> core[a373ad73a504971]::result::Result<(), alloc[2e1b2a31b91974c5]::string::String>>
[INFO] [stdout]   19:     0x63affcf47b75 - test[aada8e7e76ba119b]::run_test::{closure#0}
[INFO] [stdout]   20:     0x63affcf41464 - std[617be2ca0a6fd877]::sys::backtrace::__rust_begin_short_backtrace::<test[aada8e7e76ba119b]::run_test::{closure#1}, ()>
[INFO] [stdout]   21:     0x63affcf4ac02 - <std[617be2ca0a6fd877]::thread::lifecycle::spawn_unchecked<test[aada8e7e76ba119b]::run_test::{closure#1}, ()>::{closure#1} as core[a373ad73a504971]::ops::function::FnOnce<()>>::call_once::{shim:vtable#0}
[INFO] [stdout]   22:     0x63affd4c067f - <std[617be2ca0a6fd877]::sys::thread::unix::Thread>::new::thread_start
[INFO] [stdout]   23:     0x7250e2905dfa - <unknown>
[INFO] [stdout]   24:     0x7250e29993d4 - clone
[INFO] [stdout]   25:                0x0 - <unknown>
[INFO] [stdout] 2026-10-18T15:19:27.499319Z  INFO reqwest_vcr: Written VCR cassette file at "/tmp/response-modifer-test-case.vcr.json"
[INFO] [stdout] 
[INFO] [stdout] ---- modifiers::test_modifier_request stdout ----
[INFO] [stdout] 2026-10-18T15:19:27.493364Z TRACE hyper_util::client::legacy::pool: checkout waiting for idle connection: ("http", 127.0.0.1:38282)
[INFO] [stdout] 2026-10-18T15:19:27.493389Z TRACE hyper_util::client::legacy::connect::http: Http::connect; scheme=Some("http"), host=Some("127.0.0.1"), port=Some(Port(38282))
[INFO] [stdout] 2026-10-18T15:19:27.493396Z DEBUG hyper_util::client::legacy::connect::http: connecting to 127.0.0.1:38282
[INFO] [stdout] 2026-10-18T15:19:27.493534Z TRACE hyper_util::client::legacy::connect::http: connect error for 127.0.0.1:38282: ConnectError("tcp connect error", Os { code: 111, kind: ConnectionRefused, message: "Connection refused" })
[INFO] [stdout] 2026-10-18T15:19:27.493551Z TRACE hyper_util::client::legacy::pool: checkout dropped for ("http", 127.0.0.1:38282)
[INFO] [stdout] 
[INFO] [stdout] thread 'modifiers::test_modifier_request' (3804) panicked at tests/integration/modifiers.rs:88:10:
[INFO] [stdout] Can not send request: Reqwest(reqwest::Error { kind: Request, url: "http://127.0.0.1:38282/post?access_token=s3cr3t&spam=eggs&secret=s3cr3t", source: hyper_util::client::legacy::Error(Connect, ConnectError("tcp connect error", 127.0.0.1:38282, Os { code: 111, kind: ConnectionRefused, message: "Connection refused" })) })
[INFO] [stdout] stack backtrace:
[INFO] [stdout]    0:     0x63affd4c16c1 - <<std[617be2ca0a6fd877]::sys::backtrace::BacktraceLock>::print::DisplayBacktrace as core[a373ad73a504971]::fmt::Display>::fmt
[INFO] [stdout]    1:     0x63affd4da67a - core[a373ad73a504971]::fmt::write
[INFO] [stdout]    2:     0x63affd4c68dc - <alloc[2e1b2a31b91974c5]::vec::Vec<u8> as core[a373ad73a504971]::io::write::Write>::write_fmt
[INFO] [stdout]    3:     0x63affd49b736 - std[617be2ca0a6fd877]::panicking::default_hook::{closure#0}
[INFO] [stdout]    4:     0x63affd4b8db9 - std[617be2ca0a6fd877]::panicking::default_hook
[INFO] [stdout]    5:     0x63affcf47550 - test[aada8e7e76ba119b]::test_main_inner::{closure#0}
[INFO] [stdout]    6:     0x63affd4b90e2 - std[617be2ca0a6fd877]::panicking::panic_with_hook
[INFO] [stdout]    7:     0x63affd49b7e2 - std[617be2ca0a6fd877]::panicking::panic_handler::{closure#0}
[INFO] [stdout]    8:     0x63affd493ba9 - std[617be2ca0a6fd877]::sys::backtrace::__rust_end_short_backtrace::<std[617be2ca0a6fd877]::panicking::panic_handler::{closure#0}, !>
[INFO] [stdout]    9:     0x63affd49c6ed - __rustc[ea4f61d10b84890b]::rust_begin_unwind
[INFO] [stdout]   10:     0x63affd4dae5c - core[a373ad73a504971]::panicking::panic_fmt
[INFO] [stdout]   11:     0x63affd4dac32 - core[a373ad73a504971]::result::unwrap_failed
[INFO] [stdout]   12:     0x63affcf129fb - integration[1484e25edb527a08]::modifiers::test_modifier_request::{closure#0}
[INFO] [stdout]   13:     0x63affcf185a8 - <tokio[c6b9cce8533dd348]::runtime::context::scoped::Scoped<tokio[c6b9cce8533dd348]::runtime::scheduler::Context>>::set::<<tokio[c6b9cce8533dd348]::runtime::scheduler::current_thread::CoreGuard>::enter<<tokio[c6b9cce8533dd348]::runtime::scheduler::current_thread::CoreGuard>::block_on<core[a373ad73a504971]::pin::Pin<&mut core[a373ad73a504971]::pin::Pin<&mut dyn core[a373ad73a504971]::future::future::Future<Output = ()>>>>::{closure#0}, core[a373ad73a504971]::option::Option<()>>::{closure#0}, (alloc[2e1b2a31b91974c5]::boxed::Box<tokio[c6b9cce8533dd348]::runtime::scheduler::current_thread::Core>, core[a373ad73a504971]::option::Option<()>)>
[INFO] [stdout]   14:     0x63affcf18c7d - <tokio[c6b9cce8533dd348]::runtime::scheduler::current_thread::CoreGuard>::block_on::<core[a373ad73a504971]::pin::Pin<&mut core[a373ad73a504971]::pin::Pin<&mut dyn core[a373ad73a504971]::future::future::Future<Output = ()>>>>
[INFO] [stdout]   15:     0x63affcf1e760 - tokio[c6b9cce8533dd348]::runtime::context::runtime::enter_runtime::<<tokio[c6b9cce8533dd348]::runtime::scheduler::current_thread::CurrentThread>::block_on<core[a373ad73a504971]::pin::Pin<&mut dyn core[a373ad73a504971]::future::future::Future<Output = ()>>>::{closure#0}, ()>
[INFO] [stdout]   16:     0x63affcf1c6ea - <tokio[c6b9cce8533dd348]::runtime::runtime::Runtime>::block_on::<core[a373ad73a504971]::pin::Pin<&mut dyn core[a373ad73a504971]::future::future::Future<Output = ()>>>
[INFO] [stdout]   17:     0x63affcf1465e - <integration[1484e25edb527a08]::modifiers::test_modifier_request::{closure#0} as core[a373ad73a504971]::ops::function::FnOnce<()>>::call_once
[INFO] [stdout]   18:     0x63affcf3a99b - test[aada8e7e76ba119b]::__rust_begin_short_backtrace::<core[a373ad73a504971]::result::Result<(), alloc[2e1b2a31b91974c5]::string::String>, fn() -> core[a373ad73a504971]::result::Result<(), alloc[2e1b2a31b91974c5]::string::String>>
[INFO] [stdout]   19:     0x63affcf47b75 - test[aada8e7e76ba119b]::run_test::{closure#0}
[INFO] [stdout]   20:     0x63affcf41464 - std[617be2ca0a6fd877]::sys::backtrace::__rust_begin_short_backtrace::<test[aada8e7e76ba119b]::run_test::{closure#1}, ()>
[INFO] [stdout]   21:     0x63affcf4ac02 - <std[617be2ca0a6fd877]::thread::lifecycle::spawn_unchecked<test[aada8e7e76ba119b]::run_test::{closure#1}, ()>::{closure#1} as core[a373ad73a504971]::ops::function::FnOnce<()>>::call_once::{shim:vtable#0}
[INFO] [stdout]   22:     0x63affd4c067f - <std[617be2ca0a6fd877]::sys::thread::unix::Thread>::new::thread_start
[INFO] [stdout]   23:     0x7250e2905dfa - <unknown>
[INFO] [stdout]   24:     0x7250e29993d4 - clone
[INFO] [stdout]   25:                0x0 - <unknown>
[INFO] [stdout] 2026-10-18T15:19:27.499723Z  INFO reqwest_vcr: Written VCR cassette file at "/tmp/request-modifer-test-case.vcr.json"
[INFO] [stdout] 
[INFO] [stdout] ---- e2e::test_rvcr_replay_skip_found stdout ----
[INFO] [stdout] 2026-10-18T15:19:27.516915Z TRACE hyper_util::client::legacy::pool: checkout waiting for idle connection: ("http", 127.0.0.1:38282)
[INFO] [stdout] 2026-10-18T15:19:27.516948Z TRACE hyper_util::client::legacy::connect::http: Http::connect; scheme=Some("http"), host=Some("127.0.0.1"), port=Some(Port(38282))
[INFO] [stdout] 2026-10-18T15:19:27.516955Z DEBUG hyper_util::client::legacy::connect::http: connecting to 127.0.0.1:38282
[INFO] [stdout] 2026-10-18T15:19:27.517130Z TRACE hyper_util::client::legacy::connect::http: connect error for 127.0.0.1:38282: ConnectError("tcp connect error", Os { code: 111, kind: ConnectionRefused, message: "Connection refused" })
[INFO] [stdout] 2026-10-18T15:19:27.517148Z TRACE hyper_util::client::legacy::pool: checkout dropped for ("http", 127.0.0.1:38282)
[INFO] [stdout] 
[INFO] [stdout] thread 'e2e::test_rvcr_replay_skip_found' (3803) panicked at tests/integration/e2e.rs:50:68:
[INFO] [stdout] called `Result::unwrap()` on an `Err` value: reqwest::Error { kind: Request, url: "http://127.0.0.1:38282/get", source: hyper_util::client::legacy::Error(Connect, ConnectError("tcp connect error", 127.0.0.1:38282, Os { code: 111, kind: ConnectionRefused, message: "Connection refused" })) }
[INFO] [stdout] stack backtrace:
[INFO] [stdout]    0:     0x63affd4c16c1 - <<std[617be2ca0a6fd877]::sys::backtrace::BacktraceLock>::print::DisplayBacktrace as core[a373ad73a504971]::fmt::Display>::fmt
[INFO] [stdout]    1:     0x63affd4da67a - core[a373ad73a504971]::fmt::write
[INFO] [stdout]    2:     0x63affd4c68dc - <alloc[2e1b2a31b91974c5]::vec::Vec<u8> as core[a373ad73a504971]::io::write::Write>::write_fmt
[INFO] [stdout]    3:     0x63affd49b736 - std[617be2ca0a6fd877]::panicking::default_hook::{closure#0}
[INFO] [stdout]    4:     0x63affd4b8db9 - std[617be2ca0a6fd877]::panicking::default_hook
[INFO] [stdout]    5:     0x63affcf47550 - test[aada8e7e76ba119b]::test_main_inner::{closure#0}
[INFO] [stdout]    6:     0x63affd4b90e2 - std[617be2ca0a6fd877]::panicking::panic_with_hook
[INFO] [stdout]    7:     0x63affd49b7e2 - std[617be2ca0a6fd877]::panicking::panic_handler::{closure#0}
[INFO] [stdout]    8:     0x63affd493ba9 - std[617be2ca0a6fd877]::sys::backtrace::__rust_end_short_backtrace::<std[617be2ca0a6fd877]::panicking::panic_handler::{closure#0}, !>
[INFO] [stdout]    9:     0x63affd49c6ed - __rustc[ea4f61d10b84890b]::rust_begin_unwind
[INFO] [stdout]   10:     0x63affd4dae5c - core[a373ad73a504971]::panicking::panic_fmt
[INFO] [stdout]   11:     0x63affd4dac32 - core[a373ad73a504971]::result::unwrap_failed
[INFO] [stdout]   12:     0x63affcf090a9 - integration[1484e25edb527a08]::e2e::send_and_compare::{closure#0}
[INFO] [stdout]   13:     0x63affcf0c3fa - integration[1484e25edb527a08]::e2e::test_rvcr_replay_skip_found::{closure#0}
[INFO] [stdout]   14:     0x63affcf185a8 - <tokio[c6b9cce8533dd348]::runtime::context::scoped::Scoped<tokio[c6b9cce8533dd348]::runtime::scheduler::Context>>::set::<<tokio[c6b9cce8533dd348]::runtime::scheduler::current_thread::CoreGuard>::enter<<tokio[c6b9cce8533dd348]::runtime::scheduler::current_thread::CoreGuard>::block_on<core[a373ad73a504971]::pin::Pin<&mut core[a373ad73a504971]::pin::Pin<&mut dyn core[a373ad73a504971]::future::future::Future<Output = ()>>>>::{closure#0}, core[a373ad73a504971]::option::Option<()>>::{closure#0}, (alloc[2e1b2a31b91974c5]::boxed::Box<tokio[c6b9cce8533dd348]::runtime::scheduler::current_thread::Core>, core[a373ad73a504971]::option::Option<()>)>
[INFO] [stdout]   15:     0x63affcf18c7d - <tokio[c6b9cce8533dd348]::runtime::scheduler::current_thread::CoreGuard>::block_on::<core[a373ad73a504971]::pin::Pin<&mut core[a373ad73a504971]::pin::Pin<&mut dyn core[a373ad73a504971]::future::future::Future<Output = ()>>>>
[INFO] [stdout]   16:     0x63affcf1e760 - tokio[c6b9cce8533dd348]::runtime::context::runtime::enter_runtime::<<tokio[c6b9cce8533dd348]::runtime::scheduler::current_thread::CurrentThread>::block_on<core[a373ad73a504971]::pin::Pin<&mut dyn core[a373ad73a504971]::future::future::Future<Output = ()>>>::{closure#0}, ()>
[INFO] [stdout]   17:     0x63affcf1c6ea - <tokio[c6b9cce8533dd348]::runtime::runtime::Runtime>::block_on::<core[a373ad73a504971]::pin::Pin<&mut dyn core[a373ad73a504971]::future::future::Future<Output = ()>>>
[INFO] [stdout]   18:     0x63affcf0db9e - <integration[1484e25edb527a08]::e2e::test_rvcr_replay_skip_found::{closure#0} as core[a373ad73a504971]::ops::function::FnOnce<()>>::call_once
[INFO] [stdout]   19:     0x63affcf3a99b - test[aada8e7e76ba119b]::__rust_begin_short_backtrace::<core[a373ad73a504971]::result::Result<(), alloc[2e1b2a31b91974c5]::string::String>, fn() -> core[a373ad73a504971]::result::Result<(), alloc[2e1b2a31b91974c5]::string::String>>
[INFO] [stdout]   20:     0x63affcf47b75 - test[aada8e7e76ba119b]::run_test::{closure#0}
[INFO] [stdout]   21:     0x63affcf41464 - std[617be2ca0a6fd877]::sys::backtrace::__rust_begin_short_backtrace::<test[aada8e7e76ba119b]::run_test::{closure#1}, ()>
[INFO] [stdout]   22:     0x63affcf4ac02 - <std[617be2ca0a6fd877]::thread::lifecycle::spawn_unchecked<test[aada8e7e76ba119b]::run_test::{closure#1}, ()>::{closure#1} as core[a373ad73a504971]::ops::function::FnOnce<()>>::call_once::{shim:vtable#0}
[INFO] [stdout]   23:     0x63affd4c067f - <std[617be2ca0a6fd877]::sys::thread::unix::Thread>::new::thread_start
[INFO] [stdout]   24:     0x7250e2905dfa - <unknown>
[INFO] [stdout]   25:     0x7250e29993d4 - clone
[INFO] [stdout]   26:                0x0 - <unknown>
[INFO] [stdout] 
[INFO] [stdout] ---- e2e::test_rvcr_replay stdout ----
[INFO] [stdout] 2026-10-18T15:19:27.521659Z TRACE hyper_util::client::legacy::pool: checkout waiting for idle connection: ("http", 127.0.0.1:38282)
[INFO] [stdout] 2026-10-18T15:19:27.521695Z TRACE hyper_util::client::legacy::connect::http: Http::connect; scheme=Some("http"), host=Some("127.0.0.1"), port=Some(Port(38282))
[INFO] [stdout] 2026-10-18T15:19:27.521702Z DEBUG hyper_util::client::legacy::connect::http: connecting to 127.0.0.1:38282
[INFO] [stdout] 2026-10-18T15:19:27.521834Z TRACE hyper_util::client::legacy::connect::http: connect error for 127.0.0.1:38282: ConnectError("tcp connect error", Os { code: 111, kind: ConnectionRefused, message: "Connection refused" })
[INFO] [stdout] 2026-10-18T15:19:27.521851Z TRACE hyper_util::client::legacy::pool: checkout dropped for ("http", 127.0.0.1:38282)
[INFO] [stdout] 
[INFO] [stdout] thread 'e2e::test_rvcr_replay' (3801) panicked at tests/integration/e2e.rs:50:68:
[INFO] [stdout] called `Result::unwrap()` on an `Err` value: reqwest::Error { kind: Request, url: "http://127.0.0.1:38282/get", source: hyper_util::client::legacy::Error(Connect, ConnectError("tcp connect error", 127.0.0.1:38282, Os { code: 111, kind: ConnectionRefused, message: "Connection refused" })) }
[INFO] [stdout] stack backtrace:
[INFO] [stdout]    0:     0x63affd4c16c1 - <<std[617be2ca0a6fd877]::sys::backtrace::BacktraceLock>::print::DisplayBacktrace as core[a373ad73a504971]::fmt::Display>::fmt
[INFO] [stdout]    1:     0x63affd4da67a - core[a373ad73a504971]::fmt::write
[INFO] [stdout]    2:     0x63affd4c68dc - <alloc[2e1b2a31b91974c5]::vec::Vec<u8> as core[a373ad73a504971]::io::write::Write>::write_fmt
[INFO] [stdout]    3:     0x63affd49b736 - std[617be2ca0a6fd877]::panicking::default_hook::{closure#0}
[INFO] [stdout]    4:     0x63affd4b8db9 - std[617be2ca0a6fd877]::panicking::default_hook
[INFO] [stdout]    5:     0x63affcf47550 - test[aada8e7e76ba119b]::test_main_inner::{closure#0}
[INFO] [stdout]    6:     0x63affd4b90e2 - std[617be2ca0a6fd877]::panicking::panic_with_hook
[INFO] [stdout]    7:     0x63affd49b7e2 - std[617be2ca0a6fd877]::panicking::panic_handler::{closure#0}
[INFO] [stdout]    8:     0x63affd493ba9 - std[617be2ca0a6fd877]::sys::backtrace::__rust_end_short_backtrace::<std[617be2ca0a6fd877]::panicking::panic_handler::{closure#0}, !>
[INFO] [stdout]    9:     0x63affd49c6ed - __rustc[ea4f61d10b84890b]::rust_begin_unwind
[INFO] [stdout]   10:     0x63affd4dae5c - core[a373ad73a504971]::panicking::panic_fmt
[INFO] [stdout]   11:     0x63affd4dac32 - core[a373ad73a504971]::result::unwrap_failed
[INFO] [stdout]   12:     0x63affcf090a9 - integration[1484e25edb527a08]::e2e::send_and_compare::{closure#0}
[INFO] [stdout]   13:     0x63affcf09afa - integration[1484e25edb527a08]::e2e::test_rvcr_replay::{closure#0}
[INFO] [stdout]   14:     0x63affcf185a8 - <tokio[c6b9cce8533dd348]::runtime::context::scoped::Scoped<tokio[c6b9cce8533dd348]::runtime::scheduler::Context>>::set::<<tokio[c6b9cce8533dd348]::runtime::scheduler::current_thread::CoreGuard>::enter<<tokio[c6b9cce8533dd348]::runtime::scheduler::current_thread::CoreGuard>::block_on<core[a373ad73a504971]::pin::Pin<&mut core[a373ad73a504971]::pin::Pin<&mut dyn core[a373ad73a504971]::future::future::Future<Output = ()>>>>::{closure#0}, core[a373ad73a504971]::option::Option<()>>::{closure#0}, (alloc[2e1b2a31b91974c5]::boxed::Box<tokio[c6b9cce8533dd348]::runtime::scheduler::current_thread::Core>, core[a373ad73a504971]::option::Option<()>)>
[INFO] [stdout]   15:     0x63affcf18c7d - <tokio[c6b9cce8533dd348]::runtime::scheduler::current_thread::CoreGuard>::block_on::<core[a373ad73a504971]::pin::Pin<&mut core[a373ad73a504971]::pin::Pin<&mut dyn core[a373ad73a504971]::future::future::Future<Output = ()>>>>
[INFO] [stdout]   16:     0x63affcf1e760 - tokio[c6b9cce8533dd348]::runtime::context::runtime::enter_runtime::<<tokio[c6b9cce8533dd348]::runtime::scheduler::current_thread::CurrentThread>::block_on<core[a373ad73a504971]::pin::Pin<&mut dyn core[a373ad73a504971]::future::future::Future<Output = ()>>>::{closure#0}, ()>
[INFO] [stdout]   17:     0x63affcf1c6ea - <tokio[c6b9cce8533dd348]::runtime::runtime::Runtime>::block_on::<core[a373ad73a504971]::pin::Pin<&mut dyn core[a373ad73a504971]::future::future::Future<Output = ()>>>
[INFO] [stdout]   18:     0x63affcf0d77e - <integration[1484e25edb527a08]::e2e::test_rvcr_replay::{closure#0} as core[a373ad73a504971]::ops::function::FnOnce<()>>::call_once
[INFO] [stdout]   19:     0x63affcf3a99b - test[aada8e7e76ba119b]::__rust_begin_short_backtrace::<core[a373ad73a504971]::result::Result<(), alloc[2e1b2a31b91974c5]::string::String>, fn() -> core[a373ad73a504971]::result::Result<(), alloc[2e1b2a31b91974c5]::string::String>>
[INFO] [stdout]   20:     0x63affcf47b75 - test[aada8e7e76ba119b]::run_test::{closure#0}
[INFO] [stdout]   21:     0x63affcf41464 - std[617be2ca0a6fd877]::sys::backtrace::__rust_begin_short_backtrace::<test[aada8e7e76ba119b]::run_test::{closure#1}, ()>
[INFO] [stdout]   22:     0x63affcf4ac02 - <std[617be2ca0a6fd877]::thread::lifecycle::spawn_unchecked<test[aada8e7e76ba119b]::run_test::{closure#1}, ()>::{closure#1} as core[a373ad73a504971]::ops::function::FnOnce<()>>::call_once::{shim:vtable#0}
[INFO] [stdout]   23:     0x63affd4c067f - <std[617be2ca0a6fd877]::sys::thread::unix::Thread>::new::thread_start
[INFO] [stdout]   24:     0x7250e2905dfa - <unknown>
[INFO] [stdout]   25:     0x7250e29993d4 - clone
[INFO] [stdout]   26:                0x0 - <unknown>
[INFO] [stdout] 
[INFO] [stdout] ---- e2e::test_rvcr_replay_search_all stdout ----
[INFO] [stdout] 2026-10-18T15:19:27.562282Z TRACE hyper_util::client::legacy::pool: checkout waiting for idle connection: ("http", 127.0.0.1:38282)
[INFO] [stdout] 2026-10-18T15:19:27.562311Z TRACE hyper_util::client::legacy::connect::http: Http::connect; scheme=Some("http"), host=Some("127.0.0.1"), port=Some(Port(38282))
[INFO] [stdout] 2026-10-18T15:19:27.562318Z DEBUG hyper_util::client::legacy::connect::http: connecting to 127.0.0.1:38282
[INFO] [stdout] 2026-10-18T15:19:27.562469Z TRACE hyper_util::client::legacy::connect::http: connect error for 127.0.0.1:38282: ConnectError("tcp connect error", Os { code: 111, kind: ConnectionRefused, message: "Connection refused" })
[INFO] [stdout] 2026-10-18T15:19:27.562486Z TRACE hyper_util::client::legacy::pool: checkout dropped for ("http", 127.0.0.1:38282)
[INFO] [stdout] 
[INFO] [stdout] thread 'e2e::test_rvcr_replay_search_all' (3802) panicked at tests/integration/e2e.rs:50:68:
[INFO] [stdout] called `Result::unwrap()` on an `Err` value: reqwest::Error { kind: Request, url: "http://127.0.0.1:38282/get", source: hyper_util::client::legacy::Error(Connect, ConnectError("tcp connect error", 127.0.0.1:38282, Os { code: 111, kind: ConnectionRefused, message: "Connection refused" })) }
[INFO] [stdout] stack backtrace:
[INFO] [stdout]    0:     0x63affd4c16c1 - <<std[617be2ca0a6fd877]::sys::backtrace::BacktraceLock>::print::DisplayBacktrace as core[a373ad73a504971]::fmt::Display>::fmt
[INFO] [stdout]    1:     0x63affd4da67a - core[a373ad73a504971]::fmt::write
[INFO] [stdout]    2:     0x63affd4c68dc - <alloc[2e1b2a31b91974c5]::vec::Vec<u8> as core[a373ad73a504971]::io::write::Write>::write_fmt
[INFO] [stdout]    3:     0x63affd49b736 - std[617be2ca0a6fd877]::panicking::default_hook::{closure#0}
[INFO] [stdout]    4:     0x63affd4b8db9 - std[617be2ca0a6fd877]::panicking::default_hook
[INFO] [stdout]    5:     0x63affcf47550 - test[aada8e7e76ba119b]::test_main_inner::{closure#0}
[INFO] [stdout]    6:     0x63affd4b90e2 - std[617be2ca0a6fd877]::panicking::panic_with_hook
[INFO] [stdout]    7:     0x63affd49b7e2 - std[617be2ca0a6fd877]::panicking::panic_handler::{closure#0}
[INFO] [stdout]    8:     0x63affd493ba9 - std[617be2ca0a6fd877]::sys::backtrace::__rust_end_short_backtrace::<std[617be2ca0a6fd877]::panicking::panic_handler::{closure#0}, !>
[INFO] [stdout]    9:     0x63affd49c6ed - __rustc[ea4f61d10b84890b]::rust_begin_unwind
[INFO] [stdout]   10:     0x63affd4dae5c - core[a373ad73a504971]::panicking::panic_fmt
[INFO] [stdout]   11:     0x63affd4dac32 - core[a373ad73a504971]::result::unwrap_failed
[INFO] [stdout]   12:     0x63affcf090a9 - integration[1484e25edb527a08]::e2e::send_and_compare::{closure#0}
[INFO] [stdout]   13:     0x63affcf0b01a - integration[1484e25edb527a08]::e2e::test_rvcr_replay_search_all::{closure#0}
[INFO] [stdout]   14:     0x63affcf185a8 - <tokio[c6b9cce8533dd348]::runtime::context::scoped::Scoped<tokio[c6b9cce8533dd348]::runtime::scheduler::Context>>::set::<<tokio[c6b9cce8533dd348]::runtime::scheduler::current_thread::CoreGuard>::enter<<tokio[c6b9cce8533dd348]::runtime::scheduler::current_thread::CoreGuard>::block_on<core[a373ad73a504971]::pin::Pin<&mut core[a373ad73a504971]::pin::Pin<&mut dyn core[a373ad73a504971]::future::future::Future<Output = ()>>>>::{closure#0}, core[a373ad73a504971]::option::Option<()>>::{closure#0}, (alloc[2e1b2a31b91974c5]::boxed::Box<tokio[c6b9cce8533dd348]::runtime::scheduler::current_thread::Core>, core[a373ad73a504971]::option::Option<()>)>
[INFO] [stdout]   15:     0x63affcf18c7d - <tokio[c6b9cce8533dd348]::runtime::scheduler::current_thread::CoreGuard>::block_on::<core[a373ad73a504971]::pin::Pin<&mut core[a373ad73a504971]::pin::Pin<&mut dyn core[a373ad73a504971]::future::future::Future<Output = ()>>>>
[INFO] [stdout]   16:     0x63affcf1e760 - tokio[c6b9cce8533dd348]::runtime::context::runtime::enter_runtime::<<tokio[c6b9cce8533dd348]::runtime::scheduler::current_thread::CurrentThread>::block_on<core[a373ad73a504971]::pin::Pin<&mut dyn core[a373ad73a504971]::future::future::Future<Output = ()>>>::{closure#0}, ()>
[INFO] [stdout]   17:     0x63affcf1c6ea - <tokio[c6b9cce8533dd348]::runtime::runtime::Runtime>::block_on::<core[a373ad73a504971]::pin::Pin<&mut dyn core[a373ad73a504971]::future::future::Future<Output = ()>>>
[INFO] [stdout]   18:     0x63affcf0da3e - <integration[1484e25edb527a08]::e2e::test_rvcr_replay_search_all::{closure#0} as core[a373ad73a504971]::ops::function::FnOnce<()>>::call_once
[INFO] [stdout]   19:     0x63affcf3a99b - test[aada8e7e76ba119b]::__rust_begin_short_backtrace::<core[a373ad73a504971]::result::Result<(), alloc[2e1b2a31b91974c5]::string::String>, fn() -> core[a373ad73a504971]::result::Result<(), alloc[2e1b2a31b91974c5]::string::String>>
[INFO] [stdout]   20:     0x63affcf47b75 - test[aada8e7e76ba119b]::run_test::{closure#0}
[INFO] [stdout]   21:     0x63affcf41464 - std[617be2ca0a6fd877]::sys::backtrace::__rust_begin_short_backtrace::<test[aada8e7e76ba119b]::run_test::{closure#1}, ()>
[INFO] [stdout]   22:     0x63affcf4ac02 - <std[617be2ca0a6fd877]::thread::lifecycle::spawn_unchecked<test[aada8e7e76ba119b]::run_test::{closure#1}, ()>::{closure#1} as core[a373ad73a504971]::ops::function::FnOnce<()>>::call_once::{shim:vtable#0}
[INFO] [stdout]   23:     0x63affd4c067f - <std[617be2ca0a6fd877]::sys::thread::unix::Thread>::new::thread_start
[INFO] [stdout]   24:     0x7250e2905dfa - <unknown>
[INFO] [stdout]   25:     0x7250e29993d4 - clone
[INFO] [stdout]   26:                0x0 - <unknown>
[INFO] [stdout] 
[INFO] [stdout] 
[INFO] [stdout] failures:
[INFO] [stdout]     e2e::test_rvcr_replay
[INFO] [stdout]     e2e::test_rvcr_replay_search_all
[INFO] [stdout]     e2e::test_rvcr_replay_skip_found
[INFO] [stdout]     modifiers::test_modifier_request
[INFO] [stdout]     modifiers::test_modifier_response
[INFO] [stdout] 
[INFO] [stdout] test result: FAILED. 1 passed; 5 failed; 0 ignored; 0 measured; 0 filtered out; finished in 0.18s
[INFO] [stdout] 
[INFO] [stderr] error: test failed, to rerun pass `--test integration`
[INFO] running `Command { std: "docker" "inspect" "3897f6ad13a3aa37684ae6217eb9bfdc806af49d4499a88d7bf0af666983c119", kill_on_drop: false }`
[INFO] running `Command { std: "docker" "rm" "-f" "3897f6ad13a3aa37684ae6217eb9bfdc806af49d4499a88d7bf0af666983c119", kill_on_drop: false }`
[INFO] [stdout] 3897f6ad13a3aa37684ae6217eb9bfdc806af49d4499a88d7bf0af666983c119
