[INFO] fetching crate reqwest-spider 0.12.19...
[INFO] testing reqwest-spider-0.12.19 against 1.99.0-beta.8+cargoflags=--release for beta-release-1.100-2
[INFO] extracting crate reqwest-spider 0.12.19 into /workspace/builds/worker-1-tc1/source
[INFO] started tweaking crates.io crate reqwest-spider 0.12.19
[INFO] removed 0 missing examples
[INFO] removed 0 missing tests
[INFO] finished tweaking crates.io crate reqwest-spider 0.12.19
[INFO] tweaked toml for crates.io crate reqwest-spider 0.12.19 written to /workspace/builds/worker-1-tc1/source/Cargo.toml
[INFO] validating manifest of crates.io crate reqwest-spider 0.12.19 on toolchain 1.99.0-beta.8
[INFO] running `Command { std: CARGO_HOME="/workspace/cargo-home" RUSTUP_HOME="/workspace/rustup-home" "/workspace/cargo-home/bin/cargo" "+1.99.0-beta.8" "metadata" "--manifest-path" "Cargo.toml" "--no-deps", kill_on_drop: false }`
[INFO] crate crates.io crate reqwest-spider 0.12.19 already has a lockfile, it will not be regenerated
[INFO] running `Command { std: CARGO_HOME="/workspace/cargo-home" RUSTUP_HOME="/workspace/rustup-home" "/workspace/cargo-home/bin/cargo" "+1.99.0-beta.8" "fetch" "--manifest-path" "Cargo.toml", kill_on_drop: false }`
[INFO] [stderr]     Updating crates.io index
[INFO] [stderr]  Downloading crates ...
[INFO] [stderr]   Downloaded minicov v0.3.7
[INFO] [stderr]   Downloaded wasm-bindgen-test-macro v0.3.50
[INFO] [stderr]   Downloaded is-terminal v0.4.16
[INFO] [stderr]   Downloaded wasm-bindgen-test v0.3.50
[INFO] [stderr]   Downloaded hostname v0.4.1
[INFO] [stderr]   Downloaded h3-quinn v0.0.9
[INFO] [stderr]   Downloaded hyper-tls-spider v0.6.0
[INFO] [stderr]   Downloaded hermit-abi v0.5.0
[INFO] [stderr]   Downloaded quinn-udp v0.5.11
[INFO] [stderr]   Downloaded hyper-rustls-spider v0.27.5
[INFO] [stderr]   Downloaded env_logger v0.10.2
[INFO] [stderr]   Downloaded cookie_store v0.21.1
[INFO] [stderr]   Downloaded flate2 v1.1.1
[INFO] [stderr]   Downloaded hyper-util-spider v0.1.13
[INFO] [stderr]   Downloaded h3 v0.0.7
[INFO] [stderr]   Downloaded async-compression v0.4.22
[INFO] [stderr]   Downloaded h2 v0.4.9
[INFO] [stderr]   Downloaded rustls v0.23.26
[INFO] [stderr]   Downloaded hyper-spider v1.6.0
[INFO] [stderr]   Downloaded rustls-webpki v0.103.1
[INFO] [stderr]   Downloaded openssl-src v300.5.0+3.5.0
[INFO] running `Command { std: "docker" "create" "-v" "/var/lib/crater-agent-workspace/builds/worker-1-tc1/source:/opt/rustwide/workdir:ro,Z" "-v" "/var/lib/crater-agent-workspace/builds/worker-1-tc1/target:/opt/rustwide/target:rw,Z" "-v" "/var/lib/crater-agent-workspace/cargo-home:/opt/rustwide/cargo-home:ro,Z" "-v" "/var/lib/crater-agent-workspace/rustup-home:/opt/rustwide/rustup-home:ro,Z" "-m" "1610612736" "--network" "none" "ghcr.io/rust-lang/crates-build-env/linux@sha256:77db811e55d90add9212f6832c23229e3de5f1c1f9905e8cb07319ea15df73ac" "sleep" "infinity", kill_on_drop: false }`
[INFO] [stdout] f56708a3001a244d25ad14275101cb533ada63e2b52810e0dded49b105bc551a
[INFO] running `Command { std: "docker" "start" "f56708a3001a244d25ad14275101cb533ada63e2b52810e0dded49b105bc551a", kill_on_drop: false }`
[INFO] running `Command { std: "docker" "inspect" "f56708a3001a244d25ad14275101cb533ada63e2b52810e0dded49b105bc551a", kill_on_drop: false }`
[INFO] running `Command { std: "docker" "exec" "-e" "SOURCE_DIR=/opt/rustwide/workdir" "-e" "CARGO_HOME=/opt/rustwide/cargo-home" "-e" "RUSTUP_HOME=/opt/rustwide/rustup-home" "-e" "CARGO_TARGET_DIR=/opt/rustwide/target" "-w" "/opt/rustwide/workdir" "--user" "0:0" "f56708a3001a244d25ad14275101cb533ada63e2b52810e0dded49b105bc551a" "/opt/rustwide/cargo-home/bin/cargo" "+1.99.0-beta.8" "metadata" "--no-deps" "--format-version=1", kill_on_drop: false }`
[INFO] running `Command { std: "docker" "inspect" "f56708a3001a244d25ad14275101cb533ada63e2b52810e0dded49b105bc551a", kill_on_drop: false }`
[INFO] running `Command { std: "docker" "exec" "-e" "SOURCE_DIR=/opt/rustwide/workdir" "-e" "CARGO_HOME=/opt/rustwide/cargo-home" "-e" "RUSTUP_HOME=/opt/rustwide/rustup-home" "-e" "CARGO_TARGET_DIR=/opt/rustwide/target" "-e" "CARGO_INCREMENTAL=0" "-e" "RUST_BACKTRACE=full" "-e" "RUSTFLAGS=--cap-lints=warn" "-e" "RUSTDOCFLAGS=--cap-lints=warn" "-w" "/opt/rustwide/workdir" "--user" "0:0" "f56708a3001a244d25ad14275101cb533ada63e2b52810e0dded49b105bc551a" "/opt/rustwide/cargo-home/bin/cargo" "+1.99.0-beta.8" "build" "--frozen" "--message-format=json" "--release", kill_on_drop: false }`
[INFO] [stderr]    Compiling tokio v1.44.2
[INFO] [stderr]    Compiling smallvec v1.15.0
[INFO] [stderr]    Compiling rustls-pki-types v1.11.0
[INFO] [stderr]    Compiling serde_urlencoded v0.7.1
[INFO] [stderr]    Compiling icu_normalizer v1.5.0
[INFO] [stderr]    Compiling rustls-pemfile v2.2.0
[INFO] [stderr]    Compiling idna_adapter v1.2.0
[INFO] [stderr]    Compiling idna v1.0.3
[INFO] [stderr]    Compiling url v2.5.4
[INFO] [stderr]    Compiling tokio-util v0.7.14
[INFO] [stderr]    Compiling tokio-native-tls v0.3.1
[INFO] [stderr]    Compiling tower v0.5.2
[INFO] [stderr]    Compiling h2 v0.4.9
[INFO] [stderr]    Compiling hyper-spider v1.6.0
[INFO] [stderr]    Compiling hyper-util-spider v0.1.13
[INFO] [stderr]    Compiling hyper-tls-spider v0.6.0
[INFO] [stderr]    Compiling reqwest-spider v0.12.19 (/opt/rustwide/workdir)
[INFO] [stderr]     Finished `release` profile [optimized] target(s) in 51.66s
[INFO] running `Command { std: "docker" "inspect" "f56708a3001a244d25ad14275101cb533ada63e2b52810e0dded49b105bc551a", kill_on_drop: false }`
[INFO] running `Command { std: "docker" "exec" "-e" "SOURCE_DIR=/opt/rustwide/workdir" "-e" "CARGO_HOME=/opt/rustwide/cargo-home" "-e" "RUSTUP_HOME=/opt/rustwide/rustup-home" "-e" "CARGO_TARGET_DIR=/opt/rustwide/target" "-e" "CARGO_INCREMENTAL=0" "-e" "RUST_BACKTRACE=full" "-e" "RUSTFLAGS=--cap-lints=warn" "-e" "RUSTDOCFLAGS=--cap-lints=warn" "-w" "/opt/rustwide/workdir" "--user" "0:0" "f56708a3001a244d25ad14275101cb533ada63e2b52810e0dded49b105bc551a" "/opt/rustwide/cargo-home/bin/cargo" "+1.99.0-beta.8" "test" "--frozen" "--no-run" "--message-format=json" "--release", kill_on_drop: false }`
[INFO] [stderr]    Compiling libc v0.2.172
[INFO] [stderr]    Compiling tokio v1.44.2
[INFO] [stderr]    Compiling futures-util v0.3.31
[INFO] [stderr]    Compiling log v0.4.27
[INFO] [stderr]    Compiling aho-corasick v1.1.3
[INFO] [stderr]    Compiling getrandom v0.2.15
[INFO] [stderr]    Compiling alloc-no-stdlib v2.0.4
[INFO] [stderr]    Compiling zstd-safe v7.2.4
[INFO] [stderr]    Compiling alloc-stdlib v0.2.2
[INFO] [stderr]    Compiling doc-comment v0.3.3
[INFO] [stderr]    Compiling rustls v0.23.26
[INFO] [stderr]    Compiling adler2 v2.0.0
[INFO] [stderr]    Compiling brotli-decompressor v4.0.2
[INFO] [stderr]    Compiling miniz_oxide v0.8.8
[INFO] [stderr]    Compiling is-terminal v0.4.16
[INFO] [stderr]    Compiling humantime v2.2.0
[INFO] [stderr]    Compiling num_cpus v1.16.0
[INFO] [stderr]    Compiling jobserver v0.1.33
[INFO] [stderr]    Compiling flate2 v1.1.1
[INFO] [stderr]    Compiling cc v1.2.19
[INFO] [stderr]    Compiling brotli v7.0.0
[INFO] [stderr]    Compiling regex-automata v0.4.9
[INFO] [stderr]    Compiling openssl-sys v0.9.107
[INFO] [stderr]    Compiling ring v0.17.14
[INFO] [stderr]    Compiling openssl v0.10.72
[INFO] [stderr]    Compiling zstd-sys v2.0.15+zstd.1.5.7
[INFO] [stderr]    Compiling native-tls v0.2.14
[INFO] [stderr]    Compiling regex v1.11.1
[INFO] [stderr]    Compiling tokio-util v0.7.14
[INFO] [stderr]    Compiling h2 v0.4.9
[INFO] [stderr]    Compiling tower v0.5.2
[INFO] [stderr]    Compiling env_logger v0.10.2
[INFO] [stderr]    Compiling tokio-native-tls v0.3.1
[INFO] [stderr]    Compiling hyper-spider v1.6.0
[INFO] [stderr]    Compiling hyper-util-spider v0.1.13
[INFO] [stderr]    Compiling hyper-tls-spider v0.6.0
[INFO] [stderr]    Compiling reqwest-spider v0.12.19 (/opt/rustwide/workdir)
[INFO] [stderr]    Compiling rustls-webpki v0.103.1
[INFO] [stderr]    Compiling zstd v0.13.3
[INFO] [stdout] warning: struct `DelayLayer` is never constructed
[INFO] [stdout]   --> tests/support/delay_layer.rs:14:12
[INFO] [stdout]    |
[INFO] [stdout] 14 | pub struct DelayLayer {
[INFO] [stdout]    |            ^^^^^^^^^^
[INFO] [stdout]    |
[INFO] [stdout]    = note: `#[warn(dead_code)]` (part of `#[warn(unused)]`) on by default
[INFO] [stdout] 
[INFO] [stdout] 
[INFO] [stdout] warning: associated function `new` is never used
[INFO] [stdout]   --> tests/support/delay_layer.rs:19:18
[INFO] [stdout]    |
[INFO] [stdout] 18 | impl DelayLayer {
[INFO] [stdout]    | --------------- associated function in this implementation
[INFO] [stdout] 19 |     pub const fn new(delay: Duration) -> Self {
[INFO] [stdout]    |                  ^^^
[INFO] [stdout] 
[INFO] [stdout] 
[INFO] [stdout] warning: struct `Delay` is never constructed
[INFO] [stdout]   --> tests/support/delay_layer.rs:41:12
[INFO] [stdout]    |
[INFO] [stdout] 41 | pub struct Delay<S> {
[INFO] [stdout]    |            ^^^^^
[INFO] [stdout] 
[INFO] [stdout] 
[INFO] [stdout] warning: associated function `new` is never used
[INFO] [stdout]   --> tests/support/delay_layer.rs:46:12
[INFO] [stdout]    |
[INFO] [stdout] 45 | impl<S> Delay<S> {
[INFO] [stdout]    | ---------------- associated function in this implementation
[INFO] [stdout] 46 |     pub fn new(inner: S, delay: Duration) -> Self {
[INFO] [stdout]    |            ^^^
[INFO] [stdout] 
[INFO] [stdout] 
[INFO] [stdout] warning: associated function `new` is never used
[INFO] [stdout]   --> tests/support/delay_layer.rs:92:19
[INFO] [stdout]    |
[INFO] [stdout] 91 | impl<S> ResponseFuture<S> {
[INFO] [stdout]    | ------------------------- associated function in this implementation
[INFO] [stdout] 92 |     pub(crate) fn new(response: S, sleep: Sleep) -> Self {
[INFO] [stdout]    |                   ^^^
[INFO] [stdout] 
[INFO] [stdout] 
[INFO] [stdout] warning: field `events_rx` is never read
[INFO] [stdout]   --> tests/support/server.rs:17:5
[INFO] [stdout]    |
[INFO] [stdout] 14 | pub struct Server {
[INFO] [stdout]    |            ------ field in this struct
[INFO] [stdout] ...
[INFO] [stdout] 17 |     events_rx: std_mpsc::Receiver<Event>,
[INFO] [stdout]    |     ^^^^^^^^^
[INFO] [stdout] 
[INFO] [stdout] 
[INFO] [stdout] warning: method `events` is never used
[INFO] [stdout]   --> tests/support/server.rs:31:12
[INFO] [stdout]    |
[INFO] [stdout] 26 | impl Server {
[INFO] [stdout]    | ----------- method in this implementation
[INFO] [stdout] ...
[INFO] [stdout] 31 |     pub fn events(&mut self) -> Vec<Event> {
[INFO] [stdout]    |            ^^^^^^
[INFO] [stdout] 
[INFO] [stdout] 
[INFO] [stdout] warning: function `low_level_with_response` is never used
[INFO] [stdout]    --> tests/support/server.rs:265:8
[INFO] [stdout]     |
[INFO] [stdout] 265 | pub fn low_level_with_response<F>(do_response: F) -> Server
[INFO] [stdout]     |        ^^^^^^^^^^^^^^^^^^^^^^^
[INFO] [stdout] 
[INFO] [stdout] 
[INFO] [stdout] warning: function `low_level_server_client` is never used
[INFO] [stdout]    --> tests/support/server.rs:325:10
[INFO] [stdout]     |
[INFO] [stdout] 325 | async fn low_level_server_client<F>(mut client_socket: TcpStream, do_response: F)
[INFO] [stdout]     |          ^^^^^^^^^^^^^^^^^^^^^^^
[INFO] [stdout] 
[INFO] [stdout] 
[INFO] [stdout] warning: function `low_level_read_http_request` is never used
[INFO] [stdout]    --> tests/support/server.rs:342:10
[INFO] [stdout]     |
[INFO] [stdout] 342 | async fn low_level_read_http_request(
[INFO] [stdout]     |          ^^^^^^^^^^^^^^^^^^^^^^^^^^^
[INFO] [stdout] 
[INFO] [stdout] 
[INFO] [stdout] warning: struct `DelayLayer` is never constructed
[INFO] [stdout]   --> tests/support/delay_layer.rs:14:12
[INFO] [stdout]    |
[INFO] [stdout] 14 | pub struct DelayLayer {
[INFO] [stdout]    |            ^^^^^^^^^^
[INFO] [stdout]    |
[INFO] [stdout]    = note: `#[warn(dead_code)]` (part of `#[warn(unused)]`) on by default
[INFO] [stdout] 
[INFO] [stdout] 
[INFO] [stdout] warning: associated function `new` is never used
[INFO] [stdout]   --> tests/support/delay_layer.rs:19:18
[INFO] [stdout]    |
[INFO] [stdout] 18 | impl DelayLayer {
[INFO] [stdout]    | --------------- associated function in this implementation
[INFO] [stdout] 19 |     pub const fn new(delay: Duration) -> Self {
[INFO] [stdout]    |                  ^^^
[INFO] [stdout] 
[INFO] [stdout] 
[INFO] [stdout] warning: struct `Delay` is never constructed
[INFO] [stdout]   --> tests/support/delay_layer.rs:41:12
[INFO] [stdout]    |
[INFO] [stdout] 41 | pub struct Delay<S> {
[INFO] [stdout]    |            ^^^^^
[INFO] [stdout] 
[INFO] [stdout] 
[INFO] [stdout] warning: associated function `new` is never used
[INFO] [stdout]   --> tests/support/delay_layer.rs:46:12
[INFO] [stdout]    |
[INFO] [stdout] 45 | impl<S> Delay<S> {
[INFO] [stdout]    | ---------------- associated function in this implementation
[INFO] [stdout] 46 |     pub fn new(inner: S, delay: Duration) -> Self {
[INFO] [stdout]    |            ^^^
[INFO] [stdout] 
[INFO] [stdout] 
[INFO] [stdout] warning: associated function `new` is never used
[INFO] [stdout]   --> tests/support/delay_layer.rs:92:19
[INFO] [stdout]    |
[INFO] [stdout] 91 | impl<S> ResponseFuture<S> {
[INFO] [stdout]    | ------------------------- associated function in this implementation
[INFO] [stdout] 92 |     pub(crate) fn new(response: S, sleep: Sleep) -> Self {
[INFO] [stdout]    |                   ^^^
[INFO] [stdout] 
[INFO] [stdout] 
[INFO] [stdout] warning: field `events_rx` is never read
[INFO] [stdout]   --> tests/support/server.rs:17:5
[INFO] [stdout]    |
[INFO] [stdout] 14 | pub struct Server {
[INFO] [stdout]    |            ------ field in this struct
[INFO] [stdout] ...
[INFO] [stdout] 17 |     events_rx: std_mpsc::Receiver<Event>,
[INFO] [stdout]    |     ^^^^^^^^^
[INFO] [stdout] 
[INFO] [stdout] 
[INFO] [stdout] warning: method `events` is never used
[INFO] [stdout]   --> tests/support/server.rs:31:12
[INFO] [stdout]    |
[INFO] [stdout] 26 | impl Server {
[INFO] [stdout]    | ----------- method in this implementation
[INFO] [stdout] ...
[INFO] [stdout] 31 |     pub fn events(&mut self) -> Vec<Event> {
[INFO] [stdout]    |            ^^^^^^
[INFO] [stdout] 
[INFO] [stdout] 
[INFO] [stdout] warning: function `low_level_with_response` is never used
[INFO] [stdout]    --> tests/support/server.rs:265:8
[INFO] [stdout]     |
[INFO] [stdout] 265 | pub fn low_level_with_response<F>(do_response: F) -> Server
[INFO] [stdout]     |        ^^^^^^^^^^^^^^^^^^^^^^^
[INFO] [stdout] 
[INFO] [stdout] 
[INFO] [stdout] warning: function `low_level_server_client` is never used
[INFO] [stdout]    --> tests/support/server.rs:325:10
[INFO] [stdout]     |
[INFO] [stdout] 325 | async fn low_level_server_client<F>(mut client_socket: TcpStream, do_response: F)
[INFO] [stdout]     |          ^^^^^^^^^^^^^^^^^^^^^^^
[INFO] [stdout] 
[INFO] [stdout] 
[INFO] [stdout] warning: function `low_level_read_http_request` is never used
[INFO] [stdout]    --> tests/support/server.rs:342:10
[INFO] [stdout]     |
[INFO] [stdout] 342 | async fn low_level_read_http_request(
[INFO] [stdout]     |          ^^^^^^^^^^^^^^^^^^^^^^^^^^^
[INFO] [stdout] 
[INFO] [stdout] 
[INFO] [stdout] warning: struct `DelayLayer` is never constructed
[INFO] [stdout]   --> tests/support/delay_layer.rs:14:12
[INFO] [stdout]    |
[INFO] [stdout] 14 | pub struct DelayLayer {
[INFO] [stdout]    |            ^^^^^^^^^^
[INFO] [stdout]    |
[INFO] [stdout]    = note: `#[warn(dead_code)]` (part of `#[warn(unused)]`) on by default
[INFO] [stdout] 
[INFO] [stdout] 
[INFO] [stdout] warning: associated function `new` is never used
[INFO] [stdout]   --> tests/support/delay_layer.rs:19:18
[INFO] [stdout]    |
[INFO] [stdout] 18 | impl DelayLayer {
[INFO] [stdout]    | --------------- associated function in this implementation
[INFO] [stdout] 19 |     pub const fn new(delay: Duration) -> Self {
[INFO] [stdout]    |                  ^^^
[INFO] [stdout] 
[INFO] [stdout] 
[INFO] [stdout] warning: struct `Delay` is never constructed
[INFO] [stdout]   --> tests/support/delay_layer.rs:41:12
[INFO] [stdout]    |
[INFO] [stdout] 41 | pub struct Delay<S> {
[INFO] [stdout]    |            ^^^^^
[INFO] [stdout] 
[INFO] [stdout] 
[INFO] [stdout] warning: associated function `new` is never used
[INFO] [stdout]   --> tests/support/delay_layer.rs:46:12
[INFO] [stdout]    |
[INFO] [stdout] 45 | impl<S> Delay<S> {
[INFO] [stdout]    | ---------------- associated function in this implementation
[INFO] [stdout] 46 |     pub fn new(inner: S, delay: Duration) -> Self {
[INFO] [stdout]    |            ^^^
[INFO] [stdout] 
[INFO] [stdout] 
[INFO] [stdout] warning: associated function `new` is never used
[INFO] [stdout]   --> tests/support/delay_layer.rs:92:19
[INFO] [stdout]    |
[INFO] [stdout] 91 | impl<S> ResponseFuture<S> {
[INFO] [stdout]    | ------------------------- associated function in this implementation
[INFO] [stdout] 92 |     pub(crate) fn new(response: S, sleep: Sleep) -> Self {
[INFO] [stdout]    |                   ^^^
[INFO] [stdout] 
[INFO] [stdout] 
[INFO] [stdout] warning: field `events_rx` is never read
[INFO] [stdout]   --> tests/support/server.rs:17:5
[INFO] [stdout]    |
[INFO] [stdout] 14 | pub struct Server {
[INFO] [stdout]    |            ------ field in this struct
[INFO] [stdout] ...
[INFO] [stdout] 17 |     events_rx: std_mpsc::Receiver<Event>,
[INFO] [stdout]    |     ^^^^^^^^^
[INFO] [stdout] 
[INFO] [stdout] 
[INFO] [stdout] warning: method `events` is never used
[INFO] [stdout]   --> tests/support/server.rs:31:12
[INFO] [stdout]    |
[INFO] [stdout] 26 | impl Server {
[INFO] [stdout]    | ----------- method in this implementation
[INFO] [stdout] ...
[INFO] [stdout] 31 |     pub fn events(&mut self) -> Vec<Event> {
[INFO] [stdout]    |            ^^^^^^
[INFO] [stdout] 
[INFO] [stdout] 
[INFO] [stdout] warning: function `low_level_with_response` is never used
[INFO] [stdout]    --> tests/support/server.rs:265:8
[INFO] [stdout]     |
[INFO] [stdout] 265 | pub fn low_level_with_response<F>(do_response: F) -> Server
[INFO] [stdout]     |        ^^^^^^^^^^^^^^^^^^^^^^^
[INFO] [stdout] 
[INFO] [stdout] 
[INFO] [stdout] warning: function `low_level_server_client` is never used
[INFO] [stdout]    --> tests/support/server.rs:325:10
[INFO] [stdout]     |
[INFO] [stdout] 325 | async fn low_level_server_client<F>(mut client_socket: TcpStream, do_response: F)
[INFO] [stdout]     |          ^^^^^^^^^^^^^^^^^^^^^^^
[INFO] [stdout] 
[INFO] [stdout] 
[INFO] [stdout] warning: function `low_level_read_http_request` is never used
[INFO] [stdout]    --> tests/support/server.rs:342:10
[INFO] [stdout]     |
[INFO] [stdout] 342 | async fn low_level_read_http_request(
[INFO] [stdout]     |          ^^^^^^^^^^^^^^^^^^^^^^^^^^^
[INFO] [stdout] 
[INFO] [stdout] 
[INFO] [stdout] warning: struct `DelayLayer` is never constructed
[INFO] [stdout]   --> tests/support/delay_layer.rs:14:12
[INFO] [stdout]    |
[INFO] [stdout] 14 | pub struct DelayLayer {
[INFO] [stdout]    |            ^^^^^^^^^^
[INFO] [stdout]    |
[INFO] [stdout]    = note: `#[warn(dead_code)]` (part of `#[warn(unused)]`) on by default
[INFO] [stdout] 
[INFO] [stdout] 
[INFO] [stdout] warning: associated function `new` is never used
[INFO] [stdout]   --> tests/support/delay_layer.rs:19:18
[INFO] [stdout]    |
[INFO] [stdout] 18 | impl DelayLayer {
[INFO] [stdout]    | --------------- associated function in this implementation
[INFO] [stdout] 19 |     pub const fn new(delay: Duration) -> Self {
[INFO] [stdout]    |                  ^^^
[INFO] [stdout] 
[INFO] [stdout] 
[INFO] [stdout] warning: struct `Delay` is never constructed
[INFO] [stdout]   --> tests/support/delay_layer.rs:41:12
[INFO] [stdout]    |
[INFO] [stdout] 41 | pub struct Delay<S> {
[INFO] [stdout]    |            ^^^^^
[INFO] [stdout] 
[INFO] [stdout] 
[INFO] [stdout] warning: associated function `new` is never used
[INFO] [stdout]   --> tests/support/delay_layer.rs:46:12
[INFO] [stdout]    |
[INFO] [stdout] 45 | impl<S> Delay<S> {
[INFO] [stdout]    | ---------------- associated function in this implementation
[INFO] [stdout] 46 |     pub fn new(inner: S, delay: Duration) -> Self {
[INFO] [stdout]    |            ^^^
[INFO] [stdout] 
[INFO] [stdout] 
[INFO] [stdout] warning: associated function `new` is never used
[INFO] [stdout]   --> tests/support/delay_layer.rs:92:19
[INFO] [stdout]    |
[INFO] [stdout] 91 | impl<S> ResponseFuture<S> {
[INFO] [stdout]    | ------------------------- associated function in this implementation
[INFO] [stdout] 92 |     pub(crate) fn new(response: S, sleep: Sleep) -> Self {
[INFO] [stdout]    |                   ^^^
[INFO] [stdout] 
[INFO] [stdout] 
[INFO] [stdout] warning: field `events_rx` is never read
[INFO] [stdout]   --> tests/support/server.rs:17:5
[INFO] [stdout]    |
[INFO] [stdout] 14 | pub struct Server {
[INFO] [stdout]    |            ------ field in this struct
[INFO] [stdout] ...
[INFO] [stdout] 17 |     events_rx: std_mpsc::Receiver<Event>,
[INFO] [stdout]    |     ^^^^^^^^^
[INFO] [stdout] 
[INFO] [stdout] 
[INFO] [stdout] warning: method `events` is never used
[INFO] [stdout]   --> tests/support/server.rs:31:12
[INFO] [stdout]    |
[INFO] [stdout] 26 | impl Server {
[INFO] [stdout]    | ----------- method in this implementation
[INFO] [stdout] ...
[INFO] [stdout] 31 |     pub fn events(&mut self) -> Vec<Event> {
[INFO] [stdout]    |            ^^^^^^
[INFO] [stdout] 
[INFO] [stdout] 
[INFO] [stdout] warning: function `low_level_with_response` is never used
[INFO] [stdout]    --> tests/support/server.rs:265:8
[INFO] [stdout]     |
[INFO] [stdout] 265 | pub fn low_level_with_response<F>(do_response: F) -> Server
[INFO] [stdout]     |        ^^^^^^^^^^^^^^^^^^^^^^^
[INFO] [stdout] 
[INFO] [stdout] 
[INFO] [stdout] warning: function `low_level_server_client` is never used
[INFO] [stdout]    --> tests/support/server.rs:325:10
[INFO] [stdout]     |
[INFO] [stdout] 325 | async fn low_level_server_client<F>(mut client_socket: TcpStream, do_response: F)
[INFO] [stdout]     |          ^^^^^^^^^^^^^^^^^^^^^^^
[INFO] [stdout] 
[INFO] [stdout] 
[INFO] [stdout] warning: function `low_level_read_http_request` is never used
[INFO] [stdout]    --> tests/support/server.rs:342:10
[INFO] [stdout]     |
[INFO] [stdout] 342 | async fn low_level_read_http_request(
[INFO] [stdout]     |          ^^^^^^^^^^^^^^^^^^^^^^^^^^^
[INFO] [stdout] 
[INFO] [stdout] 
[INFO] [stdout] warning: struct `DelayLayer` is never constructed
[INFO] [stdout]   --> tests/support/delay_layer.rs:14:12
[INFO] [stdout]    |
[INFO] [stdout] 14 | pub struct DelayLayer {
[INFO] [stdout]    |            ^^^^^^^^^^
[INFO] [stdout]    |
[INFO] [stdout]    = note: `#[warn(dead_code)]` (part of `#[warn(unused)]`) on by default
[INFO] [stdout] 
[INFO] [stdout] 
[INFO] [stdout] warning: associated function `new` is never used
[INFO] [stdout]   --> tests/support/delay_layer.rs:19:18
[INFO] [stdout]    |
[INFO] [stdout] 18 | impl DelayLayer {
[INFO] [stdout]    | --------------- associated function in this implementation
[INFO] [stdout] 19 |     pub const fn new(delay: Duration) -> Self {
[INFO] [stdout]    |                  ^^^
[INFO] [stdout] 
[INFO] [stdout] 
[INFO] [stdout] warning: struct `Delay` is never constructed
[INFO] [stdout]   --> tests/support/delay_layer.rs:41:12
[INFO] [stdout]    |
[INFO] [stdout] 41 | pub struct Delay<S> {
[INFO] [stdout]    |            ^^^^^
[INFO] [stdout] 
[INFO] [stdout] 
[INFO] [stdout] warning: associated function `new` is never used
[INFO] [stdout]   --> tests/support/delay_layer.rs:46:12
[INFO] [stdout]    |
[INFO] [stdout] 45 | impl<S> Delay<S> {
[INFO] [stdout]    | ---------------- associated function in this implementation
[INFO] [stdout] 46 |     pub fn new(inner: S, delay: Duration) -> Self {
[INFO] [stdout]    |            ^^^
[INFO] [stdout] 
[INFO] [stdout] 
[INFO] [stdout] warning: associated function `new` is never used
[INFO] [stdout]   --> tests/support/delay_layer.rs:92:19
[INFO] [stdout]    |
[INFO] [stdout] 91 | impl<S> ResponseFuture<S> {
[INFO] [stdout]    | ------------------------- associated function in this implementation
[INFO] [stdout] 92 |     pub(crate) fn new(response: S, sleep: Sleep) -> Self {
[INFO] [stdout]    |                   ^^^
[INFO] [stdout] 
[INFO] [stdout] 
[INFO] [stdout] warning: function `low_level_with_response` is never used
[INFO] [stdout]    --> tests/support/server.rs:265:8
[INFO] [stdout]     |
[INFO] [stdout] 265 | pub fn low_level_with_response<F>(do_response: F) -> Server
[INFO] [stdout]     |        ^^^^^^^^^^^^^^^^^^^^^^^
[INFO] [stdout] 
[INFO] [stdout] 
[INFO] [stdout] warning: function `low_level_server_client` is never used
[INFO] [stdout]    --> tests/support/server.rs:325:10
[INFO] [stdout]     |
[INFO] [stdout] 325 | async fn low_level_server_client<F>(mut client_socket: TcpStream, do_response: F)
[INFO] [stdout]     |          ^^^^^^^^^^^^^^^^^^^^^^^
[INFO] [stdout] 
[INFO] [stdout] 
[INFO] [stdout] warning: function `low_level_read_http_request` is never used
[INFO] [stdout]    --> tests/support/server.rs:342:10
[INFO] [stdout]     |
[INFO] [stdout] 342 | async fn low_level_read_http_request(
[INFO] [stdout]     |          ^^^^^^^^^^^^^^^^^^^^^^^^^^^
[INFO] [stdout] 
[INFO] [stdout] 
[INFO] [stdout] warning: field `events_rx` is never read
[INFO] [stdout]   --> tests/support/server.rs:17:5
[INFO] [stdout]    |
[INFO] [stdout] 14 | pub struct Server {
[INFO] [stdout]    |            ------ field in this struct
[INFO] [stdout] ...
[INFO] [stdout] 17 |     events_rx: std_mpsc::Receiver<Event>,
[INFO] [stdout]    |     ^^^^^^^^^
[INFO] [stdout]    |
[INFO] [stdout]    = note: `#[warn(dead_code)]` (part of `#[warn(unused)]`) on by default
[INFO] [stdout] 
[INFO] [stdout] 
[INFO] [stdout] warning: method `events` is never used
[INFO] [stdout]   --> tests/support/server.rs:31:12
[INFO] [stdout]    |
[INFO] [stdout] 26 | impl Server {
[INFO] [stdout]    | ----------- method in this implementation
[INFO] [stdout] ...
[INFO] [stdout] 31 |     pub fn events(&mut self) -> Vec<Event> {
[INFO] [stdout]    |            ^^^^^^
[INFO] [stdout] 
[INFO] [stdout] 
[INFO] [stdout] warning: function `low_level_with_response` is never used
[INFO] [stdout]    --> tests/support/server.rs:265:8
[INFO] [stdout]     |
[INFO] [stdout] 265 | pub fn low_level_with_response<F>(do_response: F) -> Server
[INFO] [stdout]     |        ^^^^^^^^^^^^^^^^^^^^^^^
[INFO] [stdout] 
[INFO] [stdout] 
[INFO] [stdout] warning: function `low_level_server_client` is never used
[INFO] [stdout]    --> tests/support/server.rs:325:10
[INFO] [stdout]     |
[INFO] [stdout] 325 | async fn low_level_server_client<F>(mut client_socket: TcpStream, do_response: F)
[INFO] [stdout]     |          ^^^^^^^^^^^^^^^^^^^^^^^
[INFO] [stdout] 
[INFO] [stdout] 
[INFO] [stdout] warning: function `low_level_read_http_request` is never used
[INFO] [stdout]    --> tests/support/server.rs:342:10
[INFO] [stdout]     |
[INFO] [stdout] 342 | async fn low_level_read_http_request(
[INFO] [stdout]     |          ^^^^^^^^^^^^^^^^^^^^^^^^^^^
[INFO] [stdout] 
[INFO] [stdout] 
[INFO] [stderr]     Finished `release` profile [optimized] target(s) in 5m 46s
[INFO] running `Command { std: "docker" "inspect" "f56708a3001a244d25ad14275101cb533ada63e2b52810e0dded49b105bc551a", kill_on_drop: false }`
[INFO] running `Command { std: "docker" "exec" "-e" "SOURCE_DIR=/opt/rustwide/workdir" "-e" "CARGO_HOME=/opt/rustwide/cargo-home" "-e" "RUSTUP_HOME=/opt/rustwide/rustup-home" "-e" "CARGO_TARGET_DIR=/opt/rustwide/target" "-e" "CARGO_INCREMENTAL=0" "-e" "RUST_BACKTRACE=full" "-e" "RUSTFLAGS=--cap-lints=warn" "-e" "RUSTDOCFLAGS=--cap-lints=warn" "-w" "/opt/rustwide/workdir" "--user" "0:0" "f56708a3001a244d25ad14275101cb533ada63e2b52810e0dded49b105bc551a" "/opt/rustwide/cargo-home/bin/cargo" "+1.99.0-beta.8" "test" "--frozen" "--release", kill_on_drop: false }`
[INFO] [stderr] warning: struct `DelayLayer` is never constructed
[INFO] [stderr]   --> tests/support/delay_layer.rs:14:12
[INFO] [stderr]    |
[INFO] [stderr] 14 | pub struct DelayLayer {
[INFO] [stderr]    |            ^^^^^^^^^^
[INFO] [stderr]    |
[INFO] [stderr]    = note: `#[warn(dead_code)]` (part of `#[warn(unused)]`) on by default
[INFO] [stderr] 
[INFO] [stderr] warning: associated function `new` is never used
[INFO] [stderr]   --> tests/support/delay_layer.rs:19:18
[INFO] [stderr]    |
[INFO] [stderr] 18 | impl DelayLayer {
[INFO] [stderr]    | --------------- associated function in this implementation
[INFO] [stderr] 19 |     pub const fn new(delay: Duration) -> Self {
[INFO] [stderr]    |                  ^^^
[INFO] [stderr] 
[INFO] [stderr] warning: struct `Delay` is never constructed
[INFO] [stderr]   --> tests/support/delay_layer.rs:41:12
[INFO] [stderr]    |
[INFO] [stderr] 41 | pub struct Delay<S> {
[INFO] [stderr]    |            ^^^^^
[INFO] [stderr] 
[INFO] [stderr] warning: associated function `new` is never used
[INFO] [stderr]   --> tests/support/delay_layer.rs:46:12
[INFO] [stderr]    |
[INFO] [stderr] 45 | impl<S> Delay<S> {
[INFO] [stderr]    | ---------------- associated function in this implementation
[INFO] [stderr] 46 |     pub fn new(inner: S, delay: Duration) -> Self {
[INFO] [stderr]    |            ^^^
[INFO] [stderr] 
[INFO] [stderr] warning: associated function `new` is never used
[INFO] [stderr]   --> tests/support/delay_layer.rs:92:19
[INFO] [stderr]    |
[INFO] [stderr] 91 | impl<S> ResponseFuture<S> {
[INFO] [stderr]    | ------------------------- associated function in this implementation
[INFO] [stderr] 92 |     pub(crate) fn new(response: S, sleep: Sleep) -> Self {
[INFO] [stderr]    |                   ^^^
[INFO] [stderr] 
[INFO] [stderr] warning: function `low_level_with_response` is never used
[INFO] [stderr]    --> tests/support/server.rs:265:8
[INFO] [stderr]     |
[INFO] [stderr] 265 | pub fn low_level_with_response<F>(do_response: F) -> Server
[INFO] [stderr]     |        ^^^^^^^^^^^^^^^^^^^^^^^
[INFO] [stderr] 
[INFO] [stderr] warning: function `low_level_server_client` is never used
[INFO] [stderr]    --> tests/support/server.rs:325:10
[INFO] [stderr]     |
[INFO] [stderr] 325 | async fn low_level_server_client<F>(mut client_socket: TcpStream, do_response: F)
[INFO] [stderr]     |          ^^^^^^^^^^^^^^^^^^^^^^^
[INFO] [stderr] 
[INFO] [stderr] warning: function `low_level_read_http_request` is never used
[INFO] [stderr]    --> tests/support/server.rs:342:10
[INFO] [stderr]     |
[INFO] [stderr] 342 | async fn low_level_read_http_request(
[INFO] [stderr]     |          ^^^^^^^^^^^^^^^^^^^^^^^^^^^
[INFO] [stderr] 
[INFO] [stderr] warning: field `events_rx` is never read
[INFO] [stderr]   --> tests/support/server.rs:17:5
[INFO] [stderr]    |
[INFO] [stderr] 14 | pub struct Server {
[INFO] [stderr]    |            ------ field in this struct
[INFO] [stderr] ...
[INFO] [stderr] 17 |     events_rx: std_mpsc::Receiver<Event>,
[INFO] [stderr]    |     ^^^^^^^^^
[INFO] [stderr]    |
[INFO] [stderr]    = note: `#[warn(dead_code)]` (part of `#[warn(unused)]`) on by default
[INFO] [stderr] 
[INFO] [stderr] warning: method `events` is never used
[INFO] [stderr]   --> tests/support/server.rs:31:12
[INFO] [stderr]    |
[INFO] [stderr] 26 | impl Server {
[INFO] [stderr]    | ----------- method in this implementation
[INFO] [stderr] ...
[INFO] [stderr] 31 |     pub fn events(&mut self) -> Vec<Event> {
[INFO] [stderr]    |            ^^^^^^
[INFO] [stderr] 
[INFO] [stderr] warning: `reqwest-spider` (test "client") generated 8 warnings
[INFO] [stderr] warning: `reqwest-spider` (test "connector_layers") generated 5 warnings (3 duplicates)
[INFO] [stderr] warning: field `events_rx` is never read
[INFO] [stderr]   --> tests/support/server.rs:17:5
[INFO] [stderr]    |
[INFO] [stderr] 14 | pub struct Server {
[INFO] [stderr]    |            ------ field in this struct
[INFO] [stderr] ...
[INFO] [stderr] 17 |     events_rx: std_mpsc::Receiver<Event>,
[INFO] [stderr]    |     ^^^^^^^^^
[INFO] [stderr] 
[INFO] [stderr] warning: `reqwest-spider` (test "proxy") generated 10 warnings (9 duplicates)
[INFO] [stderr] warning: `reqwest-spider` (test "redirect") generated 10 warnings (10 duplicates)
[INFO] [stderr] warning: `reqwest-spider` (test "timeouts") generated 10 warnings (10 duplicates)
[INFO] [stderr] warning: `reqwest-spider` (test "upgrade") generated 10 warnings (10 duplicates)
[INFO] [stderr]     Finished `release` profile [optimized] target(s) in 0.25s
[INFO] [stderr]      Running unittests src/lib.rs (/opt/rustwide/target/release/deps/reqwest-7d41822323337a23)
[INFO] [stdout] 
[INFO] [stdout] running 88 tests
[INFO] [stdout] test async_impl::body::tests::body_exact_length ... ok
[INFO] [stdout] test async_impl::body::tests::test_as_bytes ... ok
[INFO] [stdout] test async_impl::decoder::tests::accepts_as_str ... ok
[INFO] [stdout] test async_impl::request::tests::convert_from_http_request ... ok
[INFO] [stdout] test async_impl::request::tests::add_query_struct ... ok
[INFO] [stdout] test async_impl::request::tests::add_query_append ... ok
[INFO] [stdout] test async_impl::request::tests::set_http_request_version ... ok
[INFO] [stdout] test async_impl::request::tests::add_query_append_same ... ok
[INFO] [stdout] test async_impl::request::tests::convert_url_authority_into_basic_auth ... ok
[INFO] [stdout] test async_impl::client::tests::execute_request_rejects_invalid_urls ... ok
[INFO] [stdout] test async_impl::request::tests::builder_split_reassemble ... ok
[INFO] [stdout] test async_impl::client::tests::execute_request_rejects_invalid_hostname ... ok
[INFO] [stdout] test async_impl::request::tests::add_query_map ... ok
[INFO] [stdout] test async_impl::response::tests::test_from_http_response ... ok
[INFO] [stdout] test async_impl::request::tests::test_basic_auth_sensitive_header ... ok
[INFO] [stdout] test connect::tests::test_tunnel_basic_auth ... ok
[INFO] [stdout] test connect::tests::test_tunnel ... ok
[INFO] [stdout] test connect::tests::test_tunnel_eof ... ok
[INFO] [stdout] test async_impl::request::tests::normalize_empty_query ... ok
[INFO] [stdout] test connect::tests::test_tunnel_proxy_unauthorized ... ok
[INFO] [stdout] test connect::tests::test_tunnel_non_http_response ... ok
[INFO] [stdout] test async_impl::request::tests::try_clone_no_body ... ok
[INFO] [stdout] test async_impl::request::tests::test_bearer_auth_sensitive_header ... ok
[INFO] [stdout] test error::tests::mem_size_of ... ok
[INFO] [stdout] test error::tests::from_unknown_io_error ... ok
[INFO] [stdout] test error::tests::is_timeout ... ok
[INFO] [stdout] test error::tests::test_source_chain ... ok
[INFO] [stdout] test into_url::tests::into_url_blob_scheme ... ok
[INFO] [stdout] test proxy::test::into_proxy_scheme::when_scheme_missing::and_url_has_bad::idna_encoding ... ok
[INFO] [stdout] test proxy::test::into_proxy_scheme::when_scheme_missing::and_url_has_bad::invalid_domain_character ... ok
[INFO] [stdout] test proxy::test::into_proxy_scheme::when_scheme_missing::and_url_has_bad::ip_v4_address ... ok
[INFO] [stdout] test proxy::test::into_proxy_scheme::when_scheme_missing::and_url_has_bad::ip_v6_address ... ok
[INFO] [stdout] test error::tests::roundtrip_io_error ... ok
[INFO] [stdout] test proxy::test::into_proxy_scheme::when_scheme_missing::and_url_has_bad::host ... ok
[INFO] [stdout] test proxy::test::into_proxy_scheme::when_scheme_missing::and_url_has_bad::port ... ok
[INFO] [stdout] test proxy::test::into_proxy_scheme::when_scheme_missing::and_url_is_valid::domain_port_works ... ok
[INFO] [stdout] test into_url::tests::into_url_file_scheme ... ok
[INFO] [stdout] test proxy::test::into_proxy_scheme::when_scheme_missing::and_url_is_valid::domain_username_password_port_works ... ok
[INFO] [stdout] test proxy::test::into_proxy_scheme::when_scheme_missing::and_url_is_valid::domain_username_password_works ... ok
[INFO] [stdout] test proxy::test::into_proxy_scheme::when_scheme_missing::and_url_is_valid::domain_username_works ... ok
[INFO] [stdout] test proxy::test::into_proxy_scheme::when_scheme_missing::and_url_is_valid::domain_works ... ok
[INFO] [stdout] test proxy::test::into_proxy_scheme::when_scheme_missing::and_url_is_valid::lookback_works ... ok
[INFO] [stdout] test proxy::test::into_proxy_scheme::when_scheme_missing::and_url_is_valid::loopback_port_works ... ok
[INFO] [stdout] test proxy::test::into_proxy_scheme::when_scheme_missing::and_url_is_valid::loopback_username_password_port_works ... ok
[INFO] [stdout] test proxy::test::into_proxy_scheme::when_scheme_present::and_url_has_bad::idna_encoding ... ok
[INFO] [stdout] test proxy::test::into_proxy_scheme::when_scheme_missing::and_url_is_valid::loopback_username_password_works ... ok
[INFO] [stdout] test proxy::test::into_proxy_scheme::when_scheme_present::and_url_has_bad::ip_v4_address ... ok
[INFO] [stdout] test proxy::test::into_proxy_scheme::when_scheme_present::and_url_has_bad::host ... ok
[INFO] [stdout] test proxy::test::into_proxy_scheme::when_scheme_missing::and_url_is_valid::loopback_username_works ... ok
[INFO] [stdout] test proxy::test::into_proxy_scheme::when_scheme_present::and_url_has_bad::ip_v6_address ... ok
[INFO] [stdout] test async_impl::request::tests::test_replace_headers ... ok
[INFO] [stdout] test async_impl::request::tests::test_explicit_sensitive_header ... ok
[INFO] [stdout] test proxy::test::into_proxy_scheme::when_scheme_present::and_url_has_bad::port ... ok
[INFO] [stdout] test proxy::test::into_proxy_scheme::when_scheme_present::and_url_is_valid::domain_port_works ... ok
[INFO] [stdout] test proxy::test::into_proxy_scheme::when_scheme_present::and_url_is_valid::domain_username_works ... ok
[INFO] [stdout] test proxy::test::into_proxy_scheme::when_scheme_present::and_url_is_valid::domain_username_password_port_works ... ok
[INFO] [stdout] test proxy::test::into_proxy_scheme::when_scheme_present::and_url_is_valid::loopback_username_password_port_works ... ok
[INFO] [stdout] test proxy::test::into_proxy_scheme::when_scheme_present::and_url_is_valid::domain_works ... ok
[INFO] [stdout] test proxy::test::into_proxy_scheme::when_scheme_present::and_url_is_valid::loopback_port_works ... ok
[INFO] [stdout] test proxy::tests::test_all ... ok
[INFO] [stdout] test proxy::tests::test_custom ... ok
[INFO] [stdout] test proxy::test::into_proxy_scheme::when_scheme_present::and_url_is_valid::loopback_username_password_works ... ok
[INFO] [stdout] test proxy::test::into_proxy_scheme::when_scheme_present::and_url_is_valid::loopback_works ... ok
[INFO] [stdout] test proxy::tests::test_get_sys_proxies_parsing ... ok
[INFO] [stdout] test proxy::tests::test_has_http_auth ... ok
[INFO] [stdout] test proxy::tests::test_http ... ok
[INFO] [stdout] test proxy::tests::test_https ... ok
[INFO] [stdout] test proxy::tests::test_proxy_no_proxy_interception_for_proxy_types ... ok
[INFO] [stdout] test proxy::tests::test_proxy_scheme_ip_address_default_http ... ok
[INFO] [stdout] test proxy::tests::test_proxy_scheme_parse ... ok
[INFO] [stdout] test proxy::tests::test_proxy_scheme_parse_default_http_with_auth ... ok
[INFO] [stdout] test proxy::test::into_proxy_scheme::when_scheme_present::and_url_is_valid::loopback_username_works ... ok
[INFO] [stdout] test proxy::tests::test_domain_matcher ... ok
[INFO] [stdout] test proxy::test::into_proxy_scheme::when_scheme_present::and_url_is_valid::domain_username_password_works ... ok
[INFO] [stdout] test proxy::tests::test_get_sys_proxies_in_cgi ... ok
[INFO] [stdout] test async_impl::request::tests::try_clone_reusable ... ok
[INFO] [stdout] test proxy::tests::test_no_proxy_load ... ok
[INFO] [stdout] test redirect::test_redirect_policy_custom ... ok
[INFO] [stdout] test proxy::tests::test_wildcard_sys_no_proxy ... ok
[INFO] [stdout] test proxy::tests::test_empty_sys_no_proxy ... ok
[INFO] [stdout] test proxy::tests::test_sys_no_proxy ... ok
[INFO] [stdout] test tls::tests::certificate_from_der_invalid ... ok
[INFO] [stdout] test redirect::test_redirect_policy_limit_to_0 ... ok
[INFO] [stdout] test redirect::test_remove_sensitive_headers ... ok
[INFO] [stdout] test response::tests::test_response_builder_ext ... ok
[INFO] [stdout] test tls::tests::certificate_from_pem_invalid ... ok
[INFO] [stdout] test redirect::test_redirect_policy_limit ... ok
[INFO] [stdout] test tls::tests::certificates_from_pem_bundle ... ok
[INFO] [stdout] 
[INFO] [stdout] test result: ok. 88 passed; 0 failed; 0 ignored; 0 measured; 0 filtered out; finished in 0.36s
[INFO] [stdout] 
[INFO] [stderr]      Running tests/badssl.rs (/opt/rustwide/target/release/deps/badssl-f9168a777267f1d4)
[INFO] [stdout] 
[INFO] [stdout] running 3 tests
[INFO] [stdout] test test_badssl_no_built_in_roots ... ok
[INFO] [stdout] test test_badssl_modern ... FAILED
[INFO] [stdout] test test_badssl_self_signed ... FAILED
[INFO] [stdout] 
[INFO] [stdout] failures:
[INFO] [stdout] 
[INFO] [stdout] ---- test_badssl_modern stdout ----
[INFO] [stdout] 
[INFO] [stdout] thread 'test_badssl_modern' (2090) panicked at tests/badssl.rs:14:10:
[INFO] [stdout] called `Result::unwrap()` on an `Err` value: reqwest::Error { kind: Request, url: "https://mozilla-modern.badssl.com/", source: hyper_util::client::legacy::Error(Connect, ConnectError("dns error", Custom { kind: Uncategorized, error: "failed to lookup address information: Temporary failure in name resolution" })) }
[INFO] [stdout] stack backtrace:
[INFO] [stdout]    0:     0x5b5ec7552df1 - <<std[70759c8f55707aa4]::sys::backtrace::BacktraceLock>::print::DisplayBacktrace as core[df12db4294e9bfd3]::fmt::Display>::fmt
[INFO] [stdout]    1:     0x5b5ec7568c3a - core[df12db4294e9bfd3]::fmt::write
[INFO] [stdout]    2:     0x5b5ec75578ec - <alloc[2182bb758b4b3781]::vec::Vec<u8> as core[df12db4294e9bfd3]::io::write::Write>::write_fmt
[INFO] [stdout]    3:     0x5b5ec752e096 - std[70759c8f55707aa4]::panicking::default_hook::{closure#0}
[INFO] [stdout]    4:     0x5b5ec754ae19 - std[70759c8f55707aa4]::panicking::default_hook
[INFO] [stdout]    5:     0x5b5ec74c7020 - test[9d35eded1c95d3be]::test_main_inner::<test[9d35eded1c95d3be]::test_main_static::{closure#0}>::{closure#0}
[INFO] [stdout]    6:     0x5b5ec754b142 - std[70759c8f55707aa4]::panicking::panic_with_hook
[INFO] [stdout]    7:     0x5b5ec752e142 - std[70759c8f55707aa4]::panicking::panic_handler::{closure#0}
[INFO] [stdout]    8:     0x5b5ec7526de9 - std[70759c8f55707aa4]::sys::backtrace::__rust_end_short_backtrace::<std[70759c8f55707aa4]::panicking::panic_handler::{closure#0}, !>
[INFO] [stdout]    9:     0x5b5ec752ef2d - __rustc[8fa7c3cbc660c2b3]::rust_begin_unwind
[INFO] [stdout]   10:     0x5b5ec756939c - core[df12db4294e9bfd3]::panicking::panic_fmt
[INFO] [stdout]   11:     0x5b5ec7569172 - core[df12db4294e9bfd3]::result::unwrap_failed
[INFO] [stdout]   12:     0x5b5ec739b26e - badssl[52befce03ff19d25]::test_badssl_modern::{closure#0}
[INFO] [stdout]   13:     0x5b5ec7397d08 - <tokio[b5b41c68f0602be]::runtime::scheduler::current_thread::CoreGuard>::block_on::<core[df12db4294e9bfd3]::pin::Pin<&mut core[df12db4294e9bfd3]::pin::Pin<&mut dyn core[df12db4294e9bfd3]::future::future::Future<Output = ()>>>>
[INFO] [stdout]   14:     0x5b5ec739e851 - tokio[b5b41c68f0602be]::runtime::context::runtime::enter_runtime::<<tokio[b5b41c68f0602be]::runtime::scheduler::current_thread::CurrentThread>::block_on<core[df12db4294e9bfd3]::pin::Pin<&mut dyn core[df12db4294e9bfd3]::future::future::Future<Output = ()>>>::{closure#0}, ()>
[INFO] [stdout]   15:     0x5b5ec739c9e5 - <tokio[b5b41c68f0602be]::runtime::runtime::Runtime>::block_on::<core[df12db4294e9bfd3]::pin::Pin<&mut dyn core[df12db4294e9bfd3]::future::future::Future<Output = ()>>>
[INFO] [stdout]   16:     0x5b5ec739c4ae - <badssl[52befce03ff19d25]::test_badssl_modern::{closure#0} as core[df12db4294e9bfd3]::ops::function::FnOnce<()>>::call_once
[INFO] [stdout]   17:     0x5b5ec74ba30b - test[9d35eded1c95d3be]::__rust_begin_short_backtrace::<core[df12db4294e9bfd3]::result::Result<(), alloc[2182bb758b4b3781]::string::String>, fn() -> core[df12db4294e9bfd3]::result::Result<(), alloc[2182bb758b4b3781]::string::String>>
[INFO] [stdout]   18:     0x5b5ec74c7975 - test[9d35eded1c95d3be]::run_test::{closure#0}
[INFO] [stdout]   19:     0x5b5ec74c1234 - std[70759c8f55707aa4]::sys::backtrace::__rust_begin_short_backtrace::<test[9d35eded1c95d3be]::run_test::{closure#1}, ()>
[INFO] [stdout]   20:     0x5b5ec74caad2 - <std[70759c8f55707aa4]::thread::lifecycle::spawn_unchecked<test[9d35eded1c95d3be]::run_test::{closure#1}, ()>::{closure#1} as core[df12db4294e9bfd3]::ops::function::FnOnce<()>>::call_once::{shim:vtable#0}
[INFO] [stdout]   21:     0x5b5ec7552319 - <std[70759c8f55707aa4]::sys::thread::unix::Thread>::new::thread_start
[INFO] [stdout]   22:     0x7503a62c2dfa - <unknown>
[INFO] [stdout]   23:     0x7503a63563d4 - clone
[INFO] [stdout]   24:                0x0 - <unknown>
[INFO] [stdout] 
[INFO] [stdout] ---- test_badssl_self_signed stdout ----
[INFO] [stdout] 
[INFO] [stdout] thread 'test_badssl_self_signed' (2092) panicked at tests/badssl.rs:55:10:
[INFO] [stdout] called `Result::unwrap()` on an `Err` value: reqwest::Error { kind: Request, url: "https://self-signed.badssl.com/", source: hyper_util::client::legacy::Error(Connect, ConnectError("dns error", Custom { kind: Uncategorized, error: "failed to lookup address information: Temporary failure in name resolution" })) }
[INFO] [stdout] stack backtrace:
[INFO] [stdout]    0:     0x5b5ec7552df1 - <<std[70759c8f55707aa4]::sys::backtrace::BacktraceLock>::print::DisplayBacktrace as core[df12db4294e9bfd3]::fmt::Display>::fmt
[INFO] [stdout]    1:     0x5b5ec7568c3a - core[df12db4294e9bfd3]::fmt::write
[INFO] [stdout]    2:     0x5b5ec75578ec - <alloc[2182bb758b4b3781]::vec::Vec<u8> as core[df12db4294e9bfd3]::io::write::Write>::write_fmt
[INFO] [stdout]    3:     0x5b5ec752e096 - std[70759c8f55707aa4]::panicking::default_hook::{closure#0}
[INFO] [stdout]    4:     0x5b5ec754ae19 - std[70759c8f55707aa4]::panicking::default_hook
[INFO] [stdout]    5:     0x5b5ec74c7020 - test[9d35eded1c95d3be]::test_main_inner::<test[9d35eded1c95d3be]::test_main_static::{closure#0}>::{closure#0}
[INFO] [stdout]    6:     0x5b5ec754b142 - std[70759c8f55707aa4]::panicking::panic_with_hook
[INFO] [stdout]    7:     0x5b5ec752e142 - std[70759c8f55707aa4]::panicking::panic_handler::{closure#0}
[INFO] [stdout]    8:     0x5b5ec7526de9 - std[70759c8f55707aa4]::sys::backtrace::__rust_end_short_backtrace::<std[70759c8f55707aa4]::panicking::panic_handler::{closure#0}, !>
[INFO] [stdout]    9:     0x5b5ec752ef2d - __rustc[8fa7c3cbc660c2b3]::rust_begin_unwind
[INFO] [stdout]   10:     0x5b5ec756939c - core[df12db4294e9bfd3]::panicking::panic_fmt
[INFO] [stdout]   11:     0x5b5ec7569172 - core[df12db4294e9bfd3]::result::unwrap_failed
[INFO] [stdout]   12:     0x5b5ec739b6ad - badssl[52befce03ff19d25]::test_badssl_self_signed::{closure#0}
[INFO] [stdout]   13:     0x5b5ec7397d08 - <tokio[b5b41c68f0602be]::runtime::scheduler::current_thread::CoreGuard>::block_on::<core[df12db4294e9bfd3]::pin::Pin<&mut core[df12db4294e9bfd3]::pin::Pin<&mut dyn core[df12db4294e9bfd3]::future::future::Future<Output = ()>>>>
[INFO] [stdout]   14:     0x5b5ec739e851 - tokio[b5b41c68f0602be]::runtime::context::runtime::enter_runtime::<<tokio[b5b41c68f0602be]::runtime::scheduler::current_thread::CurrentThread>::block_on<core[df12db4294e9bfd3]::pin::Pin<&mut dyn core[df12db4294e9bfd3]::future::future::Future<Output = ()>>>::{closure#0}, ()>
[INFO] [stdout]   15:     0x5b5ec739c9e5 - <tokio[b5b41c68f0602be]::runtime::runtime::Runtime>::block_on::<core[df12db4294e9bfd3]::pin::Pin<&mut dyn core[df12db4294e9bfd3]::future::future::Future<Output = ()>>>
[INFO] [stdout]   16:     0x5b5ec739c66e - <badssl[52befce03ff19d25]::test_badssl_self_signed::{closure#0} as core[df12db4294e9bfd3]::ops::function::FnOnce<()>>::call_once
[INFO] [stdout]   17:     0x5b5ec74ba30b - test[9d35eded1c95d3be]::__rust_begin_short_backtrace::<core[df12db4294e9bfd3]::result::Result<(), alloc[2182bb758b4b3781]::string::String>, fn() -> core[df12db4294e9bfd3]::result::Result<(), alloc[2182bb758b4b3781]::string::String>>
[INFO] [stdout]   18:     0x5b5ec74c7975 - test[9d35eded1c95d3be]::run_test::{closure#0}
[INFO] [stdout]   19:     0x5b5ec74c1234 - std[70759c8f55707aa4]::sys::backtrace::__rust_begin_short_backtrace::<test[9d35eded1c95d3be]::run_test::{closure#1}, ()>
[INFO] [stdout]   20:     0x5b5ec74caad2 - <std[70759c8f55707aa4]::thread::lifecycle::spawn_unchecked<test[9d35eded1c95d3be]::run_test::{closure#1}, ()>::{closure#1} as core[df12db4294e9bfd3]::ops::function::FnOnce<()>>::call_once::{shim:vtable#0}
[INFO] [stdout]   21:     0x5b5ec7552319 - <std[70759c8f55707aa4]::sys::thread::unix::Thread>::new::thread_start
[INFO] [stdout]   22:     0x7503a62c2dfa - <unknown>
[INFO] [stdout]   23:     0x7503a63563d4 - clone
[INFO] [stdout]   24:                0x0 - <unknown>
[INFO] [stdout] 
[INFO] [stdout] 
[INFO] [stdout] failures:
[INFO] [stdout]     test_badssl_modern
[INFO] [stdout]     test_badssl_self_signed
[INFO] [stdout] 
[INFO] [stdout] test result: FAILED. 1 passed; 2 failed; 0 ignored; 0 measured; 0 filtered out; finished in 0.08s
[INFO] [stdout] 
[INFO] [stderr] error: test failed, to rerun pass `--test badssl`
[INFO] running `Command { std: "docker" "inspect" "f56708a3001a244d25ad14275101cb533ada63e2b52810e0dded49b105bc551a", kill_on_drop: false }`
[INFO] running `Command { std: "docker" "rm" "-f" "f56708a3001a244d25ad14275101cb533ada63e2b52810e0dded49b105bc551a", kill_on_drop: false }`
[INFO] [stdout] f56708a3001a244d25ad14275101cb533ada63e2b52810e0dded49b105bc551a
