[INFO] fetching crate reqwest-record-replay 0.1.0...
[INFO] testing reqwest-record-replay-0.1.0 against 1.100.0-beta.1+cargoflags=--release for beta-release-1.100-2
[INFO] extracting crate reqwest-record-replay 0.1.0 into /workspace/builds/worker-3-tc2/source
[INFO] started tweaking crates.io crate reqwest-record-replay 0.1.0
[INFO] removed 0 missing tests
[INFO] finished tweaking crates.io crate reqwest-record-replay 0.1.0
[INFO] tweaked toml for crates.io crate reqwest-record-replay 0.1.0 written to /workspace/builds/worker-3-tc2/source/Cargo.toml
[INFO] validating manifest of crates.io crate reqwest-record-replay 0.1.0 on toolchain 1.100.0-beta.1
[INFO] running `Command { std: CARGO_HOME="/workspace/cargo-home" RUSTUP_HOME="/workspace/rustup-home" "/workspace/cargo-home/bin/cargo" "+1.100.0-beta.1" "metadata" "--manifest-path" "Cargo.toml" "--no-deps", kill_on_drop: false }`
[INFO] crate crates.io crate reqwest-record-replay 0.1.0 already has a lockfile, it will not be regenerated
[INFO] running `Command { std: CARGO_HOME="/workspace/cargo-home" RUSTUP_HOME="/workspace/rustup-home" "/workspace/cargo-home/bin/cargo" "+1.100.0-beta.1" "fetch" "--manifest-path" "Cargo.toml", kill_on_drop: false }`
[INFO] running `Command { std: "docker" "create" "-v" "/var/lib/crater-agent-workspace/builds/worker-3-tc2/source:/opt/rustwide/workdir:ro,Z" "-v" "/var/lib/crater-agent-workspace/builds/worker-3-tc2/target:/opt/rustwide/target:rw,Z" "-v" "/var/lib/crater-agent-workspace/cargo-home:/opt/rustwide/cargo-home:ro,Z" "-v" "/var/lib/crater-agent-workspace/rustup-home:/opt/rustwide/rustup-home:ro,Z" "-m" "1610612736" "--network" "none" "ghcr.io/rust-lang/crates-build-env/linux@sha256:77db811e55d90add9212f6832c23229e3de5f1c1f9905e8cb07319ea15df73ac" "sleep" "infinity", kill_on_drop: false }`
[INFO] [stdout] 74d5b61dd8cdf11906297a251d30bf50f0fa6bffc83b9ecaeec3718d309a34be
[INFO] running `Command { std: "docker" "start" "74d5b61dd8cdf11906297a251d30bf50f0fa6bffc83b9ecaeec3718d309a34be", kill_on_drop: false }`
[INFO] running `Command { std: "docker" "inspect" "74d5b61dd8cdf11906297a251d30bf50f0fa6bffc83b9ecaeec3718d309a34be", kill_on_drop: false }`
[INFO] running `Command { std: "docker" "exec" "-e" "SOURCE_DIR=/opt/rustwide/workdir" "-e" "CARGO_HOME=/opt/rustwide/cargo-home" "-e" "RUSTUP_HOME=/opt/rustwide/rustup-home" "-e" "CARGO_TARGET_DIR=/opt/rustwide/target" "-w" "/opt/rustwide/workdir" "--user" "0:0" "74d5b61dd8cdf11906297a251d30bf50f0fa6bffc83b9ecaeec3718d309a34be" "/opt/rustwide/cargo-home/bin/cargo" "+1.100.0-beta.1" "metadata" "--no-deps" "--format-version=1", kill_on_drop: false }`
[INFO] running `Command { std: "docker" "inspect" "74d5b61dd8cdf11906297a251d30bf50f0fa6bffc83b9ecaeec3718d309a34be", kill_on_drop: false }`
[INFO] running `Command { std: "docker" "exec" "-e" "SOURCE_DIR=/opt/rustwide/workdir" "-e" "CARGO_HOME=/opt/rustwide/cargo-home" "-e" "RUSTUP_HOME=/opt/rustwide/rustup-home" "-e" "CARGO_TARGET_DIR=/opt/rustwide/target" "-e" "CARGO_INCREMENTAL=0" "-e" "RUST_BACKTRACE=full" "-e" "RUSTFLAGS=--cap-lints=warn" "-e" "RUSTDOCFLAGS=--cap-lints=warn" "-w" "/opt/rustwide/workdir" "--user" "0:0" "74d5b61dd8cdf11906297a251d30bf50f0fa6bffc83b9ecaeec3718d309a34be" "/opt/rustwide/cargo-home/bin/cargo" "+1.100.0-beta.1" "build" "--frozen" "--message-format=json" "--release", kill_on_drop: false }`
[INFO] [stderr]    Compiling syn v3.0.2
[INFO] [stderr]    Compiling mio v1.2.2
[INFO] [stderr]    Compiling socket2 v0.6.5
[INFO] [stderr]    Compiling cc v1.3.0
[INFO] [stderr]    Compiling displaydoc v0.2.6
[INFO] [stderr]    Compiling http v1.4.2
[INFO] [stderr]    Compiling zerovec v0.11.6
[INFO] [stderr]    Compiling indexmap v2.14.0
[INFO] [stderr]    Compiling tokio v1.53.0
[INFO] [stderr]    Compiling zerotrie v0.2.4
[INFO] [stderr]    Compiling syn v1.0.109
[INFO] [stderr]    Compiling zstd-safe v7.2.4
[INFO] [stderr]    Compiling simd-adler32 v0.3.10
[INFO] [stderr]    Compiling zerocopy v0.8.54
[INFO] [stderr]    Compiling tinystr v0.8.3
[INFO] [stderr]    Compiling potential_utf v0.1.5
[INFO] [stderr]    Compiling icu_locale_core v2.2.0
[INFO] [stderr]    Compiling icu_collections v2.2.0
[INFO] [stderr]    Compiling zstd-sys v2.0.16+zstd.1.5.7
[INFO] [stderr]    Compiling ring v0.17.14
[INFO] [stderr]    Compiling http-body v1.1.0
[INFO] [stderr]    Compiling futures-util v0.3.33
[INFO] [stderr]    Compiling miniz_oxide v0.8.9
[INFO] [stderr]    Compiling icu_provider v2.2.0
[INFO] [stderr]    Compiling serde_derive v1.0.229
[INFO] [stderr]    Compiling icu_normalizer v2.2.0
[INFO] [stderr]    Compiling icu_properties v2.2.0
[INFO] [stderr]    Compiling rustls v0.23.42
[INFO] [stderr]    Compiling tokio-util v0.7.18
[INFO] [stderr]    Compiling h2 v0.4.15
[INFO] [stderr]    Compiling flate2 v1.1.9
[INFO] [stderr]    Compiling idna_adapter v1.2.2
[INFO] [stderr]    Compiling getrandom v0.3.4
[INFO] [stderr]    Compiling compression-core v0.4.32
[INFO] [stderr]    Compiling rand_core v0.9.5
[INFO] [stderr]    Compiling idna v1.1.0
[INFO] [stderr]    Compiling ptr_meta_derive v0.1.4
[INFO] [stderr]    Compiling serde v1.0.229
[INFO] [stderr]    Compiling rkyv v0.7.46
[INFO] [stderr]    Compiling cfg_aliases v0.1.1
[INFO] [stderr]    Compiling static_init_macro v1.0.4
[INFO] [stderr]    Compiling tower v0.5.3
[INFO] [stderr]    Compiling url v2.5.8
[INFO] [stderr]    Compiling unic-langid-impl v0.9.6
[INFO] [stderr]    Compiling ptr_meta v0.1.4
[INFO] [stderr]    Compiling serde_json v1.0.151
[INFO] [stderr]    Compiling hyper v1.10.1
[INFO] [stderr]    Compiling crypto-common v0.1.7
[INFO] [stderr]    Compiling rkyv_derive v0.7.46
[INFO] [stderr]    Compiling http-body-util v0.1.4
[INFO] [stderr]    Compiling webpki-roots v1.0.9
[INFO] [stderr]    Compiling unicase v2.9.0
[INFO] [stderr]    Compiling either v1.16.0
[INFO] [stderr]    Compiling hyper-util v0.1.20
[INFO] [stderr]    Compiling ppv-lite86 v0.2.21
[INFO] [stderr]    Compiling bitflags v2.13.1
[INFO] [stderr]    Compiling rand_chacha v0.9.0
[INFO] [stderr]    Compiling static_init v1.0.4
[INFO] [stderr]    Compiling rand v0.9.5
[INFO] [stderr]    Compiling mime_guess v2.0.5
[INFO] [stderr]    Compiling digest v0.10.7
[INFO] [stderr]    Compiling unic-langid-macros-impl v0.9.6
[INFO] [stderr]    Compiling serde_urlencoded v0.7.1
[INFO] [stderr]    Compiling blake3 v1.8.5
[INFO] [stderr]    Compiling thiserror-impl v1.0.69
[INFO] [stderr]    Compiling atomic v0.6.1
[INFO] [stderr]    Compiling regex-automata v0.4.16
[INFO] [stderr]    Compiling chrono v0.4.45
[INFO] [stderr]    Compiling derive_more-impl v2.1.1
[INFO] [stderr]    Compiling rand v0.10.2
[INFO] [stderr]    Compiling unic-langid-macros v0.9.6
[INFO] [stderr]    Compiling thiserror v1.0.69
[INFO] [stderr]    Compiling md-5 v0.10.6
[INFO] [stderr]    Compiling random_color v1.1.0
[INFO] [stderr]    Compiling parking_lot_core v0.9.12
[INFO] [stderr]    Compiling rustls-webpki v0.103.13
[INFO] [stderr]    Compiling async-trait v0.1.91
[INFO] [stderr]    Compiling thiserror-impl v2.0.19
[INFO] [stderr]    Compiling url-escape v0.1.2
[INFO] [stderr]    Compiling typed-builder-macro v0.21.2
[INFO] [stderr]    Compiling deunicode v1.6.2
[INFO] [stderr]    Compiling uuid v1.24.0
[INFO] [stderr]    Compiling dashmap v6.2.1
[INFO] [stderr]    Compiling serde_yaml v0.9.34+deprecated
[INFO] [stderr]    Compiling typed-builder v0.21.2
[INFO] [stderr]    Compiling fake v5.1.0
[INFO] [stderr]    Compiling thiserror v2.0.19
[INFO] [stderr]    Compiling regex v1.13.1
[INFO] [stderr]    Compiling derive_more v2.1.1
[INFO] [stderr]    Compiling rayon v1.12.0
[INFO] [stderr]    Compiling unic-langid v0.9.6
[INFO] [stderr]    Compiling kanal v0.1.1
[INFO] [stderr]    Compiling jsonpath_lib v0.3.0
[INFO] [stderr]    Compiling itertools v0.14.0
[INFO] [stderr]    Compiling quick-xml v0.40.1
[INFO] [stderr]    Compiling tokio-rustls v0.26.4
[INFO] [stderr]    Compiling hyper-rustls v0.27.9
[INFO] [stderr]    Compiling humantime v2.4.0
[INFO] [stderr]    Compiling zstd v0.13.3
[INFO] [stderr]    Compiling compression-codecs v0.4.38
[INFO] [stderr]    Compiling async-compression v0.4.42
[INFO] [stderr]    Compiling tower-http v0.6.11
[INFO] [stderr]    Compiling reqwest v0.12.28
[INFO] [stderr]    Compiling reqwest-middleware v0.4.2
[INFO] [stderr]    Compiling reqwest-record-replay v0.1.0 (/opt/rustwide/workdir)
[INFO] [stderr]     Finished `release` profile [optimized] target(s) in 5m 06s
[INFO] [stderr] warning: the following packages contain code that will be rejected by a future version of Rust: static_init_macro v1.0.4
[INFO] [stderr] note: to see what the problems were, use the option `--future-incompat-report`, or run `cargo report future-incompatibilities --id 5`
[INFO] running `Command { std: "docker" "inspect" "74d5b61dd8cdf11906297a251d30bf50f0fa6bffc83b9ecaeec3718d309a34be", kill_on_drop: false }`
[INFO] running `Command { std: "docker" "exec" "-e" "SOURCE_DIR=/opt/rustwide/workdir" "-e" "CARGO_HOME=/opt/rustwide/cargo-home" "-e" "RUSTUP_HOME=/opt/rustwide/rustup-home" "-e" "CARGO_TARGET_DIR=/opt/rustwide/target" "-e" "CARGO_INCREMENTAL=0" "-e" "RUST_BACKTRACE=full" "-e" "RUSTFLAGS=--cap-lints=warn" "-e" "RUSTDOCFLAGS=--cap-lints=warn" "-w" "/opt/rustwide/workdir" "--user" "0:0" "74d5b61dd8cdf11906297a251d30bf50f0fa6bffc83b9ecaeec3718d309a34be" "/opt/rustwide/cargo-home/bin/cargo" "+1.100.0-beta.1" "test" "--frozen" "--no-run" "--message-format=json" "--release", kill_on_drop: false }`
[INFO] [stderr]    Compiling parking_lot v0.12.5
[INFO] [stderr]    Compiling tempfile v3.27.0
[INFO] [stderr]    Compiling tokio v1.53.0
[INFO] [stderr]    Compiling tokio-util v0.7.18
[INFO] [stderr]    Compiling async-compression v0.4.42
[INFO] [stderr]    Compiling tower v0.5.3
[INFO] [stderr]    Compiling tokio-rustls v0.26.4
[INFO] [stderr]    Compiling h2 v0.4.15
[INFO] [stderr]    Compiling tower-http v0.6.11
[INFO] [stderr]    Compiling hyper v1.10.1
[INFO] [stderr]    Compiling hyper-util v0.1.20
[INFO] [stderr]    Compiling hyper-rustls v0.27.9
[INFO] [stderr]    Compiling reqwest v0.12.28
[INFO] [stderr]    Compiling reqwest-middleware v0.4.2
[INFO] [stderr]    Compiling reqwest-record-replay v0.1.0 (/opt/rustwide/workdir)
[INFO] [stderr]     Finished `release` profile [optimized] target(s) in 3m 01s
[INFO] [stderr] warning: the following packages contain code that will be rejected by a future version of Rust: static_init_macro v1.0.4
[INFO] [stderr] note: to see what the problems were, use the option `--future-incompat-report`, or run `cargo report future-incompatibilities --id 5`
[INFO] running `Command { std: "docker" "inspect" "74d5b61dd8cdf11906297a251d30bf50f0fa6bffc83b9ecaeec3718d309a34be", kill_on_drop: false }`
[INFO] running `Command { std: "docker" "exec" "-e" "SOURCE_DIR=/opt/rustwide/workdir" "-e" "CARGO_HOME=/opt/rustwide/cargo-home" "-e" "RUSTUP_HOME=/opt/rustwide/rustup-home" "-e" "CARGO_TARGET_DIR=/opt/rustwide/target" "-e" "CARGO_INCREMENTAL=0" "-e" "RUST_BACKTRACE=full" "-e" "RUSTFLAGS=--cap-lints=warn" "-e" "RUSTDOCFLAGS=--cap-lints=warn" "-w" "/opt/rustwide/workdir" "--user" "0:0" "74d5b61dd8cdf11906297a251d30bf50f0fa6bffc83b9ecaeec3718d309a34be" "/opt/rustwide/cargo-home/bin/cargo" "+1.100.0-beta.1" "test" "--frozen" "--release", kill_on_drop: false }`
[INFO] [stderr]     Finished `release` profile [optimized] target(s) in 0.35s
[INFO] [stderr] warning: the following packages contain code that will be rejected by a future version of Rust: static_init_macro v1.0.4
[INFO] [stderr] note: to see what the problems were, use the option `--future-incompat-report`, or run `cargo report future-incompatibilities --id 5`
[INFO] [stderr]      Running unittests src/reqwest-record-replay.rs (/opt/rustwide/target/release/build/reqwest-record-replay/bee5f5d9ac0276c7/out/reqwest_record_replay-bee5f5d9ac0276c7)
[INFO] [stdout] 
[INFO] [stdout] running 0 tests
[INFO] [stdout] 
[INFO] [stdout] test result: ok. 0 passed; 0 failed; 0 ignored; 0 measured; 0 filtered out; finished in 0.00s
[INFO] [stdout] 
[INFO] [stderr]      Running tests/all_features.rs (/opt/rustwide/target/release/build/reqwest-record-replay/46692c4a5dd2ffa5/out/all_features-46692c4a5dd2ffa5)
[INFO] [stdout] 
[INFO] [stdout] running 1 test
[INFO] [stdout] test all_features_composition_runs_as_integration_test ... ok
[INFO] [stdout] 
[INFO] [stdout] test result: ok. 1 passed; 0 failed; 0 ignored; 0 measured; 0 filtered out; finished in 0.01s
[INFO] [stdout] 
[INFO] [stderr]      Running tests/body_recording.rs (/opt/rustwide/target/release/build/reqwest-record-replay/c6584413cc5caf0a/out/body_recording-c6584413cc5caf0a)
[INFO] [stdout] 
[INFO] [stdout] running 2 tests
[INFO] [stdout] test yaml_storage_records_and_replays_binary_request_and_response_bodies ... ok
[INFO] [stdout] test yaml_storage_round_trips_text_bodies_that_look_like_encoded_binary ... ok
[INFO] [stdout] 
[INFO] [stdout] test result: ok. 2 passed; 0 failed; 0 ignored; 0 measured; 0 filtered out; finished in 0.00s
[INFO] [stdout] 
[INFO] [stderr]      Running tests/failure_injection.rs (/opt/rustwide/target/release/build/reqwest-record-replay/c6b9c940386152c3/out/failure_injection-c6b9c940386152c3)
[INFO] [stdout] 
[INFO] [stdout] running 3 tests
[INFO] [stdout] test yaml_storage_ignores_zero_percentage_failures ... ok
[INFO] [stdout] test yaml_storage_can_replay_configured_failure_percentage ... ok
[INFO] [stdout] test yaml_storage_can_replay_every_nth_request_failure ... ok
[INFO] [stdout] 
[INFO] [stdout] test result: ok. 3 passed; 0 failed; 0 ignored; 0 measured; 0 filtered out; finished in 0.00s
[INFO] [stdout] 
[INFO] [stderr]      Running tests/live_services.rs (/opt/rustwide/target/release/build/reqwest-record-replay/752e3d885043d9f1/out/live_services-752e3d885043d9f1)
[INFO] [stdout] 
[INFO] [stdout] running 3 tests
[INFO] [stdout] test open_meteo_archive_can_run_in_passthrough_mode ... FAILED
[INFO] [stdout] test open_meteo_current_forecast_can_be_recorded_and_replayed ... FAILED
[INFO] [stdout] test open_meteo_can_fall_back_to_passthrough_when_recording_is_missing ... FAILED
[INFO] [stdout] 
[INFO] [stdout] failures:
[INFO] [stdout] 
[INFO] [stdout] ---- open_meteo_archive_can_run_in_passthrough_mode stdout ----
[INFO] [stdout] 
[INFO] [stdout] thread 'open_meteo_archive_can_run_in_passthrough_mode' (3183) panicked at tests/live_services.rs:75:10:
[INFO] [stdout] Failed to send Open-Meteo archive request: Reqwest(reqwest::Error { kind: Request, url: "https://archive-api.open-meteo.com/v1/era5?latitude=52.52&longitude=13.41&start_date=2021-01-01&end_date=2021-12-31&hourly=temperature_2m", source: hyper_util::client::legacy::Error(Connect, ConnectError("dns error", Custom { kind: Uncategorized, error: "failed to lookup address information: Temporary failure in name resolution" })) })
[INFO] [stdout] stack backtrace:
[INFO] [stdout]    0:     0x5c4293ea63c1 - <<std[617be2ca0a6fd877]::sys::backtrace::BacktraceLock>::print::DisplayBacktrace as core[a373ad73a504971]::fmt::Display>::fmt
[INFO] [stdout]    1:     0x5c4293ebf4ca - core[a373ad73a504971]::fmt::write
[INFO] [stdout]    2:     0x5c4293eab51c - <alloc[2e1b2a31b91974c5]::vec::Vec<u8> as core[a373ad73a504971]::io::write::Write>::write_fmt
[INFO] [stdout]    3:     0x5c4293e7f476 - std[617be2ca0a6fd877]::panicking::default_hook::{closure#0}
[INFO] [stdout]    4:     0x5c4293e9d599 - std[617be2ca0a6fd877]::panicking::default_hook
[INFO] [stdout]    5:     0x5c4293904bf0 - test[aada8e7e76ba119b]::test_main_inner::{closure#0}
[INFO] [stdout]    6:     0x5c4293e9d8c2 - std[617be2ca0a6fd877]::panicking::panic_with_hook
[INFO] [stdout]    7:     0x5c4293e7f522 - std[617be2ca0a6fd877]::panicking::panic_handler::{closure#0}
[INFO] [stdout]    8:     0x5c4293e77879 - std[617be2ca0a6fd877]::sys::backtrace::__rust_end_short_backtrace::<std[617be2ca0a6fd877]::panicking::panic_handler::{closure#0}, !>
[INFO] [stdout]    9:     0x5c4293e8042d - __rustc[ea4f61d10b84890b]::rust_begin_unwind
[INFO] [stdout]   10:     0x5c4293ebfcac - core[a373ad73a504971]::panicking::panic_fmt
[INFO] [stdout]   11:     0x5c4293ebfa82 - core[a373ad73a504971]::result::unwrap_failed
[INFO] [stdout]   12:     0x5c42938e22a7 - live_services[6368e6a54cbb9bf5]::open_meteo_archive_can_run_in_passthrough_mode::{closure#0}
[INFO] [stdout]   13:     0x5c42938eae23 - <tokio[5a0dee2a0cf22ca5]::runtime::scheduler::current_thread::Context>::enter::<core[a373ad73a504971]::task::poll::Poll<()>, <tokio[5a0dee2a0cf22ca5]::runtime::scheduler::current_thread::CoreGuard>::block_on<core[a373ad73a504971]::pin::Pin<&mut core[a373ad73a504971]::pin::Pin<&mut dyn core[a373ad73a504971]::future::future::Future<Output = ()>>>>::{closure#0}::{closure#0}>
[INFO] [stdout]   14:     0x5c42938ea29c - <tokio[5a0dee2a0cf22ca5]::runtime::context::scoped::Scoped<tokio[5a0dee2a0cf22ca5]::runtime::scheduler::Context>>::set::<<tokio[5a0dee2a0cf22ca5]::runtime::scheduler::current_thread::CoreGuard>::enter<<tokio[5a0dee2a0cf22ca5]::runtime::scheduler::current_thread::CoreGuard>::block_on<core[a373ad73a504971]::pin::Pin<&mut core[a373ad73a504971]::pin::Pin<&mut dyn core[a373ad73a504971]::future::future::Future<Output = ()>>>>::{closure#0}, core[a373ad73a504971]::option::Option<()>>::{closure#0}, (alloc[2e1b2a31b91974c5]::boxed::Box<tokio[5a0dee2a0cf22ca5]::runtime::scheduler::current_thread::Core>, core[a373ad73a504971]::option::Option<()>)>
[INFO] [stdout]   15:     0x5c42938eafc7 - <tokio[5a0dee2a0cf22ca5]::runtime::scheduler::current_thread::CoreGuard>::block_on::<core[a373ad73a504971]::pin::Pin<&mut core[a373ad73a504971]::pin::Pin<&mut dyn core[a373ad73a504971]::future::future::Future<Output = ()>>>>
[INFO] [stdout]   16:     0x5c42938f263d - tokio[5a0dee2a0cf22ca5]::runtime::context::runtime::enter_runtime::<<tokio[5a0dee2a0cf22ca5]::runtime::scheduler::current_thread::CurrentThread>::block_on<core[a373ad73a504971]::pin::Pin<&mut dyn core[a373ad73a504971]::future::future::Future<Output = ()>>>::{closure#0}, ()>
[INFO] [stdout]   17:     0x5c42938ea175 - <tokio[5a0dee2a0cf22ca5]::runtime::runtime::Runtime>::block_on::<core[a373ad73a504971]::pin::Pin<&mut dyn core[a373ad73a504971]::future::future::Future<Output = ()>>>
[INFO] [stdout]   18:     0x5c42938e453e - <live_services[6368e6a54cbb9bf5]::open_meteo_archive_can_run_in_passthrough_mode::{closure#0} as core[a373ad73a504971]::ops::function::FnOnce<()>>::call_once
[INFO] [stdout]   19:     0x5c42938f803b - test[aada8e7e76ba119b]::__rust_begin_short_backtrace::<core[a373ad73a504971]::result::Result<(), alloc[2e1b2a31b91974c5]::string::String>, fn() -> core[a373ad73a504971]::result::Result<(), alloc[2e1b2a31b91974c5]::string::String>>
[INFO] [stdout]   20:     0x5c4293905215 - test[aada8e7e76ba119b]::run_test::{closure#0}
[INFO] [stdout]   21:     0x5c42938feb04 - std[617be2ca0a6fd877]::sys::backtrace::__rust_begin_short_backtrace::<test[aada8e7e76ba119b]::run_test::{closure#1}, ()>
[INFO] [stdout]   22:     0x5c42939082a2 - <std[617be2ca0a6fd877]::thread::lifecycle::spawn_unchecked<test[aada8e7e76ba119b]::run_test::{closure#1}, ()>::{closure#1} as core[a373ad73a504971]::ops::function::FnOnce<()>>::call_once::{shim:vtable#0}
[INFO] [stdout]   23:     0x5c4293ea550f - <std[617be2ca0a6fd877]::sys::thread::unix::Thread>::new::thread_start
[INFO] [stdout]   24:     0x7aa606145dfa - <unknown>
[INFO] [stdout]   25:     0x7aa6061d93d4 - clone
[INFO] [stdout]   26:                0x0 - <unknown>
[INFO] [stdout] 
[INFO] [stdout] ---- open_meteo_current_forecast_can_be_recorded_and_replayed stdout ----
[INFO] [stdout] recording temp dir: /tmp/reqwest-record-replay-open-meteo-current-live-record-kHZM5t
[INFO] [stdout] 
[INFO] [stdout] thread 'open_meteo_current_forecast_can_be_recorded_and_replayed' (3185) panicked at tests/live_services.rs:31:10:
[INFO] [stdout] Failed to send Open-Meteo current forecast request: Reqwest(reqwest::Error { kind: Request, url: "https://api.open-meteo.com/v1/forecast?latitude=52.52&longitude=13.41&current=temperature_2m", source: hyper_util::client::legacy::Error(Connect, ConnectError("dns error", Custom { kind: Uncategorized, error: "failed to lookup address information: Temporary failure in name resolution" })) })
[INFO] [stdout] stack backtrace:
[INFO] [stdout]    0:     0x5c4293ea63c1 - <<std[617be2ca0a6fd877]::sys::backtrace::BacktraceLock>::print::DisplayBacktrace as core[a373ad73a504971]::fmt::Display>::fmt
[INFO] [stdout]    1:     0x5c4293ebf4ca - core[a373ad73a504971]::fmt::write
[INFO] [stdout]    2:     0x5c4293eab51c - <alloc[2e1b2a31b91974c5]::vec::Vec<u8> as core[a373ad73a504971]::io::write::Write>::write_fmt
[INFO] [stdout]    3:     0x5c4293e7f476 - std[617be2ca0a6fd877]::panicking::default_hook::{closure#0}
[INFO] [stdout]    4:     0x5c4293e9d599 - std[617be2ca0a6fd877]::panicking::default_hook
[INFO] [stdout]    5:     0x5c4293904bf0 - test[aada8e7e76ba119b]::test_main_inner::{closure#0}
[INFO] [stdout]    6:     0x5c4293e9d8c2 - std[617be2ca0a6fd877]::panicking::panic_with_hook
[INFO] [stdout]    7:     0x5c4293e7f522 - std[617be2ca0a6fd877]::panicking::panic_handler::{closure#0}
[INFO] [stdout]    8:     0x5c4293e77879 - std[617be2ca0a6fd877]::sys::backtrace::__rust_end_short_backtrace::<std[617be2ca0a6fd877]::panicking::panic_handler::{closure#0}, !>
[INFO] [stdout]    9:     0x5c4293e8042d - __rustc[ea4f61d10b84890b]::rust_begin_unwind
[INFO] [stdout]   10:     0x5c4293ebfcac - core[a373ad73a504971]::panicking::panic_fmt
[INFO] [stdout]   11:     0x5c4293ebfa82 - core[a373ad73a504971]::result::unwrap_failed
[INFO] [stdout]   12:     0x5c42938e2f01 - live_services[6368e6a54cbb9bf5]::open_meteo_current_forecast_can_be_recorded_and_replayed::{closure#0}
[INFO] [stdout]   13:     0x5c42938eae23 - <tokio[5a0dee2a0cf22ca5]::runtime::scheduler::current_thread::Context>::enter::<core[a373ad73a504971]::task::poll::Poll<()>, <tokio[5a0dee2a0cf22ca5]::runtime::scheduler::current_thread::CoreGuard>::block_on<core[a373ad73a504971]::pin::Pin<&mut core[a373ad73a504971]::pin::Pin<&mut dyn core[a373ad73a504971]::future::future::Future<Output = ()>>>>::{closure#0}::{closure#0}>
[INFO] [stdout]   14:     0x5c42938ea29c - <tokio[5a0dee2a0cf22ca5]::runtime::context::scoped::Scoped<tokio[5a0dee2a0cf22ca5]::runtime::scheduler::Context>>::set::<<tokio[5a0dee2a0cf22ca5]::runtime::scheduler::current_thread::CoreGuard>::enter<<tokio[5a0dee2a0cf22ca5]::runtime::scheduler::current_thread::CoreGuard>::block_on<core[a373ad73a504971]::pin::Pin<&mut core[a373ad73a504971]::pin::Pin<&mut dyn core[a373ad73a504971]::future::future::Future<Output = ()>>>>::{closure#0}, core[a373ad73a504971]::option::Option<()>>::{closure#0}, (alloc[2e1b2a31b91974c5]::boxed::Box<tokio[5a0dee2a0cf22ca5]::runtime::scheduler::current_thread::Core>, core[a373ad73a504971]::option::Option<()>)>
[INFO] [stdout]   15:     0x5c42938eafc7 - <tokio[5a0dee2a0cf22ca5]::runtime::scheduler::current_thread::CoreGuard>::block_on::<core[a373ad73a504971]::pin::Pin<&mut core[a373ad73a504971]::pin::Pin<&mut dyn core[a373ad73a504971]::future::future::Future<Output = ()>>>>
[INFO] [stdout]   16:     0x5c42938f263d - tokio[5a0dee2a0cf22ca5]::runtime::context::runtime::enter_runtime::<<tokio[5a0dee2a0cf22ca5]::runtime::scheduler::current_thread::CurrentThread>::block_on<core[a373ad73a504971]::pin::Pin<&mut dyn core[a373ad73a504971]::future::future::Future<Output = ()>>>::{closure#0}, ()>
[INFO] [stdout]   17:     0x5c42938ea175 - <tokio[5a0dee2a0cf22ca5]::runtime::runtime::Runtime>::block_on::<core[a373ad73a504971]::pin::Pin<&mut dyn core[a373ad73a504971]::future::future::Future<Output = ()>>>
[INFO] [stdout]   18:     0x5c42938e46be - <live_services[6368e6a54cbb9bf5]::open_meteo_current_forecast_can_be_recorded_and_replayed::{closure#0} as core[a373ad73a504971]::ops::function::FnOnce<()>>::call_once
[INFO] [stdout]   19:     0x5c42938f803b - test[aada8e7e76ba119b]::__rust_begin_short_backtrace::<core[a373ad73a504971]::result::Result<(), alloc[2e1b2a31b91974c5]::string::String>, fn() -> core[a373ad73a504971]::result::Result<(), alloc[2e1b2a31b91974c5]::string::String>>
[INFO] [stdout]   20:     0x5c4293905215 - test[aada8e7e76ba119b]::run_test::{closure#0}
[INFO] [stdout]   21:     0x5c42938feb04 - std[617be2ca0a6fd877]::sys::backtrace::__rust_begin_short_backtrace::<test[aada8e7e76ba119b]::run_test::{closure#1}, ()>
[INFO] [stdout]   22:     0x5c42939082a2 - <std[617be2ca0a6fd877]::thread::lifecycle::spawn_unchecked<test[aada8e7e76ba119b]::run_test::{closure#1}, ()>::{closure#1} as core[a373ad73a504971]::ops::function::FnOnce<()>>::call_once::{shim:vtable#0}
[INFO] [stdout]   23:     0x5c4293ea550f - <std[617be2ca0a6fd877]::sys::thread::unix::Thread>::new::thread_start
[INFO] [stdout]   24:     0x7aa606145dfa - <unknown>
[INFO] [stdout]   25:     0x7aa6061d93d4 - clone
[INFO] [stdout]   26:                0x0 - <unknown>
[INFO] [stdout] 
[INFO] [stdout] ---- open_meteo_can_fall_back_to_passthrough_when_recording_is_missing stdout ----
[INFO] [stdout] recording temp dir: /tmp/reqwest-record-replay-open-meteo-live-replay-passthrough-eozezF
[INFO] [stdout] 
[INFO] [stdout] thread 'open_meteo_can_fall_back_to_passthrough_when_recording_is_missing' (3184) panicked at tests/live_services.rs:95:10:
[INFO] [stdout] Failed to send Open-Meteo request: Reqwest(reqwest::Error { kind: Request, url: "https://api.open-meteo.com/v1/forecast?latitude=52.52&longitude=13.41&current=temperature_2m,wind_speed_10m&hourly=temperature_2m,relative_humidity_2m,wind_speed_10m", source: hyper_util::client::legacy::Error(Connect, ConnectError("dns error", Custom { kind: Uncategorized, error: "failed to lookup address information: Temporary failure in name resolution" })) })
[INFO] [stdout] stack backtrace:
[INFO] [stdout]    0:     0x5c4293ea63c1 - <<std[617be2ca0a6fd877]::sys::backtrace::BacktraceLock>::print::DisplayBacktrace as core[a373ad73a504971]::fmt::Display>::fmt
[INFO] [stdout]    1:     0x5c4293ebf4ca - core[a373ad73a504971]::fmt::write
[INFO] [stdout]    2:     0x5c4293eab51c - <alloc[2e1b2a31b91974c5]::vec::Vec<u8> as core[a373ad73a504971]::io::write::Write>::write_fmt
[INFO] [stdout]    3:     0x5c4293e7f476 - std[617be2ca0a6fd877]::panicking::default_hook::{closure#0}
[INFO] [stdout]    4:     0x5c4293e9d599 - std[617be2ca0a6fd877]::panicking::default_hook
[INFO] [stdout]    5:     0x5c4293904bf0 - test[aada8e7e76ba119b]::test_main_inner::{closure#0}
[INFO] [stdout]    6:     0x5c4293e9d8c2 - std[617be2ca0a6fd877]::panicking::panic_with_hook
[INFO] [stdout]    7:     0x5c4293e7f522 - std[617be2ca0a6fd877]::panicking::panic_handler::{closure#0}
[INFO] [stdout]    8:     0x5c4293e77879 - std[617be2ca0a6fd877]::sys::backtrace::__rust_end_short_backtrace::<std[617be2ca0a6fd877]::panicking::panic_handler::{closure#0}, !>
[INFO] [stdout]    9:     0x5c4293e8042d - __rustc[ea4f61d10b84890b]::rust_begin_unwind
[INFO] [stdout]   10:     0x5c4293ebfcac - core[a373ad73a504971]::panicking::panic_fmt
[INFO] [stdout]   11:     0x5c4293ebfa82 - core[a373ad73a504971]::result::unwrap_failed
[INFO] [stdout]   12:     0x5c42938e38e3 - live_services[6368e6a54cbb9bf5]::open_meteo_can_fall_back_to_passthrough_when_recording_is_missing::{closure#0}
[INFO] [stdout]   13:     0x5c42938eae23 - <tokio[5a0dee2a0cf22ca5]::runtime::scheduler::current_thread::Context>::enter::<core[a373ad73a504971]::task::poll::Poll<()>, <tokio[5a0dee2a0cf22ca5]::runtime::scheduler::current_thread::CoreGuard>::block_on<core[a373ad73a504971]::pin::Pin<&mut core[a373ad73a504971]::pin::Pin<&mut dyn core[a373ad73a504971]::future::future::Future<Output = ()>>>>::{closure#0}::{closure#0}>
[INFO] [stdout]   14:     0x5c42938ea29c - <tokio[5a0dee2a0cf22ca5]::runtime::context::scoped::Scoped<tokio[5a0dee2a0cf22ca5]::runtime::scheduler::Context>>::set::<<tokio[5a0dee2a0cf22ca5]::runtime::scheduler::current_thread::CoreGuard>::enter<<tokio[5a0dee2a0cf22ca5]::runtime::scheduler::current_thread::CoreGuard>::block_on<core[a373ad73a504971]::pin::Pin<&mut core[a373ad73a504971]::pin::Pin<&mut dyn core[a373ad73a504971]::future::future::Future<Output = ()>>>>::{closure#0}, core[a373ad73a504971]::option::Option<()>>::{closure#0}, (alloc[2e1b2a31b91974c5]::boxed::Box<tokio[5a0dee2a0cf22ca5]::runtime::scheduler::current_thread::Core>, core[a373ad73a504971]::option::Option<()>)>
[INFO] [stdout]   15:     0x5c42938eafc7 - <tokio[5a0dee2a0cf22ca5]::runtime::scheduler::current_thread::CoreGuard>::block_on::<core[a373ad73a504971]::pin::Pin<&mut core[a373ad73a504971]::pin::Pin<&mut dyn core[a373ad73a504971]::future::future::Future<Output = ()>>>>
[INFO] [stdout]   16:     0x5c42938f263d - tokio[5a0dee2a0cf22ca5]::runtime::context::runtime::enter_runtime::<<tokio[5a0dee2a0cf22ca5]::runtime::scheduler::current_thread::CurrentThread>::block_on<core[a373ad73a504971]::pin::Pin<&mut dyn core[a373ad73a504971]::future::future::Future<Output = ()>>>::{closure#0}, ()>
[INFO] [stdout]   17:     0x5c42938ea175 - <tokio[5a0dee2a0cf22ca5]::runtime::runtime::Runtime>::block_on::<core[a373ad73a504971]::pin::Pin<&mut dyn core[a373ad73a504971]::future::future::Future<Output = ()>>>
[INFO] [stdout]   18:     0x5c42938e481e - <live_services[6368e6a54cbb9bf5]::open_meteo_can_fall_back_to_passthrough_when_recording_is_missing::{closure#0} as core[a373ad73a504971]::ops::function::FnOnce<()>>::call_once
[INFO] [stdout]   19:     0x5c42938f803b - test[aada8e7e76ba119b]::__rust_begin_short_backtrace::<core[a373ad73a504971]::result::Result<(), alloc[2e1b2a31b91974c5]::string::String>, fn() -> core[a373ad73a504971]::result::Result<(), alloc[2e1b2a31b91974c5]::string::String>>
[INFO] [stdout]   20:     0x5c4293905215 - test[aada8e7e76ba119b]::run_test::{closure#0}
[INFO] [stdout]   21:     0x5c42938feb04 - std[617be2ca0a6fd877]::sys::backtrace::__rust_begin_short_backtrace::<test[aada8e7e76ba119b]::run_test::{closure#1}, ()>
[INFO] [stdout]   22:     0x5c42939082a2 - <std[617be2ca0a6fd877]::thread::lifecycle::spawn_unchecked<test[aada8e7e76ba119b]::run_test::{closure#1}, ()>::{closure#1} as core[a373ad73a504971]::ops::function::FnOnce<()>>::call_once::{shim:vtable#0}
[INFO] [stdout]   23:     0x5c4293ea550f - <std[617be2ca0a6fd877]::sys::thread::unix::Thread>::new::thread_start
[INFO] [stdout]   24:     0x7aa606145dfa - <unknown>
[INFO] [stdout]   25:     0x7aa6061d93d4 - clone
[INFO] [stdout]   26:                0x0 - <unknown>
[INFO] [stdout] 
[INFO] [stdout] 
[INFO] [stdout] failures:
[INFO] [stdout]     open_meteo_archive_can_run_in_passthrough_mode
[INFO] [stdout]     open_meteo_can_fall_back_to_passthrough_when_recording_is_missing
[INFO] [stdout]     open_meteo_current_forecast_can_be_recorded_and_replayed
[INFO] [stdout] 
[INFO] [stdout] test result: FAILED. 0 passed; 3 failed; 0 ignored; 0 measured; 0 filtered out; finished in 4.02s
[INFO] [stdout] 
[INFO] [stderr] error: test failed, to rerun pass `--test live_services`
[INFO] running `Command { std: "docker" "inspect" "74d5b61dd8cdf11906297a251d30bf50f0fa6bffc83b9ecaeec3718d309a34be", kill_on_drop: false }`
[INFO] running `Command { std: "docker" "rm" "-f" "74d5b61dd8cdf11906297a251d30bf50f0fa6bffc83b9ecaeec3718d309a34be", kill_on_drop: false }`
[INFO] [stdout] 74d5b61dd8cdf11906297a251d30bf50f0fa6bffc83b9ecaeec3718d309a34be
