[INFO] fetching crate requestty 0.7.0...
[INFO] testing requestty-0.7.0 against 1.100.0-beta.1+cargoflags=--release for beta-release-1.100-2
[INFO] extracting crate requestty 0.7.0 into /workspace/builds/worker-0-tc2/source
[INFO] removed /workspace/builds/worker-0-tc2/source/.cargo/config.toml
[INFO] started tweaking crates.io crate requestty 0.7.0
[INFO] removed 0 missing examples
[INFO] removed 0 missing tests
[INFO] finished tweaking crates.io crate requestty 0.7.0
[INFO] tweaked toml for crates.io crate requestty 0.7.0 written to /workspace/builds/worker-0-tc2/source/Cargo.toml
[INFO] validating manifest of crates.io crate requestty 0.7.0 on toolchain 1.100.0-beta.1
[INFO] running `Command { std: CARGO_HOME="/workspace/cargo-home" RUSTUP_HOME="/workspace/rustup-home" "/workspace/cargo-home/bin/cargo" "+1.100.0-beta.1" "metadata" "--manifest-path" "Cargo.toml" "--no-deps", kill_on_drop: false }`
[INFO] crate crates.io crate requestty 0.7.0 already has a lockfile, it will not be regenerated
[INFO] running `Command { std: CARGO_HOME="/workspace/cargo-home" RUSTUP_HOME="/workspace/rustup-home" "/workspace/cargo-home/bin/cargo" "+1.100.0-beta.1" "fetch" "--manifest-path" "Cargo.toml", kill_on_drop: false }`
[INFO] running `Command { std: "docker" "create" "-v" "/var/lib/crater-agent-workspace/builds/worker-0-tc2/source:/opt/rustwide/workdir:ro,Z" "-v" "/var/lib/crater-agent-workspace/builds/worker-0-tc2/target:/opt/rustwide/target:rw,Z" "-v" "/var/lib/crater-agent-workspace/cargo-home:/opt/rustwide/cargo-home:ro,Z" "-v" "/var/lib/crater-agent-workspace/rustup-home:/opt/rustwide/rustup-home:ro,Z" "-m" "1610612736" "--network" "none" "ghcr.io/rust-lang/crates-build-env/linux@sha256:77db811e55d90add9212f6832c23229e3de5f1c1f9905e8cb07319ea15df73ac" "sleep" "infinity", kill_on_drop: false }`
[INFO] [stdout] 6b2be2189f9a0f517dc7567a92fc043610472a10eafb3e250312034fa2ddf79c
[INFO] running `Command { std: "docker" "start" "6b2be2189f9a0f517dc7567a92fc043610472a10eafb3e250312034fa2ddf79c", kill_on_drop: false }`
[INFO] running `Command { std: "docker" "inspect" "6b2be2189f9a0f517dc7567a92fc043610472a10eafb3e250312034fa2ddf79c", kill_on_drop: false }`
[INFO] running `Command { std: "docker" "exec" "-e" "SOURCE_DIR=/opt/rustwide/workdir" "-e" "CARGO_HOME=/opt/rustwide/cargo-home" "-e" "RUSTUP_HOME=/opt/rustwide/rustup-home" "-e" "CARGO_TARGET_DIR=/opt/rustwide/target" "-w" "/opt/rustwide/workdir" "--user" "0:0" "6b2be2189f9a0f517dc7567a92fc043610472a10eafb3e250312034fa2ddf79c" "/opt/rustwide/cargo-home/bin/cargo" "+1.100.0-beta.1" "metadata" "--no-deps" "--format-version=1", kill_on_drop: false }`
[INFO] running `Command { std: "docker" "inspect" "6b2be2189f9a0f517dc7567a92fc043610472a10eafb3e250312034fa2ddf79c", kill_on_drop: false }`
[INFO] running `Command { std: "docker" "exec" "-e" "SOURCE_DIR=/opt/rustwide/workdir" "-e" "CARGO_HOME=/opt/rustwide/cargo-home" "-e" "RUSTUP_HOME=/opt/rustwide/rustup-home" "-e" "CARGO_TARGET_DIR=/opt/rustwide/target" "-e" "CARGO_INCREMENTAL=0" "-e" "RUST_BACKTRACE=full" "-e" "RUSTFLAGS=--cap-lints=warn" "-e" "RUSTDOCFLAGS=--cap-lints=warn" "-w" "/opt/rustwide/workdir" "--user" "0:0" "6b2be2189f9a0f517dc7567a92fc043610472a10eafb3e250312034fa2ddf79c" "/opt/rustwide/cargo-home/bin/cargo" "+1.100.0-beta.1" "build" "--frozen" "--message-format=json" "--release", kill_on_drop: false }`
[INFO] [stderr]    Compiling syn v3.0.6
[INFO] [stderr]    Compiling stable_deref_trait v1.2.1
[INFO] [stderr]    Compiling writeable v0.6.4
[INFO] [stderr]    Compiling smallvec v1.16.2
[INFO] [stderr]    Compiling litemap v0.8.3
[INFO] [stderr]    Compiling icu_locale_fallback_data v2.3.0
[INFO] [stderr]    Compiling icu_segmenter_data v2.3.0
[INFO] [stderr]    Compiling signal-hook v0.3.18
[INFO] [stderr]    Compiling rustix v1.1.5
[INFO] [stderr]    Compiling syn v2.0.119
[INFO] [stderr]    Compiling mio v1.2.3
[INFO] [stderr]    Compiling parking_lot_core v0.9.12
[INFO] [stderr]    Compiling litrs v1.0.0
[INFO] [stderr]    Compiling signal-hook-mio v0.2.5
[INFO] [stderr]    Compiling parking_lot v0.12.5
[INFO] [stderr]    Compiling unicode-segmentation v1.13.3
[INFO] [stderr]    Compiling shell-words v1.1.1
[INFO] [stderr]    Compiling document-features v0.2.12
[INFO] [stderr]    Compiling synstructure v0.14.0
[INFO] [stderr]    Compiling tempfile v3.27.0
[INFO] [stderr]    Compiling zerofrom-derive v0.1.8
[INFO] [stderr]    Compiling yoke-derive v0.8.3
[INFO] [stderr]    Compiling zerovec-derive v0.11.6
[INFO] [stderr]    Compiling displaydoc v0.2.7
[INFO] [stderr]    Compiling derive_more-impl v2.1.1
[INFO] [stderr]    Compiling zerofrom v0.1.8
[INFO] [stderr]    Compiling yoke v0.8.3
[INFO] [stderr]    Compiling zerotrie v0.2.5
[INFO] [stderr]    Compiling zerovec v0.11.8
[INFO] [stderr]    Compiling derive_more v2.1.1
[INFO] [stderr]    Compiling crossterm v0.29.0
[INFO] [stderr]    Compiling tinystr v0.8.4
[INFO] [stderr]    Compiling potential_utf v0.1.6
[INFO] [stderr]    Compiling icu_collections v2.3.0
[INFO] [stderr]    Compiling icu_locale_core v2.3.0
[INFO] [stderr]    Compiling icu_provider v2.3.1
[INFO] [stderr]    Compiling icu_locale_fallback v2.3.0
[INFO] [stderr]    Compiling icu_segmenter v2.3.0
[INFO] [stderr]    Compiling textwrap v0.16.4
[INFO] [stderr]    Compiling requestty-ui v0.7.0
[INFO] [stderr]    Compiling requestty v0.7.0 (/opt/rustwide/workdir)
[INFO] [stderr]     Finished `release` profile [optimized] target(s) in 45.43s
[INFO] running `Command { std: "docker" "inspect" "6b2be2189f9a0f517dc7567a92fc043610472a10eafb3e250312034fa2ddf79c", kill_on_drop: false }`
[INFO] running `Command { std: "docker" "exec" "-e" "SOURCE_DIR=/opt/rustwide/workdir" "-e" "CARGO_HOME=/opt/rustwide/cargo-home" "-e" "RUSTUP_HOME=/opt/rustwide/rustup-home" "-e" "CARGO_TARGET_DIR=/opt/rustwide/target" "-e" "CARGO_INCREMENTAL=0" "-e" "RUST_BACKTRACE=full" "-e" "RUSTFLAGS=--cap-lints=warn" "-e" "RUSTDOCFLAGS=--cap-lints=warn" "-w" "/opt/rustwide/workdir" "--user" "0:0" "6b2be2189f9a0f517dc7567a92fc043610472a10eafb3e250312034fa2ddf79c" "/opt/rustwide/cargo-home/bin/cargo" "+1.100.0-beta.1" "test" "--frozen" "--no-run" "--message-format=json" "--release", kill_on_drop: false }`
[INFO] [stderr]    Compiling indexmap v1.9.3
[INFO] [stderr]    Compiling serde_derive v1.0.229
[INFO] [stderr]    Compiling zerocopy v0.8.59
[INFO] [stderr]    Compiling hashbrown v0.12.3
[INFO] [stderr]    Compiling target-tuple v1.0.2
[INFO] [stderr]    Compiling yaml-rust v0.4.5
[INFO] [stderr]    Compiling serde_json v1.0.151
[INFO] [stderr]    Compiling serde_spanned v1.1.1
[INFO] [stderr]    Compiling toml_datetime v1.1.1+spec-1.1.0
[INFO] [stderr]    Compiling chacha20 v0.10.2
[INFO] [stderr]    Compiling similar v2.7.0
[INFO] [stderr]    Compiling toml v1.1.6+spec-1.1.0
[INFO] [stderr]    Compiling dissimilar v1.0.11
[INFO] [stderr]    Compiling rand v0.10.3
[INFO] [stderr]    Compiling fuzzy-matcher v0.3.7
[INFO] [stderr]    Compiling serde v1.0.229
[INFO] [stderr]    Compiling serde_yaml v0.8.26
[INFO] [stderr]    Compiling trybuild v1.0.121
[INFO] [stderr]    Compiling insta v1.11.0
[INFO] [stderr]    Compiling ppv-lite86 v0.2.21
[INFO] [stderr]    Compiling rand_chacha v0.10.0
[INFO] [stderr]    Compiling requestty v0.7.0 (/opt/rustwide/workdir)
[INFO] [stderr]     Finished `release` profile [optimized] target(s) in 3m 00s
[INFO] running `Command { std: "docker" "inspect" "6b2be2189f9a0f517dc7567a92fc043610472a10eafb3e250312034fa2ddf79c", kill_on_drop: false }`
[INFO] running `Command { std: "docker" "exec" "-e" "SOURCE_DIR=/opt/rustwide/workdir" "-e" "CARGO_HOME=/opt/rustwide/cargo-home" "-e" "RUSTUP_HOME=/opt/rustwide/rustup-home" "-e" "CARGO_TARGET_DIR=/opt/rustwide/target" "-e" "CARGO_INCREMENTAL=0" "-e" "RUST_BACKTRACE=full" "-e" "RUSTFLAGS=--cap-lints=warn" "-e" "RUSTDOCFLAGS=--cap-lints=warn" "-w" "/opt/rustwide/workdir" "--user" "0:0" "6b2be2189f9a0f517dc7567a92fc043610472a10eafb3e250312034fa2ddf79c" "/opt/rustwide/cargo-home/bin/cargo" "+1.100.0-beta.1" "test" "--frozen" "--release", kill_on_drop: false }`
[INFO] [stderr]     Finished `release` profile [optimized] target(s) in 0.20s
[INFO] [stderr]      Running unittests src/lib.rs (/opt/rustwide/target/release/build/requestty/0694934a3819433d/out/requestty-0694934a3819433d)
[INFO] [stdout] 
[INFO] [stdout] running 39 tests
[INFO] [stdout] test question::confirm::tests::test_cursor_pos ... ok
[INFO] [stdout] test question::expand::tests::test_panic_reserved_key - should panic ... ok
[INFO] [stdout] test question::expand::tests::test_panic_duplicate_case_insensitive - should panic ... ok
[INFO] [stdout] test question::expand::tests::test_cursor_pos ... ok
[INFO] [stdout] test question::expand::tests::test_height ... ok
[INFO] [stdout] test question::input::tests::test_cursor_pos ... ok
[INFO] [stdout] test question::expand::tests::test_panic_invalid_default - should panic ... ok
[INFO] [stdout] test question::input::tests::test_height ... ok
[INFO] [stdout] test question::expand::tests::test_panic_duplicate - should panic ... ok
[INFO] [stdout] test question::multi_select::tests::basic::test_height ... ok
[INFO] [stdout] test question::multi_select::tests::pagination::test_height ... ok
[INFO] [stdout] test question::multi_select::tests::with_default::test_height ... ok
[INFO] [stdout] test question::number::tests::float::test_cursor_pos ... ok
[INFO] [stdout] test question::confirm::tests::test_height ... ok
[INFO] [stdout] test question::number::tests::float::test_height ... ok
[INFO] [stdout] test question::number::tests::int::test_cursor_pos ... ok
[INFO] [stdout] test question::number::tests::int::test_height ... ok
[INFO] [stdout] test question::number::tests::int::test_render ... FAILED
[INFO] [stdout] test question::order_select::tests::basic::test_height ... ok
[INFO] [stdout] test question::confirm::tests::test_render ... FAILED
[INFO] [stdout] test question::order_select::tests::pagination::test_height ... ok
[INFO] [stdout] test question::multi_select::tests::basic::test_render ... FAILED
[INFO] [stdout] test question::password::tests::test_cursor_pos ... ok
[INFO] [stdout] test question::password::tests::test_height ... ok
[INFO] [stdout] test question::input::tests::test_render ... FAILED
[INFO] [stdout] test question::raw_select::tests::test_cursor_pos ... ok
[INFO] [stdout] test question::raw_select::tests::test_height ... ok
[INFO] [stdout] test question::number::tests::float::test_render ... FAILED
[INFO] [stdout] test question::multi_select::tests::with_default::test_render ... FAILED
[INFO] [stdout] test question::expand::tests::test_render ... FAILED
[INFO] [stdout] test question::select::tests::basic::test_height ... ok
[INFO] [stdout] test question::select::tests::pagination::test_height ... ok
[INFO] [stdout] test question::multi_select::tests::pagination::test_render ... FAILED
[INFO] [stdout] test question::raw_select::tests::test_render ... FAILED
[INFO] [stdout] test question::order_select::tests::pagination::test_render ... FAILED
[INFO] [stdout] test question::order_select::tests::basic::test_render ... FAILED
[INFO] [stdout] test question::password::tests::test_render ... FAILED
[INFO] [stdout] test question::select::tests::pagination::test_render ... FAILED
[INFO] [stdout] test question::select::tests::basic::test_render ... FAILED
[INFO] [stdout] 
[INFO] [stdout] failures:
[INFO] [stdout] 
[INFO] [stdout] ---- question::number::tests::int::test_render stdout ----
[INFO] [stdout] ━━━━━━━━━━━━━━━━━━━━━━━━━━ Snapshot Differences ━━━━━━━━━━━━━━━━━━━━━━━━━━
[INFO] [stdout] Snapshot file: crossterm-snapshots/requestty__question__number__tests__int__no_default-1.snap
[INFO] [stdout] Snapshot: no_default-1
[INFO] [stdout] Source: src/question/number/tests.rs:99
[INFO] [stdout] +new results
[INFO] [stdout] ──────────────────────────────────────────────────────────────────────────
[INFO] [stdout] backend
[INFO] [stdout] ────────────┬─────────────────────────────────────────────────────────────
[INFO] [stdout]           0 │+┌──────────────────────────────────────────────────┐
[INFO] [stdout]           1 │+│     [38;5;10m? [1m[39mmessage[22m [38;5;8m›[39m [38;5;0m[48;5;7m [39m[49m                                │
[INFO] [stdout]           2 │+│                                                  │
[INFO] [stdout]           3 │+│                                                  │
[INFO] [stdout]           4 │+│                                                  │
[INFO] [stdout]           5 │+│                                                  │
[INFO] [stdout]           6 │+│                                                  │
[INFO] [stdout]           7 │+│                                                  │
[INFO] [stdout]           8 │+│                                                  │
[INFO] [stdout]           9 │+│                                                  │
[INFO] [stdout]          10 │+│                                                  │
[INFO] [stdout]          11 │+│                                                  │
[INFO] [stdout]          12 │+│                                                  │
[INFO] [stdout]          13 │+│                                                  │
[INFO] [stdout]          14 │+│                                                  │
[INFO] [stdout]          15 │+│                                                  │
[INFO] [stdout]          16 │+│                                                  │
[INFO] [stdout]          17 │+│                                                  │
[INFO] [stdout]          18 │+│                                                  │
[INFO] [stdout]          19 │+│                                                  │
[INFO] [stdout]          20 │+│                                                  │
[INFO] [stdout]          21 │+└──────────────────────────────────────────────────┘
[INFO] [stdout] ────────────┴─────────────────────────────────────────────────────────────
[INFO] [stdout] 
[INFO] [stdout] thread 'question::number::tests::int::test_render' (2538) panicked at src/question/number/tests.rs:99:1:
[INFO] [stdout] called `Result::unwrap()` on an `Err` value: Os { code: 30, kind: ReadOnlyFilesystem, message: "Read-only file system" }
[INFO] [stdout] stack backtrace:
[INFO] [stdout]    0:     0x650776cf46a1 - <<std[617be2ca0a6fd877]::sys::backtrace::BacktraceLock>::print::DisplayBacktrace as core[a373ad73a504971]::fmt::Display>::fmt
[INFO] [stdout]    1:     0x650776d0b34a - core[a373ad73a504971]::fmt::write
[INFO] [stdout]    2:     0x650776cf89fc - <alloc[2e1b2a31b91974c5]::vec::Vec<u8> as core[a373ad73a504971]::io::write::Write>::write_fmt
[INFO] [stdout]    3:     0x650776ccf646 - std[617be2ca0a6fd877]::panicking::default_hook::{closure#0}
[INFO] [stdout]    4:     0x650776ceca29 - std[617be2ca0a6fd877]::panicking::default_hook
[INFO] [stdout]    5:     0x650776c77230 - test[aada8e7e76ba119b]::test_main_inner::{closure#0}
[INFO] [stdout]    6:     0x650776cecbe2 - std[617be2ca0a6fd877]::panicking::panic_with_hook
[INFO] [stdout]    7:     0x650776ccf6f2 - std[617be2ca0a6fd877]::panicking::panic_handler::{closure#0}
[INFO] [stdout]    8:     0x650776cc82b9 - std[617be2ca0a6fd877]::sys::backtrace::__rust_end_short_backtrace::<std[617be2ca0a6fd877]::panicking::panic_handler::{closure#0}, !>
[INFO] [stdout]    9:     0x650776cd02fd - __rustc[ea4f61d10b84890b]::rust_begin_unwind
[INFO] [stdout]   10:     0x650776d0baac - core[a373ad73a504971]::panicking::panic_fmt
[INFO] [stdout]   11:     0x650776d0b882 - core[a373ad73a504971]::result::unwrap_failed
[INFO] [stdout]   12:     0x650776be080f - <std[617be2ca0a6fd877]::thread::local::LocalKey<core[a373ad73a504971]::cell::RefCell<insta[d18d9398d98e5031]::settings::Settings>>>::with::<<insta[d18d9398d98e5031]::settings::Settings>::bind<requestty[2804316ab6ddec0c]::question::number::tests::int::test_render::{closure#2}>::{closure#0}, ()>
[INFO] [stdout]   13:     0x650776bf8157 - <requestty[2804316ab6ddec0c]::question::number::tests::int::test_render::{closure#0} as core[a373ad73a504971]::ops::function::FnOnce<()>>::call_once
[INFO] [stdout]   14:     0x650776c6a67b - test[aada8e7e76ba119b]::__rust_begin_short_backtrace::<core[a373ad73a504971]::result::Result<(), alloc[2e1b2a31b91974c5]::string::String>, fn() -> core[a373ad73a504971]::result::Result<(), alloc[2e1b2a31b91974c5]::string::String>>
[INFO] [stdout]   15:     0x650776c77855 - test[aada8e7e76ba119b]::run_test::{closure#0}
[INFO] [stdout]   16:     0x650776c71144 - std[617be2ca0a6fd877]::sys::backtrace::__rust_begin_short_backtrace::<test[aada8e7e76ba119b]::run_test::{closure#1}, ()>
[INFO] [stdout]   17:     0x650776c7a8e2 - <std[617be2ca0a6fd877]::thread::lifecycle::spawn_unchecked<test[aada8e7e76ba119b]::run_test::{closure#1}, ()>::{closure#1} as core[a373ad73a504971]::ops::function::FnOnce<()>>::call_once::{shim:vtable#0}
[INFO] [stdout]   18:     0x650776cf3ecf - <std[617be2ca0a6fd877]::sys::thread::unix::Thread>::new::thread_start
[INFO] [stdout]   19:     0x7d2c51b91dfa - <unknown>
[INFO] [stdout]   20:     0x7d2c51c253d4 - clone
[INFO] [stdout]   21:                0x0 - <unknown>
[INFO] [stdout] 
[INFO] [stdout] ---- question::confirm::tests::test_render stdout ----
[INFO] [stdout] ━━━━━━━━━━━━━━━━━━━━━━━━━━ Snapshot Differences ━━━━━━━━━━━━━━━━━━━━━━━━━━
[INFO] [stdout] Snapshot file: crossterm-snapshots/requestty__question__confirm__tests__no_default-0.snap
[INFO] [stdout] Snapshot: no_default-0
[INFO] [stdout] Source: src/question/confirm.rs:292
[INFO] [stdout] +new results
[INFO] [stdout] ──────────────────────────────────────────────────────────────────────────
[INFO] [stdout] backend
[INFO] [stdout] ────────────┬─────────────────────────────────────────────────────────────
[INFO] [stdout]           0 │+┌──────────────────────────────────────────────────┐
[INFO] [stdout]           1 │+│     [38;5;10m? [1m[39mmessage[22m [38;5;8m(y/n)[39m [38;5;0m[48;5;7m [39m[49m                            │
[INFO] [stdout]           2 │+│                                                  │
[INFO] [stdout]           3 │+│                                                  │
[INFO] [stdout]           4 │+│                                                  │
[INFO] [stdout]           5 │+│                                                  │
[INFO] [stdout]           6 │+│                                                  │
[INFO] [stdout]           7 │+│                                                  │
[INFO] [stdout]           8 │+│                                                  │
[INFO] [stdout]           9 │+│                                                  │
[INFO] [stdout]          10 │+│                                                  │
[INFO] [stdout]          11 │+│                                                  │
[INFO] [stdout]          12 │+│                                                  │
[INFO] [stdout]          13 │+│                                                  │
[INFO] [stdout]          14 │+│                                                  │
[INFO] [stdout]          15 │+│                                                  │
[INFO] [stdout]          16 │+│                                                  │
[INFO] [stdout]          17 │+│                                                  │
[INFO] [stdout]          18 │+│                                                  │
[INFO] [stdout]          19 │+│                                                  │
[INFO] [stdout]          20 │+│                                                  │
[INFO] [stdout]          21 │+└──────────────────────────────────────────────────┘
[INFO] [stdout] ────────────┴─────────────────────────────────────────────────────────────
[INFO] [stdout] 
[INFO] [stdout] thread 'question::confirm::tests::test_render' (2515) panicked at src/question/confirm.rs:292:17:
[INFO] [stdout] called `Result::unwrap()` on an `Err` value: Os { code: 30, kind: ReadOnlyFilesystem, message: "Read-only file system" }
[INFO] [stdout] stack backtrace:
[INFO] [stdout]    0:     0x650776cf46a1 - <<std[617be2ca0a6fd877]::sys::backtrace::BacktraceLock>::print::DisplayBacktrace as core[a373ad73a504971]::fmt::Display>::fmt
[INFO] [stdout]    1:     0x650776d0b34a - core[a373ad73a504971]::fmt::write
[INFO] [stdout]    2:     0x650776cf89fc - <alloc[2e1b2a31b91974c5]::vec::Vec<u8> as core[a373ad73a504971]::io::write::Write>::write_fmt
[INFO] [stdout]    3:     0x650776ccf646 - std[617be2ca0a6fd877]::panicking::default_hook::{closure#0}
[INFO] [stdout]    4:     0x650776ceca29 - std[617be2ca0a6fd877]::panicking::default_hook
[INFO] [stdout]    5:     0x650776c77230 - test[aada8e7e76ba119b]::test_main_inner::{closure#0}
[INFO] [stdout]    6:     0x650776cecbe2 - std[617be2ca0a6fd877]::panicking::panic_with_hook
[INFO] [stdout]    7:     0x650776ccf6f2 - std[617be2ca0a6fd877]::panicking::panic_handler::{closure#0}
[INFO] [stdout]    8:     0x650776cc82b9 - std[617be2ca0a6fd877]::sys::backtrace::__rust_end_short_backtrace::<std[617be2ca0a6fd877]::panicking::panic_handler::{closure#0}, !>
[INFO] [stdout]    9:     0x650776cd02fd - __rustc[ea4f61d10b84890b]::rust_begin_unwind
[INFO] [stdout]   10:     0x650776d0baac - core[a373ad73a504971]::panicking::panic_fmt
[INFO] [stdout]   11:     0x650776d0b882 - core[a373ad73a504971]::result::unwrap_failed
[INFO] [stdout]   12:     0x650776bdf304 - <std[617be2ca0a6fd877]::thread::local::LocalKey<core[a373ad73a504971]::cell::RefCell<insta[d18d9398d98e5031]::settings::Settings>>>::with::<<insta[d18d9398d98e5031]::settings::Settings>::bind<requestty[2804316ab6ddec0c]::question::confirm::tests::test_render::{closure#0}>::{closure#0}, ()>
[INFO] [stdout]   13:     0x650776c01078 - <requestty[2804316ab6ddec0c]::question::confirm::tests::test_render::{closure#0} as core[a373ad73a504971]::ops::function::FnOnce<()>>::call_once
[INFO] [stdout]   14:     0x650776c6a67b - test[aada8e7e76ba119b]::__rust_begin_short_backtrace::<core[a373ad73a504971]::result::Result<(), alloc[2e1b2a31b91974c5]::string::String>, fn() -> core[a373ad73a504971]::result::Result<(), alloc[2e1b2a31b91974c5]::string::String>>
[INFO] [stdout]   15:     0x650776c77855 - test[aada8e7e76ba119b]::run_test::{closure#0}
[INFO] [stdout]   16:     0x650776c71144 - std[617be2ca0a6fd877]::sys::backtrace::__rust_begin_short_backtrace::<test[aada8e7e76ba119b]::run_test::{closure#1}, ()>
[INFO] [stdout]   17:     0x650776c7a8e2 - <std[617be2ca0a6fd877]::thread::lifecycle::spawn_unchecked<test[aada8e7e76ba119b]::run_test::{closure#1}, ()>::{closure#1} as core[a373ad73a504971]::ops::function::FnOnce<()>>::call_once::{shim:vtable#0}
[INFO] [stdout]   18:     0x650776cf3ecf - <std[617be2ca0a6fd877]::sys::thread::unix::Thread>::new::thread_start
[INFO] [stdout]   19:     0x7d2c51b91dfa - <unknown>
[INFO] [stdout]   20:     0x7d2c51c253d4 - clone
[INFO] [stdout]   21:                0x0 - <unknown>
[INFO] [stdout] 
[INFO] [stdout] ---- question::multi_select::tests::basic::test_render stdout ----
[INFO] [stdout] ━━━━━━━━━━━━━━━━━━━━━━━━━━ Snapshot Differences ━━━━━━━━━━━━━━━━━━━━━━━━━━
[INFO] [stdout] Snapshot file: crossterm-snapshots/requestty__question__multi_select__tests__basic__render.snap
[INFO] [stdout] Snapshot: render
[INFO] [stdout] Source: src/question/multi_select/tests.rs:152
[INFO] [stdout] +new results
[INFO] [stdout] ──────────────────────────────────────────────────────────────────────────
[INFO] [stdout] backend
[INFO] [stdout] ────────────┬─────────────────────────────────────────────────────────────
[INFO] [stdout]           0 │+┌──────────────────────────────────────────────────┐
[INFO] [stdout]           1 │+│     [38;5;10m? [1m[39mmessage[22m [38;5;8m(Press <space> to select, <a> to to[39m│
[INFO] [stdout]           2 │+│[38;5;8mggle all, <i> to invert selection)[39m                │
[INFO] [stdout]           3 │+│[38;5;6m❯ [38;5;8m  [38;5;6mChoice 0[39m                                      │
[INFO] [stdout]           4 │+│  [38;5;8mSeparator 1[39m                                     │
[INFO] [stdout]           5 │+│  [38;5;8m──────────────[39m                                  │
[INFO] [stdout]           6 │+│  [38;5;8m  [39mChoice 3                                      │
[INFO] [stdout]           7 │+│  [38;5;8m  [39mChoice 4                                      │
[INFO] [stdout]           8 │+│  [38;5;8mSeparator 5[39m                                     │
[INFO] [stdout]           9 │+│  [38;5;8m  [39mChoice 6                                      │
[INFO] [stdout]          10 │+│  [38;5;8m  [39mChoice 7                                      │
[INFO] [stdout]          11 │+│  [38;5;8m  [39mChoice 8                                      │
[INFO] [stdout]          12 │+│  [38;5;8m  [39mChoice 9                                      │
[INFO] [stdout]          13 │+│[38;5;0m[48;5;7m [39m[49m                                                 │
[INFO] [stdout]          14 │+│                                                  │
[INFO] [stdout]          15 │+│                                                  │
[INFO] [stdout]          16 │+│                                                  │
[INFO] [stdout]          17 │+│                                                  │
[INFO] [stdout]          18 │+│                                                  │
[INFO] [stdout]          19 │+│                                                  │
[INFO] [stdout]          20 │+│                                                  │
[INFO] [stdout]          21 │+└──────────────────────────────────────────────────┘
[INFO] [stdout] ────────────┴─────────────────────────────────────────────────────────────
[INFO] [stdout] 
[INFO] [stdout] thread 'question::multi_select::tests::basic::test_render' (2528) panicked at src/question/multi_select/tests.rs:152:1:
[INFO] [stdout] called `Result::unwrap()` on an `Err` value: Os { code: 30, kind: ReadOnlyFilesystem, message: "Read-only file system" }
[INFO] [stdout] stack backtrace:
[INFO] [stdout]    0:     0x650776cf46a1 - <<std[617be2ca0a6fd877]::sys::backtrace::BacktraceLock>::print::DisplayBacktrace as core[a373ad73a504971]::fmt::Display>::fmt
[INFO] [stdout]    1:     0x650776d0b34a - core[a373ad73a504971]::fmt::write
[INFO] [stdout]    2:     0x650776cf89fc - <alloc[2e1b2a31b91974c5]::vec::Vec<u8> as core[a373ad73a504971]::io::write::Write>::write_fmt
[INFO] [stdout]    3:     0x650776ccf646 - std[617be2ca0a6fd877]::panicking::default_hook::{closure#0}
[INFO] [stdout]    4:     0x650776ceca29 - std[617be2ca0a6fd877]::panicking::default_hook
[INFO] [stdout]    5:     0x650776c77230 - test[aada8e7e76ba119b]::test_main_inner::{closure#0}
[INFO] [stdout]    6:     0x650776cecbe2 - std[617be2ca0a6fd877]::panicking::panic_with_hook
[INFO] [stdout]    7:     0x650776ccf6f2 - std[617be2ca0a6fd877]::panicking::panic_handler::{closure#0}
[INFO] [stdout]    8:     0x650776cc82b9 - std[617be2ca0a6fd877]::sys::backtrace::__rust_end_short_backtrace::<std[617be2ca0a6fd877]::panicking::panic_handler::{closure#0}, !>
[INFO] [stdout]    9:     0x650776cd02fd - __rustc[ea4f61d10b84890b]::rust_begin_unwind
[INFO] [stdout]   10:     0x650776d0baac - core[a373ad73a504971]::panicking::panic_fmt
[INFO] [stdout]   11:     0x650776d0b882 - core[a373ad73a504971]::result::unwrap_failed
[INFO] [stdout]   12:     0x650776be0124 - <std[617be2ca0a6fd877]::thread::local::LocalKey<core[a373ad73a504971]::cell::RefCell<insta[d18d9398d98e5031]::settings::Settings>>>::with::<<insta[d18d9398d98e5031]::settings::Settings>::bind<requestty[2804316ab6ddec0c]::question::multi_select::tests::basic::test_render::{closure#1}>::{closure#0}, ()>
[INFO] [stdout]   13:     0x650776befe5b - <requestty[2804316ab6ddec0c]::question::multi_select::tests::basic::test_render::{closure#0} as core[a373ad73a504971]::ops::function::FnOnce<()>>::call_once
[INFO] [stdout]   14:     0x650776c6a67b - test[aada8e7e76ba119b]::__rust_begin_short_backtrace::<core[a373ad73a504971]::result::Result<(), alloc[2e1b2a31b91974c5]::string::String>, fn() -> core[a373ad73a504971]::result::Result<(), alloc[2e1b2a31b91974c5]::string::String>>
[INFO] [stdout]   15:     0x650776c77855 - test[aada8e7e76ba119b]::run_test::{closure#0}
[INFO] [stdout]   16:     0x650776c71144 - std[617be2ca0a6fd877]::sys::backtrace::__rust_begin_short_backtrace::<test[aada8e7e76ba119b]::run_test::{closure#1}, ()>
[INFO] [stdout]   17:     0x650776c7a8e2 - <std[617be2ca0a6fd877]::thread::lifecycle::spawn_unchecked<test[aada8e7e76ba119b]::run_test::{closure#1}, ()>::{closure#1} as core[a373ad73a504971]::ops::function::FnOnce<()>>::call_once::{shim:vtable#0}
[INFO] [stdout]   18:     0x650776cf3ecf - <std[617be2ca0a6fd877]::sys::thread::unix::Thread>::new::thread_start
[INFO] [stdout]   19:     0x7d2c51b91dfa - <unknown>
[INFO] [stdout]   20:     0x7d2c51c253d4 - clone
[INFO] [stdout]   21:                0x0 - <unknown>
[INFO] [stdout] 
[INFO] [stdout] ---- question::input::tests::test_render stdout ----
[INFO] [stdout] ━━━━━━━━━━━━━━━━━━━━━━━━━━ Snapshot Differences ━━━━━━━━━━━━━━━━━━━━━━━━━━
[INFO] [stdout] Snapshot file: crossterm-snapshots/requestty__question__input__tests__no_default-1.snap
[INFO] [stdout] Snapshot: no_default-1
[INFO] [stdout] Source: src/question/input/tests.rs:57
[INFO] [stdout] +new results
[INFO] [stdout] ──────────────────────────────────────────────────────────────────────────
[INFO] [stdout] backend
[INFO] [stdout] ────────────┬─────────────────────────────────────────────────────────────
[INFO] [stdout]           0 │+┌──────────────────────────────────────────────────┐
[INFO] [stdout]           1 │+│     [38;5;10m? [1m[39mmessage[22m [38;5;8m›[39m [38;5;0m[48;5;7m [39m[49m                                │
[INFO] [stdout]           2 │+│                                                  │
[INFO] [stdout]           3 │+│                                                  │
[INFO] [stdout]           4 │+│                                                  │
[INFO] [stdout]           5 │+│                                                  │
[INFO] [stdout]           6 │+│                                                  │
[INFO] [stdout]           7 │+│                                                  │
[INFO] [stdout]           8 │+│                                                  │
[INFO] [stdout]           9 │+│                                                  │
[INFO] [stdout]          10 │+│                                                  │
[INFO] [stdout]          11 │+│                                                  │
[INFO] [stdout]          12 │+│                                                  │
[INFO] [stdout]          13 │+│                                                  │
[INFO] [stdout]          14 │+│                                                  │
[INFO] [stdout]          15 │+│                                                  │
[INFO] [stdout]          16 │+│                                                  │
[INFO] [stdout]          17 │+│                                                  │
[INFO] [stdout]          18 │+│                                                  │
[INFO] [stdout]          19 │+│                                                  │
[INFO] [stdout]          20 │+│                                                  │
[INFO] [stdout]          21 │+└──────────────────────────────────────────────────┘
[INFO] [stdout] ────────────┴─────────────────────────────────────────────────────────────
[INFO] [stdout] 
[INFO] [stdout] thread 'question::input::tests::test_render' (2526) panicked at src/question/input/tests.rs:57:9:
[INFO] [stdout] called `Result::unwrap()` on an `Err` value: Os { code: 30, kind: ReadOnlyFilesystem, message: "Read-only file system" }
[INFO] [stdout] stack backtrace:
[INFO] [stdout]    0:     0x650776cf46a1 - <<std[617be2ca0a6fd877]::sys::backtrace::BacktraceLock>::print::DisplayBacktrace as core[a373ad73a504971]::fmt::Display>::fmt
[INFO] [stdout]    1:     0x650776d0b34a - core[a373ad73a504971]::fmt::write
[INFO] [stdout]    2:     0x650776cf89fc - <alloc[2e1b2a31b91974c5]::vec::Vec<u8> as core[a373ad73a504971]::io::write::Write>::write_fmt
[INFO] [stdout]    3:     0x650776ccf646 - std[617be2ca0a6fd877]::panicking::default_hook::{closure#0}
[INFO] [stdout]    4:     0x650776ceca29 - std[617be2ca0a6fd877]::panicking::default_hook
[INFO] [stdout]    5:     0x650776c77230 - test[aada8e7e76ba119b]::test_main_inner::{closure#0}
[INFO] [stdout]    6:     0x650776cecbe2 - std[617be2ca0a6fd877]::panicking::panic_with_hook
[INFO] [stdout]    7:     0x650776ccf6f2 - std[617be2ca0a6fd877]::panicking::panic_handler::{closure#0}
[INFO] [stdout]    8:     0x650776cc82b9 - std[617be2ca0a6fd877]::sys::backtrace::__rust_end_short_backtrace::<std[617be2ca0a6fd877]::panicking::panic_handler::{closure#0}, !>
[INFO] [stdout]    9:     0x650776cd02fd - __rustc[ea4f61d10b84890b]::rust_begin_unwind
[INFO] [stdout]   10:     0x650776d0baac - core[a373ad73a504971]::panicking::panic_fmt
[INFO] [stdout]   11:     0x650776d0b882 - core[a373ad73a504971]::result::unwrap_failed
[INFO] [stdout]   12:     0x650776bde76a - <std[617be2ca0a6fd877]::thread::local::LocalKey<core[a373ad73a504971]::cell::RefCell<insta[d18d9398d98e5031]::settings::Settings>>>::with::<<insta[d18d9398d98e5031]::settings::Settings>::bind<requestty[2804316ab6ddec0c]::question::input::tests::test_render::{closure#1}>::{closure#0}, ()>
[INFO] [stdout]   13:     0x650776bea7f8 - <requestty[2804316ab6ddec0c]::question::input::tests::test_render::{closure#0} as core[a373ad73a504971]::ops::function::FnOnce<()>>::call_once
[INFO] [stdout]   14:     0x650776c6a67b - test[aada8e7e76ba119b]::__rust_begin_short_backtrace::<core[a373ad73a504971]::result::Result<(), alloc[2e1b2a31b91974c5]::string::String>, fn() -> core[a373ad73a504971]::result::Result<(), alloc[2e1b2a31b91974c5]::string::String>>
[INFO] [stdout]   15:     0x650776c77855 - test[aada8e7e76ba119b]::run_test::{closure#0}
[INFO] [stdout]   16:     0x650776c71144 - std[617be2ca0a6fd877]::sys::backtrace::__rust_begin_short_backtrace::<test[aada8e7e76ba119b]::run_test::{closure#1}, ()>
[INFO] [stdout]   17:     0x650776c7a8e2 - <std[617be2ca0a6fd877]::thread::lifecycle::spawn_unchecked<test[aada8e7e76ba119b]::run_test::{closure#1}, ()>::{closure#1} as core[a373ad73a504971]::ops::function::FnOnce<()>>::call_once::{shim:vtable#0}
[INFO] [stdout]   18:     0x650776cf3ecf - <std[617be2ca0a6fd877]::sys::thread::unix::Thread>::new::thread_start
[INFO] [stdout]   19:     0x7d2c51b91dfa - <unknown>
[INFO] [stdout]   20:     0x7d2c51c253d4 - clone
[INFO] [stdout]   21:                0x0 - <unknown>
[INFO] [stdout] 
[INFO] [stdout] ---- question::number::tests::float::test_render stdout ----
[INFO] [stdout] ━━━━━━━━━━━━━━━━━━━━━━━━━━ Snapshot Differences ━━━━━━━━━━━━━━━━━━━━━━━━━━
[INFO] [stdout] Snapshot file: crossterm-snapshots/requestty__question__number__tests__float__no_default-1.snap
[INFO] [stdout] Snapshot: no_default-1
[INFO] [stdout] Source: src/question/number/tests.rs:100
[INFO] [stdout] +new results
[INFO] [stdout] ──────────────────────────────────────────────────────────────────────────
[INFO] [stdout] backend
[INFO] [stdout] ────────────┬─────────────────────────────────────────────────────────────
[INFO] [stdout]           0 │+┌──────────────────────────────────────────────────┐
[INFO] [stdout]           1 │+│     [38;5;10m? [1m[39mmessage[22m [38;5;8m›[39m [38;5;0m[48;5;7m [39m[49m                                │
[INFO] [stdout]           2 │+│                                                  │
[INFO] [stdout]           3 │+│                                                  │
[INFO] [stdout]           4 │+│                                                  │
[INFO] [stdout]           5 │+│                                                  │
[INFO] [stdout]           6 │+│                                                  │
[INFO] [stdout]           7 │+│                                                  │
[INFO] [stdout]           8 │+│                                                  │
[INFO] [stdout]           9 │+│                                                  │
[INFO] [stdout]          10 │+│                                                  │
[INFO] [stdout]          11 │+│                                                  │
[INFO] [stdout]          12 │+│                                                  │
[INFO] [stdout]          13 │+│                                                  │
[INFO] [stdout]          14 │+│                                                  │
[INFO] [stdout]          15 │+│                                                  │
[INFO] [stdout]          16 │+│                                                  │
[INFO] [stdout]          17 │+│                                                  │
[INFO] [stdout]          18 │+│                                                  │
[INFO] [stdout]          19 │+│                                                  │
[INFO] [stdout]          20 │+│                                                  │
[INFO] [stdout]          21 │+└──────────────────────────────────────────────────┘
[INFO] [stdout] ────────────┴─────────────────────────────────────────────────────────────
[INFO] [stdout] 
[INFO] [stdout] thread 'question::number::tests::float::test_render' (2535) panicked at src/question/number/tests.rs:100:1:
[INFO] [stdout] called `Result::unwrap()` on an `Err` value: Os { code: 30, kind: ReadOnlyFilesystem, message: "Read-only file system" }
[INFO] [stdout] stack backtrace:
[INFO] [stdout]    0:     0x650776cf46a1 - <<std[617be2ca0a6fd877]::sys::backtrace::BacktraceLock>::print::DisplayBacktrace as core[a373ad73a504971]::fmt::Display>::fmt
[INFO] [stdout]    1:     0x650776d0b34a - core[a373ad73a504971]::fmt::write
[INFO] [stdout]    2:     0x650776cf89fc - <alloc[2e1b2a31b91974c5]::vec::Vec<u8> as core[a373ad73a504971]::io::write::Write>::write_fmt
[INFO] [stdout]    3:     0x650776ccf646 - std[617be2ca0a6fd877]::panicking::default_hook::{closure#0}
[INFO] [stdout]    4:     0x650776ceca29 - std[617be2ca0a6fd877]::panicking::default_hook
[INFO] [stdout]    5:     0x650776c77230 - test[aada8e7e76ba119b]::test_main_inner::{closure#0}
[INFO] [stdout]    6:     0x650776cecbe2 - std[617be2ca0a6fd877]::panicking::panic_with_hook
[INFO] [stdout]    7:     0x650776ccf6f2 - std[617be2ca0a6fd877]::panicking::panic_handler::{closure#0}
[INFO] [stdout]    8:     0x650776cc82b9 - std[617be2ca0a6fd877]::sys::backtrace::__rust_end_short_backtrace::<std[617be2ca0a6fd877]::panicking::panic_handler::{closure#0}, !>
[INFO] [stdout]    9:     0x650776cd02fd - __rustc[ea4f61d10b84890b]::rust_begin_unwind
[INFO] [stdout]   10:     0x650776d0baac - core[a373ad73a504971]::panicking::panic_fmt
[INFO] [stdout]   11:     0x650776d0b882 - core[a373ad73a504971]::result::unwrap_failed
[INFO] [stdout]   12:     0x650776be0cef - <std[617be2ca0a6fd877]::thread::local::LocalKey<core[a373ad73a504971]::cell::RefCell<insta[d18d9398d98e5031]::settings::Settings>>>::with::<<insta[d18d9398d98e5031]::settings::Settings>::bind<requestty[2804316ab6ddec0c]::question::number::tests::float::test_render::{closure#2}>::{closure#0}, ()>
[INFO] [stdout]   13:     0x650776c02da1 - <requestty[2804316ab6ddec0c]::question::number::tests::float::test_render::{closure#0} as core[a373ad73a504971]::ops::function::FnOnce<()>>::call_once
[INFO] [stdout]   14:     0x650776c6a67b - test[aada8e7e76ba119b]::__rust_begin_short_backtrace::<core[a373ad73a504971]::result::Result<(), alloc[2e1b2a31b91974c5]::string::String>, fn() -> core[a373ad73a504971]::result::Result<(), alloc[2e1b2a31b91974c5]::string::String>>
[INFO] [stdout]   15:     0x650776c77855 - test[aada8e7e76ba119b]::run_test::{closure#0}
[INFO] [stdout]   16:     0x650776c71144 - std[617be2ca0a6fd877]::sys::backtrace::__rust_begin_short_backtrace::<test[aada8e7e76ba119b]::run_test::{closure#1}, ()>
[INFO] [stdout]   17:     0x650776c7a8e2 - <std[617be2ca0a6fd877]::thread::lifecycle::spawn_unchecked<test[aada8e7e76ba119b]::run_test::{closure#1}, ()>::{closure#1} as core[a373ad73a504971]::ops::function::FnOnce<()>>::call_once::{shim:vtable#0}
[INFO] [stdout]   18:     0x650776cf3ecf - <std[617be2ca0a6fd877]::sys::thread::unix::Thread>::new::thread_start
[INFO] [stdout]   19:     0x7d2c51b91dfa - <unknown>
[INFO] [stdout]   20:     0x7d2c51c253d4 - clone
[INFO] [stdout]   21:                0x0 - <unknown>
[INFO] [stdout] 
[INFO] [stdout] ---- question::multi_select::tests::with_default::test_render stdout ----
[INFO] [stdout] ━━━━━━━━━━━━━━━━━━━━━━━━━━ Snapshot Differences ━━━━━━━━━━━━━━━━━━━━━━━━━━
[INFO] [stdout] Snapshot file: crossterm-snapshots/requestty__question__multi_select__tests__with_default__render.snap
[INFO] [stdout] Snapshot: render
[INFO] [stdout] Source: src/question/multi_select/tests.rs:166
[INFO] [stdout] +new results
[INFO] [stdout] ──────────────────────────────────────────────────────────────────────────
[INFO] [stdout] backend
[INFO] [stdout] ────────────┬─────────────────────────────────────────────────────────────
[INFO] [stdout]           0 │+┌──────────────────────────────────────────────────┐
[INFO] [stdout]           1 │+│     [38;5;10m? [1m[39mmessage[22m [38;5;8m(Press <space> to select, <a> to to[39m│
[INFO] [stdout]           2 │+│[38;5;8mggle all, <i> to invert selection)[39m                │
[INFO] [stdout]           3 │+│[38;5;6m❯ [38;5;10m✔ [38;5;6mChoice 0[39m                                      │
[INFO] [stdout]           4 │+│  [38;5;8mSeparator 1[39m                                     │
[INFO] [stdout]           5 │+│  [38;5;8m──────────────[39m                                  │
[INFO] [stdout]           6 │+│  [38;5;10m✔ [39mChoice 3                                      │
[INFO] [stdout]           7 │+│  [38;5;10m✔ [39mChoice 4                                      │
[INFO] [stdout]           8 │+│  [38;5;8mSeparator 5[39m                                     │
[INFO] [stdout]           9 │+│  [38;5;8m  [39mChoice 6                                      │
[INFO] [stdout]          10 │+│  [38;5;8m  [39mChoice 7                                      │
[INFO] [stdout]          11 │+│  [38;5;8m  [39mChoice 8                                      │
[INFO] [stdout]          12 │+│  [38;5;10m✔ [39mChoice 9                                      │
[INFO] [stdout]          13 │+│[38;5;0m[48;5;7m [39m[49m                                                 │
[INFO] [stdout]          14 │+│                                                  │
[INFO] [stdout]          15 │+│                                                  │
[INFO] [stdout]          16 │+│                                                  │
[INFO] [stdout]          17 │+│                                                  │
[INFO] [stdout]          18 │+│                                                  │
[INFO] [stdout]          19 │+│                                                  │
[INFO] [stdout]          20 │+│                                                  │
[INFO] [stdout]          21 │+└──────────────────────────────────────────────────┘
[INFO] [stdout] ────────────┴─────────────────────────────────────────────────────────────
[INFO] [stdout] 
[INFO] [stdout] thread 'question::multi_select::tests::with_default::test_render' (2532) panicked at src/question/multi_select/tests.rs:166:1:
[INFO] [stdout] called `Result::unwrap()` on an `Err` value: Os { code: 30, kind: ReadOnlyFilesystem, message: "Read-only file system" }
[INFO] [stdout] stack backtrace:
[INFO] [stdout]    0:     0x650776cf46a1 - <<std[617be2ca0a6fd877]::sys::backtrace::BacktraceLock>::print::DisplayBacktrace as core[a373ad73a504971]::fmt::Display>::fmt
[INFO] [stdout]    1:     0x650776d0b34a - core[a373ad73a504971]::fmt::write
[INFO] [stdout]    2:     0x650776cf89fc - <alloc[2e1b2a31b91974c5]::vec::Vec<u8> as core[a373ad73a504971]::io::write::Write>::write_fmt
[INFO] [stdout]    3:     0x650776ccf646 - std[617be2ca0a6fd877]::panicking::default_hook::{closure#0}
[INFO] [stdout]    4:     0x650776ceca29 - std[617be2ca0a6fd877]::panicking::default_hook
[INFO] [stdout]    5:     0x650776c77230 - test[aada8e7e76ba119b]::test_main_inner::{closure#0}
[INFO] [stdout]    6:     0x650776cecbe2 - std[617be2ca0a6fd877]::panicking::panic_with_hook
[INFO] [stdout]    7:     0x650776ccf6f2 - std[617be2ca0a6fd877]::panicking::panic_handler::{closure#0}
[INFO] [stdout]    8:     0x650776cc82b9 - std[617be2ca0a6fd877]::sys::backtrace::__rust_end_short_backtrace::<std[617be2ca0a6fd877]::panicking::panic_handler::{closure#0}, !>
[INFO] [stdout]    9:     0x650776cd02fd - __rustc[ea4f61d10b84890b]::rust_begin_unwind
[INFO] [stdout]   10:     0x650776d0baac - core[a373ad73a504971]::panicking::panic_fmt
[INFO] [stdout]   11:     0x650776d0b882 - core[a373ad73a504971]::result::unwrap_failed
[INFO] [stdout]   12:     0x650776bdfee4 - <std[617be2ca0a6fd877]::thread::local::LocalKey<core[a373ad73a504971]::cell::RefCell<insta[d18d9398d98e5031]::settings::Settings>>>::with::<<insta[d18d9398d98e5031]::settings::Settings>::bind<requestty[2804316ab6ddec0c]::question::multi_select::tests::with_default::test_render::{closure#1}>::{closure#0}, ()>
[INFO] [stdout]   13:     0x650776bf3a97 - <requestty[2804316ab6ddec0c]::question::multi_select::tests::with_default::test_render::{closure#0} as core[a373ad73a504971]::ops::function::FnOnce<()>>::call_once
[INFO] [stdout]   14:     0x650776c6a67b - test[aada8e7e76ba119b]::__rust_begin_short_backtrace::<core[a373ad73a504971]::result::Result<(), alloc[2e1b2a31b91974c5]::string::String>, fn() -> core[a373ad73a504971]::result::Result<(), alloc[2e1b2a31b91974c5]::string::String>>
[INFO] [stdout]   15:     0x650776c77855 - test[aada8e7e76ba119b]::run_test::{closure#0}
[INFO] [stdout]   16:     0x650776c71144 - std[617be2ca0a6fd877]::sys::backtrace::__rust_begin_short_backtrace::<test[aada8e7e76ba119b]::run_test::{closure#1}, ()>
[INFO] [stdout]   17:     0x650776c7a8e2 - <std[617be2ca0a6fd877]::thread::lifecycle::spawn_unchecked<test[aada8e7e76ba119b]::run_test::{closure#1}, ()>::{closure#1} as core[a373ad73a504971]::ops::function::FnOnce<()>>::call_once::{shim:vtable#0}
[INFO] [stdout]   18:     0x650776cf3ecf - <std[617be2ca0a6fd877]::sys::thread::unix::Thread>::new::thread_start
[INFO] [stdout]   19:     0x7d2c51b91dfa - <unknown>
[INFO] [stdout]   20:     0x7d2c51c253d4 - clone
[INFO] [stdout]   21:                0x0 - <unknown>
[INFO] [stdout] 
[INFO] [stdout] ---- question::expand::tests::test_render stdout ----
[INFO] [stdout] ━━━━━━━━━━━━━━━━━━━━━━━━━━ Snapshot Differences ━━━━━━━━━━━━━━━━━━━━━━━━━━
[INFO] [stdout] Snapshot file: crossterm-snapshots/requestty__question__expand__tests__render.snap
[INFO] [stdout] Snapshot: render
[INFO] [stdout] Source: src/question/expand/tests.rs:105
[INFO] [stdout] +new results
[INFO] [stdout] ──────────────────────────────────────────────────────────────────────────
[INFO] [stdout] backend
[INFO] [stdout] ────────────┬─────────────────────────────────────────────────────────────
[INFO] [stdout]           0 │+┌──────────────────────────────────────────────────┐
[INFO] [stdout]           1 │+│[38;5;10m? [1m[39mmessage[22m [38;5;8m(abcdefgH)[39m [38;5;0m[48;5;7m [39m[49m                            │
[INFO] [stdout]           2 │+│                                                  │
[INFO] [stdout]           3 │+│                                                  │
[INFO] [stdout]           4 │+│                                                  │
[INFO] [stdout]           5 │+│                                                  │
[INFO] [stdout]           6 │+│                                                  │
[INFO] [stdout]           7 │+│                                                  │
[INFO] [stdout]           8 │+│                                                  │
[INFO] [stdout]           9 │+│                                                  │
[INFO] [stdout]          10 │+│                                                  │
[INFO] [stdout]          11 │+│                                                  │
[INFO] [stdout]          12 │+│                                                  │
[INFO] [stdout]          13 │+│                                                  │
[INFO] [stdout]          14 │+│                                                  │
[INFO] [stdout]          15 │+│                                                  │
[INFO] [stdout]          16 │+│                                                  │
[INFO] [stdout]          17 │+│                                                  │
[INFO] [stdout]          18 │+│                                                  │
[INFO] [stdout]          19 │+│                                                  │
[INFO] [stdout]          20 │+│                                                  │
[INFO] [stdout]          21 │+└──────────────────────────────────────────────────┘
[INFO] [stdout] ────────────┴─────────────────────────────────────────────────────────────
[INFO] [stdout] 
[INFO] [stdout] thread 'question::expand::tests::test_render' (2523) panicked at src/question/expand/tests.rs:105:5:
[INFO] [stdout] called `Result::unwrap()` on an `Err` value: Os { code: 30, kind: ReadOnlyFilesystem, message: "Read-only file system" }
[INFO] [stdout] stack backtrace:
[INFO] [stdout]    0:     0x650776cf46a1 - <<std[617be2ca0a6fd877]::sys::backtrace::BacktraceLock>::print::DisplayBacktrace as core[a373ad73a504971]::fmt::Display>::fmt
[INFO] [stdout]    1:     0x650776d0b34a - core[a373ad73a504971]::fmt::write
[INFO] [stdout]    2:     0x650776cf89fc - <alloc[2e1b2a31b91974c5]::vec::Vec<u8> as core[a373ad73a504971]::io::write::Write>::write_fmt
[INFO] [stdout]    3:     0x650776ccf646 - std[617be2ca0a6fd877]::panicking::default_hook::{closure#0}
[INFO] [stdout]    4:     0x650776ceca29 - std[617be2ca0a6fd877]::panicking::default_hook
[INFO] [stdout]    5:     0x650776c77230 - test[aada8e7e76ba119b]::test_main_inner::{closure#0}
[INFO] [stdout]    6:     0x650776cecbe2 - std[617be2ca0a6fd877]::panicking::panic_with_hook
[INFO] [stdout]    7:     0x650776ccf6f2 - std[617be2ca0a6fd877]::panicking::panic_handler::{closure#0}
[INFO] [stdout]    8:     0x650776cc82b9 - std[617be2ca0a6fd877]::sys::backtrace::__rust_end_short_backtrace::<std[617be2ca0a6fd877]::panicking::panic_handler::{closure#0}, !>
[INFO] [stdout]    9:     0x650776cd02fd - __rustc[ea4f61d10b84890b]::rust_begin_unwind
[INFO] [stdout]   10:     0x650776d0baac - core[a373ad73a504971]::panicking::panic_fmt
[INFO] [stdout]   11:     0x650776d0b882 - core[a373ad73a504971]::result::unwrap_failed
[INFO] [stdout]   12:     0x650776bde9c1 - <std[617be2ca0a6fd877]::thread::local::LocalKey<core[a373ad73a504971]::cell::RefCell<insta[d18d9398d98e5031]::settings::Settings>>>::with::<<insta[d18d9398d98e5031]::settings::Settings>::bind<requestty[2804316ab6ddec0c]::question::expand::tests::test_render::{closure#3}>::{closure#0}, ()>
[INFO] [stdout]   13:     0x650776c0b462 - <requestty[2804316ab6ddec0c]::question::expand::tests::test_render::{closure#0} as core[a373ad73a504971]::ops::function::FnOnce<()>>::call_once
[INFO] [stdout]   14:     0x650776c6a67b - test[aada8e7e76ba119b]::__rust_begin_short_backtrace::<core[a373ad73a504971]::result::Result<(), alloc[2e1b2a31b91974c5]::string::String>, fn() -> core[a373ad73a504971]::result::Result<(), alloc[2e1b2a31b91974c5]::string::String>>
[INFO] [stdout]   15:     0x650776c77855 - test[aada8e7e76ba119b]::run_test::{closure#0}
[INFO] [stdout]   16:     0x650776c71144 - std[617be2ca0a6fd877]::sys::backtrace::__rust_begin_short_backtrace::<test[aada8e7e76ba119b]::run_test::{closure#1}, ()>
[INFO] [stdout]   17:     0x650776c7a8e2 - <std[617be2ca0a6fd877]::thread::lifecycle::spawn_unchecked<test[aada8e7e76ba119b]::run_test::{closure#1}, ()>::{closure#1} as core[a373ad73a504971]::ops::function::FnOnce<()>>::call_once::{shim:vtable#0}
[INFO] [stdout]   18:     0x650776cf3ecf - <std[617be2ca0a6fd877]::sys::thread::unix::Thread>::new::thread_start
[INFO] [stdout]   19:     0x7d2c51b91dfa - <unknown>
[INFO] [stdout]   20:     0x7d2c51c253d4 - clone
[INFO] [stdout]   21:                0x0 - <unknown>
[INFO] [stdout] 
[INFO] [stdout] ---- question::multi_select::tests::pagination::test_render stdout ----
[INFO] [stdout] ━━━━━━━━━━━━━━━━━━━━━━━━━━ Snapshot Differences ━━━━━━━━━━━━━━━━━━━━━━━━━━
[INFO] [stdout] Snapshot file: crossterm-snapshots/requestty__question__multi_select__tests__pagination__render.snap
[INFO] [stdout] Snapshot: render
[INFO] [stdout] Source: src/question/multi_select/tests.rs:159
[INFO] [stdout] +new results
[INFO] [stdout] ──────────────────────────────────────────────────────────────────────────
[INFO] [stdout] backend
[INFO] [stdout] ────────────┬─────────────────────────────────────────────────────────────
[INFO] [stdout]           0 │+┌──────────────────────────────────────────────────┐
[INFO] [stdout]           1 │+│     [38;5;10m? [1m[39mmessage[22m [38;5;8m(Press <space> to select, <a> to to[39m│
[INFO] [stdout]           2 │+│[38;5;8mggle all, <i> to invert selection)[39m                │
[INFO] [stdout]           3 │+│[38;5;6m❯ [38;5;8m  [38;5;6mChoice 0[39m                                      │
[INFO] [stdout]           4 │+│  [38;5;8mSeparator 1[39m                                     │
[INFO] [stdout]           5 │+│  [38;5;8m──────────────[39m                                  │
[INFO] [stdout]           6 │+│  [38;5;8m  [39mChoice 3                                      │
[INFO] [stdout]           7 │+│  [38;5;8m  [39mChoice 4                                      │
[INFO] [stdout]           8 │+│  [38;5;8mSeparator 5[39m                                     │
[INFO] [stdout]           9 │+│  [38;5;8m  [39mChoice 6                                      │
[INFO] [stdout]          10 │+│  [38;5;8m  [39mChoice 7                                      │
[INFO] [stdout]          11 │+│  [38;5;8m  [39mChoice 8                                      │
[INFO] [stdout]          12 │+│  [38;5;8m  [39mChoice 9                                      │
[INFO] [stdout]          13 │+│  [38;5;8m  [39mChoice 10                                     │
[INFO] [stdout]          14 │+│  [38;5;8m  [39mChoice 11                                     │
[INFO] [stdout]          15 │+│  [38;5;8mSeparator 12[39m                                    │
[INFO] [stdout]          16 │+│  [38;5;8m  [39mChoice 13                                     │
[INFO] [stdout]          17 │+│[38;5;8m(Move up and down to reveal more choices)[39m         │
[INFO] [stdout]          18 │+│[38;5;0m[48;5;7m [39m[49m                                                 │
[INFO] [stdout]          19 │+│                                                  │
[INFO] [stdout]          20 │+│                                                  │
[INFO] [stdout]          21 │+└──────────────────────────────────────────────────┘
[INFO] [stdout] ────────────┴─────────────────────────────────────────────────────────────
[INFO] [stdout] 
[INFO] [stdout] thread 'question::multi_select::tests::pagination::test_render' (2530) panicked at src/question/multi_select/tests.rs:159:1:
[INFO] [stdout] called `Result::unwrap()` on an `Err` value: Os { code: 30, kind: ReadOnlyFilesystem, message: "Read-only file system" }
[INFO] [stdout] stack backtrace:
[INFO] [stdout]    0:     0x650776cf46a1 - <<std[617be2ca0a6fd877]::sys::backtrace::BacktraceLock>::print::DisplayBacktrace as core[a373ad73a504971]::fmt::Display>::fmt
[INFO] [stdout]    1:     0x650776d0b34a - core[a373ad73a504971]::fmt::write
[INFO] [stdout]    2:     0x650776cf89fc - <alloc[2e1b2a31b91974c5]::vec::Vec<u8> as core[a373ad73a504971]::io::write::Write>::write_fmt
[INFO] [stdout]    3:     0x650776ccf646 - std[617be2ca0a6fd877]::panicking::default_hook::{closure#0}
[INFO] [stdout]    4:     0x650776ceca29 - std[617be2ca0a6fd877]::panicking::default_hook
[INFO] [stdout]    5:     0x650776c77230 - test[aada8e7e76ba119b]::test_main_inner::{closure#0}
[INFO] [stdout]    6:     0x650776cecbe2 - std[617be2ca0a6fd877]::panicking::panic_with_hook
[INFO] [stdout]    7:     0x650776ccf6f2 - std[617be2ca0a6fd877]::panicking::panic_handler::{closure#0}
[INFO] [stdout]    8:     0x650776cc82b9 - std[617be2ca0a6fd877]::sys::backtrace::__rust_end_short_backtrace::<std[617be2ca0a6fd877]::panicking::panic_handler::{closure#0}, !>
[INFO] [stdout]    9:     0x650776cd02fd - __rustc[ea4f61d10b84890b]::rust_begin_unwind
[INFO] [stdout]   10:     0x650776d0baac - core[a373ad73a504971]::panicking::panic_fmt
[INFO] [stdout]   11:     0x650776d0b882 - core[a373ad73a504971]::result::unwrap_failed
[INFO] [stdout]   12:     0x650776bdfca4 - <std[617be2ca0a6fd877]::thread::local::LocalKey<core[a373ad73a504971]::cell::RefCell<insta[d18d9398d98e5031]::settings::Settings>>>::with::<<insta[d18d9398d98e5031]::settings::Settings>::bind<requestty[2804316ab6ddec0c]::question::multi_select::tests::pagination::test_render::{closure#1}>::{closure#0}, ()>
[INFO] [stdout]   13:     0x650776be6fc0 - <requestty[2804316ab6ddec0c]::question::multi_select::tests::pagination::test_render::{closure#0} as core[a373ad73a504971]::ops::function::FnOnce<()>>::call_once
[INFO] [stdout]   14:     0x650776c6a67b - test[aada8e7e76ba119b]::__rust_begin_short_backtrace::<core[a373ad73a504971]::result::Result<(), alloc[2e1b2a31b91974c5]::string::String>, fn() -> core[a373ad73a504971]::result::Result<(), alloc[2e1b2a31b91974c5]::string::String>>
[INFO] [stdout]   15:     0x650776c77855 - test[aada8e7e76ba119b]::run_test::{closure#0}
[INFO] [stdout]   16:     0x650776c71144 - std[617be2ca0a6fd877]::sys::backtrace::__rust_begin_short_backtrace::<test[aada8e7e76ba119b]::run_test::{closure#1}, ()>
[INFO] [stdout]   17:     0x650776c7a8e2 - <std[617be2ca0a6fd877]::thread::lifecycle::spawn_unchecked<test[aada8e7e76ba119b]::run_test::{closure#1}, ()>::{closure#1} as core[a373ad73a504971]::ops::function::FnOnce<()>>::call_once::{shim:vtable#0}
[INFO] [stdout]   18:     0x650776cf3ecf - <std[617be2ca0a6fd877]::sys::thread::unix::Thread>::new::thread_start
[INFO] [stdout]   19:     0x7d2c51b91dfa - <unknown>
[INFO] [stdout]   20:     0x7d2c51c253d4 - clone
[INFO] [stdout]   21:                0x0 - <unknown>
[INFO] [stdout] 
[INFO] [stdout] ---- question::raw_select::tests::test_render stdout ----
[INFO] [stdout] ━━━━━━━━━━━━━━━━━━━━━━━━━━ Snapshot Differences ━━━━━━━━━━━━━━━━━━━━━━━━━━
[INFO] [stdout] Snapshot file: crossterm-snapshots/requestty__question__raw_select__tests__render.snap
[INFO] [stdout] Snapshot: render
[INFO] [stdout] Source: src/question/raw_select/tests.rs:55
[INFO] [stdout] +new results
[INFO] [stdout] ──────────────────────────────────────────────────────────────────────────
[INFO] [stdout] backend
[INFO] [stdout] ────────────┬─────────────────────────────────────────────────────────────
[INFO] [stdout]           0 │+┌──────────────────────────────────────────────────┐
[INFO] [stdout]           1 │+│[38;5;10m? [1m[39mmessage[22m [38;5;8m›[39m                                       │
[INFO] [stdout]           2 │+│[38;5;6m  1. Choice 0[39m                                     │
[INFO] [stdout]           3 │+│[38;5;8m  Separator 1[39m                                     │
[INFO] [stdout]           4 │+│[38;5;8m  ──────────────[39m                                  │
[INFO] [stdout]           5 │+│  2. Choice 3                                     │
[INFO] [stdout]           6 │+│  3. Choice 4                                     │
[INFO] [stdout]           7 │+│[38;5;8m  Separator 5[39m                                     │
[INFO] [stdout]           8 │+│  4. Choice 6                                     │
[INFO] [stdout]           9 │+│  5. Choice 7                                     │
[INFO] [stdout]          10 │+│  6. Choice 8                                     │
[INFO] [stdout]          11 │+│  7. Choice 9                                     │
[INFO] [stdout]          12 │+│  Answer: [38;5;0m[48;5;7m [39m[49m                                       │
[INFO] [stdout]          13 │+│                                                  │
[INFO] [stdout]          14 │+│                                                  │
[INFO] [stdout]          15 │+│                                                  │
[INFO] [stdout]          16 │+│                                                  │
[INFO] [stdout]          17 │+│                                                  │
[INFO] [stdout]          18 │+│                                                  │
[INFO] [stdout]          19 │+│                                                  │
[INFO] [stdout]          20 │+│                                                  │
[INFO] [stdout]          21 │+└──────────────────────────────────────────────────┘
[INFO] [stdout] ────────────┴─────────────────────────────────────────────────────────────
[INFO] [stdout] 
[INFO] [stdout] thread 'question::raw_select::tests::test_render' (3928) panicked at src/question/raw_select/tests.rs:55:5:
[INFO] [stdout] called `Result::unwrap()` on an `Err` value: Os { code: 30, kind: ReadOnlyFilesystem, message: "Read-only file system" }
[INFO] [stdout] stack backtrace:
[INFO] [stdout]    0:     0x650776cf46a1 - <<std[617be2ca0a6fd877]::sys::backtrace::BacktraceLock>::print::DisplayBacktrace as core[a373ad73a504971]::fmt::Display>::fmt
[INFO] [stdout]    1:     0x650776d0b34a - core[a373ad73a504971]::fmt::write
[INFO] [stdout]    2:     0x650776cf89fc - <alloc[2e1b2a31b91974c5]::vec::Vec<u8> as core[a373ad73a504971]::io::write::Write>::write_fmt
[INFO] [stdout]    3:     0x650776ccf646 - std[617be2ca0a6fd877]::panicking::default_hook::{closure#0}
[INFO] [stdout]    4:     0x650776ceca29 - std[617be2ca0a6fd877]::panicking::default_hook
[INFO] [stdout]    5:     0x650776c77230 - test[aada8e7e76ba119b]::test_main_inner::{closure#0}
[INFO] [stdout]    6:     0x650776cecbe2 - std[617be2ca0a6fd877]::panicking::panic_with_hook
[INFO] [stdout]    7:     0x650776ccf6f2 - std[617be2ca0a6fd877]::panicking::panic_handler::{closure#0}
[INFO] [stdout]    8:     0x650776cc82b9 - std[617be2ca0a6fd877]::sys::backtrace::__rust_end_short_backtrace::<std[617be2ca0a6fd877]::panicking::panic_handler::{closure#0}, !>
[INFO] [stdout]    9:     0x650776cd02fd - __rustc[ea4f61d10b84890b]::rust_begin_unwind
[INFO] [stdout]   10:     0x650776d0baac - core[a373ad73a504971]::panicking::panic_fmt
[INFO] [stdout]   11:     0x650776d0b882 - core[a373ad73a504971]::result::unwrap_failed
[INFO] [stdout]   12:     0x650776bddb21 - <std[617be2ca0a6fd877]::thread::local::LocalKey<core[a373ad73a504971]::cell::RefCell<insta[d18d9398d98e5031]::settings::Settings>>>::with::<<insta[d18d9398d98e5031]::settings::Settings>::bind<requestty[2804316ab6ddec0c]::question::raw_select::tests::test_render::{closure#0}>::{closure#0}, ()>
[INFO] [stdout]   13:     0x650776c07e83 - <requestty[2804316ab6ddec0c]::question::raw_select::tests::test_render::{closure#0} as core[a373ad73a504971]::ops::function::FnOnce<()>>::call_once
[INFO] [stdout]   14:     0x650776c6a67b - test[aada8e7e76ba119b]::__rust_begin_short_backtrace::<core[a373ad73a504971]::result::Result<(), alloc[2e1b2a31b91974c5]::string::String>, fn() -> core[a373ad73a504971]::result::Result<(), alloc[2e1b2a31b91974c5]::string::String>>
[INFO] [stdout]   15:     0x650776c77855 - test[aada8e7e76ba119b]::run_test::{closure#0}
[INFO] [stdout]   16:     0x650776c71144 - std[617be2ca0a6fd877]::sys::backtrace::__rust_begin_short_backtrace::<test[aada8e7e76ba119b]::run_test::{closure#1}, ()>
[INFO] [stdout]   17:     0x650776c7a8e2 - <std[617be2ca0a6fd877]::thread::lifecycle::spawn_unchecked<test[aada8e7e76ba119b]::run_test::{closure#1}, ()>::{closure#1} as core[a373ad73a504971]::ops::function::FnOnce<()>>::call_once::{shim:vtable#0}
[INFO] [stdout]   18:     0x650776cf3ecf - <std[617be2ca0a6fd877]::sys::thread::unix::Thread>::new::thread_start
[INFO] [stdout]   19:     0x7d2c51b91dfa - <unknown>
[INFO] [stdout]   20:     0x7d2c51c253d4 - clone
[INFO] [stdout]   21:                0x0 - <unknown>
[INFO] [stdout] 
[INFO] [stdout] ---- question::order_select::tests::pagination::test_render stdout ----
[INFO] [stdout] ━━━━━━━━━━━━━━━━━━━━━━━━━━ Snapshot Differences ━━━━━━━━━━━━━━━━━━━━━━━━━━
[INFO] [stdout] Snapshot file: crossterm-snapshots/requestty__question__order_select__tests__pagination__render.snap
[INFO] [stdout] Snapshot: render
[INFO] [stdout] Source: src/question/order_select/tests.rs:127
[INFO] [stdout] +new results
[INFO] [stdout] ──────────────────────────────────────────────────────────────────────────
[INFO] [stdout] backend
[INFO] [stdout] ────────────┬─────────────────────────────────────────────────────────────
[INFO] [stdout]           0 │+┌──────────────────────────────────────────────────┐
[INFO] [stdout]           1 │+│     [38;5;10m? [1m[39mmessage[22m [38;5;8m(Press <space> to take and place an[39m│
[INFO] [stdout]           2 │+│[38;5;8m option)[39m                                          │
[INFO] [stdout]           3 │+│[38;5;6m❯  1. 0[39m                                           │
[INFO] [stdout]           4 │+│   2. 1                                           │
[INFO] [stdout]           5 │+│   3. 2                                           │
[INFO] [stdout]           6 │+│   4. 3                                           │
[INFO] [stdout]           7 │+│   5. 4                                           │
[INFO] [stdout]           8 │+│   6. 5                                           │
[INFO] [stdout]           9 │+│   7. 6                                           │
[INFO] [stdout]          10 │+│   8. 7                                           │
[INFO] [stdout]          11 │+│   9. 8                                           │
[INFO] [stdout]          12 │+│  10. 9                                           │
[INFO] [stdout]          13 │+│  11. 10                                          │
[INFO] [stdout]          14 │+│  12. 11                                          │
[INFO] [stdout]          15 │+│  13. 12                                          │
[INFO] [stdout]          16 │+│  14. 13                                          │
[INFO] [stdout]          17 │+│[38;5;8m(Move up and down to reveal more choices)[39m         │
[INFO] [stdout]          18 │+│[38;5;0m[48;5;7m [39m[49m                                                 │
[INFO] [stdout]          19 │+│                                                  │
[INFO] [stdout]          20 │+│                                                  │
[INFO] [stdout]          21 │+└──────────────────────────────────────────────────┘
[INFO] [stdout] ────────────┴─────────────────────────────────────────────────────────────
[INFO] [stdout] 
[INFO] [stdout] thread 'question::order_select::tests::pagination::test_render' (3752) panicked at src/question/order_select/tests.rs:127:1:
[INFO] [stdout] called `Result::unwrap()` on an `Err` value: Os { code: 30, kind: ReadOnlyFilesystem, message: "Read-only file system" }
[INFO] [stdout] stack backtrace:
[INFO] [stdout]    0:     0x650776cf46a1 - <<std[617be2ca0a6fd877]::sys::backtrace::BacktraceLock>::print::DisplayBacktrace as core[a373ad73a504971]::fmt::Display>::fmt
[INFO] [stdout]    1:     0x650776d0b34a - core[a373ad73a504971]::fmt::write
[INFO] [stdout]    2:     0x650776cf89fc - <alloc[2e1b2a31b91974c5]::vec::Vec<u8> as core[a373ad73a504971]::io::write::Write>::write_fmt
[INFO] [stdout]    3:     0x650776ccf646 - std[617be2ca0a6fd877]::panicking::default_hook::{closure#0}
[INFO] [stdout]    4:     0x650776ceca29 - std[617be2ca0a6fd877]::panicking::default_hook
[INFO] [stdout]    5:     0x650776c77230 - test[aada8e7e76ba119b]::test_main_inner::{closure#0}
[INFO] [stdout]    6:     0x650776cecbe2 - std[617be2ca0a6fd877]::panicking::panic_with_hook
[INFO] [stdout]    7:     0x650776ccf6f2 - std[617be2ca0a6fd877]::panicking::panic_handler::{closure#0}
[INFO] [stdout]    8:     0x650776cc82b9 - std[617be2ca0a6fd877]::sys::backtrace::__rust_end_short_backtrace::<std[617be2ca0a6fd877]::panicking::panic_handler::{closure#0}, !>
[INFO] [stdout]    9:     0x650776cd02fd - __rustc[ea4f61d10b84890b]::rust_begin_unwind
[INFO] [stdout]   10:     0x650776d0baac - core[a373ad73a504971]::panicking::panic_fmt
[INFO] [stdout]   11:     0x650776d0b882 - core[a373ad73a504971]::result::unwrap_failed
[INFO] [stdout]   12:     0x650776be0361 - <std[617be2ca0a6fd877]::thread::local::LocalKey<core[a373ad73a504971]::cell::RefCell<insta[d18d9398d98e5031]::settings::Settings>>>::with::<<insta[d18d9398d98e5031]::settings::Settings>::bind<requestty[2804316ab6ddec0c]::question::order_select::tests::pagination::test_render::{closure#1}>::{closure#0}, ()>
[INFO] [stdout]   13:     0x650776bed137 - <requestty[2804316ab6ddec0c]::question::order_select::tests::pagination::test_render::{closure#0} as core[a373ad73a504971]::ops::function::FnOnce<()>>::call_once
[INFO] [stdout]   14:     0x650776c6a67b - test[aada8e7e76ba119b]::__rust_begin_short_backtrace::<core[a373ad73a504971]::result::Result<(), alloc[2e1b2a31b91974c5]::string::String>, fn() -> core[a373ad73a504971]::result::Result<(), alloc[2e1b2a31b91974c5]::string::String>>
[INFO] [stdout]   15:     0x650776c77855 - test[aada8e7e76ba119b]::run_test::{closure#0}
[INFO] [stdout]   16:     0x650776c71144 - std[617be2ca0a6fd877]::sys::backtrace::__rust_begin_short_backtrace::<test[aada8e7e76ba119b]::run_test::{closure#1}, ()>
[INFO] [stdout]   17:     0x650776c7a8e2 - <std[617be2ca0a6fd877]::thread::lifecycle::spawn_unchecked<test[aada8e7e76ba119b]::run_test::{closure#1}, ()>::{closure#1} as core[a373ad73a504971]::ops::function::FnOnce<()>>::call_once::{shim:vtable#0}
[INFO] [stdout]   18:     0x650776cf3ecf - <std[617be2ca0a6fd877]::sys::thread::unix::Thread>::new::thread_start
[INFO] [stdout]   19:     0x7d2c51b91dfa - <unknown>
[INFO] [stdout]   20:     0x7d2c51c253d4 - clone
[INFO] [stdout]   21:                0x0 - <unknown>
[INFO] [stdout] 
[INFO] [stdout] ---- question::order_select::tests::basic::test_render stdout ----
[INFO] [stdout] ━━━━━━━━━━━━━━━━━━━━━━━━━━ Snapshot Differences ━━━━━━━━━━━━━━━━━━━━━━━━━━
[INFO] [stdout] Snapshot file: crossterm-snapshots/requestty__question__order_select__tests__basic__render.snap
[INFO] [stdout] Snapshot: render
[INFO] [stdout] Source: src/question/order_select/tests.rs:120
[INFO] [stdout] +new results
[INFO] [stdout] ──────────────────────────────────────────────────────────────────────────
[INFO] [stdout] backend
[INFO] [stdout] ────────────┬─────────────────────────────────────────────────────────────
[INFO] [stdout]           0 │+┌──────────────────────────────────────────────────┐
[INFO] [stdout]           1 │+│     [38;5;10m? [1m[39mmessage[22m [38;5;8m(Press <space> to take and place an[39m│
[INFO] [stdout]           2 │+│[38;5;8m option)[39m                                          │
[INFO] [stdout]           3 │+│[38;5;6m❯  1. 0[39m                                           │
[INFO] [stdout]           4 │+│   2. 1                                           │
[INFO] [stdout]           5 │+│   3. 2                                           │
[INFO] [stdout]           6 │+│   4. 3                                           │
[INFO] [stdout]           7 │+│   5. 4                                           │
[INFO] [stdout]           8 │+│   6. 5                                           │
[INFO] [stdout]           9 │+│   7. 6                                           │
[INFO] [stdout]          10 │+│   8. 7                                           │
[INFO] [stdout]          11 │+│   9. 8                                           │
[INFO] [stdout]          12 │+│  10. 9                                           │
[INFO] [stdout]          13 │+│[38;5;0m[48;5;7m [39m[49m                                                 │
[INFO] [stdout]          14 │+│                                                  │
[INFO] [stdout]          15 │+│                                                  │
[INFO] [stdout]          16 │+│                                                  │
[INFO] [stdout]          17 │+│                                                  │
[INFO] [stdout]          18 │+│                                                  │
[INFO] [stdout]          19 │+│                                                  │
[INFO] [stdout]          20 │+│                                                  │
[INFO] [stdout]          21 │+└──────────────────────────────────────────────────┘
[INFO] [stdout] ────────────┴─────────────────────────────────────────────────────────────
[INFO] [stdout] 
[INFO] [stdout] thread 'question::order_select::tests::basic::test_render' (3724) panicked at src/question/order_select/tests.rs:120:1:
[INFO] [stdout] called `Result::unwrap()` on an `Err` value: Os { code: 30, kind: ReadOnlyFilesystem, message: "Read-only file system" }
[INFO] [stdout] stack backtrace:
[INFO] [stdout]    0:     0x650776cf46a1 - <<std[617be2ca0a6fd877]::sys::backtrace::BacktraceLock>::print::DisplayBacktrace as core[a373ad73a504971]::fmt::Display>::fmt
[INFO] [stdout]    1:     0x650776d0b34a - core[a373ad73a504971]::fmt::write
[INFO] [stdout]    2:     0x650776cf89fc - <alloc[2e1b2a31b91974c5]::vec::Vec<u8> as core[a373ad73a504971]::io::write::Write>::write_fmt
[INFO] [stdout]    3:     0x650776ccf646 - std[617be2ca0a6fd877]::panicking::default_hook::{closure#0}
[INFO] [stdout]    4:     0x650776ceca29 - std[617be2ca0a6fd877]::panicking::default_hook
[INFO] [stdout]    5:     0x650776c77230 - test[aada8e7e76ba119b]::test_main_inner::{closure#0}
[INFO] [stdout]    6:     0x650776cecbe2 - std[617be2ca0a6fd877]::panicking::panic_with_hook
[INFO] [stdout]    7:     0x650776ccf6f2 - std[617be2ca0a6fd877]::panicking::panic_handler::{closure#0}
[INFO] [stdout]    8:     0x650776cc82b9 - std[617be2ca0a6fd877]::sys::backtrace::__rust_end_short_backtrace::<std[617be2ca0a6fd877]::panicking::panic_handler::{closure#0}, !>
[INFO] [stdout]    9:     0x650776cd02fd - __rustc[ea4f61d10b84890b]::rust_begin_unwind
[INFO] [stdout]   10:     0x650776d0baac - core[a373ad73a504971]::panicking::panic_fmt
[INFO] [stdout]   11:     0x650776d0b882 - core[a373ad73a504971]::result::unwrap_failed
[INFO] [stdout]   12:     0x650776be05a1 - <std[617be2ca0a6fd877]::thread::local::LocalKey<core[a373ad73a504971]::cell::RefCell<insta[d18d9398d98e5031]::settings::Settings>>>::with::<<insta[d18d9398d98e5031]::settings::Settings>::bind<requestty[2804316ab6ddec0c]::question::order_select::tests::basic::test_render::{closure#1}>::{closure#0}, ()>
[INFO] [stdout]   13:     0x650776bf7117 - <requestty[2804316ab6ddec0c]::question::order_select::tests::basic::test_render::{closure#0} as core[a373ad73a504971]::ops::function::FnOnce<()>>::call_once
[INFO] [stdout]   14:     0x650776c6a67b - test[aada8e7e76ba119b]::__rust_begin_short_backtrace::<core[a373ad73a504971]::result::Result<(), alloc[2e1b2a31b91974c5]::string::String>, fn() -> core[a373ad73a504971]::result::Result<(), alloc[2e1b2a31b91974c5]::string::String>>
[INFO] [stdout]   15:     0x650776c77855 - test[aada8e7e76ba119b]::run_test::{closure#0}
[INFO] [stdout]   16:     0x650776c71144 - std[617be2ca0a6fd877]::sys::backtrace::__rust_begin_short_backtrace::<test[aada8e7e76ba119b]::run_test::{closure#1}, ()>
[INFO] [stdout]   17:     0x650776c7a8e2 - <std[617be2ca0a6fd877]::thread::lifecycle::spawn_unchecked<test[aada8e7e76ba119b]::run_test::{closure#1}, ()>::{closure#1} as core[a373ad73a504971]::ops::function::FnOnce<()>>::call_once::{shim:vtable#0}
[INFO] [stdout]   18:     0x650776cf3ecf - <std[617be2ca0a6fd877]::sys::thread::unix::Thread>::new::thread_start
[INFO] [stdout]   19:     0x7d2c51b91dfa - <unknown>
[INFO] [stdout]   20:     0x7d2c51c253d4 - clone
[INFO] [stdout]   21:                0x0 - <unknown>
[INFO] [stdout] 
[INFO] [stdout] ---- question::password::tests::test_render stdout ----
[INFO] [stdout] ━━━━━━━━━━━━━━━━━━━━━━━━━━ Snapshot Differences ━━━━━━━━━━━━━━━━━━━━━━━━━━
[INFO] [stdout] Snapshot file: crossterm-snapshots/requestty__question__password__tests__no_mask-1.snap
[INFO] [stdout] Snapshot: no_mask-1
[INFO] [stdout] Source: src/question/password.rs:364
[INFO] [stdout] +new results
[INFO] [stdout] ──────────────────────────────────────────────────────────────────────────
[INFO] [stdout] backend
[INFO] [stdout] ────────────┬─────────────────────────────────────────────────────────────
[INFO] [stdout]           0 │+┌──────────────────────────────────────────────────┐
[INFO] [stderr] error: test failed, to rerun pass `--lib`
[INFO] [stdout]           1 │+│     [38;5;10m? [1m[39mmessage[22m [38;5;8m[input is hidden][39m [38;5;0m[48;5;7m [39m[49m                │
[INFO] [stdout]           2 │+│                                                  │
[INFO] [stdout]           3 │+│                                                  │
[INFO] [stdout]           4 │+│                                                  │
[INFO] [stdout]           5 │+│                                                  │
[INFO] [stdout]           6 │+│                                                  │
[INFO] [stdout]           7 │+│                                                  │
[INFO] [stdout]           8 │+│                                                  │
[INFO] [stdout]           9 │+│                                                  │
[INFO] [stdout]          10 │+│                                                  │
[INFO] [stdout]          11 │+│                                                  │
[INFO] [stdout]          12 │+│                                                  │
[INFO] [stdout]          13 │+│                                                  │
[INFO] [stdout]          14 │+│                                                  │
[INFO] [stdout]          15 │+│                                                  │
[INFO] [stdout]          16 │+│                                                  │
[INFO] [stdout]          17 │+│                                                  │
[INFO] [stdout]          18 │+│                                                  │
[INFO] [stdout]          19 │+│                                                  │
[INFO] [stdout]          20 │+│                                                  │
[INFO] [stdout]          21 │+└──────────────────────────────────────────────────┘
[INFO] [stdout] ────────────┴─────────────────────────────────────────────────────────────
[INFO] [stdout] 
[INFO] [stdout] thread 'question::password::tests::test_render' (3851) panicked at src/question/password.rs:364:13:
[INFO] [stdout] called `Result::unwrap()` on an `Err` value: Os { code: 30, kind: ReadOnlyFilesystem, message: "Read-only file system" }
[INFO] [stdout] stack backtrace:
[INFO] [stdout]    0:     0x650776cf46a1 - <<std[617be2ca0a6fd877]::sys::backtrace::BacktraceLock>::print::DisplayBacktrace as core[a373ad73a504971]::fmt::Display>::fmt
[INFO] [stdout]    1:     0x650776d0b34a - core[a373ad73a504971]::fmt::write
[INFO] [stdout]    2:     0x650776cf89fc - <alloc[2e1b2a31b91974c5]::vec::Vec<u8> as core[a373ad73a504971]::io::write::Write>::write_fmt
[INFO] [stdout]    3:     0x650776ccf646 - std[617be2ca0a6fd877]::panicking::default_hook::{closure#0}
[INFO] [stdout]    4:     0x650776ceca29 - std[617be2ca0a6fd877]::panicking::default_hook
[INFO] [stdout]    5:     0x650776c77230 - test[aada8e7e76ba119b]::test_main_inner::{closure#0}
[INFO] [stdout]    6:     0x650776cecbe2 - std[617be2ca0a6fd877]::panicking::panic_with_hook
[INFO] [stdout]    7:     0x650776ccf6f2 - std[617be2ca0a6fd877]::panicking::panic_handler::{closure#0}
[INFO] [stdout]    8:     0x650776cc82b9 - std[617be2ca0a6fd877]::sys::backtrace::__rust_end_short_backtrace::<std[617be2ca0a6fd877]::panicking::panic_handler::{closure#0}, !>
[INFO] [stdout]    9:     0x650776cd02fd - __rustc[ea4f61d10b84890b]::rust_begin_unwind
[INFO] [stdout]   10:     0x650776d0baac - core[a373ad73a504971]::panicking::panic_fmt
[INFO] [stdout]   11:     0x650776d0b882 - core[a373ad73a504971]::result::unwrap_failed
[INFO] [stdout]   12:     0x650776bdfa62 - <std[617be2ca0a6fd877]::thread::local::LocalKey<core[a373ad73a504971]::cell::RefCell<insta[d18d9398d98e5031]::settings::Settings>>>::with::<<insta[d18d9398d98e5031]::settings::Settings>::bind<requestty[2804316ab6ddec0c]::question::password::tests::test_render::{closure#1}>::{closure#0}, ()>
[INFO] [stdout]   13:     0x650776bf5645 - <requestty[2804316ab6ddec0c]::question::password::tests::test_render::{closure#0} as core[a373ad73a504971]::ops::function::FnOnce<()>>::call_once
[INFO] [stdout]   14:     0x650776c6a67b - test[aada8e7e76ba119b]::__rust_begin_short_backtrace::<core[a373ad73a504971]::result::Result<(), alloc[2e1b2a31b91974c5]::string::String>, fn() -> core[a373ad73a504971]::result::Result<(), alloc[2e1b2a31b91974c5]::string::String>>
[INFO] [stdout]   15:     0x650776c77855 - test[aada8e7e76ba119b]::run_test::{closure#0}
[INFO] [stdout]   16:     0x650776c71144 - std[617be2ca0a6fd877]::sys::backtrace::__rust_begin_short_backtrace::<test[aada8e7e76ba119b]::run_test::{closure#1}, ()>
[INFO] [stdout]   17:     0x650776c7a8e2 - <std[617be2ca0a6fd877]::thread::lifecycle::spawn_unchecked<test[aada8e7e76ba119b]::run_test::{closure#1}, ()>::{closure#1} as core[a373ad73a504971]::ops::function::FnOnce<()>>::call_once::{shim:vtable#0}
[INFO] [stdout]   18:     0x650776cf3ecf - <std[617be2ca0a6fd877]::sys::thread::unix::Thread>::new::thread_start
[INFO] [stdout]   19:     0x7d2c51b91dfa - <unknown>
[INFO] [stdout]   20:     0x7d2c51c253d4 - clone
[INFO] [stdout]   21:                0x0 - <unknown>
[INFO] [stdout] 
[INFO] [stdout] ---- question::select::tests::pagination::test_render stdout ----
[INFO] [stdout] ━━━━━━━━━━━━━━━━━━━━━━━━━━ Snapshot Differences ━━━━━━━━━━━━━━━━━━━━━━━━━━
[INFO] [stdout] Snapshot file: crossterm-snapshots/requestty__question__select__tests__pagination__render.snap
[INFO] [stdout] Snapshot: render
[INFO] [stdout] Source: src/question/select/tests.rs:125
[INFO] [stdout] +new results
[INFO] [stdout] ──────────────────────────────────────────────────────────────────────────
[INFO] [stdout] backend
[INFO] [stdout] ────────────┬─────────────────────────────────────────────────────────────
[INFO] [stdout]           0 │+┌──────────────────────────────────────────────────┐
[INFO] [stdout]           1 │+│     [38;5;10m? [1m[39mmessage[22m [38;5;8m›[39m                                  │
[INFO] [stdout]           2 │+│  Choice 0                                        │
[INFO] [stdout]           3 │+│  [38;5;8mSeparator 1[39m                                     │
[INFO] [stdout]           4 │+│  [38;5;8m──────────────[39m                                  │
[INFO] [stdout]           5 │+│  Choice 3                                        │
[INFO] [stdout]           6 │+│  Choice 4                                        │
[INFO] [stdout]           7 │+│  [38;5;8mSeparator 5[39m                                     │
[INFO] [stdout]           8 │+│[38;5;6m❯ Choice 6[39m                                        │
[INFO] [stdout]           9 │+│  Choice 7                                        │
[INFO] [stdout]          10 │+│  Choice 8                                        │
[INFO] [stdout]          11 │+│  Choice 9                                        │
[INFO] [stdout]          12 │+│  Choice 10                                       │
[INFO] [stdout]          13 │+│  Choice 11                                       │
[INFO] [stdout]          14 │+│  [38;5;8mSeparator 12[39m                                    │
[INFO] [stdout]          15 │+│  Choice 13                                       │
[INFO] [stdout]          16 │+│[38;5;8m(Move up and down to reveal more choices)[39m         │
[INFO] [stdout]          17 │+│[38;5;0m[48;5;7m [39m[49m                                                 │
[INFO] [stdout]          18 │+│                                                  │
[INFO] [stdout]          19 │+│                                                  │
[INFO] [stdout]          20 │+│                                                  │
[INFO] [stdout]          21 │+└──────────────────────────────────────────────────┘
[INFO] [stdout] ────────────┴─────────────────────────────────────────────────────────────
[INFO] [stdout] 
[INFO] [stdout] thread 'question::select::tests::pagination::test_render' (4125) panicked at src/question/select/tests.rs:125:1:
[INFO] [stdout] called `Result::unwrap()` on an `Err` value: Os { code: 30, kind: ReadOnlyFilesystem, message: "Read-only file system" }
[INFO] [stdout] stack backtrace:
[INFO] [stdout]    0:     0x650776cf46a1 - <<std[617be2ca0a6fd877]::sys::backtrace::BacktraceLock>::print::DisplayBacktrace as core[a373ad73a504971]::fmt::Display>::fmt
[INFO] [stdout]    1:     0x650776d0b34a - core[a373ad73a504971]::fmt::write
[INFO] [stdout]    2:     0x650776cf89fc - <alloc[2e1b2a31b91974c5]::vec::Vec<u8> as core[a373ad73a504971]::io::write::Write>::write_fmt
[INFO] [stdout]    3:     0x650776ccf646 - std[617be2ca0a6fd877]::panicking::default_hook::{closure#0}
[INFO] [stdout]    4:     0x650776ceca29 - std[617be2ca0a6fd877]::panicking::default_hook
[INFO] [stdout]    5:     0x650776c77230 - test[aada8e7e76ba119b]::test_main_inner::{closure#0}
[INFO] [stdout]    6:     0x650776cecbe2 - std[617be2ca0a6fd877]::panicking::panic_with_hook
[INFO] [stdout]    7:     0x650776ccf6f2 - std[617be2ca0a6fd877]::panicking::panic_handler::{closure#0}
[INFO] [stdout]    8:     0x650776cc82b9 - std[617be2ca0a6fd877]::sys::backtrace::__rust_end_short_backtrace::<std[617be2ca0a6fd877]::panicking::panic_handler::{closure#0}, !>
[INFO] [stdout]    9:     0x650776cd02fd - __rustc[ea4f61d10b84890b]::rust_begin_unwind
[INFO] [stdout]   10:     0x650776d0baac - core[a373ad73a504971]::panicking::panic_fmt
[INFO] [stdout]   11:     0x650776d0b882 - core[a373ad73a504971]::result::unwrap_failed
[INFO] [stdout]   12:     0x650776be11a1 - <std[617be2ca0a6fd877]::thread::local::LocalKey<core[a373ad73a504971]::cell::RefCell<insta[d18d9398d98e5031]::settings::Settings>>>::with::<<insta[d18d9398d98e5031]::settings::Settings>::bind<requestty[2804316ab6ddec0c]::question::select::tests::pagination::test_render::{closure#1}>::{closure#0}, ()>
[INFO] [stdout]   13:     0x650776c04a8c - <requestty[2804316ab6ddec0c]::question::select::tests::pagination::test_render::{closure#0} as core[a373ad73a504971]::ops::function::FnOnce<()>>::call_once
[INFO] [stdout]   14:     0x650776c6a67b - test[aada8e7e76ba119b]::__rust_begin_short_backtrace::<core[a373ad73a504971]::result::Result<(), alloc[2e1b2a31b91974c5]::string::String>, fn() -> core[a373ad73a504971]::result::Result<(), alloc[2e1b2a31b91974c5]::string::String>>
[INFO] [stdout]   15:     0x650776c77855 - test[aada8e7e76ba119b]::run_test::{closure#0}
[INFO] [stdout]   16:     0x650776c71144 - std[617be2ca0a6fd877]::sys::backtrace::__rust_begin_short_backtrace::<test[aada8e7e76ba119b]::run_test::{closure#1}, ()>
[INFO] [stdout]   17:     0x650776c7a8e2 - <std[617be2ca0a6fd877]::thread::lifecycle::spawn_unchecked<test[aada8e7e76ba119b]::run_test::{closure#1}, ()>::{closure#1} as core[a373ad73a504971]::ops::function::FnOnce<()>>::call_once::{shim:vtable#0}
[INFO] [stdout]   18:     0x650776cf3ecf - <std[617be2ca0a6fd877]::sys::thread::unix::Thread>::new::thread_start
[INFO] [stdout]   19:     0x7d2c51b91dfa - <unknown>
[INFO] [stdout]   20:     0x7d2c51c253d4 - clone
[INFO] [stdout]   21:                0x0 - <unknown>
[INFO] [stdout] 
[INFO] [stdout] ---- question::select::tests::basic::test_render stdout ----
[INFO] [stdout] ━━━━━━━━━━━━━━━━━━━━━━━━━━ Snapshot Differences ━━━━━━━━━━━━━━━━━━━━━━━━━━
[INFO] [stdout] Snapshot file: crossterm-snapshots/requestty__question__select__tests__basic__render.snap
[INFO] [stdout] Snapshot: render
[INFO] [stdout] Source: src/question/select/tests.rs:118
[INFO] [stdout] +new results
[INFO] [stdout] ──────────────────────────────────────────────────────────────────────────
[INFO] [stdout] backend
[INFO] [stdout] ────────────┬─────────────────────────────────────────────────────────────
[INFO] [stdout]           0 │+┌──────────────────────────────────────────────────┐
[INFO] [stdout]           1 │+│     [38;5;10m? [1m[39mmessage[22m [38;5;8m›[39m                                  │
[INFO] [stdout]           2 │+│[38;5;6m❯ Choice 0[39m                                        │
[INFO] [stdout]           3 │+│  [38;5;8mSeparator 1[39m                                     │
[INFO] [stdout]           4 │+│  [38;5;8m──────────────[39m                                  │
[INFO] [stdout]           5 │+│  Choice 3                                        │
[INFO] [stdout]           6 │+│  Choice 4                                        │
[INFO] [stdout]           7 │+│  [38;5;8mSeparator 5[39m                                     │
[INFO] [stdout]           8 │+│  Choice 6                                        │
[INFO] [stdout]           9 │+│  Choice 7                                        │
[INFO] [stdout]          10 │+│  Choice 8                                        │
[INFO] [stdout]          11 │+│  Choice 9                                        │
[INFO] [stdout]          12 │+│[38;5;0m[48;5;7m [39m[49m                                                 │
[INFO] [stdout]          13 │+│                                                  │
[INFO] [stdout]          14 │+│                                                  │
[INFO] [stdout]          15 │+│                                                  │
[INFO] [stdout]          16 │+│                                                  │
[INFO] [stdout]          17 │+│                                                  │
[INFO] [stdout]          18 │+│                                                  │
[INFO] [stdout]          19 │+│                                                  │
[INFO] [stdout]          20 │+│                                                  │
[INFO] [stdout]          21 │+└──────────────────────────────────────────────────┘
[INFO] [stdout] ────────────┴─────────────────────────────────────────────────────────────
[INFO] [stdout] 
[INFO] [stdout] thread 'question::select::tests::basic::test_render' (4122) panicked at src/question/select/tests.rs:118:1:
[INFO] [stdout] called `Result::unwrap()` on an `Err` value: Os { code: 30, kind: ReadOnlyFilesystem, message: "Read-only file system" }
[INFO] [stdout] stack backtrace:
[INFO] [stdout]    0:     0x650776cf46a1 - <<std[617be2ca0a6fd877]::sys::backtrace::BacktraceLock>::print::DisplayBacktrace as core[a373ad73a504971]::fmt::Display>::fmt
[INFO] [stdout]    1:     0x650776d0b34a - core[a373ad73a504971]::fmt::write
[INFO] [stdout]    2:     0x650776cf89fc - <alloc[2e1b2a31b91974c5]::vec::Vec<u8> as core[a373ad73a504971]::io::write::Write>::write_fmt
[INFO] [stdout]    3:     0x650776ccf646 - std[617be2ca0a6fd877]::panicking::default_hook::{closure#0}
[INFO] [stdout]    4:     0x650776ceca29 - std[617be2ca0a6fd877]::panicking::default_hook
[INFO] [stdout]    5:     0x650776c77230 - test[aada8e7e76ba119b]::test_main_inner::{closure#0}
[INFO] [stdout]    6:     0x650776cecbe2 - std[617be2ca0a6fd877]::panicking::panic_with_hook
[INFO] [stdout]    7:     0x650776ccf6f2 - std[617be2ca0a6fd877]::panicking::panic_handler::{closure#0}
[INFO] [stdout]    8:     0x650776cc82b9 - std[617be2ca0a6fd877]::sys::backtrace::__rust_end_short_backtrace::<std[617be2ca0a6fd877]::panicking::panic_handler::{closure#0}, !>
[INFO] [stdout]    9:     0x650776cd02fd - __rustc[ea4f61d10b84890b]::rust_begin_unwind
[INFO] [stdout]   10:     0x650776d0baac - core[a373ad73a504971]::panicking::panic_fmt
[INFO] [stdout]   11:     0x650776d0b882 - core[a373ad73a504971]::result::unwrap_failed
[INFO] [stdout]   12:     0x650776be13e1 - <std[617be2ca0a6fd877]::thread::local::LocalKey<core[a373ad73a504971]::cell::RefCell<insta[d18d9398d98e5031]::settings::Settings>>>::with::<<insta[d18d9398d98e5031]::settings::Settings>::bind<requestty[2804316ab6ddec0c]::question::select::tests::basic::test_render::{closure#1}>::{closure#0}, ()>
[INFO] [stdout]   13:     0x650776bf0cdd - <requestty[2804316ab6ddec0c]::question::select::tests::basic::test_render::{closure#0} as core[a373ad73a504971]::ops::function::FnOnce<()>>::call_once
[INFO] [stdout]   14:     0x650776c6a67b - test[aada8e7e76ba119b]::__rust_begin_short_backtrace::<core[a373ad73a504971]::result::Result<(), alloc[2e1b2a31b91974c5]::string::String>, fn() -> core[a373ad73a504971]::result::Result<(), alloc[2e1b2a31b91974c5]::string::String>>
[INFO] [stdout]   15:     0x650776c77855 - test[aada8e7e76ba119b]::run_test::{closure#0}
[INFO] [stdout]   16:     0x650776c71144 - std[617be2ca0a6fd877]::sys::backtrace::__rust_begin_short_backtrace::<test[aada8e7e76ba119b]::run_test::{closure#1}, ()>
[INFO] [stdout]   17:     0x650776c7a8e2 - <std[617be2ca0a6fd877]::thread::lifecycle::spawn_unchecked<test[aada8e7e76ba119b]::run_test::{closure#1}, ()>::{closure#1} as core[a373ad73a504971]::ops::function::FnOnce<()>>::call_once::{shim:vtable#0}
[INFO] [stdout]   18:     0x650776cf3ecf - <std[617be2ca0a6fd877]::sys::thread::unix::Thread>::new::thread_start
[INFO] [stdout]   19:     0x7d2c51b91dfa - <unknown>
[INFO] [stdout]   20:     0x7d2c51c253d4 - clone
[INFO] [stdout]   21:                0x0 - <unknown>
[INFO] [stdout] 
[INFO] [stdout] 
[INFO] [stdout] failures:
[INFO] [stdout]     question::confirm::tests::test_render
[INFO] [stdout]     question::expand::tests::test_render
[INFO] [stdout]     question::input::tests::test_render
[INFO] [stdout]     question::multi_select::tests::basic::test_render
[INFO] [stdout]     question::multi_select::tests::pagination::test_render
[INFO] [stdout]     question::multi_select::tests::with_default::test_render
[INFO] [stdout]     question::number::tests::float::test_render
[INFO] [stdout]     question::number::tests::int::test_render
[INFO] [stdout]     question::order_select::tests::basic::test_render
[INFO] [stdout]     question::order_select::tests::pagination::test_render
[INFO] [stdout]     question::password::tests::test_render
[INFO] [stdout]     question::raw_select::tests::test_render
[INFO] [stdout]     question::select::tests::basic::test_render
[INFO] [stdout]     question::select::tests::pagination::test_render
[INFO] [stdout] 
[INFO] [stdout] test result: FAILED. 25 passed; 14 failed; 0 ignored; 0 measured; 0 filtered out; finished in 1.97s
[INFO] [stdout] 
[INFO] running `Command { std: "docker" "inspect" "6b2be2189f9a0f517dc7567a92fc043610472a10eafb3e250312034fa2ddf79c", kill_on_drop: false }`
[INFO] running `Command { std: "docker" "rm" "-f" "6b2be2189f9a0f517dc7567a92fc043610472a10eafb3e250312034fa2ddf79c", kill_on_drop: false }`
[INFO] [stdout] 6b2be2189f9a0f517dc7567a92fc043610472a10eafb3e250312034fa2ddf79c
