[INFO] fetching crate reqrs 0.2.2...
[INFO] testing reqrs-0.2.2 against 1.100.0-beta.1+cargoflags=--release for beta-release-1.100-2
[INFO] extracting crate reqrs 0.2.2 into /workspace/builds/worker-4-tc2/source
[INFO] started tweaking crates.io crate reqrs 0.2.2
[INFO] removed 0 missing tests
[INFO] finished tweaking crates.io crate reqrs 0.2.2
[INFO] tweaked toml for crates.io crate reqrs 0.2.2 written to /workspace/builds/worker-4-tc2/source/Cargo.toml
[INFO] validating manifest of crates.io crate reqrs 0.2.2 on toolchain 1.100.0-beta.1
[INFO] running `Command { std: CARGO_HOME="/workspace/cargo-home" RUSTUP_HOME="/workspace/rustup-home" "/workspace/cargo-home/bin/cargo" "+1.100.0-beta.1" "metadata" "--manifest-path" "Cargo.toml" "--no-deps", kill_on_drop: false }`
[INFO] crate crates.io crate reqrs 0.2.2 already has a lockfile, it will not be regenerated
[INFO] running `Command { std: CARGO_HOME="/workspace/cargo-home" RUSTUP_HOME="/workspace/rustup-home" "/workspace/cargo-home/bin/cargo" "+1.100.0-beta.1" "fetch" "--manifest-path" "Cargo.toml", kill_on_drop: false }`
[INFO] [stderr] warning: `package.homepage` is redundant with `package.repository`
[INFO] [stderr]   --> Cargo.toml:47:12
[INFO] [stderr]    |
[INFO] [stderr] 47 | homepage = "https://github.com/patdhlk/reqrs"
[INFO] [stderr]    |            ^^^^^^^^^^^^^^^^^^^^^^^^^^^^^^^^^^
[INFO] [stderr] ...
[INFO] [stderr] 52 | repository = "https://github.com/patdhlk/reqrs"
[INFO] [stderr]    |              ----------------------------------
[INFO] [stderr]    |
[INFO] [stderr]    = note: `cargo::redundant_homepage` is set to `warn` by default
[INFO] [stderr] help: consider removing `package.homepage`
[INFO] [stderr] warning: `reqrs` (manifest) generated 1 warning
[INFO] running `Command { std: "docker" "create" "-v" "/var/lib/crater-agent-workspace/builds/worker-4-tc2/source:/opt/rustwide/workdir:ro,Z" "-v" "/var/lib/crater-agent-workspace/builds/worker-4-tc2/target:/opt/rustwide/target:rw,Z" "-v" "/var/lib/crater-agent-workspace/cargo-home:/opt/rustwide/cargo-home:ro,Z" "-v" "/var/lib/crater-agent-workspace/rustup-home:/opt/rustwide/rustup-home:ro,Z" "-m" "1610612736" "--network" "none" "ghcr.io/rust-lang/crates-build-env/linux@sha256:77db811e55d90add9212f6832c23229e3de5f1c1f9905e8cb07319ea15df73ac" "sleep" "infinity", kill_on_drop: false }`
[INFO] [stdout] 6e321ef84f3cc677c800ac0790b1b9472f6e63be17039fdc92e124a73441d1bf
[INFO] running `Command { std: "docker" "start" "6e321ef84f3cc677c800ac0790b1b9472f6e63be17039fdc92e124a73441d1bf", kill_on_drop: false }`
[INFO] running `Command { std: "docker" "inspect" "6e321ef84f3cc677c800ac0790b1b9472f6e63be17039fdc92e124a73441d1bf", kill_on_drop: false }`
[INFO] running `Command { std: "docker" "exec" "-e" "SOURCE_DIR=/opt/rustwide/workdir" "-e" "CARGO_HOME=/opt/rustwide/cargo-home" "-e" "RUSTUP_HOME=/opt/rustwide/rustup-home" "-e" "CARGO_TARGET_DIR=/opt/rustwide/target" "-w" "/opt/rustwide/workdir" "--user" "0:0" "6e321ef84f3cc677c800ac0790b1b9472f6e63be17039fdc92e124a73441d1bf" "/opt/rustwide/cargo-home/bin/cargo" "+1.100.0-beta.1" "metadata" "--no-deps" "--format-version=1", kill_on_drop: false }`
[INFO] running `Command { std: "docker" "inspect" "6e321ef84f3cc677c800ac0790b1b9472f6e63be17039fdc92e124a73441d1bf", kill_on_drop: false }`
[INFO] running `Command { std: "docker" "exec" "-e" "SOURCE_DIR=/opt/rustwide/workdir" "-e" "CARGO_HOME=/opt/rustwide/cargo-home" "-e" "RUSTUP_HOME=/opt/rustwide/rustup-home" "-e" "CARGO_TARGET_DIR=/opt/rustwide/target" "-e" "CARGO_INCREMENTAL=0" "-e" "RUST_BACKTRACE=full" "-e" "RUSTFLAGS=--cap-lints=warn" "-e" "RUSTDOCFLAGS=--cap-lints=warn" "-w" "/opt/rustwide/workdir" "--user" "0:0" "6e321ef84f3cc677c800ac0790b1b9472f6e63be17039fdc92e124a73441d1bf" "/opt/rustwide/cargo-home/bin/cargo" "+1.100.0-beta.1" "build" "--frozen" "--message-format=json" "--release", kill_on_drop: false }`
[INFO] [stderr] warning: `package.homepage` is redundant with `package.repository`
[INFO] [stderr]   --> Cargo.toml:47:12
[INFO] [stderr]    |
[INFO] [stderr] 47 | homepage = "https://github.com/patdhlk/reqrs"
[INFO] [stderr]    |            ^^^^^^^^^^^^^^^^^^^^^^^^^^^^^^^^^^
[INFO] [stderr] ...
[INFO] [stderr] 52 | repository = "https://github.com/patdhlk/reqrs"
[INFO] [stderr]    |              ----------------------------------
[INFO] [stderr]    |
[INFO] [stderr]    = note: `cargo::redundant_homepage` is set to `warn` by default
[INFO] [stderr] help: consider removing `package.homepage`
[INFO] [stderr] warning: `reqrs` (manifest) generated 1 warning
[INFO] [stderr]    Compiling typenum v1.20.0
[INFO] [stderr]    Compiling simd-adler32 v0.3.9
[INFO] [stderr]    Compiling memchr v2.8.1
[INFO] [stderr]    Compiling libc v0.2.186
[INFO] [stderr]    Compiling getrandom v0.4.2
[INFO] [stderr]    Compiling zip v2.4.2
[INFO] [stderr]    Compiling bumpalo v3.20.3
[INFO] [stderr]    Compiling bitflags v2.11.1
[INFO] [stderr]    Compiling log v0.4.30
[INFO] [stderr]    Compiling fastrand v2.4.1
[INFO] [stderr]    Compiling syn v2.0.117
[INFO] [stderr]    Compiling include_dir_macros v0.7.4
[INFO] [stderr]    Compiling chrono v0.4.44
[INFO] [stderr]    Compiling miniz_oxide v0.8.9
[INFO] [stderr]    Compiling rustix v1.1.4
[INFO] [stderr]    Compiling include_dir v0.7.4
[INFO] [stderr]    Compiling zopfli v0.8.3
[INFO] [stderr]    Compiling flate2 v1.1.9
[INFO] [stderr]    Compiling quick-xml v0.36.2
[INFO] [stderr]    Compiling generic-array v0.14.7
[INFO] [stderr]    Compiling block-buffer v0.10.4
[INFO] [stderr]    Compiling crypto-common v0.1.7
[INFO] [stderr]    Compiling digest v0.10.7
[INFO] [stderr]    Compiling sha2 v0.10.9
[INFO] [stderr]    Compiling thiserror-impl v2.0.18
[INFO] [stderr]    Compiling displaydoc v0.2.6
[INFO] [stderr]    Compiling tempfile v3.27.0
[INFO] [stderr]    Compiling thiserror v2.0.18
[INFO] [stderr]    Compiling reqrs v0.2.2 (/opt/rustwide/workdir)
[INFO] [stderr]     Finished `release` profile [optimized] target(s) in 20.18s
[INFO] running `Command { std: "docker" "inspect" "6e321ef84f3cc677c800ac0790b1b9472f6e63be17039fdc92e124a73441d1bf", kill_on_drop: false }`
[INFO] running `Command { std: "docker" "exec" "-e" "SOURCE_DIR=/opt/rustwide/workdir" "-e" "CARGO_HOME=/opt/rustwide/cargo-home" "-e" "RUSTUP_HOME=/opt/rustwide/rustup-home" "-e" "CARGO_TARGET_DIR=/opt/rustwide/target" "-e" "CARGO_INCREMENTAL=0" "-e" "RUST_BACKTRACE=full" "-e" "RUSTFLAGS=--cap-lints=warn" "-e" "RUSTDOCFLAGS=--cap-lints=warn" "-w" "/opt/rustwide/workdir" "--user" "0:0" "6e321ef84f3cc677c800ac0790b1b9472f6e63be17039fdc92e124a73441d1bf" "/opt/rustwide/cargo-home/bin/cargo" "+1.100.0-beta.1" "test" "--frozen" "--no-run" "--message-format=json" "--release", kill_on_drop: false }`
[INFO] [stderr] warning: `package.homepage` is redundant with `package.repository`
[INFO] [stderr]   --> Cargo.toml:47:12
[INFO] [stderr]    |
[INFO] [stderr] 47 | homepage = "https://github.com/patdhlk/reqrs"
[INFO] [stderr]    |            ^^^^^^^^^^^^^^^^^^^^^^^^^^^^^^^^^^
[INFO] [stderr] ...
[INFO] [stderr] 52 | repository = "https://github.com/patdhlk/reqrs"
[INFO] [stderr]    |              ----------------------------------
[INFO] [stderr]    |
[INFO] [stderr]    = note: `cargo::redundant_homepage` is set to `warn` by default
[INFO] [stderr] help: consider removing `package.homepage`
[INFO] [stderr] warning: `reqrs` (manifest) generated 1 warning
[INFO] [stderr]    Compiling yansi v1.0.1
[INFO] [stderr]    Compiling diff v0.1.13
[INFO] [stderr]    Compiling pretty_assertions v1.4.1
[INFO] [stderr]    Compiling reqrs v0.2.2 (/opt/rustwide/workdir)
[INFO] [stderr]     Finished `release` profile [optimized] target(s) in 15.63s
[INFO] running `Command { std: "docker" "inspect" "6e321ef84f3cc677c800ac0790b1b9472f6e63be17039fdc92e124a73441d1bf", kill_on_drop: false }`
[INFO] running `Command { std: "docker" "exec" "-e" "SOURCE_DIR=/opt/rustwide/workdir" "-e" "CARGO_HOME=/opt/rustwide/cargo-home" "-e" "RUSTUP_HOME=/opt/rustwide/rustup-home" "-e" "CARGO_TARGET_DIR=/opt/rustwide/target" "-e" "CARGO_INCREMENTAL=0" "-e" "RUST_BACKTRACE=full" "-e" "RUSTFLAGS=--cap-lints=warn" "-e" "RUSTDOCFLAGS=--cap-lints=warn" "-w" "/opt/rustwide/workdir" "--user" "0:0" "6e321ef84f3cc677c800ac0790b1b9472f6e63be17039fdc92e124a73441d1bf" "/opt/rustwide/cargo-home/bin/cargo" "+1.100.0-beta.1" "test" "--frozen" "--release", kill_on_drop: false }`
[INFO] [stderr] warning: `package.homepage` is redundant with `package.repository`
[INFO] [stderr]   --> Cargo.toml:47:12
[INFO] [stderr]    |
[INFO] [stderr] 47 | homepage = "https://github.com/patdhlk/reqrs"
[INFO] [stderr]    |            ^^^^^^^^^^^^^^^^^^^^^^^^^^^^^^^^^^
[INFO] [stderr] ...
[INFO] [stderr] 52 | repository = "https://github.com/patdhlk/reqrs"
[INFO] [stderr]    |              ----------------------------------
[INFO] [stderr]    |
[INFO] [stderr]    = note: `cargo::redundant_homepage` is set to `warn` by default
[INFO] [stderr] help: consider removing `package.homepage`
[INFO] [stderr] warning: `reqrs` (manifest) generated 1 warning
[INFO] [stderr]     Finished `release` profile [optimized] target(s) in 0.13s
[INFO] [stderr]      Running unittests src/lib.rs (/opt/rustwide/target/release/build/reqrs/fa1519fdb1521b30/out/reqrs-fa1519fdb1521b30)
[INFO] [stdout] 
[INFO] [stdout] running 72 tests
[INFO] [stdout] test error::tests::location_need_display_with_field ... ok
[INFO] [stdout] test error::tests::location_xml_display_uses_byte_keyword ... ok
[INFO] [stdout] test helpers::datetime::tests::parse_explicit_offset ... ok
[INFO] [stdout] test helpers::datetime::tests::format_round_trips_through_parse ... ok
[INFO] [stdout] test error::tests::issue_display_with_context_appends_while_clause ... ok
[INFO] [stdout] test helpers::datetime::tests::parse_returns_datetime_error_on_garbage ... ok
[INFO] [stdout] test helpers::xhtml_indent::tests::already_canonical_body_round_trips_to_same_canonical_form ... ok
[INFO] [stdout] test helpers::xhtml_indent::tests::unindent_strips_16_space_runs_and_trims ... ok
[INFO] [stdout] test helpers::xhtml_indent::tests::unindent_then_indent_drops_outer_blank_lines ... ok
[INFO] [stdout] test error::tests::stable_codes_match_documented_assignments ... ok
[INFO] [stdout] test ids::tests::ids_are_distinct_types_but_share_string_eq ... ok
[INFO] [stdout] test helpers::datetime::tests::parse_utc_z_form ... ok
[INFO] [stdout] test error::tests::location_hierarchy_display_joins_with_slash ... ok
[INFO] [stdout] test model::attribute_value::tests::definition_ref_helper_returns_each_variant_ref ... ok
[INFO] [stdout] test model::attribute_value::tests::comments_before_helper_returns_each_variant_comments ... ok
[INFO] [stdout] test error::tests::location_need_display_without_field ... ok
[INFO] [stdout] test model::bundle::tests::get_spec_object_by_ref_delegates_to_lookup ... ok
[INFO] [stdout] test model::bundle::tests::get_spec_object_type_by_ref_returns_none_for_unknown_id ... ok
[INFO] [stdout] test model::bundle::tests::get_spec_object_type_by_ref_returns_some_for_spec_object_variant ... ok
[INFO] [stdout] test model::header::tests::creation_time_parsed_returns_none_when_absent ... ok
[INFO] [stdout] test model::lookup::tests::build_indexes_data_types_by_identifier ... ok
[INFO] [stdout] test helpers::xhtml_indent::tests::round_trip_through_unindent_then_indent_normalizes ... ok
[INFO] [stdout] test helpers::xhtml_indent::tests::indent_wraps_single_line_with_16_space_margin ... ok
[INFO] [stdout] test model::attribute_def::tests::enumeration_carries_multi_valued ... ok
[INFO] [stdout] test model::attribute_def::tests::identifier_helper_returns_per_variant_id ... ok
[INFO] [stdout] test ids::tests::display_round_trips_str ... ok
[INFO] [stdout] test model::header::tests::creation_time_parsed_returns_some_err_on_garbage ... ok
[INFO] [stdout] test model::lookup::tests::build_indexes_spec_objects_by_identifier ... ok
[INFO] [stdout] test model::lookup::tests::build_records_spec_relation_parent_chain ... ok
[INFO] [stdout] test model::lookup::tests::get_data_type_by_ref_returns_some_for_present_none_for_absent ... ok
[INFO] [stdout] test model::bundle::tests::get_spec_object_type_by_ref_returns_none_for_other_variant ... ok
[INFO] [stdout] test error::tests::expected_non_empty_element_display_names_parent ... ok
[INFO] [stdout] test model::header::tests::creation_time_parsed_returns_typed_datetime_on_well_formed_input ... ok
[INFO] [stdout] test error::tests::with_location_attaches_locator ... ok
[INFO] [stdout] test error::tests::issue_display_without_context_matches_kind ... ok
[INFO] [stdout] test model::spec_hierarchy::tests::iterator_is_empty_when_specification_has_no_children ... ok
[INFO] [stdout] test model::spec_hierarchy::tests::iterator_treats_empty_children_vec_as_no_descendants ... ok
[INFO] [stdout] test model::lookup::tests::spec_object_exists_distinguishes_present_and_absent ... ok
[INFO] [stdout] test model::spec_hierarchy::tests::iterator_yields_depth_first_in_source_order ... ok
[INFO] [stdout] test model::lookup::tests::get_spec_object_by_ref_returns_some_for_present_none_for_absent ... ok
[INFO] [stdout] test error::tests::issue_code_delegates_to_kind ... ok
[INFO] [stdout] test parse::reader::tests::buffer_position_advances_with_reads ... ok
[INFO] [stdout] test parse::reader::tests::capture_inner_raw_handles_nested_same_name ... ok
[INFO] [stdout] test error::tests::reqif_error_display_for_missing_attribute ... ok
[INFO] [stdout] test parse::reader::tests::optional_attr_returns_value_when_present ... ok
[INFO] [stdout] test model::spec_type::tests::spec_attributes_tri_state_is_addressable ... ok
[INFO] [stdout] test parse::reader::tests::skip_to_end_handles_nesting ... ok
[INFO] [stdout] test parse::driver::tests::sniff_xml_declaration_no_decl ... ok
[INFO] [stdout] test specification_iterator::tests::iterate_matches_depth_first_contract ... ok
[INFO] [stdout] test model::lookup::tests::get_spec_object_parents_returns_recorded_targets_for_known_source ... ok
[INFO] [stdout] test parse::reader::tests::required_attr_missing_returns_error ... ok
[INFO] [stdout] test parse::reader::tests::capture_inner_raw_preserves_bytes_inside_element ... ok
[INFO] [stdout] test parse::reader::tests::required_attr_returns_value ... ok
[INFO] [stdout] test unparse::driver::tests::opener_replays_attributes_in_order_when_present ... ok
[INFO] [stdout] test parse::driver::tests::sniff_xml_declaration_present_no_encoding ... ok
[INFO] [stdout] test parse::reader::tests::read_text_to_end_concatenates_text_and_cdata ... ok
[INFO] [stdout] test unparse::writer::tests::control_whitespace_in_attributes_is_escaped_as_char_refs ... ok
[INFO] [stdout] test parse::reader::tests::capture_inner_raw_preserves_surrounding_whitespace ... ok
[INFO] [stdout] test specification_iterator::tests::iterate_on_specification_with_no_children_is_empty ... ok
[INFO] [stdout] test unparse::driver::tests::opener_emits_only_present_attributes_in_canonical_order ... ok
[INFO] [stdout] test unparse::driver::tests::opener_self_closed_when_requested ... ok
[INFO] [stdout] test unparse::writer::tests::escape_text_handles_amp_and_lt_but_leaves_gt_and_quotes ... ok
[INFO] [stdout] test unparse::writer::tests::write_open_and_close_pair_emits_balanced_tags ... ok
[INFO] [stdout] test model::header::tests::creation_time_parsed_does_not_mutate_raw_field ... ok
[INFO] [stdout] test parse::driver::tests::sniff_xml_declaration_extracts_encoding ... ok
[INFO] [stdout] test unparse::writer::tests::attributes_are_alphabetically_sorted ... ok
[INFO] [stdout] test unparse::writer::tests::escape_text_writes_carriage_return_as_char_ref ... ok
[INFO] [stdout] test unparse::writer::tests::special_chars_are_escaped ... ok
[INFO] [stdout] test unparse::driver::tests::opener_skips_absent_attributes ... ok
[INFO] [stderr]      Running tests/attribute_def_roundtrip.rs (/opt/rustwide/target/release/build/reqrs/85b76eb3e59c336e/out/attribute_def_roundtrip-85b76eb3e59c336e)
[INFO] [stdout] test model::lookup::tests::get_spec_object_parents_returns_empty_slice_for_unknown_id ... ok
[INFO] [stdout] test helpers::datetime::tests::parse_non_utc_offset ... ok
[INFO] [stdout] test model::spec_type::tests::identifier_helper_returns_per_variant_id ... ok
[INFO] [stdout] 
[INFO] [stdout] test result: ok. 72 passed; 0 failed; 0 ignored; 0 measured; 0 filtered out; finished in 0.14s
[INFO] [stdout] 
[INFO] [stdout] 
[INFO] [stdout] running 10 tests
[INFO] [stdout] test enumeration_attribute_definition_multi_valued ... ok
[INFO] [stdout] test xhtml_attribute_definition ... ok
[INFO] [stdout] test date_attribute_definition ... ok
[INFO] [stdout] test real_attribute_definition_with_is_editable ... ok
[INFO] [stdout] test string_attribute_definition_with_self_closed_default_value ... ok
[INFO] [stderr]      Running tests/attribute_value_roundtrip.rs (/opt/rustwide/target/release/build/reqrs/b01d4c45bd868f7f/out/attribute_value_roundtrip-b01d4c45bd868f7f)
[INFO] [stdout] test string_attribute_definition ... ok
[INFO] [stdout] test integer_attribute_definition ... ok
[INFO] [stdout] test string_attribute_definition_with_self_closed_default_value_before_type ... ok
[INFO] [stdout] test string_attribute_definition_with_verbatim_default_value ... ok
[INFO] [stdout] test boolean_attribute_definition ... ok
[INFO] [stdout] 
[INFO] [stdout] test result: ok. 10 passed; 0 failed; 0 ignored; 0 measured; 0 filtered out; finished in 0.01s
[INFO] [stdout] 
[INFO] [stdout] 
[INFO] [stdout] running 13 tests
[INFO] [stdout] test boolean_value_false ... ok
[INFO] [stdout] test enumeration_value_with_definition_first ... ok
[INFO] [stdout] test boolean_value_true ... ok
[INFO] [stdout] test attribute_value_with_comments_before_emits_at_12_space_indent ... ok
[INFO] [stdout] test string_value_with_escaped_characters ... ok
[INFO] [stdout] test xhtml_value_with_inline_markup ... ok
[INFO] [stdout] test date_value ... ok
[INFO] [stdout] test xhtml_value_with_namespaced_inline_markup ... ok
[INFO] [stdout] test enumeration_value_with_values_first ... ok
[INFO] [stdout] test string_value ... ok
[INFO] [stdout] test integer_value ... ok
[INFO] [stdout] test real_value_preserves_trailing_zero ... ok
[INFO] [stdout] test xhtml_value_with_value_first ... ok
[INFO] [stdout] 
[INFO] [stdout] test result: ok. 13 passed; 0 failed; 0 ignored; 0 measured; 0 filtered out; finished in 0.00s
[INFO] [stdout] 
[INFO] [stderr]      Running tests/commands_anonymize.rs (/opt/rustwide/target/release/build/reqrs/a4692c3be273784d/out/commands_anonymize-a4692c3be273784d)
[INFO] [stdout] 
[INFO] [stdout] running 5 tests
[INFO] [stderr]      Running tests/commands_dump.rs (/opt/rustwide/target/release/build/reqrs/24ae861eeac658fc/out/commands_dump-24ae861eeac658fc)
[INFO] [stdout] test anonymize_replaces_specification_long_name ... ok
[INFO] [stdout] test anonymize_wraps_xhtml_value_in_xhtml_div ... ok
[INFO] [stdout] test anonymize_replaces_user_visible_strings_deterministically ... ok
[INFO] [stdout] test anonymize_different_seed_produces_different_output ... ok
[INFO] [stdout] test anonymize_output_matches_python_byte_exact_with_seed_zero ... ok
[INFO] [stdout] 
[INFO] [stdout] test result: ok. 5 passed; 0 failed; 0 ignored; 0 measured; 0 filtered out; finished in 0.00s
[INFO] [stdout] 
[INFO] [stderr]      Running tests/commands_format.rs (/opt/rustwide/target/release/build/reqrs/0a6f07e683785036/out/commands_format-0a6f07e683785036)
[INFO] [stdout] 
[INFO] [stdout] running 1 test
[INFO] [stdout] test dump_emits_html_with_header_identifier ... ok
[INFO] [stdout] 
[INFO] [stdout] test result: ok. 1 passed; 0 failed; 0 ignored; 0 measured; 0 filtered out; finished in 0.00s
[INFO] [stdout] 
[INFO] [stdout] 
[INFO] [stdout] running 1 test
[INFO] [stderr]      Running tests/commands_passthrough.rs (/opt/rustwide/target/release/build/reqrs/2399f6833c40d516/out/commands_passthrough-2399f6833c40d516)
[INFO] [stdout] test format_produces_canonical_output ... ok
[INFO] [stdout] 
[INFO] [stdout] test result: ok. 1 passed; 0 failed; 0 ignored; 0 measured; 0 filtered out; finished in 0.00s
[INFO] [stdout] 
[INFO] [stdout] 
[INFO] [stdout] running 1 test
[INFO] [stderr]      Running tests/commands_validate.rs (/opt/rustwide/target/release/build/reqrs/a5bae5fe8647fd0c/out/commands_validate-a5bae5fe8647fd0c)
[INFO] [stdout] test passthrough_writes_byte_identical_output ... ok
[INFO] [stdout] 
[INFO] [stdout] test result: ok. 1 passed; 0 failed; 0 ignored; 0 measured; 0 filtered out; finished in 0.00s
[INFO] [stdout] 
[INFO] [stdout] 
[INFO] [stdout] running 6 tests
[INFO] [stdout] test validate_flags_dangling_spec_object_type_ref ... ok
[INFO] [stdout] test validate_flags_duplicate_identifiers ... ok
[INFO] [stdout] test validate_passes_on_minimal_valid_file ... ok
[INFO] [stdout] test validate_flags_missing_xml_declaration_as_semantic_warning ... ok
[INFO] [stdout] test validate_flags_dangling_spec_hierarchy_ref ... ok
[INFO] [stdout] test schema_validation_runs_xmllint_when_available ... ok
[INFO] [stderr]      Running tests/commands_version.rs (/opt/rustwide/target/release/build/reqrs/4b3a9859cb0dae10/out/commands_version-4b3a9859cb0dae10)
[INFO] [stdout] 
[INFO] [stderr]      Running tests/corpus_reqifz_roundtrip.rs (/opt/rustwide/target/release/build/reqrs/4055933e44b549a3/out/corpus_reqifz_roundtrip-4055933e44b549a3)
[INFO] [stdout] test result: ok. 6 passed; 0 failed; 0 ignored; 0 measured; 0 filtered out; finished in 0.02s
[INFO] [stdout] 
[INFO] [stdout] 
[INFO] [stdout] running 1 test
[INFO] [stdout] test version_returns_semver_like_string ... ok
[INFO] [stdout] 
[INFO] [stdout] test result: ok. 1 passed; 0 failed; 0 ignored; 0 measured; 0 filtered out; finished in 0.00s
[INFO] [stdout] 
[INFO] [stdout] 
[INFO] [stdout] running 1 test
[INFO] [stderr] error: test failed, to rerun pass `--test corpus_reqifz_roundtrip`
[INFO] [stdout] test every_reqifz_in_corpus_round_trips ... FAILED
[INFO] [stdout] 
[INFO] [stdout] failures:
[INFO] [stdout] 
[INFO] [stdout] ---- every_reqifz_in_corpus_round_trips stdout ----
[INFO] [stdout] 
[INFO] [stdout] thread 'every_reqifz_in_corpus_round_trips' (1475) panicked at tests/corpus_reqifz_roundtrip.rs:35:5:
[INFO] [stdout] corpus not found at /opt/tests/corpus
[INFO] [stdout] stack backtrace:
[INFO] [stdout]    0:     0x5685cb3802d1 - <<std[617be2ca0a6fd877]::sys::backtrace::BacktraceLock>::print::DisplayBacktrace as core[a373ad73a504971]::fmt::Display>::fmt
[INFO] [stdout]    1:     0x5685cb394faa - core[a373ad73a504971]::fmt::write
[INFO] [stdout]    2:     0x5685cb3848ec - <alloc[2e1b2a31b91974c5]::vec::Vec<u8> as core[a373ad73a504971]::io::write::Write>::write_fmt
[INFO] [stdout]    3:     0x5685cb35ac26 - std[617be2ca0a6fd877]::panicking::default_hook::{closure#0}
[INFO] [stdout]    4:     0x5685cb377eb9 - std[617be2ca0a6fd877]::panicking::default_hook
[INFO] [stdout]    5:     0x5685cb2a4740 - test[aada8e7e76ba119b]::test_main_inner::{closure#0}
[INFO] [stdout]    6:     0x5685cb378072 - std[617be2ca0a6fd877]::panicking::panic_with_hook
[INFO] [stdout]    7:     0x5685cb35acd2 - std[617be2ca0a6fd877]::panicking::panic_handler::{closure#0}
[INFO] [stdout]    8:     0x5685cb353829 - std[617be2ca0a6fd877]::sys::backtrace::__rust_end_short_backtrace::<std[617be2ca0a6fd877]::panicking::panic_handler::{closure#0}, !>
[INFO] [stdout]    9:     0x5685cb35b8dd - __rustc[ea4f61d10b84890b]::rust_begin_unwind
[INFO] [stdout]   10:     0x5685cb3956dc - core[a373ad73a504971]::panicking::panic_fmt
[INFO] [stdout]   11:     0x5685cb27d5f6 - <corpus_reqifz_roundtrip[589c951ab492f96b]::every_reqifz_in_corpus_round_trips::{closure#0} as core[a373ad73a504971]::ops::function::FnOnce<()>>::call_once
[INFO] [stdout]   12:     0x5685cb297b8b - test[aada8e7e76ba119b]::__rust_begin_short_backtrace::<core[a373ad73a504971]::result::Result<(), alloc[2e1b2a31b91974c5]::string::String>, fn() -> core[a373ad73a504971]::result::Result<(), alloc[2e1b2a31b91974c5]::string::String>>
[INFO] [stdout]   13:     0x5685cb2a4d65 - test[aada8e7e76ba119b]::run_test::{closure#0}
[INFO] [stdout]   14:     0x5685cb29e654 - std[617be2ca0a6fd877]::sys::backtrace::__rust_begin_short_backtrace::<test[aada8e7e76ba119b]::run_test::{closure#1}, ()>
[INFO] [stdout]   15:     0x5685cb2a7df2 - <std[617be2ca0a6fd877]::thread::lifecycle::spawn_unchecked<test[aada8e7e76ba119b]::run_test::{closure#1}, ()>::{closure#1} as core[a373ad73a504971]::ops::function::FnOnce<()>>::call_once::{shim:vtable#0}
[INFO] [stdout]   16:     0x5685cb37fb2f - <std[617be2ca0a6fd877]::sys::thread::unix::Thread>::new::thread_start
[INFO] [stdout]   17:     0x72b2be3dedfa - <unknown>
[INFO] [stdout]   18:     0x72b2be4723d4 - clone
[INFO] [stdout]   19:                0x0 - <unknown>
[INFO] [stdout] 
[INFO] [stdout] 
[INFO] [stdout] failures:
[INFO] [stdout]     every_reqifz_in_corpus_round_trips
[INFO] [stdout] 
[INFO] [stdout] test result: FAILED. 0 passed; 1 failed; 0 ignored; 0 measured; 0 filtered out; finished in 0.00s
[INFO] [stdout] 
[INFO] running `Command { std: "docker" "inspect" "6e321ef84f3cc677c800ac0790b1b9472f6e63be17039fdc92e124a73441d1bf", kill_on_drop: false }`
[INFO] running `Command { std: "docker" "rm" "-f" "6e321ef84f3cc677c800ac0790b1b9472f6e63be17039fdc92e124a73441d1bf", kill_on_drop: false }`
[INFO] [stdout] 6e321ef84f3cc677c800ac0790b1b9472f6e63be17039fdc92e124a73441d1bf
