[INFO] fetching crate reprotrace 0.1.0...
[INFO] testing reprotrace-0.1.0 against 1.100.0-beta.1+cargoflags=--release for beta-release-1.100-2
[INFO] extracting crate reprotrace 0.1.0 into /workspace/builds/worker-3-tc2/source
[INFO] started tweaking crates.io crate reprotrace 0.1.0
[INFO] removed 0 missing tests
[INFO] finished tweaking crates.io crate reprotrace 0.1.0
[INFO] tweaked toml for crates.io crate reprotrace 0.1.0 written to /workspace/builds/worker-3-tc2/source/Cargo.toml
[INFO] validating manifest of crates.io crate reprotrace 0.1.0 on toolchain 1.100.0-beta.1
[INFO] running `Command { std: CARGO_HOME="/workspace/cargo-home" RUSTUP_HOME="/workspace/rustup-home" "/workspace/cargo-home/bin/cargo" "+1.100.0-beta.1" "metadata" "--manifest-path" "Cargo.toml" "--no-deps", kill_on_drop: false }`
[INFO] crate crates.io crate reprotrace 0.1.0 already has a lockfile, it will not be regenerated
[INFO] running `Command { std: CARGO_HOME="/workspace/cargo-home" RUSTUP_HOME="/workspace/rustup-home" "/workspace/cargo-home/bin/cargo" "+1.100.0-beta.1" "fetch" "--manifest-path" "Cargo.toml", kill_on_drop: false }`
[INFO] running `Command { std: "docker" "create" "-v" "/var/lib/crater-agent-workspace/builds/worker-3-tc2/source:/opt/rustwide/workdir:ro,Z" "-v" "/var/lib/crater-agent-workspace/builds/worker-3-tc2/target:/opt/rustwide/target:rw,Z" "-v" "/var/lib/crater-agent-workspace/cargo-home:/opt/rustwide/cargo-home:ro,Z" "-v" "/var/lib/crater-agent-workspace/rustup-home:/opt/rustwide/rustup-home:ro,Z" "-m" "1610612736" "--network" "none" "ghcr.io/rust-lang/crates-build-env/linux@sha256:77db811e55d90add9212f6832c23229e3de5f1c1f9905e8cb07319ea15df73ac" "sleep" "infinity", kill_on_drop: false }`
[INFO] [stdout] 3b911dc6de8b971a89e053c3f3c566bc784c87ee45a7df4e3fd71601321c7dd9
[INFO] running `Command { std: "docker" "start" "3b911dc6de8b971a89e053c3f3c566bc784c87ee45a7df4e3fd71601321c7dd9", kill_on_drop: false }`
[INFO] running `Command { std: "docker" "inspect" "3b911dc6de8b971a89e053c3f3c566bc784c87ee45a7df4e3fd71601321c7dd9", kill_on_drop: false }`
[INFO] running `Command { std: "docker" "exec" "-e" "SOURCE_DIR=/opt/rustwide/workdir" "-e" "CARGO_HOME=/opt/rustwide/cargo-home" "-e" "RUSTUP_HOME=/opt/rustwide/rustup-home" "-e" "CARGO_TARGET_DIR=/opt/rustwide/target" "-w" "/opt/rustwide/workdir" "--user" "0:0" "3b911dc6de8b971a89e053c3f3c566bc784c87ee45a7df4e3fd71601321c7dd9" "/opt/rustwide/cargo-home/bin/cargo" "+1.100.0-beta.1" "metadata" "--no-deps" "--format-version=1", kill_on_drop: false }`
[INFO] running `Command { std: "docker" "inspect" "3b911dc6de8b971a89e053c3f3c566bc784c87ee45a7df4e3fd71601321c7dd9", kill_on_drop: false }`
[INFO] running `Command { std: "docker" "exec" "-e" "SOURCE_DIR=/opt/rustwide/workdir" "-e" "CARGO_HOME=/opt/rustwide/cargo-home" "-e" "RUSTUP_HOME=/opt/rustwide/rustup-home" "-e" "CARGO_TARGET_DIR=/opt/rustwide/target" "-e" "CARGO_INCREMENTAL=0" "-e" "RUST_BACKTRACE=full" "-e" "RUSTFLAGS=--cap-lints=warn" "-e" "RUSTDOCFLAGS=--cap-lints=warn" "-w" "/opt/rustwide/workdir" "--user" "0:0" "3b911dc6de8b971a89e053c3f3c566bc784c87ee45a7df4e3fd71601321c7dd9" "/opt/rustwide/cargo-home/bin/cargo" "+1.100.0-beta.1" "build" "--frozen" "--message-format=json" "--release", kill_on_drop: false }`
[INFO] [stderr]    Compiling typenum v1.20.1
[INFO] [stderr]    Compiling utf8parse v0.2.2
[INFO] [stderr]    Compiling anstyle-query v1.1.5
[INFO] [stderr]    Compiling colorchoice v1.0.5
[INFO] [stderr]    Compiling is_terminal_polyfill v1.70.2
[INFO] [stderr]    Compiling strsim v0.11.1
[INFO] [stderr]    Compiling cpufeatures v0.2.17
[INFO] [stderr]    Compiling syn v3.0.4
[INFO] [stderr]    Compiling anstyle-parse v1.0.0
[INFO] [stderr]    Compiling anstream v1.0.0
[INFO] [stderr]    Compiling clap_builder v4.6.6
[INFO] [stderr]    Compiling generic-array v0.14.7
[INFO] [stderr]    Compiling block-buffer v0.10.4
[INFO] [stderr]    Compiling crypto-common v0.1.7
[INFO] [stderr]    Compiling digest v0.10.7
[INFO] [stderr]    Compiling sha2 v0.10.9
[INFO] [stderr]    Compiling clap_derive v4.6.4
[INFO] [stderr]    Compiling serde_derive v1.0.229
[INFO] [stderr]    Compiling clap v4.6.6
[INFO] [stderr]    Compiling serde v1.0.229
[INFO] [stderr]    Compiling reprotrace v0.1.0 (/opt/rustwide/workdir)
[INFO] [stderr]     Finished `release` profile [optimized] target(s) in 22.21s
[INFO] running `Command { std: "docker" "inspect" "3b911dc6de8b971a89e053c3f3c566bc784c87ee45a7df4e3fd71601321c7dd9", kill_on_drop: false }`
[INFO] running `Command { std: "docker" "exec" "-e" "SOURCE_DIR=/opt/rustwide/workdir" "-e" "CARGO_HOME=/opt/rustwide/cargo-home" "-e" "RUSTUP_HOME=/opt/rustwide/rustup-home" "-e" "CARGO_TARGET_DIR=/opt/rustwide/target" "-e" "CARGO_INCREMENTAL=0" "-e" "RUST_BACKTRACE=full" "-e" "RUSTFLAGS=--cap-lints=warn" "-e" "RUSTDOCFLAGS=--cap-lints=warn" "-w" "/opt/rustwide/workdir" "--user" "0:0" "3b911dc6de8b971a89e053c3f3c566bc784c87ee45a7df4e3fd71601321c7dd9" "/opt/rustwide/cargo-home/bin/cargo" "+1.100.0-beta.1" "test" "--frozen" "--no-run" "--message-format=json" "--release", kill_on_drop: false }`
[INFO] [stderr]    Compiling libc v0.2.189
[INFO] [stderr]    Compiling rustix v1.1.4
[INFO] [stderr]    Compiling bitflags v2.13.1
[INFO] [stderr]    Compiling linux-raw-sys v0.12.1
[INFO] [stderr]    Compiling fastrand v2.5.0
[INFO] [stderr]    Compiling getrandom v0.4.3
[INFO] [stderr]    Compiling once_cell v1.21.4
[INFO] [stderr]    Compiling tempfile v3.27.0
[INFO] [stderr]    Compiling reprotrace v0.1.0 (/opt/rustwide/workdir)
[INFO] [stderr]     Finished `release` profile [optimized] target(s) in 10.56s
[INFO] running `Command { std: "docker" "inspect" "3b911dc6de8b971a89e053c3f3c566bc784c87ee45a7df4e3fd71601321c7dd9", kill_on_drop: false }`
[INFO] running `Command { std: "docker" "exec" "-e" "SOURCE_DIR=/opt/rustwide/workdir" "-e" "CARGO_HOME=/opt/rustwide/cargo-home" "-e" "RUSTUP_HOME=/opt/rustwide/rustup-home" "-e" "CARGO_TARGET_DIR=/opt/rustwide/target" "-e" "CARGO_INCREMENTAL=0" "-e" "RUST_BACKTRACE=full" "-e" "RUSTFLAGS=--cap-lints=warn" "-e" "RUSTDOCFLAGS=--cap-lints=warn" "-w" "/opt/rustwide/workdir" "--user" "0:0" "3b911dc6de8b971a89e053c3f3c566bc784c87ee45a7df4e3fd71601321c7dd9" "/opt/rustwide/cargo-home/bin/cargo" "+1.100.0-beta.1" "test" "--frozen" "--release", kill_on_drop: false }`
[INFO] [stderr]     Finished `release` profile [optimized] target(s) in 0.06s
[INFO] [stderr]      Running unittests src/lib.rs (/opt/rustwide/target/release/build/reprotrace/740fb4a9aa0212c8/out/reprotrace-740fb4a9aa0212c8)
[INFO] [stdout] 
[INFO] [stdout] running 8 tests
[INFO] [stdout] test tests::cache_log_parser_handles_present_and_malformed_fixtures ... ok
[INFO] [stderr]      Running unittests src/main.rs (/opt/rustwide/target/release/build/reprotrace/11a45a3ad46bb380/out/reprotrace-11a45a3ad46bb380)
[INFO] [stdout] test tests::dep_info_parser_handles_escaped_spaces_and_continuations ... ok
[INFO] [stdout] test tests::paths_inside_workspace_are_relative_and_external_paths_are_hashed ... ok
[INFO] [stdout] test tests::missing_fingerprint_directory_is_reported ... ok
[INFO] [stdout] test tests::malformed_trace_is_rejected ... ok
[INFO] [stdout] test tests::explanation_is_deterministic_and_reports_unknown_cause ... ok
[INFO] [stdout] test tests::absent_cache_wrapper_is_explicit ... ok
[INFO] [stdout] test tests::sensitive_values_are_not_persisted ... ok
[INFO] [stdout] 
[INFO] [stdout] test result: ok. 8 passed; 0 failed; 0 ignored; 0 measured; 0 filtered out; finished in 0.00s
[INFO] [stdout] 
[INFO] [stderr]      Running tests/cli.rs (/opt/rustwide/target/release/build/reprotrace/66116d6125f471d7/out/cli-66116d6125f471d7)
[INFO] [stdout] 
[INFO] [stdout] running 0 tests
[INFO] [stdout] 
[INFO] [stdout] test result: ok. 0 passed; 0 failed; 0 ignored; 0 measured; 0 filtered out; finished in 0.00s
[INFO] [stdout] 
[INFO] [stdout] 
[INFO] [stdout] running 6 tests
[INFO] [stdout] test records_workspace_package_selection_and_redacts_secret_environment ... ok
[INFO] [stdout] test inspect_is_stable_and_malformed_input_fails ... ok
[INFO] [stdout] test unchanged_rebuild_reports_no_observed_rustc_work ... FAILED
[INFO] [stdout] test records_source_change_and_explains_it ... ok
[INFO] [stdout] test records_environment_change_and_expects_a_cache_miss ... ok
[INFO] [stdout] test records_generated_file_change ... ok
[INFO] [stdout] 
[INFO] [stdout] failures:
[INFO] [stdout] 
[INFO] [stdout] ---- unchanged_rebuild_reports_no_observed_rustc_work stdout ----
[INFO] [stdout] 
[INFO] [stdout] thread 'unchanged_rebuild_reports_no_observed_rustc_work' (752) panicked at tests/cli.rs:162:5:
[INFO] [stdout] assertion failed: text.contains("no captured environment, compiler, or input difference")
[INFO] [stdout] stack backtrace:
[INFO] [stdout]    0:     0x609837e58c61 - <<std[617be2ca0a6fd877]::sys::backtrace::BacktraceLock>::print::DisplayBacktrace as core[a373ad73a504971]::fmt::Display>::fmt
[INFO] [stdout]    1:     0x609837e6dd1a - core[a373ad73a504971]::fmt::write
[INFO] [stdout]    2:     0x609837e5d31c - <alloc[2e1b2a31b91974c5]::vec::Vec<u8> as core[a373ad73a504971]::io::write::Write>::write_fmt
[INFO] [stdout]    3:     0x609837e336f6 - std[617be2ca0a6fd877]::panicking::default_hook::{closure#0}
[INFO] [stdout]    4:     0x609837e50699 - std[617be2ca0a6fd877]::panicking::default_hook
[INFO] [stdout]    5:     0x609837deb890 - test[aada8e7e76ba119b]::test_main_inner::{closure#0}
[INFO] [stdout]    6:     0x609837e50852 - std[617be2ca0a6fd877]::panicking::panic_with_hook
[INFO] [stdout]    7:     0x609837e337d4 - std[617be2ca0a6fd877]::panicking::panic_handler::{closure#0}
[INFO] [stdout]    8:     0x609837e2c209 - std[617be2ca0a6fd877]::sys::backtrace::__rust_end_short_backtrace::<std[617be2ca0a6fd877]::panicking::panic_handler::{closure#0}, !>
[INFO] [stdout]    9:     0x609837e343ad - __rustc[ea4f61d10b84890b]::rust_begin_unwind
[INFO] [stdout]   10:     0x609837e6e44c - core[a373ad73a504971]::panicking::panic_fmt
[INFO] [stdout]   11:     0x609837e6e412 - core[a373ad73a504971]::panicking::panic
[INFO] [stdout]   12:     0x609837dd5c8a - <cli[a74509b57c4dccea]::unchanged_rebuild_reports_no_observed_rustc_work::{closure#0} as core[a373ad73a504971]::ops::function::FnOnce<()>>::call_once
[INFO] [stdout]   13:     0x609837ddecdb - test[aada8e7e76ba119b]::__rust_begin_short_backtrace::<core[a373ad73a504971]::result::Result<(), alloc[2e1b2a31b91974c5]::string::String>, fn() -> core[a373ad73a504971]::result::Result<(), alloc[2e1b2a31b91974c5]::string::String>>
[INFO] [stdout]   14:     0x609837debeb5 - test[aada8e7e76ba119b]::run_test::{closure#0}
[INFO] [stdout]   15:     0x609837de57a4 - std[617be2ca0a6fd877]::sys::backtrace::__rust_begin_short_backtrace::<test[aada8e7e76ba119b]::run_test::{closure#1}, ()>
[INFO] [stdout]   16:     0x609837deef42 - <std[617be2ca0a6fd877]::thread::lifecycle::spawn_unchecked<test[aada8e7e76ba119b]::run_test::{closure#1}, ()>::{closure#1} as core[a373ad73a504971]::ops::function::FnOnce<()>>::call_once::{shim:vtable#0}
[INFO] [stdout]   17:     0x609837e57f7f - <std[617be2ca0a6fd877]::sys::thread::unix::Thread>::new::thread_start
[INFO] [stdout]   18:     0x75644bb93dfa - <unknown>
[INFO] [stdout]   19:     0x75644bc273d4 - clone
[INFO] [stdout]   20:                0x0 - <unknown>
[INFO] [stdout] 
[INFO] [stdout] 
[INFO] [stdout] failures:
[INFO] [stdout]     unchanged_rebuild_reports_no_observed_rustc_work
[INFO] [stdout] 
[INFO] [stdout] test result: FAILED. 5 passed; 1 failed; 0 ignored; 0 measured; 0 filtered out; finished in 20.29s
[INFO] [stdout] 
[INFO] [stderr] error: test failed, to rerun pass `--test cli`
[INFO] running `Command { std: "docker" "inspect" "3b911dc6de8b971a89e053c3f3c566bc784c87ee45a7df4e3fd71601321c7dd9", kill_on_drop: false }`
[INFO] running `Command { std: "docker" "rm" "-f" "3b911dc6de8b971a89e053c3f3c566bc784c87ee45a7df4e3fd71601321c7dd9", kill_on_drop: false }`
[INFO] [stdout] 3b911dc6de8b971a89e053c3f3c566bc784c87ee45a7df4e3fd71601321c7dd9
