[INFO] fetching crate report 1.0.0...
[INFO] testing report-1.0.0 against 1.99.0-beta.8+cargoflags=--release for beta-release-1.100-2
[INFO] extracting crate report 1.0.0 into /workspace/builds/worker-7-tc1/source
[INFO] started tweaking crates.io crate report 1.0.0
[INFO] finished tweaking crates.io crate report 1.0.0
[INFO] tweaked toml for crates.io crate report 1.0.0 written to /workspace/builds/worker-7-tc1/source/Cargo.toml
[INFO] validating manifest of crates.io crate report 1.0.0 on toolchain 1.99.0-beta.8
[INFO] running `Command { std: CARGO_HOME="/workspace/cargo-home" RUSTUP_HOME="/workspace/rustup-home" "/workspace/cargo-home/bin/cargo" "+1.99.0-beta.8" "metadata" "--manifest-path" "Cargo.toml" "--no-deps", kill_on_drop: false }`
[INFO] crate crates.io crate report 1.0.0 already has a lockfile, it will not be regenerated
[INFO] running `Command { std: CARGO_HOME="/workspace/cargo-home" RUSTUP_HOME="/workspace/rustup-home" "/workspace/cargo-home/bin/cargo" "+1.99.0-beta.8" "fetch" "--manifest-path" "Cargo.toml", kill_on_drop: false }`
[INFO] [stderr]     Updating crates.io index
[INFO] [stderr]  Downloading crates ...
[INFO] [stderr]   Downloaded proc-macro2 v1.0.85
[INFO] [stderr]   Downloaded report-macros v1.0.0
[INFO] [stderr]   Downloaded syn v2.0.66
[INFO] running `Command { std: "docker" "create" "-v" "/var/lib/crater-agent-workspace/builds/worker-7-tc1/source:/opt/rustwide/workdir:ro,Z" "-v" "/var/lib/crater-agent-workspace/builds/worker-7-tc1/target:/opt/rustwide/target:rw,Z" "-v" "/var/lib/crater-agent-workspace/cargo-home:/opt/rustwide/cargo-home:ro,Z" "-v" "/var/lib/crater-agent-workspace/rustup-home:/opt/rustwide/rustup-home:ro,Z" "-m" "1610612736" "--network" "none" "ghcr.io/rust-lang/crates-build-env/linux@sha256:77db811e55d90add9212f6832c23229e3de5f1c1f9905e8cb07319ea15df73ac" "sleep" "infinity", kill_on_drop: false }`
[INFO] [stdout] d10875ea9f19a2875f406068e952c8bfc6acb957a1c6bdd575d801ab906a4cfd
[INFO] running `Command { std: "docker" "start" "d10875ea9f19a2875f406068e952c8bfc6acb957a1c6bdd575d801ab906a4cfd", kill_on_drop: false }`
[INFO] running `Command { std: "docker" "inspect" "d10875ea9f19a2875f406068e952c8bfc6acb957a1c6bdd575d801ab906a4cfd", kill_on_drop: false }`
[INFO] running `Command { std: "docker" "exec" "-e" "SOURCE_DIR=/opt/rustwide/workdir" "-e" "CARGO_HOME=/opt/rustwide/cargo-home" "-e" "RUSTUP_HOME=/opt/rustwide/rustup-home" "-e" "CARGO_TARGET_DIR=/opt/rustwide/target" "-w" "/opt/rustwide/workdir" "--user" "0:0" "d10875ea9f19a2875f406068e952c8bfc6acb957a1c6bdd575d801ab906a4cfd" "/opt/rustwide/cargo-home/bin/cargo" "+1.99.0-beta.8" "metadata" "--no-deps" "--format-version=1", kill_on_drop: false }`
[INFO] running `Command { std: "docker" "inspect" "d10875ea9f19a2875f406068e952c8bfc6acb957a1c6bdd575d801ab906a4cfd", kill_on_drop: false }`
[INFO] running `Command { std: "docker" "exec" "-e" "SOURCE_DIR=/opt/rustwide/workdir" "-e" "CARGO_HOME=/opt/rustwide/cargo-home" "-e" "RUSTUP_HOME=/opt/rustwide/rustup-home" "-e" "CARGO_TARGET_DIR=/opt/rustwide/target" "-e" "CARGO_INCREMENTAL=0" "-e" "RUST_BACKTRACE=full" "-e" "RUSTFLAGS=--cap-lints=warn" "-e" "RUSTDOCFLAGS=--cap-lints=warn" "-w" "/opt/rustwide/workdir" "--user" "0:0" "d10875ea9f19a2875f406068e952c8bfc6acb957a1c6bdd575d801ab906a4cfd" "/opt/rustwide/cargo-home/bin/cargo" "+1.99.0-beta.8" "build" "--frozen" "--message-format=json" "--release", kill_on_drop: false }`
[INFO] [stderr]    Compiling proc-macro2 v1.0.85
[INFO] [stderr]    Compiling unicode-width v0.1.13
[INFO] [stderr]    Compiling console v0.15.8
[INFO] [stderr]    Compiling quote v1.0.36
[INFO] [stderr]    Compiling syn v2.0.66
[INFO] [stderr]    Compiling report-macros v1.0.0
[INFO] [stderr]    Compiling report v1.0.0 (/opt/rustwide/workdir)
[INFO] [stderr]     Finished `release` profile [optimized] target(s) in 5.87s
[INFO] running `Command { std: "docker" "inspect" "d10875ea9f19a2875f406068e952c8bfc6acb957a1c6bdd575d801ab906a4cfd", kill_on_drop: false }`
[INFO] running `Command { std: "docker" "exec" "-e" "SOURCE_DIR=/opt/rustwide/workdir" "-e" "CARGO_HOME=/opt/rustwide/cargo-home" "-e" "RUSTUP_HOME=/opt/rustwide/rustup-home" "-e" "CARGO_TARGET_DIR=/opt/rustwide/target" "-e" "CARGO_INCREMENTAL=0" "-e" "RUST_BACKTRACE=full" "-e" "RUSTFLAGS=--cap-lints=warn" "-e" "RUSTDOCFLAGS=--cap-lints=warn" "-w" "/opt/rustwide/workdir" "--user" "0:0" "d10875ea9f19a2875f406068e952c8bfc6acb957a1c6bdd575d801ab906a4cfd" "/opt/rustwide/cargo-home/bin/cargo" "+1.99.0-beta.8" "test" "--frozen" "--no-run" "--message-format=json" "--release", kill_on_drop: false }`
[INFO] [stderr]    Compiling report v1.0.0 (/opt/rustwide/workdir)
[INFO] [stderr]     Finished `release` profile [optimized] target(s) in 0.71s
[INFO] running `Command { std: "docker" "inspect" "d10875ea9f19a2875f406068e952c8bfc6acb957a1c6bdd575d801ab906a4cfd", kill_on_drop: false }`
[INFO] running `Command { std: "docker" "exec" "-e" "SOURCE_DIR=/opt/rustwide/workdir" "-e" "CARGO_HOME=/opt/rustwide/cargo-home" "-e" "RUSTUP_HOME=/opt/rustwide/rustup-home" "-e" "CARGO_TARGET_DIR=/opt/rustwide/target" "-e" "CARGO_INCREMENTAL=0" "-e" "RUST_BACKTRACE=full" "-e" "RUSTFLAGS=--cap-lints=warn" "-e" "RUSTDOCFLAGS=--cap-lints=warn" "-w" "/opt/rustwide/workdir" "--user" "0:0" "d10875ea9f19a2875f406068e952c8bfc6acb957a1c6bdd575d801ab906a4cfd" "/opt/rustwide/cargo-home/bin/cargo" "+1.99.0-beta.8" "test" "--frozen" "--release", kill_on_drop: false }`
[INFO] [stderr]     Finished `release` profile [optimized] target(s) in 0.02s
[INFO] [stderr]      Running unittests src/lib.rs (/opt/rustwide/target/release/deps/report-1a21515cae85ffc7)
[INFO] [stdout] 
[INFO] [stdout] running 0 tests
[INFO] [stdout] 
[INFO] [stdout] test result: ok. 0 passed; 0 failed; 0 ignored; 0 measured; 0 filtered out; finished in 0.00s
[INFO] [stdout] 
[INFO] [stderr]    Doc-tests report
[INFO] [stdout] 
[INFO] [stdout] running 11 tests
[INFO] [stdout] test src/lib.rs - bail (line 350) ... FAILED
[INFO] [stdout] test src/lib.rs - error (line 334) ... ok
[INFO] [stdout] test src/lib.rs - warn (line 318) ... ok
[INFO] [stdout] test src/lib.rs - Report<fn()->String>::warn (line 75) ... ok
[INFO] [stdout] test src/lib.rs - Report<fn()->String>::error (line 93) ... ok
[INFO] [stdout] test src/lib.rs - bail (line 358) ... ok
[INFO] [stdout] test src/lib.rs - info (line 302) ... ok
[INFO] [stdout] test src/lib.rs - Report<fn()->String>::info (line 57) ... ok
[INFO] [stdout] test src/lib.rs - Report<T>::rec (line 241) ... ok
[INFO] [stdout] test src/lib.rs - Report<T>::log (line 218) ... ok
[INFO] [stdout] test src/lib.rs - (line 17) ... ok
[INFO] [stderr] error: doctest failed, to rerun pass `--doc`
[INFO] [stdout] 
[INFO] [stdout] failures:
[INFO] [stdout] 
[INFO] [stdout] ---- src/lib.rs - bail (line 350) stdout ----
[INFO] [stdout] error: format argument must be a string literal
[INFO] [stdout]    --> src/lib.rs:353:40
[INFO] [stdout]     |
[INFO] [stdout] 353 |     report::Report::error(format_args!(args));
[INFO] [stdout]     |                                        ^^^^
[INFO] [stdout]     |
[INFO] [stdout] help: you might be missing a string literal to format with
[INFO] [stdout]     |
[INFO] [stdout] 353 |     report::Report::error(format_args!("{}", args));
[INFO] [stdout]     |                                        +++++
[INFO] [stdout] 
[INFO] [stdout] error[E0308]: mismatched types
[INFO] [stdout]    --> src/lib.rs:352:8
[INFO] [stdout]     |
[INFO] [stdout] 351 |   fn main() { #[allow(non_snake_case)] fn _doctest_main_src_lib_rs_350_0() {
[INFO] [stdout]     |                                                                           - help: a return type might be missing here: `-> _`
[INFO] [stdout] 352 |   return Err({
[INFO] [stdout]     |  ________^
[INFO] [stdout] 353 | |     report::Report::error(format_args!(args));
[INFO] [stdout] 354 | |     report::Error
[INFO] [stdout] 355 | | })
[INFO] [stdout]     | |__^ expected `()`, found `Result<_, Error>`
[INFO] [stdout]     |
[INFO] [stdout]     = note: expected unit type `()`
[INFO] [stdout]                     found enum `Result<_, report::Error>`
[INFO] [stdout] 
[INFO] [stdout] error: aborting due to 2 previous errors
[INFO] [stdout] 
[INFO] [stdout] For more information about this error, try `rustc --explain E0308`.
[INFO] [stdout] Couldn't compile the test.
[INFO] [stdout] 
[INFO] [stdout] failures:
[INFO] [stdout]     src/lib.rs - bail (line 350)
[INFO] [stdout] 
[INFO] [stdout] test result: FAILED. 10 passed; 1 failed; 0 ignored; 0 measured; 0 filtered out; finished in 0.81s
[INFO] [stdout] 
[INFO] running `Command { std: "docker" "inspect" "d10875ea9f19a2875f406068e952c8bfc6acb957a1c6bdd575d801ab906a4cfd", kill_on_drop: false }`
[INFO] running `Command { std: "docker" "rm" "-f" "d10875ea9f19a2875f406068e952c8bfc6acb957a1c6bdd575d801ab906a4cfd", kill_on_drop: false }`
[INFO] [stdout] d10875ea9f19a2875f406068e952c8bfc6acb957a1c6bdd575d801ab906a4cfd
