[INFO] fetching crate repofolio 0.1.0...
[INFO] testing repofolio-0.1.0 against 1.99.0-beta.8+cargoflags=--release for beta-release-1.100-2
[INFO] extracting crate repofolio 0.1.0 into /workspace/builds/worker-0-tc1/source
[INFO] started tweaking crates.io crate repofolio 0.1.0
[INFO] removed 0 missing tests
[INFO] finished tweaking crates.io crate repofolio 0.1.0
[INFO] tweaked toml for crates.io crate repofolio 0.1.0 written to /workspace/builds/worker-0-tc1/source/Cargo.toml
[INFO] validating manifest of crates.io crate repofolio 0.1.0 on toolchain 1.99.0-beta.8
[INFO] running `Command { std: CARGO_HOME="/workspace/cargo-home" RUSTUP_HOME="/workspace/rustup-home" "/workspace/cargo-home/bin/cargo" "+1.99.0-beta.8" "metadata" "--manifest-path" "Cargo.toml" "--no-deps", kill_on_drop: false }`
[INFO] crate crates.io crate repofolio 0.1.0 already has a lockfile, it will not be regenerated
[INFO] running `Command { std: CARGO_HOME="/workspace/cargo-home" RUSTUP_HOME="/workspace/rustup-home" "/workspace/cargo-home/bin/cargo" "+1.99.0-beta.8" "fetch" "--manifest-path" "Cargo.toml", kill_on_drop: false }`
[INFO] [stderr]     Updating crates.io index
[INFO] [stderr]  Downloading crates ...
[INFO] [stderr]   Downloaded snapbox v1.2.2
[INFO] [stderr]   Downloaded snapbox-macros v1.1.0
[INFO] [stderr]   Downloaded yaml-rust2 v0.12.0
[INFO] [stderr]   Downloaded repofolio-core v0.1.0
[INFO] [stderr]   Downloaded repofolio-manifest v0.1.0
[INFO] [stderr]   Downloaded referencing v0.54.0
[INFO] [stderr]   Downloaded jsonschema-value v0.54.0
[INFO] [stderr]   Downloaded jsonschema-regex v0.54.0
[INFO] [stderr]   Downloaded jsonschema v0.54.0
[INFO] running `Command { std: "docker" "create" "-v" "/var/lib/crater-agent-workspace/builds/worker-0-tc1/source:/opt/rustwide/workdir:ro,Z" "-v" "/var/lib/crater-agent-workspace/builds/worker-0-tc1/target:/opt/rustwide/target:rw,Z" "-v" "/var/lib/crater-agent-workspace/cargo-home:/opt/rustwide/cargo-home:ro,Z" "-v" "/var/lib/crater-agent-workspace/rustup-home:/opt/rustwide/rustup-home:ro,Z" "-m" "1610612736" "--network" "none" "ghcr.io/rust-lang/crates-build-env/linux@sha256:77db811e55d90add9212f6832c23229e3de5f1c1f9905e8cb07319ea15df73ac" "sleep" "infinity", kill_on_drop: false }`
[INFO] [stdout] b390b3b96dedcef41d24466a92dcd4c0da17891e68d1d3a701240f04a37c4bf1
[INFO] running `Command { std: "docker" "start" "b390b3b96dedcef41d24466a92dcd4c0da17891e68d1d3a701240f04a37c4bf1", kill_on_drop: false }`
[INFO] running `Command { std: "docker" "inspect" "b390b3b96dedcef41d24466a92dcd4c0da17891e68d1d3a701240f04a37c4bf1", kill_on_drop: false }`
[INFO] running `Command { std: "docker" "exec" "-e" "SOURCE_DIR=/opt/rustwide/workdir" "-e" "CARGO_HOME=/opt/rustwide/cargo-home" "-e" "RUSTUP_HOME=/opt/rustwide/rustup-home" "-e" "CARGO_TARGET_DIR=/opt/rustwide/target" "-w" "/opt/rustwide/workdir" "--user" "0:0" "b390b3b96dedcef41d24466a92dcd4c0da17891e68d1d3a701240f04a37c4bf1" "/opt/rustwide/cargo-home/bin/cargo" "+1.99.0-beta.8" "metadata" "--no-deps" "--format-version=1", kill_on_drop: false }`
[INFO] running `Command { std: "docker" "inspect" "b390b3b96dedcef41d24466a92dcd4c0da17891e68d1d3a701240f04a37c4bf1", kill_on_drop: false }`
[INFO] running `Command { std: "docker" "exec" "-e" "SOURCE_DIR=/opt/rustwide/workdir" "-e" "CARGO_HOME=/opt/rustwide/cargo-home" "-e" "RUSTUP_HOME=/opt/rustwide/rustup-home" "-e" "CARGO_TARGET_DIR=/opt/rustwide/target" "-e" "CARGO_INCREMENTAL=0" "-e" "RUST_BACKTRACE=full" "-e" "RUSTFLAGS=--cap-lints=warn" "-e" "RUSTDOCFLAGS=--cap-lints=warn" "-w" "/opt/rustwide/workdir" "--user" "0:0" "b390b3b96dedcef41d24466a92dcd4c0da17891e68d1d3a701240f04a37c4bf1" "/opt/rustwide/cargo-home/bin/cargo" "+1.99.0-beta.8" "build" "--frozen" "--message-format=json" "--release", kill_on_drop: false }`
[INFO] [stderr]    Compiling syn v3.0.4
[INFO] [stderr]    Compiling zerocopy v0.8.56
[INFO] [stderr]    Compiling syn v2.0.119
[INFO] [stderr]    Compiling ahash v0.8.12
[INFO] [stderr]    Compiling serde_json v1.0.151
[INFO] [stderr]    Compiling aho-corasick v1.1.5
[INFO] [stderr]    Compiling smallvec v1.16.0
[INFO] [stderr]    Compiling getrandom v0.3.4
[INFO] [stderr]    Compiling borrow-or-share v0.2.4
[INFO] [stderr]    Compiling num-cmp v0.1.0
[INFO] [stderr]    Compiling bytecount v0.6.9
[INFO] [stderr]    Compiling micromap v0.3.0
[INFO] [stderr]    Compiling num-iter v0.1.46
[INFO] [stderr]    Compiling num-rational v0.4.2
[INFO] [stderr]    Compiling uuid-simd v0.8.0
[INFO] [stderr]    Compiling indexmap v2.14.2
[INFO] [stderr]    Compiling hashlink v0.12.1
[INFO] [stderr]    Compiling jsonschema-regex v0.54.0
[INFO] [stderr]    Compiling clap_builder v4.6.6
[INFO] [stderr]    Compiling parking_lot_core v0.9.12
[INFO] [stderr]    Compiling parking_lot v0.12.5
[INFO] [stderr]    Compiling num v0.4.3
[INFO] [stderr]    Compiling yaml-rust2 v0.12.0
[INFO] [stderr]    Compiling fraction v0.17.0
[INFO] [stderr]    Compiling regex-automata v0.4.18
[INFO] [stderr]    Compiling strum_macros v0.28.0
[INFO] [stderr]    Compiling thiserror-impl v1.0.69
[INFO] [stderr]    Compiling thiserror v1.0.69
[INFO] [stderr]    Compiling serde_derive v1.0.229
[INFO] [stderr]    Compiling ref-cast-impl v1.0.27
[INFO] [stderr]    Compiling clap_derive v4.6.4
[INFO] [stderr]    Compiling strum v0.28.0
[INFO] [stderr]    Compiling ref-cast v1.0.27
[INFO] [stderr]    Compiling clap v4.6.6
[INFO] [stderr]    Compiling serde v1.0.229
[INFO] [stderr]    Compiling regex v1.13.1
[INFO] [stderr]    Compiling fancy-regex v0.19.0
[INFO] [stderr]    Compiling fluent-uri v0.4.1
[INFO] [stderr]    Compiling serde_spanned v0.6.9
[INFO] [stderr]    Compiling email_address v0.2.9
[INFO] [stderr]    Compiling toml_datetime v0.6.11
[INFO] [stderr]    Compiling toml_edit v0.22.27
[INFO] [stderr]    Compiling jsonschema-value v0.54.0
[INFO] [stderr]    Compiling referencing v0.54.0
[INFO] [stderr]    Compiling jsonschema v0.54.0
[INFO] [stderr]    Compiling repofolio-manifest v0.1.0
[INFO] [stderr]    Compiling repofolio-core v0.1.0
[INFO] [stderr]    Compiling repofolio v0.1.0 (/opt/rustwide/workdir)
[INFO] [stderr]     Finished `release` profile [optimized] target(s) in 1m 27s
[INFO] running `Command { std: "docker" "inspect" "b390b3b96dedcef41d24466a92dcd4c0da17891e68d1d3a701240f04a37c4bf1", kill_on_drop: false }`
[INFO] running `Command { std: "docker" "exec" "-e" "SOURCE_DIR=/opt/rustwide/workdir" "-e" "CARGO_HOME=/opt/rustwide/cargo-home" "-e" "RUSTUP_HOME=/opt/rustwide/rustup-home" "-e" "CARGO_TARGET_DIR=/opt/rustwide/target" "-e" "CARGO_INCREMENTAL=0" "-e" "RUST_BACKTRACE=full" "-e" "RUSTFLAGS=--cap-lints=warn" "-e" "RUSTDOCFLAGS=--cap-lints=warn" "-w" "/opt/rustwide/workdir" "--user" "0:0" "b390b3b96dedcef41d24466a92dcd4c0da17891e68d1d3a701240f04a37c4bf1" "/opt/rustwide/cargo-home/bin/cargo" "+1.99.0-beta.8" "test" "--frozen" "--no-run" "--message-format=json" "--release", kill_on_drop: false }`
[INFO] [stderr]    Compiling wait-timeout v0.2.1
[INFO] [stderr]    Compiling snapbox-macros v1.1.0
[INFO] [stderr]    Compiling os_pipe v1.2.3
[INFO] [stderr]    Compiling bstr v1.13.1
[INFO] [stderr]    Compiling normalize-line-endings v0.3.0
[INFO] [stderr]    Compiling similar v3.2.0
[INFO] [stderr]    Compiling assert_cmd v2.2.2
[INFO] [stderr]    Compiling snapbox v1.2.2
[INFO] [stderr]    Compiling repofolio v0.1.0 (/opt/rustwide/workdir)
[INFO] [stderr]     Finished `release` profile [optimized] target(s) in 27.01s
[INFO] running `Command { std: "docker" "inspect" "b390b3b96dedcef41d24466a92dcd4c0da17891e68d1d3a701240f04a37c4bf1", kill_on_drop: false }`
[INFO] running `Command { std: "docker" "exec" "-e" "SOURCE_DIR=/opt/rustwide/workdir" "-e" "CARGO_HOME=/opt/rustwide/cargo-home" "-e" "RUSTUP_HOME=/opt/rustwide/rustup-home" "-e" "CARGO_TARGET_DIR=/opt/rustwide/target" "-e" "CARGO_INCREMENTAL=0" "-e" "RUST_BACKTRACE=full" "-e" "RUSTFLAGS=--cap-lints=warn" "-e" "RUSTDOCFLAGS=--cap-lints=warn" "-w" "/opt/rustwide/workdir" "--user" "0:0" "b390b3b96dedcef41d24466a92dcd4c0da17891e68d1d3a701240f04a37c4bf1" "/opt/rustwide/cargo-home/bin/cargo" "+1.99.0-beta.8" "test" "--frozen" "--release", kill_on_drop: false }`
[INFO] [stderr]     Finished `release` profile [optimized] target(s) in 0.10s
[INFO] [stderr]      Running unittests src/main.rs (/opt/rustwide/target/release/deps/folio-9c84dc83ab4cf7a1)
[INFO] [stdout] 
[INFO] [stdout] running 2 tests
[INFO] [stdout] test tests::single_line_collapses_embedded_newlines_and_repeated_whitespace ... ok
[INFO] [stdout] test tests::plural_uses_singular_only_for_exactly_one ... ok
[INFO] [stderr]      Running tests/check.rs (/opt/rustwide/target/release/deps/check-cb882f79588e9de2)
[INFO] [stdout] 
[INFO] [stdout] test result: ok. 2 passed; 0 failed; 0 ignored; 0 measured; 0 filtered out; finished in 0.00s
[INFO] [stdout] 
[INFO] [stdout] 
[INFO] [stdout] running 7 tests
[INFO] [stdout] test clean_fixture_json_output_matches_the_report_shape ... ok
[INFO] [stdout] test error_fixture_json_output_exits_1 ... ok
[INFO] [stdout] test warnings_only_fixture_exits_0 ... ok
[INFO] [stdout] test invalid_format_value_exits_2 ... ok
[INFO] [stdout] test nonexistent_path_exits_2 ... ok
[INFO] [stdout] test clean_fixture_exits_0_with_an_empty_human_report ... ok
[INFO] [stdout] test error_fixture_exits_1 ... ok
[INFO] [stdout] 
[INFO] [stdout] test result: ok. 7 passed; 0 failed; 0 ignored; 0 measured; 0 filtered out; finished in 0.02s
[INFO] [stdout] 
[INFO] [stderr]      Running tests/no_async_runtime.rs (/opt/rustwide/target/release/deps/no_async_runtime-4e236b380f92cd2d)
[INFO] [stdout] 
[INFO] [stdout] running 1 test
[INFO] [stderr] error: test failed, to rerun pass `--test no_async_runtime`
[INFO] [stdout] test no_workspace_crate_pulls_in_tokio_or_reqwest_as_a_normal_dependency ... FAILED
[INFO] [stdout] 
[INFO] [stdout] failures:
[INFO] [stdout] 
[INFO] [stdout] ---- no_workspace_crate_pulls_in_tokio_or_reqwest_as_a_normal_dependency stdout ----
[INFO] [stdout] 
[INFO] [stdout] thread 'no_workspace_crate_pulls_in_tokio_or_reqwest_as_a_normal_dependency' (1417) panicked at tests/no_async_runtime.rs:36:5:
[INFO] [stdout] cargo tree -p repofolio failed to resolve — is repofolio a real workspace member? stderr: error: could not find `Cargo.toml` in `/opt` or any parent directory
[INFO] [stdout] 
[INFO] [stdout] stack backtrace:
[INFO] [stdout]    0:     0x6016b2979ea1 - <<std[70759c8f55707aa4]::sys::backtrace::BacktraceLock>::print::DisplayBacktrace as core[df12db4294e9bfd3]::fmt::Display>::fmt
[INFO] [stdout]    1:     0x6016b298e07a - core[df12db4294e9bfd3]::fmt::write
[INFO] [stdout]    2:     0x6016b297e33c - <alloc[2182bb758b4b3781]::vec::Vec<u8> as core[df12db4294e9bfd3]::io::write::Write>::write_fmt
[INFO] [stdout]    3:     0x6016b29561b6 - std[70759c8f55707aa4]::panicking::default_hook::{closure#0}
[INFO] [stdout]    4:     0x6016b2972609 - std[70759c8f55707aa4]::panicking::default_hook
[INFO] [stdout]    5:     0x6016b290e7b0 - test[9d35eded1c95d3be]::test_main_inner::<test[9d35eded1c95d3be]::test_main_static::{closure#0}>::{closure#0}
[INFO] [stdout]    6:     0x6016b29727c2 - std[70759c8f55707aa4]::panicking::panic_with_hook
[INFO] [stdout]    7:     0x6016b2956262 - std[70759c8f55707aa4]::panicking::panic_handler::{closure#0}
[INFO] [stdout]    8:     0x6016b294efe9 - std[70759c8f55707aa4]::sys::backtrace::__rust_end_short_backtrace::<std[70759c8f55707aa4]::panicking::panic_handler::{closure#0}, !>
[INFO] [stdout]    9:     0x6016b2956e5d - __rustc[8fa7c3cbc660c2b3]::rust_begin_unwind
[INFO] [stdout]   10:     0x6016b298e7ac - core[df12db4294e9bfd3]::panicking::panic_fmt
[INFO] [stdout]   11:     0x6016b29018bd - <no_async_runtime[cb9bf99fc7a4a44d]::no_workspace_crate_pulls_in_tokio_or_reqwest_as_a_normal_dependency::{closure#0} as core[df12db4294e9bfd3]::ops::function::FnOnce<()>>::call_once
[INFO] [stdout]   12:     0x6016b2901a9b - test[9d35eded1c95d3be]::__rust_begin_short_backtrace::<core[df12db4294e9bfd3]::result::Result<(), alloc[2182bb758b4b3781]::string::String>, fn() -> core[df12db4294e9bfd3]::result::Result<(), alloc[2182bb758b4b3781]::string::String>>
[INFO] [stdout]   13:     0x6016b290f105 - test[9d35eded1c95d3be]::run_test::{closure#0}
[INFO] [stdout]   14:     0x6016b29089c4 - std[70759c8f55707aa4]::sys::backtrace::__rust_begin_short_backtrace::<test[9d35eded1c95d3be]::run_test::{closure#1}, ()>
[INFO] [stdout]   15:     0x6016b2912262 - <std[70759c8f55707aa4]::thread::lifecycle::spawn_unchecked<test[9d35eded1c95d3be]::run_test::{closure#1}, ()>::{closure#1} as core[df12db4294e9bfd3]::ops::function::FnOnce<()>>::call_once::{shim:vtable#0}
[INFO] [stdout]   16:     0x6016b2979779 - <std[70759c8f55707aa4]::sys::thread::unix::Thread>::new::thread_start
[INFO] [stdout]   17:     0x7089bff60dfa - <unknown>
[INFO] [stdout]   18:     0x7089bfff43d4 - clone
[INFO] [stdout]   19:                0x0 - <unknown>
[INFO] [stdout] 
[INFO] [stdout] 
[INFO] [stdout] failures:
[INFO] [stdout]     no_workspace_crate_pulls_in_tokio_or_reqwest_as_a_normal_dependency
[INFO] [stdout] 
[INFO] [stdout] test result: FAILED. 0 passed; 1 failed; 0 ignored; 0 measured; 0 filtered out; finished in 0.08s
[INFO] [stdout] 
[INFO] running `Command { std: "docker" "inspect" "b390b3b96dedcef41d24466a92dcd4c0da17891e68d1d3a701240f04a37c4bf1", kill_on_drop: false }`
[INFO] running `Command { std: "docker" "rm" "-f" "b390b3b96dedcef41d24466a92dcd4c0da17891e68d1d3a701240f04a37c4bf1", kill_on_drop: false }`
[INFO] [stdout] b390b3b96dedcef41d24466a92dcd4c0da17891e68d1d3a701240f04a37c4bf1
