[INFO] fetching crate repocert 0.2.1...
[INFO] testing repocert-0.2.1 against 1.100.0-beta.1+cargoflags=--release for beta-release-1.100-2
[INFO] extracting crate repocert 0.2.1 into /workspace/builds/worker-0-tc2/source
[INFO] started tweaking crates.io crate repocert 0.2.1
[INFO] removed 0 missing tests
[INFO] finished tweaking crates.io crate repocert 0.2.1
[INFO] tweaked toml for crates.io crate repocert 0.2.1 written to /workspace/builds/worker-0-tc2/source/Cargo.toml
[INFO] validating manifest of crates.io crate repocert 0.2.1 on toolchain 1.100.0-beta.1
[INFO] running `Command { std: CARGO_HOME="/workspace/cargo-home" RUSTUP_HOME="/workspace/rustup-home" "/workspace/cargo-home/bin/cargo" "+1.100.0-beta.1" "metadata" "--manifest-path" "Cargo.toml" "--no-deps", kill_on_drop: false }`
[INFO] crate crates.io crate repocert 0.2.1 already has a lockfile, it will not be regenerated
[INFO] running `Command { std: CARGO_HOME="/workspace/cargo-home" RUSTUP_HOME="/workspace/rustup-home" "/workspace/cargo-home/bin/cargo" "+1.100.0-beta.1" "fetch" "--manifest-path" "Cargo.toml", kill_on_drop: false }`
[INFO] running `Command { std: "docker" "create" "-v" "/var/lib/crater-agent-workspace/builds/worker-0-tc2/source:/opt/rustwide/workdir:ro,Z" "-v" "/var/lib/crater-agent-workspace/builds/worker-0-tc2/target:/opt/rustwide/target:rw,Z" "-v" "/var/lib/crater-agent-workspace/cargo-home:/opt/rustwide/cargo-home:ro,Z" "-v" "/var/lib/crater-agent-workspace/rustup-home:/opt/rustwide/rustup-home:ro,Z" "-m" "1610612736" "--network" "none" "ghcr.io/rust-lang/crates-build-env/linux@sha256:77db811e55d90add9212f6832c23229e3de5f1c1f9905e8cb07319ea15df73ac" "sleep" "infinity", kill_on_drop: false }`
[INFO] [stdout] c66803615485bd70ae6702577af08cb1c1ecddab1dd151cf2e1557c81b9dd395
[INFO] running `Command { std: "docker" "start" "c66803615485bd70ae6702577af08cb1c1ecddab1dd151cf2e1557c81b9dd395", kill_on_drop: false }`
[INFO] running `Command { std: "docker" "inspect" "c66803615485bd70ae6702577af08cb1c1ecddab1dd151cf2e1557c81b9dd395", kill_on_drop: false }`
[INFO] running `Command { std: "docker" "exec" "-e" "SOURCE_DIR=/opt/rustwide/workdir" "-e" "CARGO_HOME=/opt/rustwide/cargo-home" "-e" "RUSTUP_HOME=/opt/rustwide/rustup-home" "-e" "CARGO_TARGET_DIR=/opt/rustwide/target" "-w" "/opt/rustwide/workdir" "--user" "0:0" "c66803615485bd70ae6702577af08cb1c1ecddab1dd151cf2e1557c81b9dd395" "/opt/rustwide/cargo-home/bin/cargo" "+1.100.0-beta.1" "metadata" "--no-deps" "--format-version=1", kill_on_drop: false }`
[INFO] running `Command { std: "docker" "inspect" "c66803615485bd70ae6702577af08cb1c1ecddab1dd151cf2e1557c81b9dd395", kill_on_drop: false }`
[INFO] running `Command { std: "docker" "exec" "-e" "SOURCE_DIR=/opt/rustwide/workdir" "-e" "CARGO_HOME=/opt/rustwide/cargo-home" "-e" "RUSTUP_HOME=/opt/rustwide/rustup-home" "-e" "CARGO_TARGET_DIR=/opt/rustwide/target" "-e" "CARGO_INCREMENTAL=0" "-e" "RUST_BACKTRACE=full" "-e" "RUSTFLAGS=--cap-lints=warn" "-e" "RUSTDOCFLAGS=--cap-lints=warn" "-w" "/opt/rustwide/workdir" "--user" "0:0" "c66803615485bd70ae6702577af08cb1c1ecddab1dd151cf2e1557c81b9dd395" "/opt/rustwide/cargo-home/bin/cargo" "+1.100.0-beta.1" "build" "--frozen" "--message-format=json" "--release", kill_on_drop: false }`
[INFO] [stderr]    Compiling libc v0.2.183
[INFO] [stderr]    Compiling bitflags v2.11.0
[INFO] [stderr]    Compiling winnow v1.0.0
[INFO] [stderr]    Compiling regex-automata v0.4.14
[INFO] [stderr]    Compiling toml_datetime v1.0.1+spec-1.1.0
[INFO] [stderr]    Compiling serde_spanned v1.0.4
[INFO] [stderr]    Compiling bstr v1.12.1
[INFO] [stderr]    Compiling toml_writer v1.0.7+spec-1.1.0
[INFO] [stderr]    Compiling clap_derive v4.6.0
[INFO] [stderr]    Compiling serde v1.0.228
[INFO] [stderr]    Compiling rustix v1.1.4
[INFO] [stderr]    Compiling toml_parser v1.0.10+spec-1.1.0
[INFO] [stderr]    Compiling toml v1.0.7+spec-1.1.0
[INFO] [stderr]    Compiling clap v4.6.0
[INFO] [stderr]    Compiling getrandom v0.4.2
[INFO] [stderr]    Compiling wait-timeout v0.2.1
[INFO] [stderr]    Compiling tempfile v3.27.0
[INFO] [stderr]    Compiling globset v0.4.18
[INFO] [stderr]    Compiling repocert v0.2.1 (/opt/rustwide/workdir)
[INFO] [stderr]     Finished `release` profile [optimized] target(s) in 38.42s
[INFO] running `Command { std: "docker" "inspect" "c66803615485bd70ae6702577af08cb1c1ecddab1dd151cf2e1557c81b9dd395", kill_on_drop: false }`
[INFO] running `Command { std: "docker" "exec" "-e" "SOURCE_DIR=/opt/rustwide/workdir" "-e" "CARGO_HOME=/opt/rustwide/cargo-home" "-e" "RUSTUP_HOME=/opt/rustwide/rustup-home" "-e" "CARGO_TARGET_DIR=/opt/rustwide/target" "-e" "CARGO_INCREMENTAL=0" "-e" "RUST_BACKTRACE=full" "-e" "RUSTFLAGS=--cap-lints=warn" "-e" "RUSTDOCFLAGS=--cap-lints=warn" "-w" "/opt/rustwide/workdir" "--user" "0:0" "c66803615485bd70ae6702577af08cb1c1ecddab1dd151cf2e1557c81b9dd395" "/opt/rustwide/cargo-home/bin/cargo" "+1.100.0-beta.1" "test" "--frozen" "--no-run" "--message-format=json" "--release", kill_on_drop: false }`
[INFO] [stderr]    Compiling repocert v0.2.1 (/opt/rustwide/workdir)
[INFO] [stderr]     Finished `release` profile [optimized] target(s) in 6.10s
[INFO] running `Command { std: "docker" "inspect" "c66803615485bd70ae6702577af08cb1c1ecddab1dd151cf2e1557c81b9dd395", kill_on_drop: false }`
[INFO] running `Command { std: "docker" "exec" "-e" "SOURCE_DIR=/opt/rustwide/workdir" "-e" "CARGO_HOME=/opt/rustwide/cargo-home" "-e" "RUSTUP_HOME=/opt/rustwide/rustup-home" "-e" "CARGO_TARGET_DIR=/opt/rustwide/target" "-e" "CARGO_INCREMENTAL=0" "-e" "RUST_BACKTRACE=full" "-e" "RUSTFLAGS=--cap-lints=warn" "-e" "RUSTDOCFLAGS=--cap-lints=warn" "-w" "/opt/rustwide/workdir" "--user" "0:0" "c66803615485bd70ae6702577af08cb1c1ecddab1dd151cf2e1557c81b9dd395" "/opt/rustwide/cargo-home/bin/cargo" "+1.100.0-beta.1" "test" "--frozen" "--release", kill_on_drop: false }`
[INFO] [stderr]     Finished `release` profile [optimized] target(s) in 0.10s
[INFO] [stderr]      Running unittests src/lib.rs (/opt/rustwide/target/release/build/repocert/3929d1d3419b9036/out/repocert-3929d1d3419b9036)
[INFO] [stdout] 
[INFO] [stderr]      Running unittests src/main.rs (/opt/rustwide/target/release/build/repocert/56bd7e2ade2297f9/out/repocert-56bd7e2ade2297f9)
[INFO] [stdout] running 0 tests
[INFO] [stdout] 
[INFO] [stdout] test result: ok. 0 passed; 0 failed; 0 ignored; 0 measured; 0 filtered out; finished in 0.00s
[INFO] [stdout] 
[INFO] [stdout] 
[INFO] [stdout] running 0 tests
[INFO] [stdout] 
[INFO] [stderr]      Running tests/certification.rs (/opt/rustwide/target/release/build/repocert/3ba9142daf04426f/out/certification-3ba9142daf04426f)
[INFO] [stdout] test result: ok. 0 passed; 0 failed; 0 ignored; 0 measured; 0 filtered out; finished in 0.00s
[INFO] [stdout] 
[INFO] [stdout] 
[INFO] [stdout] running 11 tests
[INFO] [stdout] test certification_fingerprint::compute_contract_fingerprint_declared_protected_file_bytes_changed_returns_different_result ... ok
[INFO] [stdout] test certification_fingerprint::compute_contract_fingerprint_declared_paths_in_different_insertion_order_returns_same_result ... ok
[INFO] [stdout] test certification_fingerprint::compute_contract_fingerprint_missing_declared_protected_file_returns_error ... ok
[INFO] [stdout] test certification_fingerprint::compute_contract_fingerprint_config_bytes_changed_returns_different_result ... ok
[INFO] [stdout] test certification_store::certification_store_open_non_git_repo_returns_error ... ok
[INFO] [stdout] test certification_store::certification_store_write_then_read_returns_record ... ok
[INFO] [stdout] test certification_store::certification_store_write_same_key_twice_updates_record ... ok
[INFO] [stdout] test certification_store::certification_store_read_mismatched_record_key_returns_error ... ok
[INFO] [stdout] test certification_store::certification_store_invalid_commit_id_returns_error ... ok
[INFO] [stdout] test certification_store::certification_store_list_for_commit_returns_profiles_in_deterministic_order ... ok
[INFO] [stdout] test certification_store::certification_store_open_linked_worktree_uses_shared_common_dir ... ok
[INFO] [stderr]      Running tests/cli.rs (/opt/rustwide/target/release/build/repocert/2d8419fb965a5534/out/cli-2d8419fb965a5534)
[INFO] [stdout] 
[INFO] [stdout] test result: ok. 11 passed; 0 failed; 0 ignored; 0 measured; 0 filtered out; finished in 0.12s
[INFO] [stdout] 
[INFO] [stdout] 
[INFO] [stdout] running 47 tests
[INFO] [stdout] test cli_check::check_default_profile_runs_checks_and_probes_in_deterministic_order ... ok
[INFO] [stdout] test cli_check::check_name_runs_direct_named_checks_without_probes ... ok
[INFO] [stdout] test cli_check::check_probe_exit_one_is_repair_needed_and_does_not_fail_fast ... ok
[INFO] [stdout] test cli_check::check_missing_tool_is_reported_as_failed_item_not_config_error ... ok
[INFO] [stdout] test cli_fix::fix_current_repo_named_fmt_returns_success ... FAILED
[INFO] [stdout] test cli_check::check_without_default_profile_returns_selection_error ... ok
[INFO] [stdout] test cli_fix::fix_current_repo_default_profile_runs_fmt_fixer ... FAILED
[INFO] [stdout] test cli_authorize::authorize_zero_new_returns_input_error ... ok
[INFO] [stdout] test cli_certify::certify_non_certifiable_default_profile_returns_selection_error ... ok
[INFO] [stdout] test cli_fix::fix_dirty_protected_path_is_allowed_if_fixer_does_not_change_it ... ok
[INFO] [stdout] test cli_authorize::authorize_no_matching_rule_returns_allowed ... ok
[INFO] [stdout] test cli_authorize::authorize_matching_rule_without_certification_denies ... ok
[INFO] [stdout] test cli_fix::fix_profile_selected_fixer_without_probe_returns_validation_error ... ok
[INFO] [stdout] test cli_fix::fix_named_fixer_without_probe_is_allowed ... ok
[INFO] [stdout] test cli_certify::certify_dirty_untracked_file_fails_before_execution ... ok
[INFO] [stdout] test cli_authorize::authorize_stale_fingerprint_denies ... ok
[INFO] [stdout] test cli_certify::certify_default_profile_passes_and_writes_record ... ok
[INFO] [stdout] test cli_install_hooks::install_hooks_generated_without_protected_refs_or_local_policy_errors ... ok
[INFO] [stdout] test cli_authorize::authorize_matching_rule_with_valid_certification_allows ... ok
[INFO] [stdout] test cli_fix::fix_stops_on_first_failing_fixer ... ok
[INFO] [stdout] test cli_fix::fix_protected_path_touch_fails_immediately ... ok
[INFO] [stdout] test cli_install_hooks::install_hooks_repo_owned_mode_returns_validation_error ... ok
[INFO] [stdout] test cli_status::status_current_repo_reports_default_profile_and_main_protection ... FAILED
[INFO] [stdout] test cli_install_hooks::install_hooks_generated_repairs_stale_wrapper_content ... ok
[INFO] [stdout] test cli_certify::certify_repair_needed_probe_fails_and_does_not_write_record ... ok
[INFO] [stdout] test cli_validate::validate_config_path_parse_failure_returns_json_error ... ok
[INFO] [stdout] test cli_validate::validate_current_repo_contract_returns_success ... ok
[INFO] [stdout] test cli_certify::certify_multiple_profiles_continue_after_failure_and_record_later_success ... ok
[INFO] [stdout] test cli_validate::validate_invalid_schema_json_failure_returns_resolved_paths ... ok
[INFO] [stdout] test cli_status::status_certified_profile_returns_certified_state ... ok
[INFO] [stdout] test cli_status::status_assert_certified_returns_failure_for_uncertified_profile ... ok
[INFO] [stdout] test cli_validate::validate_walkup_human_success_returns_pass_and_paths ... ok
[INFO] [stdout] test cli_validate::validate_does_not_execute_declared_commands ... ok
[INFO] [stdout] test cli_install_hooks::install_hooks_generated_writes_wrappers_and_is_idempotent ... ok
[INFO] [stdout] test cli_validate::validate_repo_root_json_success_returns_resolved_paths ... ok
[INFO] [stdout] test cli_install_hooks::install_hooks_generated_in_linked_worktree_does_not_hijack_primary_checkout ... ok
[INFO] [stdout] test cli_validate::validate_invalid_schema_returns_human_failure_output ... ok
[INFO] [stdout] test cli_local_policy::install_hooks_generated_blocks_direct_commit_on_protected_branch ... ok
[INFO] [stdout] test cli_status::status_changed_contract_returns_stale_fingerprint ... ok
[INFO] [stdout] test cli_status::status_protected_refs_report_certification_state ... ok
[INFO] [stdout] test cli_local_policy::install_hooks_generated_blocks_commit_in_primary_checkout_even_on_feature_branch ... ok
[INFO] [stdout] test cli_status::status_other_commit_record_returns_stale_commit ... ok
[INFO] [stdout] test cli_local_policy::install_hooks_generated_blocks_merge_commit_on_protected_branch ... ok
[INFO] [stdout] test cli_local_policy::install_hooks_generated_allows_feature_branch_commit_in_linked_worktree ... ok
[INFO] [stdout] test cli_check::check_current_repo_named_fmt_returns_success ... FAILED
[INFO] [stdout] test cli_check::check_timeout_is_classified_distinctly ... ok
[INFO] [stdout] test cli_fix::fix_timeout_is_classified_and_stops ... ok
[INFO] [stdout] 
[INFO] [stdout] failures:
[INFO] [stdout] 
[INFO] [stdout] ---- cli_fix::fix_current_repo_named_fmt_returns_success stdout ----
[INFO] [stdout] 
[INFO] [stdout] thread 'cli_fix::fix_current_repo_named_fmt_returns_success' (801) panicked at tests/cli/fix.rs:286:5:
[INFO] [stdout] assertion failed: output.status.success()
[INFO] [stdout] stack backtrace:
[INFO] [stdout]    0:     0x58a0f17cb671 - <<std[617be2ca0a6fd877]::sys::backtrace::BacktraceLock>::print::DisplayBacktrace as core[a373ad73a504971]::fmt::Display>::fmt
[INFO] [stdout]    1:     0x58a0f17e032a - core[a373ad73a504971]::fmt::write
[INFO] [stdout]    2:     0x58a0f17cfb0c - <alloc[2e1b2a31b91974c5]::vec::Vec<u8> as core[a373ad73a504971]::io::write::Write>::write_fmt
[INFO] [stdout]    3:     0x58a0f17a5446 - std[617be2ca0a6fd877]::panicking::default_hook::{closure#0}
[INFO] [stdout]    4:     0x58a0f17c2cf9 - std[617be2ca0a6fd877]::panicking::default_hook
[INFO] [stdout]    5:     0x58a0f1750370 - test[aada8e7e76ba119b]::test_main_inner::{closure#0}
[INFO] [stdout]    6:     0x58a0f17c2eb2 - std[617be2ca0a6fd877]::panicking::panic_with_hook
[INFO] [stdout]    7:     0x58a0f17a5524 - std[617be2ca0a6fd877]::panicking::panic_handler::{closure#0}
[INFO] [stdout]    8:     0x58a0f179df59 - std[617be2ca0a6fd877]::sys::backtrace::__rust_end_short_backtrace::<std[617be2ca0a6fd877]::panicking::panic_handler::{closure#0}, !>
[INFO] [stdout]    9:     0x58a0f17a60fd - __rustc[ea4f61d10b84890b]::rust_begin_unwind
[INFO] [stdout]   10:     0x58a0f17e0a5c - core[a373ad73a504971]::panicking::panic_fmt
[INFO] [stdout]   11:     0x58a0f17e0a22 - core[a373ad73a504971]::panicking::panic
[INFO] [stdout]   12:     0x58a0f1724af9 - <cli[768ab8cf4d6d45cd]::cli_fix::fix_current_repo_named_fmt_returns_success::{closure#0} as core[a373ad73a504971]::ops::function::FnOnce<()>>::call_once
[INFO] [stdout]   13:     0x58a0f17437bb - test[aada8e7e76ba119b]::__rust_begin_short_backtrace::<core[a373ad73a504971]::result::Result<(), alloc[2e1b2a31b91974c5]::string::String>, fn() -> core[a373ad73a504971]::result::Result<(), alloc[2e1b2a31b91974c5]::string::String>>
[INFO] [stdout]   14:     0x58a0f1750995 - test[aada8e7e76ba119b]::run_test::{closure#0}
[INFO] [stdout]   15:     0x58a0f174a284 - std[617be2ca0a6fd877]::sys::backtrace::__rust_begin_short_backtrace::<test[aada8e7e76ba119b]::run_test::{closure#1}, ()>
[INFO] [stdout]   16:     0x58a0f1753a22 - <std[617be2ca0a6fd877]::thread::lifecycle::spawn_unchecked<test[aada8e7e76ba119b]::run_test::{closure#1}, ()>::{closure#1} as core[a373ad73a504971]::ops::function::FnOnce<()>>::call_once::{shim:vtable#0}
[INFO] [stdout]   17:     0x58a0f17ca67f - <std[617be2ca0a6fd877]::sys::thread::unix::Thread>::new::thread_start
[INFO] [stdout]   18:     0x766d3f4c5dfa - <unknown>
[INFO] [stdout]   19:     0x766d3f5593d4 - clone
[INFO] [stdout]   20:                0x0 - <unknown>
[INFO] [stdout] 
[INFO] [stdout] ---- cli_fix::fix_current_repo_default_profile_runs_fmt_fixer stdout ----
[INFO] [stdout] 
[INFO] [stdout] thread 'cli_fix::fix_current_repo_default_profile_runs_fmt_fixer' (800) panicked at tests/cli/fix.rs:254:5:
[INFO] [stdout] assertion failed: output.status.success()
[INFO] [stdout] stack backtrace:
[INFO] [stdout]    0:     0x58a0f17cb671 - <<std[617be2ca0a6fd877]::sys::backtrace::BacktraceLock>::print::DisplayBacktrace as core[a373ad73a504971]::fmt::Display>::fmt
[INFO] [stdout]    1:     0x58a0f17e032a - core[a373ad73a504971]::fmt::write
[INFO] [stdout]    2:     0x58a0f17cfb0c - <alloc[2e1b2a31b91974c5]::vec::Vec<u8> as core[a373ad73a504971]::io::write::Write>::write_fmt
[INFO] [stdout]    3:     0x58a0f17a5446 - std[617be2ca0a6fd877]::panicking::default_hook::{closure#0}
[INFO] [stdout]    4:     0x58a0f17c2cf9 - std[617be2ca0a6fd877]::panicking::default_hook
[INFO] [stdout]    5:     0x58a0f1750370 - test[aada8e7e76ba119b]::test_main_inner::{closure#0}
[INFO] [stdout]    6:     0x58a0f17c2eb2 - std[617be2ca0a6fd877]::panicking::panic_with_hook
[INFO] [stdout]    7:     0x58a0f17a5524 - std[617be2ca0a6fd877]::panicking::panic_handler::{closure#0}
[INFO] [stdout]    8:     0x58a0f179df59 - std[617be2ca0a6fd877]::sys::backtrace::__rust_end_short_backtrace::<std[617be2ca0a6fd877]::panicking::panic_handler::{closure#0}, !>
[INFO] [stdout]    9:     0x58a0f17a60fd - __rustc[ea4f61d10b84890b]::rust_begin_unwind
[INFO] [stdout]   10:     0x58a0f17e0a5c - core[a373ad73a504971]::panicking::panic_fmt
[INFO] [stdout]   11:     0x58a0f17e0a22 - core[a373ad73a504971]::panicking::panic
[INFO] [stdout]   12:     0x58a0f172560a - <cli[768ab8cf4d6d45cd]::cli_fix::fix_current_repo_default_profile_runs_fmt_fixer::{closure#0} as core[a373ad73a504971]::ops::function::FnOnce<()>>::call_once
[INFO] [stdout]   13:     0x58a0f17437bb - test[aada8e7e76ba119b]::__rust_begin_short_backtrace::<core[a373ad73a504971]::result::Result<(), alloc[2e1b2a31b91974c5]::string::String>, fn() -> core[a373ad73a504971]::result::Result<(), alloc[2e1b2a31b91974c5]::string::String>>
[INFO] [stdout]   14:     0x58a0f1750995 - test[aada8e7e76ba119b]::run_test::{closure#0}
[INFO] [stdout]   15:     0x58a0f174a284 - std[617be2ca0a6fd877]::sys::backtrace::__rust_begin_short_backtrace::<test[aada8e7e76ba119b]::run_test::{closure#1}, ()>
[INFO] [stdout]   16:     0x58a0f1753a22 - <std[617be2ca0a6fd877]::thread::lifecycle::spawn_unchecked<test[aada8e7e76ba119b]::run_test::{closure#1}, ()>::{closure#1} as core[a373ad73a504971]::ops::function::FnOnce<()>>::call_once::{shim:vtable#0}
[INFO] [stdout]   17:     0x58a0f17ca67f - <std[617be2ca0a6fd877]::sys::thread::unix::Thread>::new::thread_start
[INFO] [stdout]   18:     0x766d3f4c5dfa - <unknown>
[INFO] [stdout]   19:     0x766d3f5593d4 - clone
[INFO] [stdout]   20:                0x0 - <unknown>
[INFO] [stdout] 
[INFO] [stdout] ---- cli_status::status_current_repo_reports_default_profile_and_main_protection stdout ----
[INFO] [stdout] 
[INFO] [stdout] thread 'cli_status::status_current_repo_reports_default_profile_and_main_protection' (1079) panicked at tests/cli/status.rs:39:5:
[INFO] [stdout] assertion `left == right` failed
[INFO] [stdout]   left: Some(1)
[INFO] [stdout]  right: Some(0)
[INFO] [stdout] stack backtrace:
[INFO] [stdout]    0:     0x58a0f17cb671 - <<std[617be2ca0a6fd877]::sys::backtrace::BacktraceLock>::print::DisplayBacktrace as core[a373ad73a504971]::fmt::Display>::fmt
[INFO] [stdout]    1:     0x58a0f17e032a - core[a373ad73a504971]::fmt::write
[INFO] [stdout]    2:     0x58a0f17cfb0c - <alloc[2e1b2a31b91974c5]::vec::Vec<u8> as core[a373ad73a504971]::io::write::Write>::write_fmt
[INFO] [stdout]    3:     0x58a0f17a5446 - std[617be2ca0a6fd877]::panicking::default_hook::{closure#0}
[INFO] [stdout]    4:     0x58a0f17c2cf9 - std[617be2ca0a6fd877]::panicking::default_hook
[INFO] [stdout]    5:     0x58a0f1750370 - test[aada8e7e76ba119b]::test_main_inner::{closure#0}
[INFO] [stdout]    6:     0x58a0f17c2eb2 - std[617be2ca0a6fd877]::panicking::panic_with_hook
[INFO] [stdout]    7:     0x58a0f17a54f2 - std[617be2ca0a6fd877]::panicking::panic_handler::{closure#0}
[INFO] [stdout]    8:     0x58a0f179df59 - std[617be2ca0a6fd877]::sys::backtrace::__rust_end_short_backtrace::<std[617be2ca0a6fd877]::panicking::panic_handler::{closure#0}, !>
[INFO] [stdout]    9:     0x58a0f17a60fd - __rustc[ea4f61d10b84890b]::rust_begin_unwind
[INFO] [stdout]   10:     0x58a0f17e0a5c - core[a373ad73a504971]::panicking::panic_fmt
[INFO] [stdout]   11:     0x58a0f17e0973 - core[a373ad73a504971]::panicking::assert_failed_inner
[INFO] [stdout]   12:     0x58a0f1735d3b - core[a373ad73a504971]::panicking::assert_failed::<core[a373ad73a504971]::option::Option<i32>, core[a373ad73a504971]::option::Option<i32>>
[INFO] [stdout]   13:     0x58a0f1740731 - <cli[768ab8cf4d6d45cd]::cli_status::status_current_repo_reports_default_profile_and_main_protection::{closure#0} as core[a373ad73a504971]::ops::function::FnOnce<()>>::call_once
[INFO] [stdout]   14:     0x58a0f17437bb - test[aada8e7e76ba119b]::__rust_begin_short_backtrace::<core[a373ad73a504971]::result::Result<(), alloc[2e1b2a31b91974c5]::string::String>, fn() -> core[a373ad73a504971]::result::Result<(), alloc[2e1b2a31b91974c5]::string::String>>
[INFO] [stdout]   15:     0x58a0f1750995 - test[aada8e7e76ba119b]::run_test::{closure#0}
[INFO] [stdout]   16:     0x58a0f174a284 - std[617be2ca0a6fd877]::sys::backtrace::__rust_begin_short_backtrace::<test[aada8e7e76ba119b]::run_test::{closure#1}, ()>
[INFO] [stdout]   17:     0x58a0f1753a22 - <std[617be2ca0a6fd877]::thread::lifecycle::spawn_unchecked<test[aada8e7e76ba119b]::run_test::{closure#1}, ()>::{closure#1} as core[a373ad73a504971]::ops::function::FnOnce<()>>::call_once::{shim:vtable#0}
[INFO] [stdout]   18:     0x58a0f17ca67f - <std[617be2ca0a6fd877]::sys::thread::unix::Thread>::new::thread_start
[INFO] [stdout]   19:     0x766d3f4c5dfa - <unknown>
[INFO] [stdout]   20:     0x766d3f5593d4 - clone
[INFO] [stdout]   21:                0x0 - <unknown>
[INFO] [stdout] 
[INFO] [stdout] ---- cli_check::check_current_repo_named_fmt_returns_success stdout ----
[INFO] [stdout] 
[INFO] [stdout] thread 'cli_check::check_current_repo_named_fmt_returns_success' (751) panicked at tests/cli/check.rs:272:5:
[INFO] [stdout] assertion failed: output.status.success()
[INFO] [stdout] stack backtrace:
[INFO] [stdout]    0:     0x58a0f17cb671 - <<std[617be2ca0a6fd877]::sys::backtrace::BacktraceLock>::print::DisplayBacktrace as core[a373ad73a504971]::fmt::Display>::fmt
[INFO] [stdout]    1:     0x58a0f17e032a - core[a373ad73a504971]::fmt::write
[INFO] [stdout]    2:     0x58a0f17cfb0c - <alloc[2e1b2a31b91974c5]::vec::Vec<u8> as core[a373ad73a504971]::io::write::Write>::write_fmt
[INFO] [stdout]    3:     0x58a0f17a5446 - std[617be2ca0a6fd877]::panicking::default_hook::{closure#0}
[INFO] [stdout]    4:     0x58a0f17c2cf9 - std[617be2ca0a6fd877]::panicking::default_hook
[INFO] [stdout]    5:     0x58a0f1750370 - test[aada8e7e76ba119b]::test_main_inner::{closure#0}
[INFO] [stdout]    6:     0x58a0f17c2eb2 - std[617be2ca0a6fd877]::panicking::panic_with_hook
[INFO] [stdout]    7:     0x58a0f17a5524 - std[617be2ca0a6fd877]::panicking::panic_handler::{closure#0}
[INFO] [stdout]    8:     0x58a0f179df59 - std[617be2ca0a6fd877]::sys::backtrace::__rust_end_short_backtrace::<std[617be2ca0a6fd877]::panicking::panic_handler::{closure#0}, !>
[INFO] [stdout]    9:     0x58a0f17a60fd - __rustc[ea4f61d10b84890b]::rust_begin_unwind
[INFO] [stdout]   10:     0x58a0f17e0a5c - core[a373ad73a504971]::panicking::panic_fmt
[INFO] [stdout]   11:     0x58a0f17e0a22 - core[a373ad73a504971]::panicking::panic
[INFO] [stdout]   12:     0x58a0f172f929 - <cli[768ab8cf4d6d45cd]::cli_check::check_current_repo_named_fmt_returns_success::{closure#0} as core[a373ad73a504971]::ops::function::FnOnce<()>>::call_once
[INFO] [stdout]   13:     0x58a0f17437bb - test[aada8e7e76ba119b]::__rust_begin_short_backtrace::<core[a373ad73a504971]::result::Result<(), alloc[2e1b2a31b91974c5]::string::String>, fn() -> core[a373ad73a504971]::result::Result<(), alloc[2e1b2a31b91974c5]::string::String>>
[INFO] [stdout]   14:     0x58a0f1750995 - test[aada8e7e76ba119b]::run_test::{closure#0}
[INFO] [stdout]   15:     0x58a0f174a284 - std[617be2ca0a6fd877]::sys::backtrace::__rust_begin_short_backtrace::<test[aada8e7e76ba119b]::run_test::{closure#1}, ()>
[INFO] [stdout]   16:     0x58a0f1753a22 - <std[617be2ca0a6fd877]::thread::lifecycle::spawn_unchecked<test[aada8e7e76ba119b]::run_test::{closure#1}, ()>::{closure#1} as core[a373ad73a504971]::ops::function::FnOnce<()>>::call_once::{shim:vtable#0}
[INFO] [stdout]   17:     0x58a0f17ca67f - <std[617be2ca0a6fd877]::sys::thread::unix::Thread>::new::thread_start
[INFO] [stdout]   18:     0x766d3f4c5dfa - <unknown>
[INFO] [stdout]   19:     0x766d3f5593d4 - clone
[INFO] [stdout]   20:                0x0 - <unknown>
[INFO] [stdout] 
[INFO] [stdout] 
[INFO] [stdout] failures:
[INFO] [stdout]     cli_check::check_current_repo_named_fmt_returns_success
[INFO] [stdout]     cli_fix::fix_current_repo_default_profile_runs_fmt_fixer
[INFO] [stdout]     cli_fix::fix_current_repo_named_fmt_returns_success
[INFO] [stdout]     cli_status::status_current_repo_reports_default_profile_and_main_protection
[INFO] [stdout] 
[INFO] [stdout] test result: FAILED. 43 passed; 4 failed; 0 ignored; 0 measured; 0 filtered out; finished in 1.28s
[INFO] [stdout] 
[INFO] [stderr] error: test failed, to rerun pass `--test cli`
[INFO] running `Command { std: "docker" "inspect" "c66803615485bd70ae6702577af08cb1c1ecddab1dd151cf2e1557c81b9dd395", kill_on_drop: false }`
[INFO] running `Command { std: "docker" "rm" "-f" "c66803615485bd70ae6702577af08cb1c1ecddab1dd151cf2e1557c81b9dd395", kill_on_drop: false }`
[INFO] [stdout] c66803615485bd70ae6702577af08cb1c1ecddab1dd151cf2e1557c81b9dd395
