[INFO] fetching crate repo-rs-git 0.2.3...
[INFO] testing repo-rs-git-0.2.3 against 1.100.0-beta.1+cargoflags=--release for beta-release-1.100-2
[INFO] extracting crate repo-rs-git 0.2.3 into /workspace/builds/worker-3-tc2/source
[INFO] started tweaking crates.io crate repo-rs-git 0.2.3
[INFO] finished tweaking crates.io crate repo-rs-git 0.2.3
[INFO] tweaked toml for crates.io crate repo-rs-git 0.2.3 written to /workspace/builds/worker-3-tc2/source/Cargo.toml
[INFO] validating manifest of crates.io crate repo-rs-git 0.2.3 on toolchain 1.100.0-beta.1
[INFO] running `Command { std: CARGO_HOME="/workspace/cargo-home" RUSTUP_HOME="/workspace/rustup-home" "/workspace/cargo-home/bin/cargo" "+1.100.0-beta.1" "metadata" "--manifest-path" "Cargo.toml" "--no-deps", kill_on_drop: false }`
[INFO] crate crates.io crate repo-rs-git 0.2.3 already has a lockfile, it will not be regenerated
[INFO] running `Command { std: CARGO_HOME="/workspace/cargo-home" RUSTUP_HOME="/workspace/rustup-home" "/workspace/cargo-home/bin/cargo" "+1.100.0-beta.1" "fetch" "--manifest-path" "Cargo.toml", kill_on_drop: false }`
[INFO] running `Command { std: "docker" "create" "-v" "/var/lib/crater-agent-workspace/builds/worker-3-tc2/source:/opt/rustwide/workdir:ro,Z" "-v" "/var/lib/crater-agent-workspace/builds/worker-3-tc2/target:/opt/rustwide/target:rw,Z" "-v" "/var/lib/crater-agent-workspace/cargo-home:/opt/rustwide/cargo-home:ro,Z" "-v" "/var/lib/crater-agent-workspace/rustup-home:/opt/rustwide/rustup-home:ro,Z" "-m" "1610612736" "--network" "none" "ghcr.io/rust-lang/crates-build-env/linux@sha256:77db811e55d90add9212f6832c23229e3de5f1c1f9905e8cb07319ea15df73ac" "sleep" "infinity", kill_on_drop: false }`
[INFO] [stdout] 5346d85f928f90e08526f7c9d3c96b21d6252db8d2947ceb101f204c61aba54c
[INFO] running `Command { std: "docker" "start" "5346d85f928f90e08526f7c9d3c96b21d6252db8d2947ceb101f204c61aba54c", kill_on_drop: false }`
[INFO] running `Command { std: "docker" "inspect" "5346d85f928f90e08526f7c9d3c96b21d6252db8d2947ceb101f204c61aba54c", kill_on_drop: false }`
[INFO] running `Command { std: "docker" "exec" "-e" "SOURCE_DIR=/opt/rustwide/workdir" "-e" "CARGO_HOME=/opt/rustwide/cargo-home" "-e" "RUSTUP_HOME=/opt/rustwide/rustup-home" "-e" "CARGO_TARGET_DIR=/opt/rustwide/target" "-w" "/opt/rustwide/workdir" "--user" "0:0" "5346d85f928f90e08526f7c9d3c96b21d6252db8d2947ceb101f204c61aba54c" "/opt/rustwide/cargo-home/bin/cargo" "+1.100.0-beta.1" "metadata" "--no-deps" "--format-version=1", kill_on_drop: false }`
[INFO] running `Command { std: "docker" "inspect" "5346d85f928f90e08526f7c9d3c96b21d6252db8d2947ceb101f204c61aba54c", kill_on_drop: false }`
[INFO] running `Command { std: "docker" "exec" "-e" "SOURCE_DIR=/opt/rustwide/workdir" "-e" "CARGO_HOME=/opt/rustwide/cargo-home" "-e" "RUSTUP_HOME=/opt/rustwide/rustup-home" "-e" "CARGO_TARGET_DIR=/opt/rustwide/target" "-e" "CARGO_INCREMENTAL=0" "-e" "RUST_BACKTRACE=full" "-e" "RUSTFLAGS=--cap-lints=warn" "-e" "RUSTDOCFLAGS=--cap-lints=warn" "-w" "/opt/rustwide/workdir" "--user" "0:0" "5346d85f928f90e08526f7c9d3c96b21d6252db8d2947ceb101f204c61aba54c" "/opt/rustwide/cargo-home/bin/cargo" "+1.100.0-beta.1" "build" "--frozen" "--message-format=json" "--release", kill_on_drop: false }`
[INFO] [stderr]    Compiling camino v1.2.2
[INFO] [stderr]    Compiling jobserver v0.1.34
[INFO] [stderr]    Compiling dirs-sys v0.5.0
[INFO] [stderr]    Compiling getrandom v0.4.2
[INFO] [stderr]    Compiling synstructure v0.13.2
[INFO] [stderr]    Compiling zerovec-derive v0.11.3
[INFO] [stderr]    Compiling displaydoc v0.2.6
[INFO] [stderr]    Compiling tracing-attributes v0.1.31
[INFO] [stderr]    Compiling tokio-macros v2.7.0
[INFO] [stderr]    Compiling thiserror-impl v2.0.18
[INFO] [stderr]    Compiling async-trait v0.1.89
[INFO] [stderr]    Compiling dirs v6.0.0
[INFO] [stderr]    Compiling tempfile v3.27.0
[INFO] [stderr]    Compiling shellexpand v3.1.2
[INFO] [stderr]    Compiling cc v1.2.63
[INFO] [stderr]    Compiling tokio v1.52.3
[INFO] [stderr]    Compiling zerofrom-derive v0.1.7
[INFO] [stderr]    Compiling yoke-derive v0.8.2
[INFO] [stderr]    Compiling thiserror v2.0.18
[INFO] [stderr]    Compiling tracing v0.1.44
[INFO] [stderr]    Compiling openssl-sys v0.9.116
[INFO] [stderr]    Compiling libz-sys v1.1.29
[INFO] [stderr]    Compiling libssh2-sys v0.3.1
[INFO] [stderr]    Compiling libgit2-sys v0.18.5+1.9.4
[INFO] [stderr]    Compiling zerofrom v0.1.8
[INFO] [stderr]    Compiling yoke v0.8.3
[INFO] [stderr]    Compiling zerovec v0.11.6
[INFO] [stderr]    Compiling zerotrie v0.2.4
[INFO] [stderr]    Compiling tinystr v0.8.3
[INFO] [stderr]    Compiling potential_utf v0.1.5
[INFO] [stderr]    Compiling icu_collections v2.1.1
[INFO] [stderr]    Compiling icu_locale_core v2.1.1
[INFO] [stderr]    Compiling icu_provider v2.1.1
[INFO] [stderr]    Compiling icu_properties v2.1.2
[INFO] [stderr]    Compiling icu_normalizer v2.1.1
[INFO] [stderr]    Compiling idna_adapter v1.2.1
[INFO] [stderr]    Compiling idna v1.1.0
[INFO] [stderr]    Compiling url v2.5.8
[INFO] [stderr]    Compiling git2 v0.21.0
[INFO] [stderr]    Compiling repo-rs-git v0.2.3 (/opt/rustwide/workdir)
[INFO] [stderr] warning: unused dependency `tempfile`
[INFO] [stderr]   --> Cargo.toml:18:15
[INFO] [stderr]    |
[INFO] [stderr] 18 | [dependencies.tempfile]
[INFO] [stderr]    |               ^^^^^^^^^
[INFO] [stderr]    |
[INFO] [stderr]    = note: `cargo::unused_dependencies` is set to `warn` by default
[INFO] [stderr] help: consider removing the dependency on `tempfile`
[INFO] [stderr] warning: unused dependency `tracing`
[INFO] [stderr]   --> Cargo.toml:28:15
[INFO] [stderr]    |
[INFO] [stderr] 28 | [dependencies.tracing]
[INFO] [stderr]    |               ^^^^^^^^
[INFO] [stderr]    |
[INFO] [stderr] help: consider removing the dependency on `tracing`
[INFO] [stderr] warning: `repo-rs-git` (manifest) generated 2 warnings
[INFO] [stderr]     Finished `release` profile [optimized] target(s) in 1m 18s
[INFO] running `Command { std: "docker" "inspect" "5346d85f928f90e08526f7c9d3c96b21d6252db8d2947ceb101f204c61aba54c", kill_on_drop: false }`
[INFO] running `Command { std: "docker" "exec" "-e" "SOURCE_DIR=/opt/rustwide/workdir" "-e" "CARGO_HOME=/opt/rustwide/cargo-home" "-e" "RUSTUP_HOME=/opt/rustwide/rustup-home" "-e" "CARGO_TARGET_DIR=/opt/rustwide/target" "-e" "CARGO_INCREMENTAL=0" "-e" "RUST_BACKTRACE=full" "-e" "RUSTFLAGS=--cap-lints=warn" "-e" "RUSTDOCFLAGS=--cap-lints=warn" "-w" "/opt/rustwide/workdir" "--user" "0:0" "5346d85f928f90e08526f7c9d3c96b21d6252db8d2947ceb101f204c61aba54c" "/opt/rustwide/cargo-home/bin/cargo" "+1.100.0-beta.1" "test" "--frozen" "--no-run" "--message-format=json" "--release", kill_on_drop: false }`
[INFO] [stderr]    Compiling mockall_derive v0.13.1
[INFO] [stderr]    Compiling predicates-core v1.0.10
[INFO] [stderr]    Compiling tokio v1.52.3
[INFO] [stderr]    Compiling termtree v0.5.1
[INFO] [stderr]    Compiling fragile v2.1.0
[INFO] [stderr]    Compiling downcast v0.11.0
[INFO] [stderr]    Compiling predicates v3.1.4
[INFO] [stderr]    Compiling predicates-tree v1.0.13
[INFO] [stderr]    Compiling mockall v0.13.1
[INFO] [stderr]    Compiling tokio-stream v0.1.18
[INFO] [stderr]    Compiling repo-rs-git v0.2.3 (/opt/rustwide/workdir)
[INFO] [stderr]    Compiling tokio-test v0.4.5
[INFO] [stdout] warning: unused variable: `repo`
[INFO] [stdout]    --> src/backend.rs:786:13
[INFO] [stdout]     |
[INFO] [stdout] 786 |         let repo = GitBackend::clone(&backend, &url, &dst_path, None, None, &()).await.unwrap();
[INFO] [stdout]     |             ^^^^ help: if this is intentional, prefix it with an underscore: `_repo`
[INFO] [stdout]     |
[INFO] [stdout]     = note: `#[warn(unused_variables)]` (part of `#[warn(unused)]`) on by default
[INFO] [stdout] 
[INFO] [stdout] 
[INFO] [stdout] warning: unused variable: `repo`
[INFO] [stdout]    --> src/backend.rs:805:13
[INFO] [stdout]     |
[INFO] [stdout] 805 |         let repo = GitBackend::clone(&backend, &url, &dst_path, None, None, &()).await.unwrap();
[INFO] [stdout]     |             ^^^^ help: if this is intentional, prefix it with an underscore: `_repo`
[INFO] [stdout] 
[INFO] [stdout] 
[INFO] [stdout] warning: unused variable: `repo`
[INFO] [stdout]    --> src/backend.rs:832:13
[INFO] [stdout]     |
[INFO] [stdout] 832 |         let repo = GitBackend::clone(&backend, &url, &dst_path, None, None, &()).await.unwrap();
[INFO] [stdout]     |             ^^^^ help: if this is intentional, prefix it with an underscore: `_repo`
[INFO] [stdout] 
[INFO] [stdout] 
[INFO] [stderr] warning: unused dependency `tempfile`
[INFO] [stderr]   --> Cargo.toml:18:15
[INFO] [stderr]    |
[INFO] [stderr] 18 | [dependencies.tempfile]
[INFO] [stderr]    |               ^^^^^^^^^
[INFO] [stderr]    |
[INFO] [stderr]    = note: `cargo::unused_dependencies` is set to `warn` by default
[INFO] [stderr] help: consider removing the dependency on `tempfile`
[INFO] [stderr] help: to still use for development builds, move to `dev-dependencies`
[INFO] [stderr] warning: unused dependency `tracing`
[INFO] [stderr]   --> Cargo.toml:28:15
[INFO] [stderr]    |
[INFO] [stderr] 28 | [dependencies.tracing]
[INFO] [stderr]    |               ^^^^^^^^
[INFO] [stderr]    |
[INFO] [stderr] help: consider removing the dependency on `tracing`
[INFO] [stderr] warning: `repo-rs-git` (manifest) generated 2 warnings
[INFO] [stderr]     Finished `release` profile [optimized] target(s) in 23.16s
[INFO] running `Command { std: "docker" "inspect" "5346d85f928f90e08526f7c9d3c96b21d6252db8d2947ceb101f204c61aba54c", kill_on_drop: false }`
[INFO] running `Command { std: "docker" "exec" "-e" "SOURCE_DIR=/opt/rustwide/workdir" "-e" "CARGO_HOME=/opt/rustwide/cargo-home" "-e" "RUSTUP_HOME=/opt/rustwide/rustup-home" "-e" "CARGO_TARGET_DIR=/opt/rustwide/target" "-e" "CARGO_INCREMENTAL=0" "-e" "RUST_BACKTRACE=full" "-e" "RUSTFLAGS=--cap-lints=warn" "-e" "RUSTDOCFLAGS=--cap-lints=warn" "-w" "/opt/rustwide/workdir" "--user" "0:0" "5346d85f928f90e08526f7c9d3c96b21d6252db8d2947ceb101f204c61aba54c" "/opt/rustwide/cargo-home/bin/cargo" "+1.100.0-beta.1" "test" "--frozen" "--release", kill_on_drop: false }`
[INFO] [stderr] warning: unused variable: `repo`
[INFO] [stderr]    --> src/backend.rs:786:13
[INFO] [stderr]     |
[INFO] [stderr] 786 |         let repo = GitBackend::clone(&backend, &url, &dst_path, None, None, &()).await.unwrap();
[INFO] [stderr]     |             ^^^^ help: if this is intentional, prefix it with an underscore: `_repo`
[INFO] [stderr]     |
[INFO] [stderr]     = note: `#[warn(unused_variables)]` (part of `#[warn(unused)]`) on by default
[INFO] [stderr] 
[INFO] [stderr] warning: unused variable: `repo`
[INFO] [stderr]    --> src/backend.rs:805:13
[INFO] [stderr]     |
[INFO] [stderr] 805 |         let repo = GitBackend::clone(&backend, &url, &dst_path, None, None, &()).await.unwrap();
[INFO] [stderr]     |             ^^^^ help: if this is intentional, prefix it with an underscore: `_repo`
[INFO] [stderr] 
[INFO] [stderr] warning: unused variable: `repo`
[INFO] [stderr]    --> src/backend.rs:832:13
[INFO] [stderr]     |
[INFO] [stderr] 832 |         let repo = GitBackend::clone(&backend, &url, &dst_path, None, None, &()).await.unwrap();
[INFO] [stderr]     |             ^^^^ help: if this is intentional, prefix it with an underscore: `_repo`
[INFO] [stderr] 
[INFO] [stderr] warning: `repo-rs-git` (lib test) generated 3 warnings (run `cargo fix --lib -p repo-rs-git --tests` to apply 3 suggestions)
[INFO] [stderr] warning: unused dependency `tempfile`
[INFO] [stderr]   --> Cargo.toml:18:15
[INFO] [stderr]    |
[INFO] [stderr] 18 | [dependencies.tempfile]
[INFO] [stderr]    |               ^^^^^^^^^
[INFO] [stderr]    |
[INFO] [stderr]    = note: `cargo::unused_dependencies` is set to `warn` by default
[INFO] [stderr] help: consider removing the dependency on `tempfile`
[INFO] [stderr] help: to still use for development builds, move to `dev-dependencies`
[INFO] [stderr] warning: unused dependency `tracing`
[INFO] [stderr]   --> Cargo.toml:28:15
[INFO] [stderr]    |
[INFO] [stderr] 28 | [dependencies.tracing]
[INFO] [stderr]    |               ^^^^^^^^
[INFO] [stderr]    |
[INFO] [stderr] help: consider removing the dependency on `tracing`
[INFO] [stderr] warning: `repo-rs-git` (manifest) generated 2 warnings
[INFO] [stderr]     Finished `release` profile [optimized] target(s) in 0.15s
[INFO] [stderr]      Running unittests src/lib.rs (/opt/rustwide/target/release/build/repo-rs-git/3276ccaf31b6e12a/out/repo_rs_git-3276ccaf31b6e12a)
[INFO] [stdout] 
[INFO] [stdout] running 66 tests
[INFO] [stdout] test backend::tests::test_backend_config_get_bool ... ok
[INFO] [stdout] test backend::tests::test_backend_init_bare ... ok
[INFO] [stdout] test backend::tests::test_backend_is_dirty ... ok
[INFO] [stdout] test backend::tests::test_backend_config_get_missing ... ok
[INFO] [stdout] test backend::tests::test_backend_init ... ok
[INFO] [stdout] test backend::tests::test_backend_config_set_local ... ok
[INFO] [stdout] test backend::tests::test_backend_config_get_set ... ok
[INFO] [stdout] test backend::tests::test_backend_open_nonexistent ... ok
[INFO] [stdout] test backend::tests::test_backend_head_name ... ok
[INFO] [stdout] test backend::tests::test_mock_backend_clone ... ok
[INFO] [stdout] test backend::tests::test_mock_backend_open ... ok
[INFO] [stdout] test backend::tests::test_backend_open_existing ... ok
[INFO] [stdout] test backend::tests::test_backend_stage_all ... ok
[INFO] [stdout] test backend::tests::test_backend_ref_list_and_update ... ok
[INFO] [stdout] test backend::tests::test_backend_ref_resolve ... ok
[INFO] [stdout] test backend::tests::test_backend_is_not_dirty ... ok
[INFO] [stdout] test backend::tests::test_backend_clone_bare ... ok
[INFO] [stdout] test backend::tests::test_backend_ref_list_with_pattern ... ok
[INFO] [stdout] test backend::tests::test_backend_checkout ... ok
[INFO] [stdout] test checkout::tests::test_is_dirty_clean ... ok
[INFO] [stdout] test checkout::tests::test_head_name_on_branch ... ok
[INFO] [stdout] test cherry_pick::tests::test_format_cherry_pick_message ... ok
[INFO] [stdout] test cherry_pick::tests::test_format_cherry_pick_message_no_change_id ... ok
[INFO] [stdout] test checkout::tests::test_head_name_detached ... ok
[INFO] [stdout] test checkout::tests::test_is_dirty_with_changes ... ok
[INFO] [stdout] test config::tests::test_get_bool_not_found ... ok
[INFO] [stdout] test clone::tests::test_clone_invalid_url ... ok
[INFO] [stdout] test backend::tests::test_backend_list_remote_refs ... ok
[INFO] [stdout] test config::tests::test_get_set_bool ... ok
[INFO] [stdout] test config::tests::test_get_string_not_found ... ok
[INFO] [stdout] test config::tests::test_set_string_local ... ok
[INFO] [stdout] test backend::tests::test_backend_cherry_pick ... FAILED
[INFO] [stdout] test checkout::tests::test_ahead_behind ... ok
[INFO] [stdout] test error::tests::test_error_display ... ok
[INFO] [stdout] test cherry_pick::tests::test_cherry_pick_basic ... FAILED
[INFO] [stdout] test error::tests::test_from_io_error ... ok
[INFO] [stdout] test error::tests::test_from_join_error ... ok
[INFO] [stdout] test open::tests::test_init_bare_creates_valid_repo ... ok
[INFO] [stdout] test checkout::tests::test_checkout ... ok
[INFO] [stdout] test open::tests::test_open_nonexistent_path ... ok
[INFO] [stdout] test progress::tests::test_unit_progress_callback ... ok
[INFO] [stdout] test backend::tests::test_backend_clone_and_fetch ... ok
[INFO] [stdout] test checkout::tests::test_rebase_returns_error ... ok
[INFO] [stdout] test push::tests::test_push_returns_error_on_missing_remote ... ok
[INFO] [stdout] test open::tests::test_init_creates_valid_repo ... ok
[INFO] [stdout] test download::tests::test_list_remote_refs_on_empty_repo ... ok
[INFO] [stdout] test cherry_pick::tests::test_cherry_pick_conflict ... ok
[INFO] [stdout] test config::tests::test_get_set_string ... ok
[INFO] [stdout] test download::tests::test_list_remote_refs_no_match ... ok
[INFO] [stdout] test refs::tests::test_list_refs_no_match ... ok
[INFO] [stdout] test open::tests::test_open_existing_repo ... ok
[INFO] [stdout] test backend::tests::test_backend_fetch_refspec ... ok
[INFO] [stdout] test download::tests::test_list_remote_refs_finds_matching_refs ... ok
[INFO] [stdout] test backend::tests::test_backend_push ... ok
[INFO] [stdout] test refs::tests::test_resolve_head ... ok
[INFO] [stdout] test stage::tests::test_add_all_stages_new_file ... ok
[INFO] [stdout] test refs::tests::test_update_ref ... ok
[INFO] [stdout] test stage::tests::test_add_all_stages_modification ... ok
[INFO] [stdout] test refs::tests::test_list_refs ... ok
[INFO] [stdout] test refs::tests::test_resolve_nonexistent_ref ... ok
[INFO] [stdout] test refs::tests::test_list_refs_with_pattern ... ok
[INFO] [stdout] test refs::tests::test_update_ref_invalid_target ... ok
[INFO] [stdout] test backend::tests::test_backend_rebase ... ok
[INFO] [stdout] test backend::tests::test_backend_ahead_behind ... ok
[INFO] [stdout] test clone::tests::test_clone_bare_from_local_bare_repo ... ok
[INFO] [stdout] test clone::tests::test_clone_from_local_bare_repo ... ok
[INFO] [stdout] 
[INFO] [stdout] failures:
[INFO] [stdout] 
[INFO] [stdout] ---- backend::tests::test_backend_cherry_pick stdout ----
[INFO] [stdout] 
[INFO] [stdout] thread 'backend::tests::test_backend_cherry_pick' (1950) panicked at src/backend.rs:840:52:
[INFO] [stdout] called `Result::unwrap()` on an `Err` value: Git2("config value 'user.name' was not found")
[INFO] [stdout] stack backtrace:
[INFO] [stdout]    0:     0x564068a66f11 - <<std[617be2ca0a6fd877]::sys::backtrace::BacktraceLock>::print::DisplayBacktrace as core[a373ad73a504971]::fmt::Display>::fmt
[INFO] [stdout]    1:     0x564068a7b9da - core[a373ad73a504971]::fmt::write
[INFO] [stdout]    2:     0x564068a6b64c - <alloc[2e1b2a31b91974c5]::vec::Vec<u8> as core[a373ad73a504971]::io::write::Write>::write_fmt
[INFO] [stdout]    3:     0x564068a414e6 - std[617be2ca0a6fd877]::panicking::default_hook::{closure#0}
[INFO] [stdout]    4:     0x564068a5ea19 - std[617be2ca0a6fd877]::panicking::default_hook
[INFO] [stdout]    5:     0x5640689bf8f0 - test[aada8e7e76ba119b]::test_main_inner::{closure#0}
[INFO] [stdout]    6:     0x564068a5ed42 - std[617be2ca0a6fd877]::panicking::panic_with_hook
[INFO] [stdout]    7:     0x564068a41592 - std[617be2ca0a6fd877]::panicking::panic_handler::{closure#0}
[INFO] [stdout]    8:     0x564068a39fc9 - std[617be2ca0a6fd877]::sys::backtrace::__rust_end_short_backtrace::<std[617be2ca0a6fd877]::panicking::panic_handler::{closure#0}, !>
[INFO] [stdout]    9:     0x564068a4223d - __rustc[ea4f61d10b84890b]::rust_begin_unwind
[INFO] [stdout]   10:     0x564068a7c13c - core[a373ad73a504971]::panicking::panic_fmt
[INFO] [stdout]   11:     0x564068a7bf12 - core[a373ad73a504971]::result::unwrap_failed
[INFO] [stdout]   12:     0x56406885b4cf - repo_rs_git[11f077558aa717]::backend::tests::test_backend_cherry_pick::{closure#0}
[INFO] [stdout]   13:     0x56406884d443 - <tokio[4beea29cf5a05faf]::runtime::scheduler::current_thread::Context>::enter::<core[a373ad73a504971]::task::poll::Poll<()>, <tokio[4beea29cf5a05faf]::runtime::scheduler::current_thread::CoreGuard>::block_on<core[a373ad73a504971]::pin::Pin<&mut core[a373ad73a504971]::pin::Pin<&mut dyn core[a373ad73a504971]::future::future::Future<Output = ()>>>>::{closure#0}::{closure#0}>
[INFO] [stdout]   14:     0x56406888ffac - <tokio[4beea29cf5a05faf]::runtime::context::scoped::Scoped<tokio[4beea29cf5a05faf]::runtime::scheduler::Context>>::set::<<tokio[4beea29cf5a05faf]::runtime::scheduler::current_thread::CoreGuard>::enter<<tokio[4beea29cf5a05faf]::runtime::scheduler::current_thread::CoreGuard>::block_on<core[a373ad73a504971]::pin::Pin<&mut core[a373ad73a504971]::pin::Pin<&mut dyn core[a373ad73a504971]::future::future::Future<Output = ()>>>>::{closure#0}, core[a373ad73a504971]::option::Option<()>>::{closure#0}, (alloc[2e1b2a31b91974c5]::boxed::Box<tokio[4beea29cf5a05faf]::runtime::scheduler::current_thread::Core>, core[a373ad73a504971]::option::Option<()>)>
[INFO] [stdout]   15:     0x56406884d136 - <tokio[4beea29cf5a05faf]::runtime::scheduler::current_thread::CurrentThread>::block_on::<core[a373ad73a504971]::pin::Pin<&mut dyn core[a373ad73a504971]::future::future::Future<Output = ()>>>
[INFO] [stdout]   16:     0x564068863b42 - <tokio[4beea29cf5a05faf]::runtime::runtime::Runtime>::block_on::<core[a373ad73a504971]::pin::Pin<&mut dyn core[a373ad73a504971]::future::future::Future<Output = ()>>>
[INFO] [stdout]   17:     0x5640688626de - <repo_rs_git[11f077558aa717]::backend::tests::test_backend_cherry_pick::{closure#0} as core[a373ad73a504971]::ops::function::FnOnce<()>>::call_once
[INFO] [stdout]   18:     0x5640689b2d3b - test[aada8e7e76ba119b]::__rust_begin_short_backtrace::<core[a373ad73a504971]::result::Result<(), alloc[2e1b2a31b91974c5]::string::String>, fn() -> core[a373ad73a504971]::result::Result<(), alloc[2e1b2a31b91974c5]::string::String>>
[INFO] [stdout]   19:     0x5640689bff15 - test[aada8e7e76ba119b]::run_test::{closure#0}
[INFO] [stdout]   20:     0x5640689b9804 - std[617be2ca0a6fd877]::sys::backtrace::__rust_begin_short_backtrace::<test[aada8e7e76ba119b]::run_test::{closure#1}, ()>
[INFO] [stdout]   21:     0x5640689c2fa2 - <std[617be2ca0a6fd877]::thread::lifecycle::spawn_unchecked<test[aada8e7e76ba119b]::run_test::{closure#1}, ()>::{closure#1} as core[a373ad73a504971]::ops::function::FnOnce<()>>::call_once::{shim:vtable#0}
[INFO] [stdout]   22:     0x564068a6657f - <std[617be2ca0a6fd877]::sys::thread::unix::Thread>::new::thread_start
[INFO] [stdout]   23:     0x7502aecbddfa - <unknown>
[INFO] [stdout]   24:     0x7502aed513d4 - clone
[INFO] [stdout]   25:                0x0 - <unknown>
[INFO] [stdout] 
[INFO] [stdout] ---- cherry_pick::tests::test_cherry_pick_basic stdout ----
[INFO] [stdout] 
[INFO] [stdout] thread 'cherry_pick::tests::test_cherry_pick_basic' (2165) panicked at src/cherry_pick.rs:133:39:
[INFO] [stdout] called `Result::unwrap()` on an `Err` value: Git2("config value 'user.name' was not found")
[INFO] [stderr] error: test failed, to rerun pass `--lib`
[INFO] [stdout] stack backtrace:
[INFO] [stdout]    0:     0x564068a66f11 - <<std[617be2ca0a6fd877]::sys::backtrace::BacktraceLock>::print::DisplayBacktrace as core[a373ad73a504971]::fmt::Display>::fmt
[INFO] [stdout]    1:     0x564068a7b9da - core[a373ad73a504971]::fmt::write
[INFO] [stdout]    2:     0x564068a6b64c - <alloc[2e1b2a31b91974c5]::vec::Vec<u8> as core[a373ad73a504971]::io::write::Write>::write_fmt
[INFO] [stdout]    3:     0x564068a414e6 - std[617be2ca0a6fd877]::panicking::default_hook::{closure#0}
[INFO] [stdout]    4:     0x564068a5ea19 - std[617be2ca0a6fd877]::panicking::default_hook
[INFO] [stdout]    5:     0x5640689bf8f0 - test[aada8e7e76ba119b]::test_main_inner::{closure#0}
[INFO] [stdout]    6:     0x564068a5ed42 - std[617be2ca0a6fd877]::panicking::panic_with_hook
[INFO] [stdout]    7:     0x564068a41592 - std[617be2ca0a6fd877]::panicking::panic_handler::{closure#0}
[INFO] [stdout]    8:     0x564068a39fc9 - std[617be2ca0a6fd877]::sys::backtrace::__rust_end_short_backtrace::<std[617be2ca0a6fd877]::panicking::panic_handler::{closure#0}, !>
[INFO] [stdout]    9:     0x564068a4223d - __rustc[ea4f61d10b84890b]::rust_begin_unwind
[INFO] [stdout]   10:     0x564068a7c13c - core[a373ad73a504971]::panicking::panic_fmt
[INFO] [stdout]   11:     0x564068a7bf12 - core[a373ad73a504971]::result::unwrap_failed
[INFO] [stdout]   12:     0x56406886e369 - repo_rs_git[11f077558aa717]::cherry_pick::tests::test_cherry_pick_basic::{closure#0}
[INFO] [stdout]   13:     0x56406884d443 - <tokio[4beea29cf5a05faf]::runtime::scheduler::current_thread::Context>::enter::<core[a373ad73a504971]::task::poll::Poll<()>, <tokio[4beea29cf5a05faf]::runtime::scheduler::current_thread::CoreGuard>::block_on<core[a373ad73a504971]::pin::Pin<&mut core[a373ad73a504971]::pin::Pin<&mut dyn core[a373ad73a504971]::future::future::Future<Output = ()>>>>::{closure#0}::{closure#0}>
[INFO] [stdout]   14:     0x56406888ffac - <tokio[4beea29cf5a05faf]::runtime::context::scoped::Scoped<tokio[4beea29cf5a05faf]::runtime::scheduler::Context>>::set::<<tokio[4beea29cf5a05faf]::runtime::scheduler::current_thread::CoreGuard>::enter<<tokio[4beea29cf5a05faf]::runtime::scheduler::current_thread::CoreGuard>::block_on<core[a373ad73a504971]::pin::Pin<&mut core[a373ad73a504971]::pin::Pin<&mut dyn core[a373ad73a504971]::future::future::Future<Output = ()>>>>::{closure#0}, core[a373ad73a504971]::option::Option<()>>::{closure#0}, (alloc[2e1b2a31b91974c5]::boxed::Box<tokio[4beea29cf5a05faf]::runtime::scheduler::current_thread::Core>, core[a373ad73a504971]::option::Option<()>)>
[INFO] [stdout]   15:     0x56406884d136 - <tokio[4beea29cf5a05faf]::runtime::scheduler::current_thread::CurrentThread>::block_on::<core[a373ad73a504971]::pin::Pin<&mut dyn core[a373ad73a504971]::future::future::Future<Output = ()>>>
[INFO] [stdout]   16:     0x564068863b42 - <tokio[4beea29cf5a05faf]::runtime::runtime::Runtime>::block_on::<core[a373ad73a504971]::pin::Pin<&mut dyn core[a373ad73a504971]::future::future::Future<Output = ()>>>
[INFO] [stdout]   17:     0x56406887238e - <repo_rs_git[11f077558aa717]::cherry_pick::tests::test_cherry_pick_basic::{closure#0} as core[a373ad73a504971]::ops::function::FnOnce<()>>::call_once
[INFO] [stdout]   18:     0x5640689b2d3b - test[aada8e7e76ba119b]::__rust_begin_short_backtrace::<core[a373ad73a504971]::result::Result<(), alloc[2e1b2a31b91974c5]::string::String>, fn() -> core[a373ad73a504971]::result::Result<(), alloc[2e1b2a31b91974c5]::string::String>>
[INFO] [stdout]   19:     0x5640689bff15 - test[aada8e7e76ba119b]::run_test::{closure#0}
[INFO] [stdout]   20:     0x5640689b9804 - std[617be2ca0a6fd877]::sys::backtrace::__rust_begin_short_backtrace::<test[aada8e7e76ba119b]::run_test::{closure#1}, ()>
[INFO] [stdout]   21:     0x5640689c2fa2 - <std[617be2ca0a6fd877]::thread::lifecycle::spawn_unchecked<test[aada8e7e76ba119b]::run_test::{closure#1}, ()>::{closure#1} as core[a373ad73a504971]::ops::function::FnOnce<()>>::call_once::{shim:vtable#0}
[INFO] [stdout]   22:     0x564068a6657f - <std[617be2ca0a6fd877]::sys::thread::unix::Thread>::new::thread_start
[INFO] [stdout]   23:     0x7502aecbddfa - <unknown>
[INFO] [stdout]   24:     0x7502aed513d4 - clone
[INFO] [stdout]   25:                0x0 - <unknown>
[INFO] [stdout] 
[INFO] [stdout] 
[INFO] [stdout] failures:
[INFO] [stdout]     backend::tests::test_backend_cherry_pick
[INFO] [stdout]     cherry_pick::tests::test_cherry_pick_basic
[INFO] [stdout] 
[INFO] [stdout] test result: FAILED. 64 passed; 2 failed; 0 ignored; 0 measured; 0 filtered out; finished in 0.50s
[INFO] [stdout] 
[INFO] running `Command { std: "docker" "inspect" "5346d85f928f90e08526f7c9d3c96b21d6252db8d2947ceb101f204c61aba54c", kill_on_drop: false }`
[INFO] running `Command { std: "docker" "rm" "-f" "5346d85f928f90e08526f7c9d3c96b21d6252db8d2947ceb101f204c61aba54c", kill_on_drop: false }`
[INFO] [stdout] 5346d85f928f90e08526f7c9d3c96b21d6252db8d2947ceb101f204c61aba54c
