[INFO] fetching crate repo-rs-cli 0.2.3...
[INFO] testing repo-rs-cli-0.2.3 against 1.99.0-beta.8+cargoflags=--release for beta-release-1.100-2
[INFO] extracting crate repo-rs-cli 0.2.3 into /workspace/builds/worker-7-tc1/source
[INFO] started tweaking crates.io crate repo-rs-cli 0.2.3
[INFO] removed 0 missing tests
[INFO] finished tweaking crates.io crate repo-rs-cli 0.2.3
[INFO] tweaked toml for crates.io crate repo-rs-cli 0.2.3 written to /workspace/builds/worker-7-tc1/source/Cargo.toml
[INFO] validating manifest of crates.io crate repo-rs-cli 0.2.3 on toolchain 1.99.0-beta.8
[INFO] running `Command { std: CARGO_HOME="/workspace/cargo-home" RUSTUP_HOME="/workspace/rustup-home" "/workspace/cargo-home/bin/cargo" "+1.99.0-beta.8" "metadata" "--manifest-path" "Cargo.toml" "--no-deps", kill_on_drop: false }`
[INFO] crate crates.io crate repo-rs-cli 0.2.3 already has a lockfile, it will not be regenerated
[INFO] running `Command { std: CARGO_HOME="/workspace/cargo-home" RUSTUP_HOME="/workspace/rustup-home" "/workspace/cargo-home/bin/cargo" "+1.99.0-beta.8" "fetch" "--manifest-path" "Cargo.toml", kill_on_drop: false }`
[INFO] [stderr]     Updating crates.io index
[INFO] [stderr]  Downloading crates ...
[INFO] [stderr]   Downloaded camino v1.2.2
[INFO] [stderr]   Downloaded repo-rs-model v0.2.3
[INFO] [stderr]   Downloaded repo-rs-git v0.2.3
[INFO] [stderr]   Downloaded wasm-bindgen-shared v0.2.123
[INFO] [stderr]   Downloaded repo-rs-manifest v0.2.3
[INFO] [stderr]   Downloaded wasm-bindgen-macro v0.2.123
[INFO] [stderr]   Downloaded predicates-core v1.0.10
[INFO] [stderr]   Downloaded downcast v0.11.0
[INFO] [stderr]   Downloaded predicates v3.1.4
[INFO] [stderr]   Downloaded mockall v0.13.1
[INFO] [stderr]   Downloaded predicates-tree v1.0.13
[INFO] [stderr]   Downloaded fragile v2.1.0
[INFO] [stderr]   Downloaded repo-rs-cmd v0.2.3
[INFO] [stderr]   Downloaded repo-rs-engine v0.2.3
[INFO] [stderr]   Downloaded mockall_derive v0.13.1
[INFO] [stderr]   Downloaded wasm-bindgen v0.2.123
[INFO] [stderr]   Downloaded wasm-bindgen-macro-support v0.2.123
[INFO] [stderr]   Downloaded js-sys v0.3.100
[INFO] [stderr]   Downloaded quick-xml v0.40.1
[INFO] [stderr]   Downloaded libssh2-sys v0.3.1
[INFO] running `Command { std: "docker" "create" "-v" "/var/lib/crater-agent-workspace/builds/worker-7-tc1/source:/opt/rustwide/workdir:ro,Z" "-v" "/var/lib/crater-agent-workspace/builds/worker-7-tc1/target:/opt/rustwide/target:rw,Z" "-v" "/var/lib/crater-agent-workspace/cargo-home:/opt/rustwide/cargo-home:ro,Z" "-v" "/var/lib/crater-agent-workspace/rustup-home:/opt/rustwide/rustup-home:ro,Z" "-m" "1610612736" "--network" "none" "ghcr.io/rust-lang/crates-build-env/linux@sha256:77db811e55d90add9212f6832c23229e3de5f1c1f9905e8cb07319ea15df73ac" "sleep" "infinity", kill_on_drop: false }`
[INFO] [stdout] 30c9a4b0572182dd0e12d7db51fa97de22531b60bfb0131a14e90418d4be35fc
[INFO] running `Command { std: "docker" "start" "30c9a4b0572182dd0e12d7db51fa97de22531b60bfb0131a14e90418d4be35fc", kill_on_drop: false }`
[INFO] running `Command { std: "docker" "inspect" "30c9a4b0572182dd0e12d7db51fa97de22531b60bfb0131a14e90418d4be35fc", kill_on_drop: false }`
[INFO] running `Command { std: "docker" "exec" "-e" "SOURCE_DIR=/opt/rustwide/workdir" "-e" "CARGO_HOME=/opt/rustwide/cargo-home" "-e" "RUSTUP_HOME=/opt/rustwide/rustup-home" "-e" "CARGO_TARGET_DIR=/opt/rustwide/target" "-w" "/opt/rustwide/workdir" "--user" "0:0" "30c9a4b0572182dd0e12d7db51fa97de22531b60bfb0131a14e90418d4be35fc" "/opt/rustwide/cargo-home/bin/cargo" "+1.99.0-beta.8" "metadata" "--no-deps" "--format-version=1", kill_on_drop: false }`
[INFO] running `Command { std: "docker" "inspect" "30c9a4b0572182dd0e12d7db51fa97de22531b60bfb0131a14e90418d4be35fc", kill_on_drop: false }`
[INFO] running `Command { std: "docker" "exec" "-e" "SOURCE_DIR=/opt/rustwide/workdir" "-e" "CARGO_HOME=/opt/rustwide/cargo-home" "-e" "RUSTUP_HOME=/opt/rustwide/rustup-home" "-e" "CARGO_TARGET_DIR=/opt/rustwide/target" "-e" "CARGO_INCREMENTAL=0" "-e" "RUST_BACKTRACE=full" "-e" "RUSTFLAGS=--cap-lints=warn" "-e" "RUSTDOCFLAGS=--cap-lints=warn" "-w" "/opt/rustwide/workdir" "--user" "0:0" "30c9a4b0572182dd0e12d7db51fa97de22531b60bfb0131a14e90418d4be35fc" "/opt/rustwide/cargo-home/bin/cargo" "+1.99.0-beta.8" "build" "--frozen" "--message-format=json" "--release", kill_on_drop: false }`
[INFO] [stderr]    Compiling yoke v0.8.3
[INFO] [stderr]    Compiling displaydoc v0.2.6
[INFO] [stderr]    Compiling smallvec v1.15.1
[INFO] [stderr]    Compiling memchr v2.8.1
[INFO] [stderr]    Compiling bitflags v2.13.0
[INFO] [stderr]    Compiling rustix v1.1.4
[INFO] [stderr]    Compiling cc v1.2.63
[INFO] [stderr]    Compiling icu_normalizer_data v2.1.1
[INFO] [stderr]    Compiling icu_properties_data v2.1.2
[INFO] [stderr]    Compiling camino v1.2.2
[INFO] [stderr]    Compiling option-ext v0.2.0
[INFO] [stderr]    Compiling serde v1.0.228
[INFO] [stderr]    Compiling thiserror v2.0.18
[INFO] [stderr]    Compiling crossbeam-epoch v0.9.18
[INFO] [stderr]    Compiling predicates-core v1.0.10
[INFO] [stderr]    Compiling mockall_derive v0.13.1
[INFO] [stderr]    Compiling portable-atomic v1.13.1
[INFO] [stderr]    Compiling termtree v0.5.1
[INFO] [stderr]    Compiling dirs-sys v0.5.0
[INFO] [stderr]    Compiling openssl-probe v0.1.6
[INFO] [stderr]    Compiling predicates-tree v1.0.13
[INFO] [stderr]    Compiling predicates v3.1.4
[INFO] [stderr]    Compiling fragile v2.1.0
[INFO] [stderr]    Compiling tokio v1.52.3
[INFO] [stderr]    Compiling crossbeam-deque v0.8.6
[INFO] [stderr]    Compiling zerovec v0.11.6
[INFO] [stderr]    Compiling dirs v6.0.0
[INFO] [stderr]    Compiling async-trait v0.1.89
[INFO] [stderr]    Compiling zerotrie v0.2.4
[INFO] [stderr]    Compiling aho-corasick v1.1.4
[INFO] [stderr]    Compiling rayon-core v1.13.0
[INFO] [stderr]    Compiling shellexpand v3.1.2
[INFO] [stderr]    Compiling downcast v0.11.0
[INFO] [stderr]    Compiling either v1.16.0
[INFO] [stderr]    Compiling same-file v1.0.6
[INFO] [stderr]    Compiling unicode-width v0.2.2
[INFO] [stderr]    Compiling clap_derive v4.6.1
[INFO] [stderr]    Compiling walkdir v2.5.0
[INFO] [stderr]    Compiling console v0.16.3
[INFO] [stderr]    Compiling unit-prefix v0.5.2
[INFO] [stderr]    Compiling quick-xml v0.40.1
[INFO] [stderr]    Compiling tracing-log v0.2.0
[INFO] [stderr]    Compiling tinystr v0.8.3
[INFO] [stderr]    Compiling potential_utf v0.1.5
[INFO] [stderr]    Compiling regex-automata v0.4.14
[INFO] [stderr]    Compiling icu_locale_core v2.1.1
[INFO] [stderr]    Compiling icu_collections v2.1.1
[INFO] [stderr]    Compiling rayon v1.12.0
[INFO] [stderr]    Compiling libz-sys v1.1.29
[INFO] [stderr]    Compiling openssl-sys v0.9.116
[INFO] [stderr]    Compiling libssh2-sys v0.3.1
[INFO] [stderr]    Compiling libgit2-sys v0.18.5+1.9.4
[INFO] [stderr]    Compiling icu_provider v2.1.1
[INFO] [stderr]    Compiling indicatif v0.18.4
[INFO] [stderr]    Compiling icu_normalizer v2.1.1
[INFO] [stderr]    Compiling icu_properties v2.1.2
[INFO] [stderr]    Compiling tempfile v3.27.0
[INFO] [stderr]    Compiling terminal_size v0.4.4
[INFO] [stderr]    Compiling mockall v0.13.1
[INFO] [stderr]    Compiling clap_builder v4.6.0
[INFO] [stderr]    Compiling idna_adapter v1.2.1
[INFO] [stderr]    Compiling idna v1.1.0
[INFO] [stderr]    Compiling url v2.5.8
[INFO] [stderr]    Compiling repo-rs-manifest v0.2.3
[INFO] [stderr]    Compiling clap v4.6.1
[INFO] [stderr]    Compiling regex v1.12.3
[INFO] [stderr]    Compiling matchers v0.2.0
[INFO] [stderr]    Compiling tracing-subscriber v0.3.23
[INFO] [stderr]    Compiling repo-rs-model v0.2.3
[INFO] [stderr]    Compiling git2 v0.21.0
[INFO] [stderr]    Compiling repo-rs-git v0.2.3
[INFO] [stderr]    Compiling repo-rs-engine v0.2.3
[INFO] [stderr]    Compiling repo-rs-cmd v0.2.3
[INFO] [stderr]    Compiling repo-rs-cli v0.2.3 (/opt/rustwide/workdir)
[INFO] [stderr]     Finished `release` profile [optimized] target(s) in 2m 02s
[INFO] running `Command { std: "docker" "inspect" "30c9a4b0572182dd0e12d7db51fa97de22531b60bfb0131a14e90418d4be35fc", kill_on_drop: false }`
[INFO] running `Command { std: "docker" "exec" "-e" "SOURCE_DIR=/opt/rustwide/workdir" "-e" "CARGO_HOME=/opt/rustwide/cargo-home" "-e" "RUSTUP_HOME=/opt/rustwide/rustup-home" "-e" "CARGO_TARGET_DIR=/opt/rustwide/target" "-e" "CARGO_INCREMENTAL=0" "-e" "RUST_BACKTRACE=full" "-e" "RUSTFLAGS=--cap-lints=warn" "-e" "RUSTDOCFLAGS=--cap-lints=warn" "-w" "/opt/rustwide/workdir" "--user" "0:0" "30c9a4b0572182dd0e12d7db51fa97de22531b60bfb0131a14e90418d4be35fc" "/opt/rustwide/cargo-home/bin/cargo" "+1.99.0-beta.8" "test" "--frozen" "--no-run" "--message-format=json" "--release", kill_on_drop: false }`
[INFO] [stderr]    Compiling serde_json v1.0.150
[INFO] [stderr]    Compiling repo-rs-cli v0.2.3 (/opt/rustwide/workdir)
[INFO] [stdout] warning: unused import: `camino::Utf8PathBuf`
[INFO] [stdout]  --> tests/integration/fixture.rs:6:5
[INFO] [stdout]   |
[INFO] [stdout] 6 | use camino::Utf8PathBuf;
[INFO] [stdout]   |     ^^^^^^^^^^^^^^^^^^^
[INFO] [stdout]   |
[INFO] [stdout]   = note: `#[warn(unused_imports)]` (part of `#[warn(unused)]`) on by default
[INFO] [stdout] 
[INFO] [stdout] 
[INFO] [stdout] warning: unused import: `Output`
[INFO] [stdout]  --> tests/integration/gerrit.rs:7:29
[INFO] [stdout]   |
[INFO] [stdout] 7 | use std::process::{Command, Output};
[INFO] [stdout]   |                             ^^^^^^
[INFO] [stdout] 
[INFO] [stdout] 
[INFO] [stdout] warning: unused variable: `remote`
[INFO] [stdout]   --> tests/integration/main.rs:67:10
[INFO] [stdout]    |
[INFO] [stdout] 67 |     let (remote, remote_path) = setup_remote_server();
[INFO] [stdout]    |          ^^^^^^ help: if this is intentional, prefix it with an underscore: `_remote`
[INFO] [stdout]    |
[INFO] [stdout]    = note: `#[warn(unused_variables)]` (part of `#[warn(unused)]`) on by default
[INFO] [stdout] 
[INFO] [stdout] 
[INFO] [stdout] warning: unused variable: `remote`
[INFO] [stdout]   --> tests/integration/main.rs:89:10
[INFO] [stdout]    |
[INFO] [stdout] 89 |     let (remote, remote_path) = setup_remote_server();
[INFO] [stdout]    |          ^^^^^^ help: if this is intentional, prefix it with an underscore: `_remote`
[INFO] [stdout] 
[INFO] [stdout] 
[INFO] [stdout] warning: unused variable: `remote`
[INFO] [stdout]    --> tests/integration/main.rs:123:10
[INFO] [stdout]     |
[INFO] [stdout] 123 |     let (remote, remote_path) = setup_remote_server();
[INFO] [stdout]     |          ^^^^^^ help: if this is intentional, prefix it with an underscore: `_remote`
[INFO] [stdout] 
[INFO] [stdout] 
[INFO] [stdout] warning: unused variable: `remote`
[INFO] [stdout]    --> tests/integration/main.rs:144:10
[INFO] [stdout]     |
[INFO] [stdout] 144 |     let (remote, remote_path) = setup_remote_server();
[INFO] [stdout]     |          ^^^^^^ help: if this is intentional, prefix it with an underscore: `_remote`
[INFO] [stdout] 
[INFO] [stdout] 
[INFO] [stdout] warning: unused variable: `remote`
[INFO] [stdout]    --> tests/integration/main.rs:177:10
[INFO] [stdout]     |
[INFO] [stdout] 177 |     let (remote, remote_path) = setup_remote_server();
[INFO] [stdout]     |          ^^^^^^ help: if this is intentional, prefix it with an underscore: `_remote`
[INFO] [stdout] 
[INFO] [stdout] 
[INFO] [stdout] warning: unused variable: `remote`
[INFO] [stdout]    --> tests/integration/main.rs:216:10
[INFO] [stdout]     |
[INFO] [stdout] 216 |     let (remote, remote_path) = setup_remote_server();
[INFO] [stdout]     |          ^^^^^^ help: if this is intentional, prefix it with an underscore: `_remote`
[INFO] [stdout] 
[INFO] [stdout] 
[INFO] [stdout] warning: unused variable: `remote`
[INFO] [stdout]    --> tests/integration/main.rs:235:10
[INFO] [stdout]     |
[INFO] [stdout] 235 |     let (remote, remote_path) = setup_remote_server();
[INFO] [stdout]     |          ^^^^^^ help: if this is intentional, prefix it with an underscore: `_remote`
[INFO] [stdout] 
[INFO] [stdout] 
[INFO] [stdout] warning: unused variable: `remote`
[INFO] [stdout]    --> tests/integration/main.rs:253:10
[INFO] [stdout]     |
[INFO] [stdout] 253 |     let (remote, remote_path) = setup_remote_server();
[INFO] [stdout]     |          ^^^^^^ help: if this is intentional, prefix it with an underscore: `_remote`
[INFO] [stdout] 
[INFO] [stdout] 
[INFO] [stdout] warning: unused variable: `remote`
[INFO] [stdout]    --> tests/integration/main.rs:272:10
[INFO] [stdout]     |
[INFO] [stdout] 272 |     let (remote, remote_path) = setup_remote_server();
[INFO] [stdout]     |          ^^^^^^ help: if this is intentional, prefix it with an underscore: `_remote`
[INFO] [stdout] 
[INFO] [stdout] 
[INFO] [stdout] warning: unused variable: `remote`
[INFO] [stdout]    --> tests/integration/main.rs:291:10
[INFO] [stdout]     |
[INFO] [stdout] 291 |     let (remote, remote_path) = setup_remote_server();
[INFO] [stdout]     |          ^^^^^^ help: if this is intentional, prefix it with an underscore: `_remote`
[INFO] [stdout] 
[INFO] [stdout] 
[INFO] [stdout] warning: unused variable: `remote`
[INFO] [stdout]    --> tests/integration/main.rs:309:10
[INFO] [stdout]     |
[INFO] [stdout] 309 |     let (remote, remote_path) = setup_remote_server();
[INFO] [stdout]     |          ^^^^^^ help: if this is intentional, prefix it with an underscore: `_remote`
[INFO] [stdout] 
[INFO] [stdout] 
[INFO] [stdout] warning: unused variable: `remote`
[INFO] [stdout]    --> tests/integration/main.rs:331:10
[INFO] [stdout]     |
[INFO] [stdout] 331 |     let (remote, remote_path) = setup_remote_server();
[INFO] [stdout]     |          ^^^^^^ help: if this is intentional, prefix it with an underscore: `_remote`
[INFO] [stdout] 
[INFO] [stdout] 
[INFO] [stdout] warning: unused variable: `remote`
[INFO] [stdout]    --> tests/integration/main.rs:355:10
[INFO] [stdout]     |
[INFO] [stdout] 355 |     let (remote, remote_path) = setup_remote_server();
[INFO] [stdout]     |          ^^^^^^ help: if this is intentional, prefix it with an underscore: `_remote`
[INFO] [stdout] 
[INFO] [stdout] 
[INFO] [stdout] warning: unused variable: `remote`
[INFO] [stdout]    --> tests/integration/main.rs:400:10
[INFO] [stdout]     |
[INFO] [stdout] 400 |     let (remote, remote_path) = setup_remote_server();
[INFO] [stdout]     |          ^^^^^^ help: if this is intentional, prefix it with an underscore: `_remote`
[INFO] [stdout] 
[INFO] [stdout] 
[INFO] [stdout] warning: unused variable: `remote`
[INFO] [stdout]    --> tests/integration/main.rs:453:10
[INFO] [stdout]     |
[INFO] [stdout] 453 |     let (remote, remote_path) = setup_remote_server();
[INFO] [stdout]     |          ^^^^^^ help: if this is intentional, prefix it with an underscore: `_remote`
[INFO] [stdout] 
[INFO] [stdout] 
[INFO] [stdout] warning: unused variable: `remote`
[INFO] [stdout]    --> tests/integration/main.rs:469:10
[INFO] [stdout]     |
[INFO] [stdout] 469 |     let (remote, remote_path) = setup_remote_server();
[INFO] [stdout]     |          ^^^^^^ help: if this is intentional, prefix it with an underscore: `_remote`
[INFO] [stdout] 
[INFO] [stdout] 
[INFO] [stdout] warning: unused variable: `remote`
[INFO] [stdout]    --> tests/integration/main.rs:485:10
[INFO] [stdout]     |
[INFO] [stdout] 485 |     let (remote, remote_path) = setup_remote_server();
[INFO] [stdout]     |          ^^^^^^ help: if this is intentional, prefix it with an underscore: `_remote`
[INFO] [stdout] 
[INFO] [stdout] 
[INFO] [stdout] warning: unused variable: `remote`
[INFO] [stdout]    --> tests/integration/main.rs:513:10
[INFO] [stdout]     |
[INFO] [stdout] 513 |     let (remote, remote_path) = setup_remote_server();
[INFO] [stdout]     |          ^^^^^^ help: if this is intentional, prefix it with an underscore: `_remote`
[INFO] [stdout] 
[INFO] [stdout] 
[INFO] [stdout] warning: unused variable: `stdout`
[INFO] [stdout]    --> tests/integration/main.rs:525:9
[INFO] [stdout]     |
[INFO] [stdout] 525 |     let stdout = String::from_utf8_lossy(&out.stdout);
[INFO] [stdout]     |         ^^^^^^ help: if this is intentional, prefix it with an underscore: `_stdout`
[INFO] [stdout] 
[INFO] [stdout] 
[INFO] [stdout] warning: unused variable: `remote`
[INFO] [stdout]    --> tests/integration/main.rs:532:10
[INFO] [stdout]     |
[INFO] [stdout] 532 |     let (remote, remote_path) = setup_remote_server();
[INFO] [stdout]     |          ^^^^^^ help: if this is intentional, prefix it with an underscore: `_remote`
[INFO] [stdout] 
[INFO] [stdout] 
[INFO] [stdout] warning: unused variable: `remote`
[INFO] [stdout]    --> tests/integration/main.rs:550:10
[INFO] [stdout]     |
[INFO] [stdout] 550 |     let (remote, remote_path) = setup_remote_server();
[INFO] [stdout]     |          ^^^^^^ help: if this is intentional, prefix it with an underscore: `_remote`
[INFO] [stdout] 
[INFO] [stdout] 
[INFO] [stdout] warning: unused variable: `remote`
[INFO] [stdout]    --> tests/integration/main.rs:567:10
[INFO] [stdout]     |
[INFO] [stdout] 567 |     let (remote, remote_path) = setup_remote_server();
[INFO] [stdout]     |          ^^^^^^ help: if this is intentional, prefix it with an underscore: `_remote`
[INFO] [stdout] 
[INFO] [stdout] 
[INFO] [stdout] warning: function `write_manifest_wrapper` is never used
[INFO] [stdout]   --> tests/integration/fixture.rs:47:8
[INFO] [stdout]    |
[INFO] [stdout] 47 | pub fn write_manifest_wrapper(repo_dir: &PathBuf, name: &str) {
[INFO] [stdout]    |        ^^^^^^^^^^^^^^^^^^^^^^
[INFO] [stdout]    |
[INFO] [stdout]    = note: `#[warn(dead_code)]` (part of `#[warn(unused)]`) on by default
[INFO] [stdout] 
[INFO] [stdout] 
[INFO] [stdout] warning: function `init_repo_checkout` is never used
[INFO] [stdout]   --> tests/integration/fixture.rs:60:8
[INFO] [stdout]    |
[INFO] [stdout] 60 | pub fn init_repo_checkout(
[INFO] [stdout]    |        ^^^^^^^^^^^^^^^^^^
[INFO] [stdout] 
[INFO] [stdout] 
[INFO] [stdout] warning: constant `GERRIT_HTTP` is never used
[INFO] [stdout]   --> tests/integration/gerrit.rs:10:7
[INFO] [stdout]    |
[INFO] [stdout] 10 | const GERRIT_HTTP: &str = "http://localhost:8080";
[INFO] [stdout]    |       ^^^^^^^^^^^
[INFO] [stdout] 
[INFO] [stdout] 
[INFO] [stdout] warning: constant `COMPOSE_FILE` is never used
[INFO] [stdout]   --> tests/integration/gerrit.rs:11:7
[INFO] [stdout]    |
[INFO] [stdout] 11 | const COMPOSE_FILE: &str = "tests/docker-compose.gerrit.yml";
[INFO] [stdout]    |       ^^^^^^^^^^^^
[INFO] [stdout] 
[INFO] [stdout] 
[INFO] [stdout] warning: function `compose_path` is never used
[INFO] [stdout]   --> tests/integration/gerrit.rs:13:4
[INFO] [stdout]    |
[INFO] [stdout] 13 | fn compose_path() -> PathBuf {
[INFO] [stdout]    |    ^^^^^^^^^^^^
[INFO] [stdout] 
[INFO] [stdout] 
[INFO] [stdout] warning: function `start` is never used
[INFO] [stdout]   --> tests/integration/gerrit.rs:18:8
[INFO] [stdout]    |
[INFO] [stdout] 18 | pub fn start() {
[INFO] [stdout]    |        ^^^^^
[INFO] [stdout] 
[INFO] [stdout] 
[INFO] [stdout] warning: function `stop` is never used
[INFO] [stdout]   --> tests/integration/gerrit.rs:43:8
[INFO] [stdout]    |
[INFO] [stdout] 43 | pub fn stop() {
[INFO] [stdout]    |        ^^^^
[INFO] [stdout] 
[INFO] [stdout] 
[INFO] [stdout] warning: function `query_changes` is never used
[INFO] [stdout]   --> tests/integration/gerrit.rs:57:8
[INFO] [stdout]    |
[INFO] [stdout] 57 | pub fn query_changes(query: &str) -> Option<serde_json::Value> {
[INFO] [stdout]    |        ^^^^^^^^^^^^^
[INFO] [stdout] 
[INFO] [stdout] 
[INFO] [stdout] warning: function `repo_err` is never used
[INFO] [stdout]   --> tests/integration/runner.rs:50:8
[INFO] [stdout]    |
[INFO] [stdout] 50 | pub fn repo_err(cwd: &PathBuf, args: &[&str]) -> Output {
[INFO] [stdout]    |        ^^^^^^^^
[INFO] [stdout] 
[INFO] [stdout] 
[INFO] [stderr]     Finished `release` profile [optimized] target(s) in 4.13s
[INFO] running `Command { std: "docker" "inspect" "30c9a4b0572182dd0e12d7db51fa97de22531b60bfb0131a14e90418d4be35fc", kill_on_drop: false }`
[INFO] running `Command { std: "docker" "exec" "-e" "SOURCE_DIR=/opt/rustwide/workdir" "-e" "CARGO_HOME=/opt/rustwide/cargo-home" "-e" "RUSTUP_HOME=/opt/rustwide/rustup-home" "-e" "CARGO_TARGET_DIR=/opt/rustwide/target" "-e" "CARGO_INCREMENTAL=0" "-e" "RUST_BACKTRACE=full" "-e" "RUSTFLAGS=--cap-lints=warn" "-e" "RUSTDOCFLAGS=--cap-lints=warn" "-w" "/opt/rustwide/workdir" "--user" "0:0" "30c9a4b0572182dd0e12d7db51fa97de22531b60bfb0131a14e90418d4be35fc" "/opt/rustwide/cargo-home/bin/cargo" "+1.99.0-beta.8" "test" "--frozen" "--release", kill_on_drop: false }`
[INFO] [stderr] warning: unused import: `camino::Utf8PathBuf`
[INFO] [stderr]  --> tests/integration/fixture.rs:6:5
[INFO] [stderr]   |
[INFO] [stderr] 6 | use camino::Utf8PathBuf;
[INFO] [stderr]   |     ^^^^^^^^^^^^^^^^^^^
[INFO] [stderr]   |
[INFO] [stderr]   = note: `#[warn(unused_imports)]` (part of `#[warn(unused)]`) on by default
[INFO] [stderr] 
[INFO] [stderr] warning: unused import: `Output`
[INFO] [stderr]  --> tests/integration/gerrit.rs:7:29
[INFO] [stderr]   |
[INFO] [stderr] 7 | use std::process::{Command, Output};
[INFO] [stderr]   |                             ^^^^^^
[INFO] [stderr] 
[INFO] [stderr] warning: unused variable: `remote`
[INFO] [stderr]   --> tests/integration/main.rs:67:10
[INFO] [stderr]    |
[INFO] [stderr] 67 |     let (remote, remote_path) = setup_remote_server();
[INFO] [stderr]    |          ^^^^^^ help: if this is intentional, prefix it with an underscore: `_remote`
[INFO] [stderr]    |
[INFO] [stderr]    = note: `#[warn(unused_variables)]` (part of `#[warn(unused)]`) on by default
[INFO] [stderr] 
[INFO] [stderr] warning: unused variable: `remote`
[INFO] [stderr]   --> tests/integration/main.rs:89:10
[INFO] [stderr]    |
[INFO] [stderr] 89 |     let (remote, remote_path) = setup_remote_server();
[INFO] [stderr]    |          ^^^^^^ help: if this is intentional, prefix it with an underscore: `_remote`
[INFO] [stderr] 
[INFO] [stderr] warning: unused variable: `remote`
[INFO] [stderr]    --> tests/integration/main.rs:123:10
[INFO] [stderr]     |
[INFO] [stderr] 123 |     let (remote, remote_path) = setup_remote_server();
[INFO] [stderr]     |          ^^^^^^ help: if this is intentional, prefix it with an underscore: `_remote`
[INFO] [stderr] 
[INFO] [stderr] warning: unused variable: `remote`
[INFO] [stderr]    --> tests/integration/main.rs:144:10
[INFO] [stderr]     |
[INFO] [stderr] 144 |     let (remote, remote_path) = setup_remote_server();
[INFO] [stderr]     |          ^^^^^^ help: if this is intentional, prefix it with an underscore: `_remote`
[INFO] [stderr] 
[INFO] [stderr] warning: unused variable: `remote`
[INFO] [stderr]    --> tests/integration/main.rs:177:10
[INFO] [stderr]     |
[INFO] [stderr] 177 |     let (remote, remote_path) = setup_remote_server();
[INFO] [stderr]     |          ^^^^^^ help: if this is intentional, prefix it with an underscore: `_remote`
[INFO] [stderr] 
[INFO] [stderr] warning: unused variable: `remote`
[INFO] [stderr]    --> tests/integration/main.rs:216:10
[INFO] [stderr]     |
[INFO] [stderr] 216 |     let (remote, remote_path) = setup_remote_server();
[INFO] [stderr]     |          ^^^^^^ help: if this is intentional, prefix it with an underscore: `_remote`
[INFO] [stderr] 
[INFO] [stderr] warning: unused variable: `remote`
[INFO] [stderr]    --> tests/integration/main.rs:235:10
[INFO] [stderr]     |
[INFO] [stderr] 235 |     let (remote, remote_path) = setup_remote_server();
[INFO] [stderr]     |          ^^^^^^ help: if this is intentional, prefix it with an underscore: `_remote`
[INFO] [stderr] 
[INFO] [stderr] warning: unused variable: `remote`
[INFO] [stderr]    --> tests/integration/main.rs:253:10
[INFO] [stderr]     |
[INFO] [stderr] 253 |     let (remote, remote_path) = setup_remote_server();
[INFO] [stderr]     |          ^^^^^^ help: if this is intentional, prefix it with an underscore: `_remote`
[INFO] [stderr] 
[INFO] [stderr] warning: unused variable: `remote`
[INFO] [stderr]    --> tests/integration/main.rs:272:10
[INFO] [stderr]     |
[INFO] [stderr] 272 |     let (remote, remote_path) = setup_remote_server();
[INFO] [stderr]     |          ^^^^^^ help: if this is intentional, prefix it with an underscore: `_remote`
[INFO] [stderr] 
[INFO] [stderr] warning: unused variable: `remote`
[INFO] [stderr]    --> tests/integration/main.rs:291:10
[INFO] [stderr]     |
[INFO] [stderr] 291 |     let (remote, remote_path) = setup_remote_server();
[INFO] [stderr]     |          ^^^^^^ help: if this is intentional, prefix it with an underscore: `_remote`
[INFO] [stderr] 
[INFO] [stderr] warning: unused variable: `remote`
[INFO] [stderr]    --> tests/integration/main.rs:309:10
[INFO] [stderr]     |
[INFO] [stderr] 309 |     let (remote, remote_path) = setup_remote_server();
[INFO] [stderr]     |          ^^^^^^ help: if this is intentional, prefix it with an underscore: `_remote`
[INFO] [stderr] 
[INFO] [stderr] warning: unused variable: `remote`
[INFO] [stderr]    --> tests/integration/main.rs:331:10
[INFO] [stderr]     |
[INFO] [stderr] 331 |     let (remote, remote_path) = setup_remote_server();
[INFO] [stderr]     |          ^^^^^^ help: if this is intentional, prefix it with an underscore: `_remote`
[INFO] [stderr] 
[INFO] [stderr] warning: unused variable: `remote`
[INFO] [stderr]    --> tests/integration/main.rs:355:10
[INFO] [stderr]     |
[INFO] [stderr] 355 |     let (remote, remote_path) = setup_remote_server();
[INFO] [stderr]     |          ^^^^^^ help: if this is intentional, prefix it with an underscore: `_remote`
[INFO] [stderr] 
[INFO] [stderr] warning: unused variable: `remote`
[INFO] [stderr]    --> tests/integration/main.rs:400:10
[INFO] [stderr]     |
[INFO] [stderr] 400 |     let (remote, remote_path) = setup_remote_server();
[INFO] [stderr]     |          ^^^^^^ help: if this is intentional, prefix it with an underscore: `_remote`
[INFO] [stderr] 
[INFO] [stderr] warning: unused variable: `remote`
[INFO] [stderr]    --> tests/integration/main.rs:453:10
[INFO] [stderr]     |
[INFO] [stderr] 453 |     let (remote, remote_path) = setup_remote_server();
[INFO] [stderr]     |          ^^^^^^ help: if this is intentional, prefix it with an underscore: `_remote`
[INFO] [stderr] 
[INFO] [stderr] warning: unused variable: `remote`
[INFO] [stderr]    --> tests/integration/main.rs:469:10
[INFO] [stderr]     |
[INFO] [stderr] 469 |     let (remote, remote_path) = setup_remote_server();
[INFO] [stderr]     |          ^^^^^^ help: if this is intentional, prefix it with an underscore: `_remote`
[INFO] [stderr] 
[INFO] [stderr] warning: unused variable: `remote`
[INFO] [stderr]    --> tests/integration/main.rs:485:10
[INFO] [stderr]     |
[INFO] [stderr] 485 |     let (remote, remote_path) = setup_remote_server();
[INFO] [stderr]     |          ^^^^^^ help: if this is intentional, prefix it with an underscore: `_remote`
[INFO] [stderr] 
[INFO] [stderr] warning: unused variable: `remote`
[INFO] [stderr]    --> tests/integration/main.rs:513:10
[INFO] [stderr]     |
[INFO] [stderr] 513 |     let (remote, remote_path) = setup_remote_server();
[INFO] [stderr]     |          ^^^^^^ help: if this is intentional, prefix it with an underscore: `_remote`
[INFO] [stderr] 
[INFO] [stderr] warning: unused variable: `stdout`
[INFO] [stderr]    --> tests/integration/main.rs:525:9
[INFO] [stderr]     |
[INFO] [stderr] 525 |     let stdout = String::from_utf8_lossy(&out.stdout);
[INFO] [stderr]     |         ^^^^^^ help: if this is intentional, prefix it with an underscore: `_stdout`
[INFO] [stderr] 
[INFO] [stderr] warning: unused variable: `remote`
[INFO] [stderr]    --> tests/integration/main.rs:532:10
[INFO] [stderr]     |
[INFO] [stderr] 532 |     let (remote, remote_path) = setup_remote_server();
[INFO] [stderr]     |          ^^^^^^ help: if this is intentional, prefix it with an underscore: `_remote`
[INFO] [stderr] 
[INFO] [stderr] warning: unused variable: `remote`
[INFO] [stderr]    --> tests/integration/main.rs:550:10
[INFO] [stderr]     |
[INFO] [stderr] 550 |     let (remote, remote_path) = setup_remote_server();
[INFO] [stderr]     |          ^^^^^^ help: if this is intentional, prefix it with an underscore: `_remote`
[INFO] [stderr] 
[INFO] [stderr] warning: unused variable: `remote`
[INFO] [stderr]    --> tests/integration/main.rs:567:10
[INFO] [stderr]     |
[INFO] [stderr] 567 |     let (remote, remote_path) = setup_remote_server();
[INFO] [stderr]     |          ^^^^^^ help: if this is intentional, prefix it with an underscore: `_remote`
[INFO] [stderr] 
[INFO] [stderr] warning: function `write_manifest_wrapper` is never used
[INFO] [stderr]   --> tests/integration/fixture.rs:47:8
[INFO] [stderr]    |
[INFO] [stderr] 47 | pub fn write_manifest_wrapper(repo_dir: &PathBuf, name: &str) {
[INFO] [stderr]    |        ^^^^^^^^^^^^^^^^^^^^^^
[INFO] [stderr]    |
[INFO] [stderr]    = note: `#[warn(dead_code)]` (part of `#[warn(unused)]`) on by default
[INFO] [stderr] 
[INFO] [stderr] warning: function `init_repo_checkout` is never used
[INFO] [stderr]   --> tests/integration/fixture.rs:60:8
[INFO] [stderr]    |
[INFO] [stderr] 60 | pub fn init_repo_checkout(
[INFO] [stderr]    |        ^^^^^^^^^^^^^^^^^^
[INFO] [stderr] 
[INFO] [stderr] warning: constant `GERRIT_HTTP` is never used
[INFO] [stderr]   --> tests/integration/gerrit.rs:10:7
[INFO] [stderr]    |
[INFO] [stderr] 10 | const GERRIT_HTTP: &str = "http://localhost:8080";
[INFO] [stderr]    |       ^^^^^^^^^^^
[INFO] [stderr] 
[INFO] [stderr] warning: constant `COMPOSE_FILE` is never used
[INFO] [stderr]   --> tests/integration/gerrit.rs:11:7
[INFO] [stderr]    |
[INFO] [stderr] 11 | const COMPOSE_FILE: &str = "tests/docker-compose.gerrit.yml";
[INFO] [stderr]    |       ^^^^^^^^^^^^
[INFO] [stderr] 
[INFO] [stderr] warning: function `compose_path` is never used
[INFO] [stderr]   --> tests/integration/gerrit.rs:13:4
[INFO] [stderr]    |
[INFO] [stderr] 13 | fn compose_path() -> PathBuf {
[INFO] [stderr]    |    ^^^^^^^^^^^^
[INFO] [stderr] 
[INFO] [stderr] warning: function `start` is never used
[INFO] [stderr]   --> tests/integration/gerrit.rs:18:8
[INFO] [stderr]    |
[INFO] [stderr] 18 | pub fn start() {
[INFO] [stderr]    |        ^^^^^
[INFO] [stderr] 
[INFO] [stderr] warning: function `stop` is never used
[INFO] [stderr]   --> tests/integration/gerrit.rs:43:8
[INFO] [stderr]    |
[INFO] [stderr] 43 | pub fn stop() {
[INFO] [stderr]    |        ^^^^
[INFO] [stderr] 
[INFO] [stderr] warning: function `query_changes` is never used
[INFO] [stderr]   --> tests/integration/gerrit.rs:57:8
[INFO] [stderr]    |
[INFO] [stderr] 57 | pub fn query_changes(query: &str) -> Option<serde_json::Value> {
[INFO] [stderr]    |        ^^^^^^^^^^^^^
[INFO] [stderr] 
[INFO] [stderr] warning: function `repo_err` is never used
[INFO] [stderr]   --> tests/integration/runner.rs:50:8
[INFO] [stderr]    |
[INFO] [stderr] 50 | pub fn repo_err(cwd: &PathBuf, args: &[&str]) -> Output {
[INFO] [stderr]    |        ^^^^^^^^
[INFO] [stderr] 
[INFO] [stderr] warning: `repo-rs-cli` (test "integration") generated 33 warnings (run `cargo fix --test "integration" -p repo-rs-cli` to apply 24 suggestions)
[INFO] [stderr]     Finished `release` profile [optimized] target(s) in 0.18s
[INFO] [stderr]      Running unittests src/main.rs (/opt/rustwide/target/release/deps/repo-82305ebf0dc98e40)
[INFO] [stderr]      Running tests/integration/main.rs (/opt/rustwide/target/release/deps/integration-6386b36210ffc600)
[INFO] [stdout] 
[INFO] [stdout] running 0 tests
[INFO] [stdout] 
[INFO] [stdout] test result: ok. 0 passed; 0 failed; 0 ignored; 0 measured; 0 filtered out; finished in 0.00s
[INFO] [stdout] 
[INFO] [stdout] 
[INFO] [stdout] running 24 tests
[INFO] [stdout] test test_help ... ok
[INFO] [stdout] test test_diffmanifests ... ok
[INFO] [stdout] test test_info ... ok
[INFO] [stdout] test test_grep ... ok
[INFO] [stdout] test test_checkout ... FAILED
[INFO] [stdout] test test_overview ... ok
[INFO] [stdout] test test_prune ... FAILED
[INFO] [stdout] test test_forall ... ok
[INFO] [stdout] test test_gc ... ok
[INFO] [stdout] test test_version ... ok
[INFO] [stdout] test test_selfupdate ... ok
[INFO] [stdout] test test_init_and_sync ... ok
[INFO] [stdout] test test_manifest ... ok
[INFO] [stdout] test test_abandon ... FAILED
[INFO] [stdout] test test_list ... ok
[INFO] [stdout] test test_rebase ... FAILED
[INFO] [stdout] test test_download_fetches_change ... ok
[INFO] [stdout] test test_upload_without_review_url_fails ... FAILED
[INFO] [stdout] test test_cherry_pick ... FAILED
[INFO] [stdout] test test_smartsync ... ok
[INFO] [stdout] test test_upload_creates_refs_for ... FAILED
[INFO] [stdout] test test_start_and_branches ... FAILED
[INFO] [stdout] test test_wipe ... ok
[INFO] [stdout] test test_status_diff_stage ... ok
[INFO] [stdout] 
[INFO] [stdout] failures:
[INFO] [stdout] 
[INFO] [stdout] ---- test_checkout stdout ----
[INFO] [stdout] 
[INFO] [stdout] thread 'test_checkout' (2401) panicked at tests/integration/runner.rs:38:9:
[INFO] [stdout] repo ["checkout", "mainline"] failed in /tmp/.tmp9q8Ofx
[INFO] [stdout] stdout: [31mERROR[0m engine error: sync error: failed to checkout mainline in platform/foo: git2 error: revspec 'mainline' not found
[INFO] [stdout] 
[INFO] [stdout] stderr: 
[INFO] [stdout] stack backtrace:
[INFO] [stdout]    0:     0x5d87725900c1 - <<std[70759c8f55707aa4]::sys::backtrace::BacktraceLock>::print::DisplayBacktrace as core[df12db4294e9bfd3]::fmt::Display>::fmt
[INFO] [stdout]    1:     0x5d87725a45ea - core[df12db4294e9bfd3]::fmt::write
[INFO] [stdout]    2:     0x5d87725947dc - <alloc[2182bb758b4b3781]::vec::Vec<u8> as core[df12db4294e9bfd3]::io::write::Write>::write_fmt
[INFO] [stdout]    3:     0x5d877256adb6 - std[70759c8f55707aa4]::panicking::default_hook::{closure#0}
[INFO] [stdout]    4:     0x5d8772587f29 - std[70759c8f55707aa4]::panicking::default_hook
[INFO] [stdout]    5:     0x5d87725231c0 - test[9d35eded1c95d3be]::test_main_inner::<test[9d35eded1c95d3be]::test_main_static::{closure#0}>::{closure#0}
[INFO] [stdout]    6:     0x5d87725880e2 - std[70759c8f55707aa4]::panicking::panic_with_hook
[INFO] [stdout]    7:     0x5d877256ae62 - std[70759c8f55707aa4]::panicking::panic_handler::{closure#0}
[INFO] [stdout]    8:     0x5d8772563ac9 - std[70759c8f55707aa4]::sys::backtrace::__rust_end_short_backtrace::<std[70759c8f55707aa4]::panicking::panic_handler::{closure#0}, !>
[INFO] [stdout]    9:     0x5d877256ba5d - __rustc[8fa7c3cbc660c2b3]::rust_begin_unwind
[INFO] [stdout]   10:     0x5d87725a4d1c - core[df12db4294e9bfd3]::panicking::panic_fmt
[INFO] [stdout]   11:     0x5d8772512cc2 - integration[a2b2e6035d46a0f1]::runner::repo_ok
[INFO] [stdout]   12:     0x5d877250a9cd - <integration[a2b2e6035d46a0f1]::test_checkout::{closure#0} as core[df12db4294e9bfd3]::ops::function::FnOnce<()>>::call_once
[INFO] [stdout]   13:     0x5d87725164ab - test[9d35eded1c95d3be]::__rust_begin_short_backtrace::<core[df12db4294e9bfd3]::result::Result<(), alloc[2182bb758b4b3781]::string::String>, fn() -> core[df12db4294e9bfd3]::result::Result<(), alloc[2182bb758b4b3781]::string::String>>
[INFO] [stdout]   14:     0x5d8772523b15 - test[9d35eded1c95d3be]::run_test::{closure#0}
[INFO] [stdout]   15:     0x5d877251d3d4 - std[70759c8f55707aa4]::sys::backtrace::__rust_begin_short_backtrace::<test[9d35eded1c95d3be]::run_test::{closure#1}, ()>
[INFO] [stdout]   16:     0x5d8772526c72 - <std[70759c8f55707aa4]::thread::lifecycle::spawn_unchecked<test[9d35eded1c95d3be]::run_test::{closure#1}, ()>::{closure#1} as core[df12db4294e9bfd3]::ops::function::FnOnce<()>>::call_once::{shim:vtable#0}
[INFO] [stdout]   17:     0x5d877258f7a9 - <std[70759c8f55707aa4]::sys::thread::unix::Thread>::new::thread_start
[INFO] [stdout]   18:     0x79640bf6cdfa - <unknown>
[INFO] [stdout]   19:     0x79640c0003d4 - clone
[INFO] [stdout]   20:                0x0 - <unknown>
[INFO] [stdout] 
[INFO] [stdout] ---- test_prune stdout ----
[INFO] [stdout] 
[INFO] [stdout] thread 'test_prune' (2416) panicked at tests/integration/runner.rs:38:9:
[INFO] [stdout] repo ["start", "old-topic", "platform/foo", "platform/bar"] failed in /tmp/.tmpJvi8H2
[INFO] [stdout] stdout: [31mERROR[0m engine error: git error: git2 error: revspec 'mainline' not found
[INFO] [stdout] 
[INFO] [stdout] stderr: 
[INFO] [stdout] stack backtrace:
[INFO] [stdout]    0:     0x5d87725900c1 - <<std[70759c8f55707aa4]::sys::backtrace::BacktraceLock>::print::DisplayBacktrace as core[df12db4294e9bfd3]::fmt::Display>::fmt
[INFO] [stdout]    1:     0x5d87725a45ea - core[df12db4294e9bfd3]::fmt::write
[INFO] [stdout]    2:     0x5d87725947dc - <alloc[2182bb758b4b3781]::vec::Vec<u8> as core[df12db4294e9bfd3]::io::write::Write>::write_fmt
[INFO] [stdout]    3:     0x5d877256adb6 - std[70759c8f55707aa4]::panicking::default_hook::{closure#0}
[INFO] [stdout]    4:     0x5d8772587f29 - std[70759c8f55707aa4]::panicking::default_hook
[INFO] [stdout]    5:     0x5d87725231c0 - test[9d35eded1c95d3be]::test_main_inner::<test[9d35eded1c95d3be]::test_main_static::{closure#0}>::{closure#0}
[INFO] [stdout]    6:     0x5d87725880e2 - std[70759c8f55707aa4]::panicking::panic_with_hook
[INFO] [stdout]    7:     0x5d877256ae62 - std[70759c8f55707aa4]::panicking::panic_handler::{closure#0}
[INFO] [stdout]    8:     0x5d8772563ac9 - std[70759c8f55707aa4]::sys::backtrace::__rust_end_short_backtrace::<std[70759c8f55707aa4]::panicking::panic_handler::{closure#0}, !>
[INFO] [stdout]    9:     0x5d877256ba5d - __rustc[8fa7c3cbc660c2b3]::rust_begin_unwind
[INFO] [stdout]   10:     0x5d87725a4d1c - core[df12db4294e9bfd3]::panicking::panic_fmt
[INFO] [stdout]   11:     0x5d8772512cc2 - integration[a2b2e6035d46a0f1]::runner::repo_ok
[INFO] [stdout]   12:     0x5d8772508b02 - <integration[a2b2e6035d46a0f1]::test_prune::{closure#0} as core[df12db4294e9bfd3]::ops::function::FnOnce<()>>::call_once
[INFO] [stdout]   13:     0x5d87725164ab - test[9d35eded1c95d3be]::__rust_begin_short_backtrace::<core[df12db4294e9bfd3]::result::Result<(), alloc[2182bb758b4b3781]::string::String>, fn() -> core[df12db4294e9bfd3]::result::Result<(), alloc[2182bb758b4b3781]::string::String>>
[INFO] [stdout]   14:     0x5d8772523b15 - test[9d35eded1c95d3be]::run_test::{closure#0}
[INFO] [stdout]   15:     0x5d877251d3d4 - std[70759c8f55707aa4]::sys::backtrace::__rust_begin_short_backtrace::<test[9d35eded1c95d3be]::run_test::{closure#1}, ()>
[INFO] [stdout]   16:     0x5d8772526c72 - <std[70759c8f55707aa4]::thread::lifecycle::spawn_unchecked<test[9d35eded1c95d3be]::run_test::{closure#1}, ()>::{closure#1} as core[df12db4294e9bfd3]::ops::function::FnOnce<()>>::call_once::{shim:vtable#0}
[INFO] [stdout]   17:     0x5d877258f7a9 - <std[70759c8f55707aa4]::sys::thread::unix::Thread>::new::thread_start
[INFO] [stdout]   18:     0x79640bf6cdfa - <unknown>
[INFO] [stdout]   19:     0x79640c0003d4 - clone
[INFO] [stdout]   20:                0x0 - <unknown>
[INFO] [stdout] 
[INFO] [stdout] ---- test_abandon stdout ----
[INFO] [stdout] 
[INFO] [stdout] thread 'test_abandon' (2400) panicked at tests/integration/runner.rs:38:9:
[INFO] [stdout] repo ["start", "my-topic", "platform/foo", "platform/bar"] failed in /tmp/.tmpP5vB8Y
[INFO] [stdout] stdout: [31mERROR[0m engine error: git error: git2 error: revspec 'mainline' not found
[INFO] [stdout] 
[INFO] [stdout] stderr: 
[INFO] [stdout] stack backtrace:
[INFO] [stdout]    0:     0x5d87725900c1 - <<std[70759c8f55707aa4]::sys::backtrace::BacktraceLock>::print::DisplayBacktrace as core[df12db4294e9bfd3]::fmt::Display>::fmt
[INFO] [stdout]    1:     0x5d87725a45ea - core[df12db4294e9bfd3]::fmt::write
[INFO] [stdout]    2:     0x5d87725947dc - <alloc[2182bb758b4b3781]::vec::Vec<u8> as core[df12db4294e9bfd3]::io::write::Write>::write_fmt
[INFO] [stdout]    3:     0x5d877256adb6 - std[70759c8f55707aa4]::panicking::default_hook::{closure#0}
[INFO] [stdout]    4:     0x5d8772587f29 - std[70759c8f55707aa4]::panicking::default_hook
[INFO] [stdout]    5:     0x5d87725231c0 - test[9d35eded1c95d3be]::test_main_inner::<test[9d35eded1c95d3be]::test_main_static::{closure#0}>::{closure#0}
[INFO] [stdout]    6:     0x5d87725880e2 - std[70759c8f55707aa4]::panicking::panic_with_hook
[INFO] [stdout]    7:     0x5d877256ae62 - std[70759c8f55707aa4]::panicking::panic_handler::{closure#0}
[INFO] [stdout]    8:     0x5d8772563ac9 - std[70759c8f55707aa4]::sys::backtrace::__rust_end_short_backtrace::<std[70759c8f55707aa4]::panicking::panic_handler::{closure#0}, !>
[INFO] [stdout]    9:     0x5d877256ba5d - __rustc[8fa7c3cbc660c2b3]::rust_begin_unwind
[INFO] [stdout]   10:     0x5d87725a4d1c - core[df12db4294e9bfd3]::panicking::panic_fmt
[INFO] [stdout]   11:     0x5d8772512cc2 - integration[a2b2e6035d46a0f1]::runner::repo_ok
[INFO] [stdout]   12:     0x5d877250a3f1 - <integration[a2b2e6035d46a0f1]::test_abandon::{closure#0} as core[df12db4294e9bfd3]::ops::function::FnOnce<()>>::call_once
[INFO] [stdout]   13:     0x5d87725164ab - test[9d35eded1c95d3be]::__rust_begin_short_backtrace::<core[df12db4294e9bfd3]::result::Result<(), alloc[2182bb758b4b3781]::string::String>, fn() -> core[df12db4294e9bfd3]::result::Result<(), alloc[2182bb758b4b3781]::string::String>>
[INFO] [stdout]   14:     0x5d8772523b15 - test[9d35eded1c95d3be]::run_test::{closure#0}
[INFO] [stdout]   15:     0x5d877251d3d4 - std[70759c8f55707aa4]::sys::backtrace::__rust_begin_short_backtrace::<test[9d35eded1c95d3be]::run_test::{closure#1}, ()>
[INFO] [stdout]   16:     0x5d8772526c72 - <std[70759c8f55707aa4]::thread::lifecycle::spawn_unchecked<test[9d35eded1c95d3be]::run_test::{closure#1}, ()>::{closure#1} as core[df12db4294e9bfd3]::ops::function::FnOnce<()>>::call_once::{shim:vtable#0}
[INFO] [stdout]   17:     0x5d877258f7a9 - <std[70759c8f55707aa4]::sys::thread::unix::Thread>::new::thread_start
[INFO] [stdout]   18:     0x79640bf6cdfa - <unknown>
[INFO] [stdout]   19:     0x79640c0003d4 - clone
[INFO] [stdout]   20:                0x0 - <unknown>
[INFO] [stdout] 
[INFO] [stdout] ---- test_rebase stdout ----
[INFO] [stdout] 
[INFO] [stdout] thread 'test_rebase' (2417) panicked at tests/integration/runner.rs:38:9:
[INFO] [stdout] repo ["start", "my-topic", "platform/foo", "platform/bar"] failed in /tmp/.tmpnTQRP3
[INFO] [stdout] stdout: [31mERROR[0m engine error: git error: git2 error: revspec 'mainline' not found
[INFO] [stdout] 
[INFO] [stdout] stderr: 
[INFO] [stdout] stack backtrace:
[INFO] [stdout]    0:     0x5d87725900c1 - <<std[70759c8f55707aa4]::sys::backtrace::BacktraceLock>::print::DisplayBacktrace as core[df12db4294e9bfd3]::fmt::Display>::fmt
[INFO] [stdout]    1:     0x5d87725a45ea - core[df12db4294e9bfd3]::fmt::write
[INFO] [stdout]    2:     0x5d87725947dc - <alloc[2182bb758b4b3781]::vec::Vec<u8> as core[df12db4294e9bfd3]::io::write::Write>::write_fmt
[INFO] [stdout]    3:     0x5d877256adb6 - std[70759c8f55707aa4]::panicking::default_hook::{closure#0}
[INFO] [stdout]    4:     0x5d8772587f29 - std[70759c8f55707aa4]::panicking::default_hook
[INFO] [stdout]    5:     0x5d87725231c0 - test[9d35eded1c95d3be]::test_main_inner::<test[9d35eded1c95d3be]::test_main_static::{closure#0}>::{closure#0}
[INFO] [stdout]    6:     0x5d87725880e2 - std[70759c8f55707aa4]::panicking::panic_with_hook
[INFO] [stdout]    7:     0x5d877256ae62 - std[70759c8f55707aa4]::panicking::panic_handler::{closure#0}
[INFO] [stdout]    8:     0x5d8772563ac9 - std[70759c8f55707aa4]::sys::backtrace::__rust_end_short_backtrace::<std[70759c8f55707aa4]::panicking::panic_handler::{closure#0}, !>
[INFO] [stdout]    9:     0x5d877256ba5d - __rustc[8fa7c3cbc660c2b3]::rust_begin_unwind
[INFO] [stdout]   10:     0x5d87725a4d1c - core[df12db4294e9bfd3]::panicking::panic_fmt
[INFO] [stdout]   11:     0x5d8772512cc2 - integration[a2b2e6035d46a0f1]::runner::repo_ok
[INFO] [stdout]   12:     0x5d8772509f30 - <integration[a2b2e6035d46a0f1]::test_rebase::{closure#0} as core[df12db4294e9bfd3]::ops::function::FnOnce<()>>::call_once
[INFO] [stdout]   13:     0x5d87725164ab - test[9d35eded1c95d3be]::__rust_begin_short_backtrace::<core[df12db4294e9bfd3]::result::Result<(), alloc[2182bb758b4b3781]::string::String>, fn() -> core[df12db4294e9bfd3]::result::Result<(), alloc[2182bb758b4b3781]::string::String>>
[INFO] [stdout]   14:     0x5d8772523b15 - test[9d35eded1c95d3be]::run_test::{closure#0}
[INFO] [stdout]   15:     0x5d877251d3d4 - std[70759c8f55707aa4]::sys::backtrace::__rust_begin_short_backtrace::<test[9d35eded1c95d3be]::run_test::{closure#1}, ()>
[INFO] [stdout]   16:     0x5d8772526c72 - <std[70759c8f55707aa4]::thread::lifecycle::spawn_unchecked<test[9d35eded1c95d3be]::run_test::{closure#1}, ()>::{closure#1} as core[df12db4294e9bfd3]::ops::function::FnOnce<()>>::call_once::{shim:vtable#0}
[INFO] [stdout]   17:     0x5d877258f7a9 - <std[70759c8f55707aa4]::sys::thread::unix::Thread>::new::thread_start
[INFO] [stdout]   18:     0x79640bf6cdfa - <unknown>
[INFO] [stdout]   19:     0x79640c0003d4 - clone
[INFO] [stdout]   20:                0x0 - <unknown>
[INFO] [stdout] 
[INFO] [stdout] ---- test_upload_without_review_url_fails stdout ----
[INFO] [stdout] 
[INFO] [stdout] thread 'test_upload_without_review_url_fails' (4532) panicked at tests/integration/main.rs:614:5:
[INFO] [stdout] assertion failed: out.status.success()
[INFO] [stdout] stack backtrace:
[INFO] [stdout]    0:     0x5d87725900c1 - <<std[70759c8f55707aa4]::sys::backtrace::BacktraceLock>::print::DisplayBacktrace as core[df12db4294e9bfd3]::fmt::Display>::fmt
[INFO] [stdout]    1:     0x5d87725a45ea - core[df12db4294e9bfd3]::fmt::write
[INFO] [stdout]    2:     0x5d87725947dc - <alloc[2182bb758b4b3781]::vec::Vec<u8> as core[df12db4294e9bfd3]::io::write::Write>::write_fmt
[INFO] [stdout]    3:     0x5d877256adb6 - std[70759c8f55707aa4]::panicking::default_hook::{closure#0}
[INFO] [stdout]    4:     0x5d8772587f29 - std[70759c8f55707aa4]::panicking::default_hook
[INFO] [stdout]    5:     0x5d87725231c0 - test[9d35eded1c95d3be]::test_main_inner::<test[9d35eded1c95d3be]::test_main_static::{closure#0}>::{closure#0}
[INFO] [stdout]    6:     0x5d87725880e2 - std[70759c8f55707aa4]::panicking::panic_with_hook
[INFO] [stdout]    7:     0x5d877256ae94 - std[70759c8f55707aa4]::panicking::panic_handler::{closure#0}
[INFO] [stdout]    8:     0x5d8772563ac9 - std[70759c8f55707aa4]::sys::backtrace::__rust_end_short_backtrace::<std[70759c8f55707aa4]::panicking::panic_handler::{closure#0}, !>
[INFO] [stdout]    9:     0x5d877256ba5d - __rustc[8fa7c3cbc660c2b3]::rust_begin_unwind
[INFO] [stdout]   10:     0x5d87725a4d1c - core[df12db4294e9bfd3]::panicking::panic_fmt
[INFO] [stdout]   11:     0x5d87725a4ce2 - core[df12db4294e9bfd3]::panicking::panic
[INFO] [stdout]   12:     0x5d87725101e5 - <integration[a2b2e6035d46a0f1]::test_upload_without_review_url_fails::{closure#0} as core[df12db4294e9bfd3]::ops::function::FnOnce<()>>::call_once
[INFO] [stdout]   13:     0x5d87725164ab - test[9d35eded1c95d3be]::__rust_begin_short_backtrace::<core[df12db4294e9bfd3]::result::Result<(), alloc[2182bb758b4b3781]::string::String>, fn() -> core[df12db4294e9bfd3]::result::Result<(), alloc[2182bb758b4b3781]::string::String>>
[INFO] [stdout]   14:     0x5d8772523b15 - test[9d35eded1c95d3be]::run_test::{closure#0}
[INFO] [stdout]   15:     0x5d877251d3d4 - std[70759c8f55707aa4]::sys::backtrace::__rust_begin_short_backtrace::<test[9d35eded1c95d3be]::run_test::{closure#1}, ()>
[INFO] [stdout]   16:     0x5d8772526c72 - <std[70759c8f55707aa4]::thread::lifecycle::spawn_unchecked<test[9d35eded1c95d3be]::run_test::{closure#1}, ()>::{closure#1} as core[df12db4294e9bfd3]::ops::function::FnOnce<()>>::call_once::{shim:vtable#0}
[INFO] [stdout]   17:     0x5d877258f7a9 - <std[70759c8f55707aa4]::sys::thread::unix::Thread>::new::thread_start
[INFO] [stdout]   18:     0x79640bf6cdfa - <unknown>
[INFO] [stdout]   19:     0x79640c0003d4 - clone
[INFO] [stdout]   20:                0x0 - <unknown>
[INFO] [stdout] 
[INFO] [stdout] ---- test_cherry_pick stdout ----
[INFO] [stdout] 
[INFO] [stdout] thread 'test_cherry_pick' (2402) panicked at tests/integration/main.rs:386:5:
[INFO] [stdout] cherry-pick failed: 
[INFO] [stdout] stack backtrace:
[INFO] [stdout]    0:     0x5d87725900c1 - <<std[70759c8f55707aa4]::sys::backtrace::BacktraceLock>::print::DisplayBacktrace as core[df12db4294e9bfd3]::fmt::Display>::fmt
[INFO] [stdout]    1:     0x5d87725a45ea - core[df12db4294e9bfd3]::fmt::write
[INFO] [stdout]    2:     0x5d87725947dc - <alloc[2182bb758b4b3781]::vec::Vec<u8> as core[df12db4294e9bfd3]::io::write::Write>::write_fmt
[INFO] [stdout]    3:     0x5d877256adb6 - std[70759c8f55707aa4]::panicking::default_hook::{closure#0}
[INFO] [stdout]    4:     0x5d8772587f29 - std[70759c8f55707aa4]::panicking::default_hook
[INFO] [stdout]    5:     0x5d87725231c0 - test[9d35eded1c95d3be]::test_main_inner::<test[9d35eded1c95d3be]::test_main_static::{closure#0}>::{closure#0}
[INFO] [stdout]    6:     0x5d87725880e2 - std[70759c8f55707aa4]::panicking::panic_with_hook
[INFO] [stdout]    7:     0x5d877256ae62 - std[70759c8f55707aa4]::panicking::panic_handler::{closure#0}
[INFO] [stdout]    8:     0x5d8772563ac9 - std[70759c8f55707aa4]::sys::backtrace::__rust_end_short_backtrace::<std[70759c8f55707aa4]::panicking::panic_handler::{closure#0}, !>
[INFO] [stdout]    9:     0x5d877256ba5d - __rustc[8fa7c3cbc660c2b3]::rust_begin_unwind
[INFO] [stdout]   10:     0x5d87725a4d1c - core[df12db4294e9bfd3]::panicking::panic_fmt
[INFO] [stdout]   11:     0x5d877250c591 - <integration[a2b2e6035d46a0f1]::test_cherry_pick::{closure#0} as core[df12db4294e9bfd3]::ops::function::FnOnce<()>>::call_once
[INFO] [stdout]   12:     0x5d87725164ab - test[9d35eded1c95d3be]::__rust_begin_short_backtrace::<core[df12db4294e9bfd3]::result::Result<(), alloc[2182bb758b4b3781]::string::String>, fn() -> core[df12db4294e9bfd3]::result::Result<(), alloc[2182bb758b4b3781]::string::String>>
[INFO] [stdout]   13:     0x5d8772523b15 - test[9d35eded1c95d3be]::run_test::{closure#0}
[INFO] [stdout]   14:     0x5d877251d3d4 - std[70759c8f55707aa4]::sys::backtrace::__rust_begin_short_backtrace::<test[9d35eded1c95d3be]::run_test::{closure#1}, ()>
[INFO] [stdout]   15:     0x5d8772526c72 - <std[70759c8f55707aa4]::thread::lifecycle::spawn_unchecked<test[9d35eded1c95d3be]::run_test::{closure#1}, ()>::{closure#1} as core[df12db4294e9bfd3]::ops::function::FnOnce<()>>::call_once::{shim:vtable#0}
[INFO] [stdout]   16:     0x5d877258f7a9 - <std[70759c8f55707aa4]::sys::thread::unix::Thread>::new::thread_start
[INFO] [stdout]   17:     0x79640bf6cdfa - <unknown>
[INFO] [stdout]   18:     0x79640c0003d4 - clone
[INFO] [stdout]   19:                0x0 - <unknown>
[INFO] [stdout] 
[INFO] [stdout] ---- test_upload_creates_refs_for stdout ----
[INFO] [stdout] 
[INFO] [stdout] thread 'test_upload_creates_refs_for' (4478) panicked at tests/integration/runner.rs:38:9:
[INFO] [stdout] repo ["start", "my-topic", "platform/foo", "platform/bar"] failed in /tmp/.tmpdxZVTY
[INFO] [stdout] stdout: [31mERROR[0m engine error: git error: git2 error: revspec 'mainline' not found
[INFO] [stdout] 
[INFO] [stdout] stderr: 
[INFO] [stdout] stack backtrace:
[INFO] [stdout]    0:     0x5d87725900c1 - <<std[70759c8f55707aa4]::sys::backtrace::BacktraceLock>::print::DisplayBacktrace as core[df12db4294e9bfd3]::fmt::Display>::fmt
[INFO] [stdout]    1:     0x5d87725a45ea - core[df12db4294e9bfd3]::fmt::write
[INFO] [stdout]    2:     0x5d87725947dc - <alloc[2182bb758b4b3781]::vec::Vec<u8> as core[df12db4294e9bfd3]::io::write::Write>::write_fmt
[INFO] [stdout]    3:     0x5d877256adb6 - std[70759c8f55707aa4]::panicking::default_hook::{closure#0}
[INFO] [stdout]    4:     0x5d8772587f29 - std[70759c8f55707aa4]::panicking::default_hook
[INFO] [stdout]    5:     0x5d87725231c0 - test[9d35eded1c95d3be]::test_main_inner::<test[9d35eded1c95d3be]::test_main_static::{closure#0}>::{closure#0}
[INFO] [stdout]    6:     0x5d87725880e2 - std[70759c8f55707aa4]::panicking::panic_with_hook
[INFO] [stdout]    7:     0x5d877256ae62 - std[70759c8f55707aa4]::panicking::panic_handler::{closure#0}
[INFO] [stdout]    8:     0x5d8772563ac9 - std[70759c8f55707aa4]::sys::backtrace::__rust_end_short_backtrace::<std[70759c8f55707aa4]::panicking::panic_handler::{closure#0}, !>
[INFO] [stdout]    9:     0x5d877256ba5d - __rustc[8fa7c3cbc660c2b3]::rust_begin_unwind
[INFO] [stdout]   10:     0x5d87725a4d1c - core[df12db4294e9bfd3]::panicking::panic_fmt
[INFO] [stdout]   11:     0x5d8772512cc2 - integration[a2b2e6035d46a0f1]::runner::repo_ok
[INFO] [stdout]   12:     0x5d877250ef28 - <integration[a2b2e6035d46a0f1]::test_upload_creates_refs_for::{closure#0} as core[df12db4294e9bfd3]::ops::function::FnOnce<()>>::call_once
[INFO] [stdout]   13:     0x5d87725164ab - test[9d35eded1c95d3be]::__rust_begin_short_backtrace::<core[df12db4294e9bfd3]::result::Result<(), alloc[2182bb758b4b3781]::string::String>, fn() -> core[df12db4294e9bfd3]::result::Result<(), alloc[2182bb758b4b3781]::string::String>>
[INFO] [stdout]   14:     0x5d8772523b15 - test[9d35eded1c95d3be]::run_test::{closure#0}
[INFO] [stdout]   15:     0x5d877251d3d4 - std[70759c8f55707aa4]::sys::backtrace::__rust_begin_short_backtrace::<test[9d35eded1c95d3be]::run_test::{closure#1}, ()>
[INFO] [stdout]   16:     0x5d8772526c72 - <std[70759c8f55707aa4]::thread::lifecycle::spawn_unchecked<test[9d35eded1c95d3be]::run_test::{closure#1}, ()>::{closure#1} as core[df12db4294e9bfd3]::ops::function::FnOnce<()>>::call_once::{shim:vtable#0}
[INFO] [stdout]   17:     0x5d877258f7a9 - <std[70759c8f55707aa4]::sys::thread::unix::Thread>::new::thread_start
[INFO] [stdout]   18:     0x79640bf6cdfa - <unknown>
[INFO] [stdout]   19:     0x79640c0003d4 - clone
[INFO] [stdout]   20:                0x0 - <unknown>
[INFO] [stdout] 
[INFO] [stdout] ---- test_start_and_branches stdout ----
[INFO] [stdout] 
[INFO] [stdout] thread 'test_start_and_branches' (4352) panicked at tests/integration/runner.rs:38:9:
[INFO] [stdout] repo ["start", "my-topic", "platform/foo", "platform/bar"] failed in /tmp/.tmpiCuXD3
[INFO] [stdout] stdout: [31mERROR[0m engine error: git error: git2 error: revspec 'mainline' not found
[INFO] [stdout] 
[INFO] [stdout] stderr: 
[INFO] [stdout] stack backtrace:
[INFO] [stdout]    0:     0x5d87725900c1 - <<std[70759c8f55707aa4]::sys::backtrace::BacktraceLock>::print::DisplayBacktrace as core[df12db4294e9bfd3]::fmt::Display>::fmt
[INFO] [stdout]    1:     0x5d87725a45ea - core[df12db4294e9bfd3]::fmt::write
[INFO] [stdout]    2:     0x5d87725947dc - <alloc[2182bb758b4b3781]::vec::Vec<u8> as core[df12db4294e9bfd3]::io::write::Write>::write_fmt
[INFO] [stdout]    3:     0x5d877256adb6 - std[70759c8f55707aa4]::panicking::default_hook::{closure#0}
[INFO] [stdout]    4:     0x5d8772587f29 - std[70759c8f55707aa4]::panicking::default_hook
[INFO] [stdout]    5:     0x5d87725231c0 - test[9d35eded1c95d3be]::test_main_inner::<test[9d35eded1c95d3be]::test_main_static::{closure#0}>::{closure#0}
[INFO] [stdout]    6:     0x5d87725880e2 - std[70759c8f55707aa4]::panicking::panic_with_hook
[INFO] [stdout]    7:     0x5d877256ae62 - std[70759c8f55707aa4]::panicking::panic_handler::{closure#0}
[INFO] [stdout]    8:     0x5d8772563ac9 - std[70759c8f55707aa4]::sys::backtrace::__rust_end_short_backtrace::<std[70759c8f55707aa4]::panicking::panic_handler::{closure#0}, !>
[INFO] [stdout]    9:     0x5d877256ba5d - __rustc[8fa7c3cbc660c2b3]::rust_begin_unwind
[INFO] [stdout]   10:     0x5d87725a4d1c - core[df12db4294e9bfd3]::panicking::panic_fmt
[INFO] [stdout]   11:     0x5d8772512cc2 - integration[a2b2e6035d46a0f1]::runner::repo_ok
[INFO] [stdout]   12:     0x5d877250dcf1 - <integration[a2b2e6035d46a0f1]::test_start_and_branches::{closure#0} as core[df12db4294e9bfd3]::ops::function::FnOnce<()>>::call_once
[INFO] [stdout]   13:     0x5d87725164ab - test[9d35eded1c95d3be]::__rust_begin_short_backtrace::<core[df12db4294e9bfd3]::result::Result<(), alloc[2182bb758b4b3781]::string::String>, fn() -> core[df12db4294e9bfd3]::result::Result<(), alloc[2182bb758b4b3781]::string::String>>
[INFO] [stdout]   14:     0x5d8772523b15 - test[9d35eded1c95d3be]::run_test::{closure#0}
[INFO] [stdout]   15:     0x5d877251d3d4 - std[70759c8f55707aa4]::sys::backtrace::__rust_begin_short_backtrace::<test[9d35eded1c95d3be]::run_test::{closure#1}, ()>
[INFO] [stdout]   16:     0x5d8772526c72 - <std[70759c8f55707aa4]::thread::lifecycle::spawn_unchecked<test[9d35eded1c95d3be]::run_test::{closure#1}, ()>::{closure#1} as core[df12db4294e9bfd3]::ops::function::FnOnce<()>>::call_once::{shim:vtable#0}
[INFO] [stdout]   17:     0x5d877258f7a9 - <std[70759c8f55707aa4]::sys::thread::unix::Thread>::new::thread_start
[INFO] [stdout]   18:     0x79640bf6cdfa - <unknown>
[INFO] [stdout]   19:     0x79640c0003d4 - clone
[INFO] [stdout]   20:                0x0 - <unknown>
[INFO] [stdout] 
[INFO] [stdout] 
[INFO] [stdout] failures:
[INFO] [stdout]     test_abandon
[INFO] [stdout]     test_checkout
[INFO] [stdout]     test_cherry_pick
[INFO] [stdout]     test_prune
[INFO] [stdout]     test_rebase
[INFO] [stdout]     test_start_and_branches
[INFO] [stdout]     test_upload_creates_refs_for
[INFO] [stdout]     test_upload_without_review_url_fails
[INFO] [stdout] 
[INFO] [stdout] test result: FAILED. 16 passed; 8 failed; 0 ignored; 0 measured; 0 filtered out; finished in 3.65s
[INFO] [stdout] 
[INFO] [stderr] error: test failed, to rerun pass `--test integration`
[INFO] running `Command { std: "docker" "inspect" "30c9a4b0572182dd0e12d7db51fa97de22531b60bfb0131a14e90418d4be35fc", kill_on_drop: false }`
[INFO] running `Command { std: "docker" "rm" "-f" "30c9a4b0572182dd0e12d7db51fa97de22531b60bfb0131a14e90418d4be35fc", kill_on_drop: false }`
[INFO] [stdout] 30c9a4b0572182dd0e12d7db51fa97de22531b60bfb0131a14e90418d4be35fc
