[INFO] fetching crate repo-grove 0.1.0...
[INFO] testing repo-grove-0.1.0 against 1.100.0-beta.1+cargoflags=--release for beta-release-1.100-2
[INFO] extracting crate repo-grove 0.1.0 into /workspace/builds/worker-4-tc2/source
[INFO] started tweaking crates.io crate repo-grove 0.1.0
[INFO] finished tweaking crates.io crate repo-grove 0.1.0
[INFO] tweaked toml for crates.io crate repo-grove 0.1.0 written to /workspace/builds/worker-4-tc2/source/Cargo.toml
[INFO] validating manifest of crates.io crate repo-grove 0.1.0 on toolchain 1.100.0-beta.1
[INFO] running `Command { std: CARGO_HOME="/workspace/cargo-home" RUSTUP_HOME="/workspace/rustup-home" "/workspace/cargo-home/bin/cargo" "+1.100.0-beta.1" "metadata" "--manifest-path" "Cargo.toml" "--no-deps", kill_on_drop: false }`
[INFO] crate crates.io crate repo-grove 0.1.0 already has a lockfile, it will not be regenerated
[INFO] running `Command { std: CARGO_HOME="/workspace/cargo-home" RUSTUP_HOME="/workspace/rustup-home" "/workspace/cargo-home/bin/cargo" "+1.100.0-beta.1" "fetch" "--manifest-path" "Cargo.toml", kill_on_drop: false }`
[INFO] running `Command { std: "docker" "create" "-v" "/var/lib/crater-agent-workspace/builds/worker-4-tc2/source:/opt/rustwide/workdir:ro,Z" "-v" "/var/lib/crater-agent-workspace/builds/worker-4-tc2/target:/opt/rustwide/target:rw,Z" "-v" "/var/lib/crater-agent-workspace/cargo-home:/opt/rustwide/cargo-home:ro,Z" "-v" "/var/lib/crater-agent-workspace/rustup-home:/opt/rustwide/rustup-home:ro,Z" "-m" "1610612736" "--network" "none" "ghcr.io/rust-lang/crates-build-env/linux@sha256:77db811e55d90add9212f6832c23229e3de5f1c1f9905e8cb07319ea15df73ac" "sleep" "infinity", kill_on_drop: false }`
[INFO] [stdout] 50f27b71b2070fe9e722f7f3f05ef76ccd3580847c561f7d1eeb6c0d7f05ca9f
[INFO] running `Command { std: "docker" "start" "50f27b71b2070fe9e722f7f3f05ef76ccd3580847c561f7d1eeb6c0d7f05ca9f", kill_on_drop: false }`
[INFO] running `Command { std: "docker" "inspect" "50f27b71b2070fe9e722f7f3f05ef76ccd3580847c561f7d1eeb6c0d7f05ca9f", kill_on_drop: false }`
[INFO] running `Command { std: "docker" "exec" "-e" "SOURCE_DIR=/opt/rustwide/workdir" "-e" "CARGO_HOME=/opt/rustwide/cargo-home" "-e" "RUSTUP_HOME=/opt/rustwide/rustup-home" "-e" "CARGO_TARGET_DIR=/opt/rustwide/target" "-w" "/opt/rustwide/workdir" "--user" "0:0" "50f27b71b2070fe9e722f7f3f05ef76ccd3580847c561f7d1eeb6c0d7f05ca9f" "/opt/rustwide/cargo-home/bin/cargo" "+1.100.0-beta.1" "metadata" "--no-deps" "--format-version=1", kill_on_drop: false }`
[INFO] running `Command { std: "docker" "inspect" "50f27b71b2070fe9e722f7f3f05ef76ccd3580847c561f7d1eeb6c0d7f05ca9f", kill_on_drop: false }`
[INFO] running `Command { std: "docker" "exec" "-e" "SOURCE_DIR=/opt/rustwide/workdir" "-e" "CARGO_HOME=/opt/rustwide/cargo-home" "-e" "RUSTUP_HOME=/opt/rustwide/rustup-home" "-e" "CARGO_TARGET_DIR=/opt/rustwide/target" "-e" "CARGO_INCREMENTAL=0" "-e" "RUST_BACKTRACE=full" "-e" "RUSTFLAGS=--cap-lints=warn" "-e" "RUSTDOCFLAGS=--cap-lints=warn" "-w" "/opt/rustwide/workdir" "--user" "0:0" "50f27b71b2070fe9e722f7f3f05ef76ccd3580847c561f7d1eeb6c0d7f05ca9f" "/opt/rustwide/cargo-home/bin/cargo" "+1.100.0-beta.1" "build" "--frozen" "--message-format=json" "--release", kill_on_drop: false }`
[INFO] [stderr]    Compiling libc v0.2.184
[INFO] [stderr]    Compiling either v1.15.0
[INFO] [stderr]    Compiling crossbeam-epoch v0.9.18
[INFO] [stderr]    Compiling clap_derive v4.6.0
[INFO] [stderr]    Compiling serde v1.0.228
[INFO] [stderr]    Compiling crossbeam-deque v0.8.6
[INFO] [stderr]    Compiling rayon-core v1.13.0
[INFO] [stderr]    Compiling chrono v0.4.44
[INFO] [stderr]    Compiling rayon v1.11.0
[INFO] [stderr]    Compiling clap v4.6.0
[INFO] [stderr]    Compiling dirs-sys v0.5.0
[INFO] [stderr]    Compiling dirs v6.0.0
[INFO] [stderr]    Compiling repo-grove v0.1.0 (/opt/rustwide/workdir)
[INFO] [stderr]     Finished `release` profile [optimized] target(s) in 12.87s
[INFO] running `Command { std: "docker" "inspect" "50f27b71b2070fe9e722f7f3f05ef76ccd3580847c561f7d1eeb6c0d7f05ca9f", kill_on_drop: false }`
[INFO] running `Command { std: "docker" "exec" "-e" "SOURCE_DIR=/opt/rustwide/workdir" "-e" "CARGO_HOME=/opt/rustwide/cargo-home" "-e" "RUSTUP_HOME=/opt/rustwide/rustup-home" "-e" "CARGO_TARGET_DIR=/opt/rustwide/target" "-e" "CARGO_INCREMENTAL=0" "-e" "RUST_BACKTRACE=full" "-e" "RUSTFLAGS=--cap-lints=warn" "-e" "RUSTDOCFLAGS=--cap-lints=warn" "-w" "/opt/rustwide/workdir" "--user" "0:0" "50f27b71b2070fe9e722f7f3f05ef76ccd3580847c561f7d1eeb6c0d7f05ca9f" "/opt/rustwide/cargo-home/bin/cargo" "+1.100.0-beta.1" "test" "--frozen" "--no-run" "--message-format=json" "--release", kill_on_drop: false }`
[INFO] [stderr]    Compiling repo-grove v0.1.0 (/opt/rustwide/workdir)
[INFO] [stderr]     Finished `release` profile [optimized] target(s) in 3.12s
[INFO] running `Command { std: "docker" "inspect" "50f27b71b2070fe9e722f7f3f05ef76ccd3580847c561f7d1eeb6c0d7f05ca9f", kill_on_drop: false }`
[INFO] running `Command { std: "docker" "exec" "-e" "SOURCE_DIR=/opt/rustwide/workdir" "-e" "CARGO_HOME=/opt/rustwide/cargo-home" "-e" "RUSTUP_HOME=/opt/rustwide/rustup-home" "-e" "CARGO_TARGET_DIR=/opt/rustwide/target" "-e" "CARGO_INCREMENTAL=0" "-e" "RUST_BACKTRACE=full" "-e" "RUSTFLAGS=--cap-lints=warn" "-e" "RUSTDOCFLAGS=--cap-lints=warn" "-w" "/opt/rustwide/workdir" "--user" "0:0" "50f27b71b2070fe9e722f7f3f05ef76ccd3580847c561f7d1eeb6c0d7f05ca9f" "/opt/rustwide/cargo-home/bin/cargo" "+1.100.0-beta.1" "test" "--frozen" "--release", kill_on_drop: false }`
[INFO] [stderr]     Finished `release` profile [optimized] target(s) in 0.06s
[INFO] [stderr]      Running unittests src/main.rs (/opt/rustwide/target/release/build/repo-grove/6b67aa212daf089e/out/grove-6b67aa212daf089e)
[INFO] [stdout] 
[INFO] [stdout] running 42 tests
[INFO] [stdout] test api::tests::expand_endpoint_replaces_owner_and_repo ... ok
[INFO] [stdout] test api::tests::expand_endpoint_replaces_all_placeholders ... ok
[INFO] [stdout] test api::tests::emit_jsonl_wraps_json_response ... ok
[INFO] [stdout] test gh::tests::is_dependabot_rejects_other ... ok
[INFO] [stdout] test index::tests::owner_to_dir_normalises_special_chars ... ok
[INFO] [stdout] test index::tests::parse_github_remote_https ... ok
[INFO] [stdout] test dependabot::tests::failing_check_names_extracts_failures ... ok
[INFO] [stdout] test dependabot::tests::summary_defaults_to_zero ... ok
[INFO] [stdout] test index::tests::repo_to_kebab_converts_camel_case ... ok
[INFO] [stdout] test api::tests::emit_jsonl_falls_back_to_string_for_non_json ... ok
[INFO] [stdout] test config::tests::state_file_paths_use_expected_names ... ok
[INFO] [stdout] test index::tests::repo_to_kebab_handles_numbers ... ok
[INFO] [stdout] test index::tests::repo_to_kebab_handles_already_kebab ... ok
[INFO] [stdout] test index::tests::parse_github_remote_https_no_suffix ... ok
[INFO] [stdout] test gh::tests::is_dependabot_matches_app_login ... ok
[INFO] [stdout] test index::tests::owner_to_dir_lowercases ... ok
[INFO] [stdout] test index::tests::repo_to_kebab_collapses_hyphens ... ok
[INFO] [stdout] test dependabot::tests::failing_check_names_handles_none ... ok
[INFO] [stdout] test index::tests::parse_github_remote_non_github ... ok
[INFO] [stdout] test gh::tests::is_dependabot_matches_bot_login ... ok
[INFO] [stdout] test index::tests::parse_github_remote_ssh ... ok
[INFO] [stdout] test ls::tests::extract_failures_handles_timed_out_conclusion ... ok
[INFO] [stdout] test ls::tests::extract_failures_groups_by_workflow_and_filters ... ok
[INFO] [stdout] test ls::tests::extract_failures_skips_dependabot_workflows ... ok
[INFO] [stdout] test index::tests::resolve_repo_path_by_name_finds_lowercase ... ok
[INFO] [stdout] test index::tests::resolve_repo_path_by_name_finds_exact_match ... ok
[INFO] [stdout] test ls::tests::write_output_stdout_writes_jsonl ... ok
[INFO] [stdout] test api::tests::expand_endpoint_no_placeholders ... ok
[INFO] [stdout] test models::tests::index_round_trips_through_json ... ok
[INFO] [stdout] test index::tests::resolve_repo_path_by_name_returns_none_when_not_cloned ... ok
[INFO] [stdout] test models::tests::owner_kind_serializes_lowercase ... ok
[INFO] [stdout] test gh::tests::run_returns_ok_with_failure_status_on_bad_command ... FAILED
[INFO] [stdout] test ls::tests::extract_failures_skips_in_progress_runs ... ok
[INFO] [stdout] test prune::tests::parse_branch_lines_handles_empty ... ok
[INFO] [stdout] test models::tests::readiness_mode_serializes_snake_case ... ok
[INFO] [stdout] test prune::tests::parse_branch_lines_without_star_stripping ... ok
[INFO] [stdout] test update::tests::check_repo_missing_path_returns_missing ... ok
[INFO] [stdout] test update::tests::check_repo_nonexistent_git_dir_returns_missing ... ok
[INFO] [stdout] test tests::cli_parses_without_error ... ok
[INFO] [stdout] test prune::tests::parse_branch_lines_excludes_default_and_strips_star ... ok
[INFO] [stdout] test update::tests::readiness_serialises_to_expected_json ... ok
[INFO] [stdout] test index::tests::resolve_repo_path_by_name_finds_kebab ... ok
[INFO] [stderr] error: test failed, to rerun pass `--bin grove`
[INFO] [stdout] 
[INFO] [stdout] failures:
[INFO] [stdout] 
[INFO] [stdout] ---- gh::tests::run_returns_ok_with_failure_status_on_bad_command stdout ----
[INFO] [stdout] 
[INFO] [stdout] thread 'gh::tests::run_returns_ok_with_failure_status_on_bad_command' (434) panicked at src/gh.rs:76:59:
[INFO] [stdout] called `Result::unwrap()` on an `Err` value: failed to execute gh — is the GitHub CLI installed?
[INFO] [stdout] 
[INFO] [stdout] Caused by:
[INFO] [stdout]     No such file or directory (os error 2)
[INFO] [stdout] 
[INFO] [stdout] Stack backtrace:
[INFO] [stdout]    0: <core::io::error::Error as anyhow::context::ext::StdError>::ext_context::<&str>
[INFO] [stdout]    1: grove::gh::run
[INFO] [stdout]    2: <grove::gh::tests::run_returns_ok_with_failure_status_on_bad_command::{closure#0} as core::ops::function::FnOnce<()>>::call_once
[INFO] [stdout]    3: test::__rust_begin_short_backtrace::<core::result::Result<(), alloc::string::String>, fn() -> core::result::Result<(), alloc::string::String>>
[INFO] [stdout]    4: test::run_test::{closure#0}
[INFO] [stdout]    5: std::sys::backtrace::__rust_begin_short_backtrace::<test::run_test::{closure#1}, ()>
[INFO] [stdout]    6: <std::thread::lifecycle::spawn_unchecked<test::run_test::{closure#1}, ()>::{closure#1} as core::ops::function::FnOnce<()>>::call_once::{shim:vtable#0}
[INFO] [stdout]    7: <std::sys::thread::unix::Thread>::new::thread_start
[INFO] [stdout]    8: <unknown>
[INFO] [stdout]    9: clone
[INFO] [stdout] stack backtrace:
[INFO] [stdout]    0:     0x6543dbe987f1 - <<std[617be2ca0a6fd877]::sys::backtrace::BacktraceLock>::print::DisplayBacktrace as core[a373ad73a504971]::fmt::Display>::fmt
[INFO] [stdout]    1:     0x6543dbeada1a - core[a373ad73a504971]::fmt::write
[INFO] [stdout]    2:     0x6543dbe9d16c - <alloc[2e1b2a31b91974c5]::vec::Vec<u8> as core[a373ad73a504971]::io::write::Write>::write_fmt
[INFO] [stdout]    3:     0x6543dbe73196 - std[617be2ca0a6fd877]::panicking::default_hook::{closure#0}
[INFO] [stdout]    4:     0x6543dbe90789 - std[617be2ca0a6fd877]::panicking::default_hook
[INFO] [stdout]    5:     0x6543dbe07450 - test[aada8e7e76ba119b]::test_main_inner::{closure#0}
[INFO] [stdout]    6:     0x6543dbe90942 - std[617be2ca0a6fd877]::panicking::panic_with_hook
[INFO] [stdout]    7:     0x6543dbe73242 - std[617be2ca0a6fd877]::panicking::panic_handler::{closure#0}
[INFO] [stdout]    8:     0x6543dbe6b8a9 - std[617be2ca0a6fd877]::sys::backtrace::__rust_end_short_backtrace::<std[617be2ca0a6fd877]::panicking::panic_handler::{closure#0}, !>
[INFO] [stdout]    9:     0x6543dbe73f5d - __rustc[ea4f61d10b84890b]::rust_begin_unwind
[INFO] [stdout]   10:     0x6543dbeae14c - core[a373ad73a504971]::panicking::panic_fmt
[INFO] [stdout]   11:     0x6543dbeadf22 - core[a373ad73a504971]::result::unwrap_failed
[INFO] [stdout]   12:     0x6543dbdf6b00 - <grove[e8250ce6982f82d8]::gh::tests::run_returns_ok_with_failure_status_on_bad_command::{closure#0} as core[a373ad73a504971]::ops::function::FnOnce<()>>::call_once
[INFO] [stdout]   13:     0x6543dbdfa89b - test[aada8e7e76ba119b]::__rust_begin_short_backtrace::<core[a373ad73a504971]::result::Result<(), alloc[2e1b2a31b91974c5]::string::String>, fn() -> core[a373ad73a504971]::result::Result<(), alloc[2e1b2a31b91974c5]::string::String>>
[INFO] [stdout]   14:     0x6543dbe07a75 - test[aada8e7e76ba119b]::run_test::{closure#0}
[INFO] [stdout]   15:     0x6543dbe01364 - std[617be2ca0a6fd877]::sys::backtrace::__rust_begin_short_backtrace::<test[aada8e7e76ba119b]::run_test::{closure#1}, ()>
[INFO] [stdout]   16:     0x6543dbe0ab02 - <std[617be2ca0a6fd877]::thread::lifecycle::spawn_unchecked<test[aada8e7e76ba119b]::run_test::{closure#1}, ()>::{closure#1} as core[a373ad73a504971]::ops::function::FnOnce<()>>::call_once::{shim:vtable#0}
[INFO] [stdout]   17:     0x6543dbe9804f - <std[617be2ca0a6fd877]::sys::thread::unix::Thread>::new::thread_start
[INFO] [stdout]   18:     0x7a9b25e1fdfa - <unknown>
[INFO] [stdout]   19:     0x7a9b25eb33d4 - clone
[INFO] [stdout]   20:                0x0 - <unknown>
[INFO] [stdout] 
[INFO] [stdout] 
[INFO] [stdout] failures:
[INFO] [stdout]     gh::tests::run_returns_ok_with_failure_status_on_bad_command
[INFO] [stdout] 
[INFO] [stdout] test result: FAILED. 41 passed; 1 failed; 0 ignored; 0 measured; 0 filtered out; finished in 0.02s
[INFO] [stdout] 
[INFO] running `Command { std: "docker" "inspect" "50f27b71b2070fe9e722f7f3f05ef76ccd3580847c561f7d1eeb6c0d7f05ca9f", kill_on_drop: false }`
[INFO] running `Command { std: "docker" "rm" "-f" "50f27b71b2070fe9e722f7f3f05ef76ccd3580847c561f7d1eeb6c0d7f05ca9f", kill_on_drop: false }`
[INFO] [stdout] 50f27b71b2070fe9e722f7f3f05ef76ccd3580847c561f7d1eeb6c0d7f05ca9f
