[INFO] fetching crate repo-control 0.4.0...
[INFO] testing repo-control-0.4.0 against 1.99.0-beta.8+cargoflags=--release for beta-release-1.100-2
[INFO] extracting crate repo-control 0.4.0 into /workspace/builds/worker-0-tc1/source
[INFO] started tweaking crates.io crate repo-control 0.4.0
[INFO] removed 0 missing tests
[INFO] finished tweaking crates.io crate repo-control 0.4.0
[INFO] tweaked toml for crates.io crate repo-control 0.4.0 written to /workspace/builds/worker-0-tc1/source/Cargo.toml
[INFO] validating manifest of crates.io crate repo-control 0.4.0 on toolchain 1.99.0-beta.8
[INFO] running `Command { std: CARGO_HOME="/workspace/cargo-home" RUSTUP_HOME="/workspace/rustup-home" "/workspace/cargo-home/bin/cargo" "+1.99.0-beta.8" "metadata" "--manifest-path" "Cargo.toml" "--no-deps", kill_on_drop: false }`
[INFO] crate crates.io crate repo-control 0.4.0 already has a lockfile, it will not be regenerated
[INFO] running `Command { std: CARGO_HOME="/workspace/cargo-home" RUSTUP_HOME="/workspace/rustup-home" "/workspace/cargo-home/bin/cargo" "+1.99.0-beta.8" "fetch" "--manifest-path" "Cargo.toml", kill_on_drop: false }`
[INFO] running `Command { std: "docker" "create" "-v" "/var/lib/crater-agent-workspace/builds/worker-0-tc1/source:/opt/rustwide/workdir:ro,Z" "-v" "/var/lib/crater-agent-workspace/builds/worker-0-tc1/target:/opt/rustwide/target:rw,Z" "-v" "/var/lib/crater-agent-workspace/cargo-home:/opt/rustwide/cargo-home:ro,Z" "-v" "/var/lib/crater-agent-workspace/rustup-home:/opt/rustwide/rustup-home:ro,Z" "-m" "1610612736" "--network" "none" "ghcr.io/rust-lang/crates-build-env/linux@sha256:77db811e55d90add9212f6832c23229e3de5f1c1f9905e8cb07319ea15df73ac" "sleep" "infinity", kill_on_drop: false }`
[INFO] [stdout] c496637e3c6e8fb947415e12f660be5fba0df2675a8d043ea6d4b25dcf8546de
[INFO] running `Command { std: "docker" "start" "c496637e3c6e8fb947415e12f660be5fba0df2675a8d043ea6d4b25dcf8546de", kill_on_drop: false }`
[INFO] running `Command { std: "docker" "inspect" "c496637e3c6e8fb947415e12f660be5fba0df2675a8d043ea6d4b25dcf8546de", kill_on_drop: false }`
[INFO] running `Command { std: "docker" "exec" "-e" "SOURCE_DIR=/opt/rustwide/workdir" "-e" "CARGO_HOME=/opt/rustwide/cargo-home" "-e" "RUSTUP_HOME=/opt/rustwide/rustup-home" "-e" "CARGO_TARGET_DIR=/opt/rustwide/target" "-w" "/opt/rustwide/workdir" "--user" "0:0" "c496637e3c6e8fb947415e12f660be5fba0df2675a8d043ea6d4b25dcf8546de" "/opt/rustwide/cargo-home/bin/cargo" "+1.99.0-beta.8" "metadata" "--no-deps" "--format-version=1", kill_on_drop: false }`
[INFO] running `Command { std: "docker" "inspect" "c496637e3c6e8fb947415e12f660be5fba0df2675a8d043ea6d4b25dcf8546de", kill_on_drop: false }`
[INFO] running `Command { std: "docker" "exec" "-e" "SOURCE_DIR=/opt/rustwide/workdir" "-e" "CARGO_HOME=/opt/rustwide/cargo-home" "-e" "RUSTUP_HOME=/opt/rustwide/rustup-home" "-e" "CARGO_TARGET_DIR=/opt/rustwide/target" "-e" "CARGO_INCREMENTAL=0" "-e" "RUST_BACKTRACE=full" "-e" "RUSTFLAGS=--cap-lints=warn" "-e" "RUSTDOCFLAGS=--cap-lints=warn" "-w" "/opt/rustwide/workdir" "--user" "0:0" "c496637e3c6e8fb947415e12f660be5fba0df2675a8d043ea6d4b25dcf8546de" "/opt/rustwide/cargo-home/bin/cargo" "+1.99.0-beta.8" "build" "--frozen" "--message-format=json" "--release", kill_on_drop: false }`
[INFO] [stderr]    Compiling quote v1.0.44
[INFO] [stderr]    Compiling colorchoice v1.0.4
[INFO] [stderr]    Compiling anstyle-parse v0.2.7
[INFO] [stderr]    Compiling regex-syntax v0.8.10
[INFO] [stderr]    Compiling anstyle v1.0.13
[INFO] [stderr]    Compiling clap_lex v1.0.0
[INFO] [stderr]    Compiling tracing-log v0.2.0
[INFO] [stderr]    Compiling thread_local v1.1.9
[INFO] [stderr]    Compiling serde_json v1.0.149
[INFO] [stderr]    Compiling anstream v0.6.21
[INFO] [stderr]    Compiling syn v2.0.117
[INFO] [stderr]    Compiling clap_builder v4.5.60
[INFO] [stderr]    Compiling regex-automata v0.4.14
[INFO] [stderr]    Compiling tracing-attributes v0.1.31
[INFO] [stderr]    Compiling clap_derive v4.5.55
[INFO] [stderr]    Compiling thiserror-impl v2.0.18
[INFO] [stderr]    Compiling serde_derive v1.0.228
[INFO] [stderr]    Compiling matchers v0.2.0
[INFO] [stderr]    Compiling tracing v0.1.44
[INFO] [stderr]    Compiling tracing-subscriber v0.3.22
[INFO] [stderr]    Compiling thiserror v2.0.18
[INFO] [stderr]    Compiling clap v4.5.60
[INFO] [stderr]    Compiling serde v1.0.228
[INFO] [stderr]    Compiling repo-control v0.4.0 (/opt/rustwide/workdir)
[INFO] [stderr]     Finished `release` profile [optimized] target(s) in 33.72s
[INFO] running `Command { std: "docker" "inspect" "c496637e3c6e8fb947415e12f660be5fba0df2675a8d043ea6d4b25dcf8546de", kill_on_drop: false }`
[INFO] running `Command { std: "docker" "exec" "-e" "SOURCE_DIR=/opt/rustwide/workdir" "-e" "CARGO_HOME=/opt/rustwide/cargo-home" "-e" "RUSTUP_HOME=/opt/rustwide/rustup-home" "-e" "CARGO_TARGET_DIR=/opt/rustwide/target" "-e" "CARGO_INCREMENTAL=0" "-e" "RUST_BACKTRACE=full" "-e" "RUSTFLAGS=--cap-lints=warn" "-e" "RUSTDOCFLAGS=--cap-lints=warn" "-w" "/opt/rustwide/workdir" "--user" "0:0" "c496637e3c6e8fb947415e12f660be5fba0df2675a8d043ea6d4b25dcf8546de" "/opt/rustwide/cargo-home/bin/cargo" "+1.99.0-beta.8" "test" "--frozen" "--no-run" "--message-format=json" "--release", kill_on_drop: false }`
[INFO] [stderr]    Compiling aho-corasick v1.1.4
[INFO] [stderr]    Compiling assert_cmd v2.2.0
[INFO] [stderr]    Compiling wait-timeout v0.2.1
[INFO] [stderr]    Compiling tempfile v3.27.0
[INFO] [stderr]    Compiling regex-automata v0.4.14
[INFO] [stderr]    Compiling matchers v0.2.0
[INFO] [stderr]    Compiling regex v1.12.3
[INFO] [stderr]    Compiling bstr v1.12.1
[INFO] [stderr]    Compiling tracing-subscriber v0.3.22
[INFO] [stderr]    Compiling predicates v3.1.4
[INFO] [stderr]    Compiling repo-control v0.4.0 (/opt/rustwide/workdir)
[INFO] [stderr]     Finished `release` profile [optimized] target(s) in 26.81s
[INFO] running `Command { std: "docker" "inspect" "c496637e3c6e8fb947415e12f660be5fba0df2675a8d043ea6d4b25dcf8546de", kill_on_drop: false }`
[INFO] running `Command { std: "docker" "exec" "-e" "SOURCE_DIR=/opt/rustwide/workdir" "-e" "CARGO_HOME=/opt/rustwide/cargo-home" "-e" "RUSTUP_HOME=/opt/rustwide/rustup-home" "-e" "CARGO_TARGET_DIR=/opt/rustwide/target" "-e" "CARGO_INCREMENTAL=0" "-e" "RUST_BACKTRACE=full" "-e" "RUSTFLAGS=--cap-lints=warn" "-e" "RUSTDOCFLAGS=--cap-lints=warn" "-w" "/opt/rustwide/workdir" "--user" "0:0" "c496637e3c6e8fb947415e12f660be5fba0df2675a8d043ea6d4b25dcf8546de" "/opt/rustwide/cargo-home/bin/cargo" "+1.99.0-beta.8" "test" "--frozen" "--release", kill_on_drop: false }`
[INFO] [stderr]     Finished `release` profile [optimized] target(s) in 0.08s
[INFO] [stderr]      Running unittests src/main.rs (/opt/rustwide/target/release/deps/repo-5fd0931ed692ed37)
[INFO] [stdout] 
[INFO] [stderr]      Running tests/cli.rs (/opt/rustwide/target/release/deps/cli-e8a242ed16918f64)
[INFO] [stdout] running 0 tests
[INFO] [stdout] 
[INFO] [stdout] test result: ok. 0 passed; 0 failed; 0 ignored; 0 measured; 0 filtered out; finished in 0.00s
[INFO] [stdout] 
[INFO] [stdout] 
[INFO] [stdout] running 23 tests
[INFO] [stdout] test project_list_empty ... ok
[INFO] [stdout] test projects_config_future_version_is_rejected ... ok
[INFO] [stdout] test local_config_missing_version_is_rejected ... ok
[INFO] [stdout] test project_list_shows_multiple_projects ... ok
[INFO] [stdout] test project_add_writes_to_config ... ok
[INFO] [stdout] test server_remove_updates_config ... ok
[INFO] [stdout] test local_config_future_version_is_rejected ... ok
[INFO] [stdout] test server_edit_updates_alias ... ok
[INFO] [stdout] test project_add_rejects_unknown_server_alias ... ok
[INFO] [stdout] test project_create_rejects_unknown_server_alias ... ok
[INFO] [stdout] test server_add_writes_to_config ... ok
[INFO] [stdout] test project_remove_updates_config ... ok
[INFO] [stdout] test command_fails_without_init ... ok
[INFO] [stdout] test server_list_shows_configured_servers ... ok
[INFO] [stdout] test project_create_fails_if_dir_exists ... ok
[INFO] [stdout] test status_clean_for_synced_git_repo ... FAILED
[INFO] [stdout] test status_summary_mixed_cloned_and_missing ... FAILED
[INFO] [stdout] test init_creates_config_files ... ok
[INFO] [stdout] test server_edit_updates_url ... ok
[INFO] [stdout] test status_unknown_for_missing_project_dir ... ok
[INFO] [stdout] test projects_config_missing_version_is_rejected ... ok
[INFO] [stdout] test project_create_makes_dir_and_config ... ok
[INFO] [stdout] test server_list_empty ... ok
[INFO] [stdout] 
[INFO] [stdout] failures:
[INFO] [stdout] 
[INFO] [stdout] ---- status_clean_for_synced_git_repo stdout ----
[INFO] [stdout] 
[INFO] [stdout] thread 'status_clean_for_synced_git_repo' (1049) panicked at tests/common/mod.rs:64:39:
[INFO] [stdout] called `Result::unwrap()` on an `Err` value: Os { code: 30, kind: ReadOnlyFilesystem, message: "Read-only file system" }
[INFO] [stdout] stack backtrace:
[INFO] [stdout]    0:     0x599dd7821801 - <<std[70759c8f55707aa4]::sys::backtrace::BacktraceLock>::print::DisplayBacktrace as core[df12db4294e9bfd3]::fmt::Display>::fmt
[INFO] [stdout]    1:     0x599dd783868a - core[df12db4294e9bfd3]::fmt::write
[INFO] [stdout]    2:     0x599dd782737c - <alloc[2182bb758b4b3781]::vec::Vec<u8> as core[df12db4294e9bfd3]::io::write::Write>::write_fmt
[INFO] [stdout]    3:     0x599dd77fb986 - std[70759c8f55707aa4]::panicking::default_hook::{closure#0}
[INFO] [stdout]    4:     0x599dd78191b9 - std[70759c8f55707aa4]::panicking::default_hook
[INFO] [stdout]    5:     0x599dd77af270 - test[9d35eded1c95d3be]::test_main_inner::<test[9d35eded1c95d3be]::test_main_static::{closure#0}>::{closure#0}
[INFO] [stdout]    6:     0x599dd7819372 - std[70759c8f55707aa4]::panicking::panic_with_hook
[INFO] [stdout]    7:     0x599dd77fba32 - std[70759c8f55707aa4]::panicking::panic_handler::{closure#0}
[INFO] [stdout]    8:     0x599dd77f4509 - std[70759c8f55707aa4]::sys::backtrace::__rust_end_short_backtrace::<std[70759c8f55707aa4]::panicking::panic_handler::{closure#0}, !>
[INFO] [stdout]    9:     0x599dd77fc62d - __rustc[8fa7c3cbc660c2b3]::rust_begin_unwind
[INFO] [stdout]   10:     0x599dd7838e3c - core[df12db4294e9bfd3]::panicking::panic_fmt
[INFO] [stdout]   11:     0x599dd7838c12 - core[df12db4294e9bfd3]::result::unwrap_failed
[INFO] [stdout]   12:     0x599dd77951da - cli[11c7be3b60532ae2]::common::open_log
[INFO] [stdout]   13:     0x599dd7794f76 - cli[11c7be3b60532ae2]::common::git_cmd
[INFO] [stdout]   14:     0x599dd7794671 - <cli[11c7be3b60532ae2]::common::TestWorkspace>::make_clean_repo
[INFO] [stdout]   15:     0x599dd778f09e - <cli[11c7be3b60532ae2]::status_clean_for_synced_git_repo::{closure#0} as core[df12db4294e9bfd3]::ops::function::FnOnce<()>>::call_once
[INFO] [stdout]   16:     0x599dd77a255b - test[9d35eded1c95d3be]::__rust_begin_short_backtrace::<core[df12db4294e9bfd3]::result::Result<(), alloc[2182bb758b4b3781]::string::String>, fn() -> core[df12db4294e9bfd3]::result::Result<(), alloc[2182bb758b4b3781]::string::String>>
[INFO] [stdout]   17:     0x599dd77afbc5 - test[9d35eded1c95d3be]::run_test::{closure#0}
[INFO] [stdout]   18:     0x599dd77a9484 - std[70759c8f55707aa4]::sys::backtrace::__rust_begin_short_backtrace::<test[9d35eded1c95d3be]::run_test::{closure#1}, ()>
[INFO] [stdout]   19:     0x599dd77b2d22 - <std[70759c8f55707aa4]::thread::lifecycle::spawn_unchecked<test[9d35eded1c95d3be]::run_test::{closure#1}, ()>::{closure#1} as core[df12db4294e9bfd3]::ops::function::FnOnce<()>>::call_once::{shim:vtable#0}
[INFO] [stdout]   20:     0x599dd7820af9 - <std[70759c8f55707aa4]::sys::thread::unix::Thread>::new::thread_start
[INFO] [stdout]   21:     0x78ad1f342dfa - <unknown>
[INFO] [stdout]   22:     0x78ad1f3d63d4 - clone
[INFO] [stdout]   23:                0x0 - <unknown>
[INFO] [stdout] 
[INFO] [stdout] ---- status_summary_mixed_cloned_and_missing stdout ----
[INFO] [stdout] 
[INFO] [stdout] thread 'status_summary_mixed_cloned_and_missing' (1060) panicked at tests/common/mod.rs:64:39:
[INFO] [stdout] called `Result::unwrap()` on an `Err` value: Os { code: 30, kind: ReadOnlyFilesystem, message: "Read-only file system" }
[INFO] [stdout] stack backtrace:
[INFO] [stdout]    0:     0x599dd7821801 - <<std[70759c8f55707aa4]::sys::backtrace::BacktraceLock>::print::DisplayBacktrace as core[df12db4294e9bfd3]::fmt::Display>::fmt
[INFO] [stdout]    1:     0x599dd783868a - core[df12db4294e9bfd3]::fmt::write
[INFO] [stdout]    2:     0x599dd782737c - <alloc[2182bb758b4b3781]::vec::Vec<u8> as core[df12db4294e9bfd3]::io::write::Write>::write_fmt
[INFO] [stdout]    3:     0x599dd77fb986 - std[70759c8f55707aa4]::panicking::default_hook::{closure#0}
[INFO] [stdout]    4:     0x599dd78191b9 - std[70759c8f55707aa4]::panicking::default_hook
[INFO] [stdout]    5:     0x599dd77af270 - test[9d35eded1c95d3be]::test_main_inner::<test[9d35eded1c95d3be]::test_main_static::{closure#0}>::{closure#0}
[INFO] [stdout]    6:     0x599dd7819372 - std[70759c8f55707aa4]::panicking::panic_with_hook
[INFO] [stdout]    7:     0x599dd77fba32 - std[70759c8f55707aa4]::panicking::panic_handler::{closure#0}
[INFO] [stdout]    8:     0x599dd77f4509 - std[70759c8f55707aa4]::sys::backtrace::__rust_end_short_backtrace::<std[70759c8f55707aa4]::panicking::panic_handler::{closure#0}, !>
[INFO] [stderr] error: test failed, to rerun pass `--test cli`
[INFO] [stdout]    9:     0x599dd77fc62d - __rustc[8fa7c3cbc660c2b3]::rust_begin_unwind
[INFO] [stdout]   10:     0x599dd7838e3c - core[df12db4294e9bfd3]::panicking::panic_fmt
[INFO] [stdout]   11:     0x599dd7838c12 - core[df12db4294e9bfd3]::result::unwrap_failed
[INFO] [stdout]   12:     0x599dd77951da - cli[11c7be3b60532ae2]::common::open_log
[INFO] [stdout]   13:     0x599dd7794f76 - cli[11c7be3b60532ae2]::common::git_cmd
[INFO] [stdout]   14:     0x599dd7794671 - <cli[11c7be3b60532ae2]::common::TestWorkspace>::make_clean_repo
[INFO] [stdout]   15:     0x599dd77910fe - <cli[11c7be3b60532ae2]::status_summary_mixed_cloned_and_missing::{closure#0} as core[df12db4294e9bfd3]::ops::function::FnOnce<()>>::call_once
[INFO] [stdout]   16:     0x599dd77a255b - test[9d35eded1c95d3be]::__rust_begin_short_backtrace::<core[df12db4294e9bfd3]::result::Result<(), alloc[2182bb758b4b3781]::string::String>, fn() -> core[df12db4294e9bfd3]::result::Result<(), alloc[2182bb758b4b3781]::string::String>>
[INFO] [stdout]   17:     0x599dd77afbc5 - test[9d35eded1c95d3be]::run_test::{closure#0}
[INFO] [stdout]   18:     0x599dd77a9484 - std[70759c8f55707aa4]::sys::backtrace::__rust_begin_short_backtrace::<test[9d35eded1c95d3be]::run_test::{closure#1}, ()>
[INFO] [stdout]   19:     0x599dd77b2d22 - <std[70759c8f55707aa4]::thread::lifecycle::spawn_unchecked<test[9d35eded1c95d3be]::run_test::{closure#1}, ()>::{closure#1} as core[df12db4294e9bfd3]::ops::function::FnOnce<()>>::call_once::{shim:vtable#0}
[INFO] [stdout]   20:     0x599dd7820af9 - <std[70759c8f55707aa4]::sys::thread::unix::Thread>::new::thread_start
[INFO] [stdout]   21:     0x78ad1f342dfa - <unknown>
[INFO] [stdout]   22:     0x78ad1f3d63d4 - clone
[INFO] [stdout]   23:                0x0 - <unknown>
[INFO] [stdout] 
[INFO] [stdout] 
[INFO] [stdout] failures:
[INFO] [stdout]     status_clean_for_synced_git_repo
[INFO] [stdout]     status_summary_mixed_cloned_and_missing
[INFO] [stdout] 
[INFO] [stdout] test result: FAILED. 21 passed; 2 failed; 0 ignored; 0 measured; 0 filtered out; finished in 0.11s
[INFO] [stdout] 
[INFO] running `Command { std: "docker" "inspect" "c496637e3c6e8fb947415e12f660be5fba0df2675a8d043ea6d4b25dcf8546de", kill_on_drop: false }`
[INFO] running `Command { std: "docker" "rm" "-f" "c496637e3c6e8fb947415e12f660be5fba0df2675a8d043ea6d4b25dcf8546de", kill_on_drop: false }`
[INFO] [stdout] c496637e3c6e8fb947415e12f660be5fba0df2675a8d043ea6d4b25dcf8546de
