[INFO] fetching crate repetitive 0.3.2...
[INFO] testing repetitive-0.3.2 against 1.100.0-beta.1+cargoflags=--release for beta-release-1.100-2
[INFO] extracting crate repetitive 0.3.2 into /workspace/builds/worker-2-tc2/source
[INFO] started tweaking crates.io crate repetitive 0.3.2
[INFO] removed 0 missing examples
[INFO] removed 0 missing tests
[INFO] finished tweaking crates.io crate repetitive 0.3.2
[INFO] tweaked toml for crates.io crate repetitive 0.3.2 written to /workspace/builds/worker-2-tc2/source/Cargo.toml
[INFO] validating manifest of crates.io crate repetitive 0.3.2 on toolchain 1.100.0-beta.1
[INFO] running `Command { std: CARGO_HOME="/workspace/cargo-home" RUSTUP_HOME="/workspace/rustup-home" "/workspace/cargo-home/bin/cargo" "+1.100.0-beta.1" "metadata" "--manifest-path" "Cargo.toml" "--no-deps", kill_on_drop: false }`
[INFO] crate crates.io crate repetitive 0.3.2 already has a lockfile, it will not be regenerated
[INFO] running `Command { std: CARGO_HOME="/workspace/cargo-home" RUSTUP_HOME="/workspace/rustup-home" "/workspace/cargo-home/bin/cargo" "+1.100.0-beta.1" "fetch" "--manifest-path" "Cargo.toml", kill_on_drop: false }`
[INFO] running `Command { std: "docker" "create" "-v" "/var/lib/crater-agent-workspace/builds/worker-2-tc2/source:/opt/rustwide/workdir:ro,Z" "-v" "/var/lib/crater-agent-workspace/builds/worker-2-tc2/target:/opt/rustwide/target:rw,Z" "-v" "/var/lib/crater-agent-workspace/cargo-home:/opt/rustwide/cargo-home:ro,Z" "-v" "/var/lib/crater-agent-workspace/rustup-home:/opt/rustwide/rustup-home:ro,Z" "-m" "1610612736" "--network" "none" "ghcr.io/rust-lang/crates-build-env/linux@sha256:77db811e55d90add9212f6832c23229e3de5f1c1f9905e8cb07319ea15df73ac" "sleep" "infinity", kill_on_drop: false }`
[INFO] [stdout] 6600f831d4b977b88babda5ddecf40f07c0e175500118465b902a73e78772aca
[INFO] running `Command { std: "docker" "start" "6600f831d4b977b88babda5ddecf40f07c0e175500118465b902a73e78772aca", kill_on_drop: false }`
[INFO] running `Command { std: "docker" "inspect" "6600f831d4b977b88babda5ddecf40f07c0e175500118465b902a73e78772aca", kill_on_drop: false }`
[INFO] running `Command { std: "docker" "exec" "-e" "SOURCE_DIR=/opt/rustwide/workdir" "-e" "CARGO_HOME=/opt/rustwide/cargo-home" "-e" "RUSTUP_HOME=/opt/rustwide/rustup-home" "-e" "CARGO_TARGET_DIR=/opt/rustwide/target" "-w" "/opt/rustwide/workdir" "--user" "0:0" "6600f831d4b977b88babda5ddecf40f07c0e175500118465b902a73e78772aca" "/opt/rustwide/cargo-home/bin/cargo" "+1.100.0-beta.1" "metadata" "--no-deps" "--format-version=1", kill_on_drop: false }`
[INFO] running `Command { std: "docker" "inspect" "6600f831d4b977b88babda5ddecf40f07c0e175500118465b902a73e78772aca", kill_on_drop: false }`
[INFO] running `Command { std: "docker" "exec" "-e" "SOURCE_DIR=/opt/rustwide/workdir" "-e" "CARGO_HOME=/opt/rustwide/cargo-home" "-e" "RUSTUP_HOME=/opt/rustwide/rustup-home" "-e" "CARGO_TARGET_DIR=/opt/rustwide/target" "-e" "CARGO_INCREMENTAL=0" "-e" "RUST_BACKTRACE=full" "-e" "RUSTFLAGS=--cap-lints=warn" "-e" "RUSTDOCFLAGS=--cap-lints=warn" "-w" "/opt/rustwide/workdir" "--user" "0:0" "6600f831d4b977b88babda5ddecf40f07c0e175500118465b902a73e78772aca" "/opt/rustwide/cargo-home/bin/cargo" "+1.100.0-beta.1" "build" "--frozen" "--message-format=json" "--release", kill_on_drop: false }`
[INFO] [stderr]    Compiling hashbrown v0.15.4
[INFO] [stderr]    Compiling syn v2.0.106
[INFO] [stderr]    Compiling string-interner v0.19.0
[INFO] [stderr]    Compiling repetitive v0.3.2 (/opt/rustwide/workdir)
[INFO] [stderr]     Finished `release` profile [optimized] target(s) in 8.83s
[INFO] running `Command { std: "docker" "inspect" "6600f831d4b977b88babda5ddecf40f07c0e175500118465b902a73e78772aca", kill_on_drop: false }`
[INFO] running `Command { std: "docker" "exec" "-e" "SOURCE_DIR=/opt/rustwide/workdir" "-e" "CARGO_HOME=/opt/rustwide/cargo-home" "-e" "RUSTUP_HOME=/opt/rustwide/rustup-home" "-e" "CARGO_TARGET_DIR=/opt/rustwide/target" "-e" "CARGO_INCREMENTAL=0" "-e" "RUST_BACKTRACE=full" "-e" "RUSTFLAGS=--cap-lints=warn" "-e" "RUSTDOCFLAGS=--cap-lints=warn" "-w" "/opt/rustwide/workdir" "--user" "0:0" "6600f831d4b977b88babda5ddecf40f07c0e175500118465b902a73e78772aca" "/opt/rustwide/cargo-home/bin/cargo" "+1.100.0-beta.1" "test" "--frozen" "--no-run" "--message-format=json" "--release", kill_on_drop: false }`
[INFO] [stderr]    Compiling unicode-ident v1.0.18
[INFO] [stderr]    Compiling serde v1.0.219
[INFO] [stderr]    Compiling repetitive v0.3.2 (/opt/rustwide/workdir)
[INFO] [stderr]    Compiling hashbrown v0.15.4
[INFO] [stderr]    Compiling proc-macro2 v1.0.101
[INFO] [stderr]    Compiling quote v1.0.40
[INFO] [stderr]    Compiling syn v2.0.106
[INFO] [stderr]    Compiling string-interner v0.19.0
[INFO] [stderr]     Finished `release` profile [optimized] target(s) in 23.70s
[INFO] running `Command { std: "docker" "inspect" "6600f831d4b977b88babda5ddecf40f07c0e175500118465b902a73e78772aca", kill_on_drop: false }`
[INFO] running `Command { std: "docker" "exec" "-e" "SOURCE_DIR=/opt/rustwide/workdir" "-e" "CARGO_HOME=/opt/rustwide/cargo-home" "-e" "RUSTUP_HOME=/opt/rustwide/rustup-home" "-e" "CARGO_TARGET_DIR=/opt/rustwide/target" "-e" "CARGO_INCREMENTAL=0" "-e" "RUST_BACKTRACE=full" "-e" "RUSTFLAGS=--cap-lints=warn" "-e" "RUSTDOCFLAGS=--cap-lints=warn" "-w" "/opt/rustwide/workdir" "--user" "0:0" "6600f831d4b977b88babda5ddecf40f07c0e175500118465b902a73e78772aca" "/opt/rustwide/cargo-home/bin/cargo" "+1.100.0-beta.1" "test" "--frozen" "--release", kill_on_drop: false }`
[INFO] [stderr]     Finished `release` profile [optimized] target(s) in 0.03s
[INFO] [stderr]      Running unittests src/lib.rs (/opt/rustwide/target/release/build/repetitive/88ae796605a6b821/out/repetitive-88ae796605a6b821)
[INFO] [stdout] 
[INFO] [stdout] running 0 tests
[INFO] [stdout] 
[INFO] [stdout] test result: ok. 0 passed; 0 failed; 0 ignored; 0 measured; 0 filtered out; finished in 0.00s
[INFO] [stdout] 
[INFO] [stderr]      Running tests/at.rs (/opt/rustwide/target/release/build/repetitive/a586c6d13997e739/out/at-a586c6d13997e739)
[INFO] [stdout] 
[INFO] [stdout] running 0 tests
[INFO] [stdout] 
[INFO] [stdout] test result: ok. 0 passed; 0 failed; 0 ignored; 0 measured; 0 filtered out; finished in 0.00s
[INFO] [stdout] 
[INFO] [stderr]      Running tests/concat.rs (/opt/rustwide/target/release/build/repetitive/9afc378d20c9e925/out/concat-9afc378d20c9e925)
[INFO] [stdout] 
[INFO] [stdout] running 0 tests
[INFO] [stdout] 
[INFO] [stdout] test result: ok. 0 passed; 0 failed; 0 ignored; 0 measured; 0 filtered out; finished in 0.00s
[INFO] [stdout] 
[INFO] [stderr]      Running tests/for_.rs (/opt/rustwide/target/release/build/repetitive/0617525343a7f9d7/out/for_-0617525343a7f9d7)
[INFO] [stdout] 
[INFO] [stdout] running 0 tests
[INFO] [stdout] 
[INFO] [stdout] test result: ok. 0 passed; 0 failed; 0 ignored; 0 measured; 0 filtered out; finished in 0.00s
[INFO] [stdout] 
[INFO] [stderr]      Running tests/if_.rs (/opt/rustwide/target/release/build/repetitive/6b44fd199581c73e/out/if_-6b44fd199581c73e)
[INFO] [stdout] 
[INFO] [stdout] running 0 tests
[INFO] [stdout] 
[INFO] [stdout] test result: ok. 0 passed; 0 failed; 0 ignored; 0 measured; 0 filtered out; finished in 0.00s
[INFO] [stdout] 
[INFO] [stderr]      Running tests/include.rs (/opt/rustwide/target/release/build/repetitive/253d3a7317f07e72/out/include-253d3a7317f07e72)
[INFO] [stdout] 
[INFO] [stdout] running 0 tests
[INFO] [stdout] 
[INFO] [stdout] test result: ok. 0 passed; 0 failed; 0 ignored; 0 measured; 0 filtered out; finished in 0.00s
[INFO] [stdout] 
[INFO] [stderr]      Running tests/let_.rs (/opt/rustwide/target/release/build/repetitive/e47c145c2635ae17/out/let_-e47c145c2635ae17)
[INFO] [stdout] 
[INFO] [stdout] running 0 tests
[INFO] [stdout] 
[INFO] [stdout] test result: ok. 0 passed; 0 failed; 0 ignored; 0 measured; 0 filtered out; finished in 0.00s
[INFO] [stdout] 
[INFO] [stderr]      Running tests/match_.rs (/opt/rustwide/target/release/build/repetitive/6ef57dcce4be96d7/out/match_-6ef57dcce4be96d7)
[INFO] [stdout] 
[INFO] [stdout] running 0 tests
[INFO] [stdout] 
[INFO] [stdout] test result: ok. 0 passed; 0 failed; 0 ignored; 0 measured; 0 filtered out; finished in 0.00s
[INFO] [stdout] 
[INFO] [stderr]      Running tests/methods.rs (/opt/rustwide/target/release/build/repetitive/a1e57e402fef683c/out/methods-a1e57e402fef683c)
[INFO] [stdout] 
[INFO] [stdout] running 0 tests
[INFO] [stdout] 
[INFO] [stdout] test result: ok. 0 passed; 0 failed; 0 ignored; 0 measured; 0 filtered out; finished in 0.00s
[INFO] [stdout] 
[INFO] [stderr]      Running tests/normal.rs (/opt/rustwide/target/release/build/repetitive/a80390ba36e6a5bd/out/normal-a80390ba36e6a5bd)
[INFO] [stdout] 
[INFO] [stdout] running 0 tests
[INFO] [stdout] 
[INFO] [stdout] test result: ok. 0 passed; 0 failed; 0 ignored; 0 measured; 0 filtered out; finished in 0.00s
[INFO] [stdout] 
[INFO] [stderr]      Running tests/ops.rs (/opt/rustwide/target/release/build/repetitive/765b76825d2790a4/out/ops-765b76825d2790a4)
[INFO] [stdout] 
[INFO] [stdout] running 0 tests
[INFO] [stdout] 
[INFO] [stdout] test result: ok. 0 passed; 0 failed; 0 ignored; 0 measured; 0 filtered out; finished in 0.00s
[INFO] [stdout] 
[INFO] [stderr]      Running tests/pattern.rs (/opt/rustwide/target/release/build/repetitive/2bf82a4109157d00/out/pattern-2bf82a4109157d00)
[INFO] [stdout] 
[INFO] [stdout] running 0 tests
[INFO] [stdout] 
[INFO] [stdout] test result: ok. 0 passed; 0 failed; 0 ignored; 0 measured; 0 filtered out; finished in 0.00s
[INFO] [stdout] 
[INFO] [stderr]      Running tests/tokens.rs (/opt/rustwide/target/release/build/repetitive/a192d7f8ed92b886/out/tokens-a192d7f8ed92b886)
[INFO] [stdout] 
[INFO] [stdout] running 0 tests
[INFO] [stdout] 
[INFO] [stdout] test result: ok. 0 passed; 0 failed; 0 ignored; 0 measured; 0 filtered out; finished in 0.00s
[INFO] [stdout] 
[INFO] [stderr]      Running tests/value.rs (/opt/rustwide/target/release/build/repetitive/cf1b6edd38d4ef1f/out/value-cf1b6edd38d4ef1f)
[INFO] [stderr]    Doc-tests repetitive
[INFO] [stdout] 
[INFO] [stdout] running 0 tests
[INFO] [stdout] 
[INFO] [stdout] test result: ok. 0 passed; 0 failed; 0 ignored; 0 measured; 0 filtered out; finished in 0.00s
[INFO] [stdout] 
[INFO] [stdout] 
[INFO] [stdout] running 9 tests
[INFO] [stdout] test src/lib.rs - repetitive (line 126) ... FAILED
[INFO] [stdout] test src/lib.rs - repetitive (line 64) ... FAILED
[INFO] [stdout] test src/lib.rs - repetitive (line 48) ... FAILED
[INFO] [stdout] test src/lib.rs - repetitive (line 96) ... FAILED
[INFO] [stdout] test src/lib.rs - repetitive (line 78) ... FAILED
[INFO] [stdout] test src/lib.rs - repetitive (line 112) ... FAILED
[INFO] [stdout] test src/lib.rs - repetitive (line 39) ... FAILED
[INFO] [stdout] test src/lib.rs - repetitive (line 32) ... FAILED
[INFO] [stdout] test src/lib.rs - repetitive (line 170) ... FAILED
[INFO] [stdout] 
[INFO] [stdout] failures:
[INFO] [stdout] 
[INFO] [stdout] ---- src/lib.rs - repetitive (line 126) stdout ----
[INFO] [stdout] error: expected item, found `@`
[INFO] [stdout]    --> src/lib.rs:127:1
[INFO] [stdout]     |
[INFO] [stdout] 127 | @let tokens = @{ @frag + 1 };
[INFO] [stdout]     | ^ expected item
[INFO] [stdout]     |
[INFO] [stdout]     = note: for a full list of items that can appear in modules, see <https://doc.rust-lang.org/reference/items.html>
[INFO] [stdout] 
[INFO] [stdout] error: aborting due to 1 previous error
[INFO] [stdout] 
[INFO] [stdout] Couldn't compile the test.
[INFO] [stdout] ---- src/lib.rs - repetitive (line 64) stdout ----
[INFO] [stdout] error: expected item, found `@`
[INFO] [stdout]   --> src/lib.rs:65:1
[INFO] [stdout]    |
[INFO] [stdout] 65 | @for N in 2..=4 {
[INFO] [stdout]    | ^ expected item
[INFO] [stdout]    |
[INFO] [stdout]    = note: for a full list of items that can appear in modules, see <https://doc.rust-lang.org/reference/items.html>
[INFO] [stdout] 
[INFO] [stdout] error: aborting due to 1 previous error
[INFO] [stdout] 
[INFO] [stdout] Couldn't compile the test.
[INFO] [stdout] ---- src/lib.rs - repetitive (line 48) stdout ----
[INFO] [stdout] error: expected item, found `@`
[INFO] [stdout]   --> src/lib.rs:49:1
[INFO] [stdout]    |
[INFO] [stdout] 49 | @for Color in ['Red, 'Green, 'Blue] {
[INFO] [stdout]    | ^ expected item
[INFO] [stdout]    |
[INFO] [stdout]    = note: for a full list of items that can appear in modules, see <https://doc.rust-lang.org/reference/items.html>
[INFO] [stdout] 
[INFO] [stdout] error: aborting due to 1 previous error
[INFO] [stdout] 
[INFO] [stdout] Couldn't compile the test.
[INFO] [stdout] ---- src/lib.rs - repetitive (line 96) stdout ----
[INFO] [stdout] error: expected item, found `@`
[INFO] [stdout]   --> src/lib.rs:97:1
[INFO] [stdout]    |
[INFO] [stdout] 97 | @for a in 0..5, b in 0..5 {
[INFO] [stdout]    | ^ expected item
[INFO] [stdout]    |
[INFO] [stdout]    = note: for a full list of items that can appear in modules, see <https://doc.rust-lang.org/reference/items.html>
[INFO] [stdout] 
[INFO] [stdout] error: aborting due to 1 previous error
[INFO] [stdout] 
[INFO] [stdout] Couldn't compile the test.
[INFO] [stdout] ---- src/lib.rs - repetitive (line 78) stdout ----
[INFO] [stdout] error: expected item, found `@`
[INFO] [stdout]   --> src/lib.rs:79:1
[INFO] [stdout]    |
[INFO] [stdout] 79 | @for N in 2..=4 {
[INFO] [stdout]    | ^ expected item
[INFO] [stdout]    |
[INFO] [stdout]    = note: for a full list of items that can appear in modules, see <https://doc.rust-lang.org/reference/items.html>
[INFO] [stdout] 
[INFO] [stdout] error: aborting due to 1 previous error
[INFO] [stdout] 
[INFO] [stdout] Couldn't compile the test.
[INFO] [stdout] ---- src/lib.rs - repetitive (line 112) stdout ----
[INFO] [stdout] error: expected item, found `@`
[INFO] [stdout]    --> src/lib.rs:113:1
[INFO] [stdout]     |
[INFO] [stdout] 113 | @for idx in 0..5 {
[INFO] [stdout]     | ^ expected item
[INFO] [stdout]     |
[INFO] [stdout]     = note: for a full list of items that can appear in modules, see <https://doc.rust-lang.org/reference/items.html>
[INFO] [stdout] 
[INFO] [stdout] error: aborting due to 1 previous error
[INFO] [stdout] 
[INFO] [stdout] Couldn't compile the test.
[INFO] [stdout] ---- src/lib.rs - repetitive (line 39) stdout ----
[INFO] [stdout] error: expected item, found `@`
[INFO] [stdout]   --> src/lib.rs:40:1
[INFO] [stdout]    |
[INFO] [stdout] 40 | @for a in [...] {
[INFO] [stdout]    | ^ expected item
[INFO] [stdout]    |
[INFO] [stdout]    = note: for a full list of items that can appear in modules, see <https://doc.rust-lang.org/reference/items.html>
[INFO] [stdout] 
[INFO] [stdout] error: aborting due to 1 previous error
[INFO] [stdout] 
[INFO] [stdout] Couldn't compile the test.
[INFO] [stdout] ---- src/lib.rs - repetitive (line 32) stdout ----
[INFO] [stdout] error: expected item, found `@`
[INFO] [stdout]   --> src/lib.rs:33:1
[INFO] [stdout]    |
[INFO] [stdout] 33 | @for a in [...], b in [...] {
[INFO] [stdout]    | ^ expected item
[INFO] [stdout]    |
[INFO] [stdout]    = note: for a full list of items that can appear in modules, see <https://doc.rust-lang.org/reference/items.html>
[INFO] [stdout] 
[INFO] [stdout] error: aborting due to 1 previous error
[INFO] [stdout] 
[INFO] [stdout] Couldn't compile the test.
[INFO] [stdout] ---- src/lib.rs - repetitive (line 170) stdout ----
[INFO] [stdout] error: expected item, found `@`
[INFO] [stdout]    --> src/lib.rs:171:1
[INFO] [stdout]     |
[INFO] [stdout] 171 | @for weird in [
[INFO] [stdout]     | ^ expected item
[INFO] [stdout]     |
[INFO] [stdout]     = note: for a full list of items that can appear in modules, see <https://doc.rust-lang.org/reference/items.html>
[INFO] [stdout] 
[INFO] [stdout] error: aborting due to 1 previous error
[INFO] [stdout] 
[INFO] [stdout] Couldn't compile the test.
[INFO] [stdout] 
[INFO] [stdout] failures:
[INFO] [stdout]     src/lib.rs - repetitive (line 112)
[INFO] [stdout]     src/lib.rs - repetitive (line 126)
[INFO] [stdout]     src/lib.rs - repetitive (line 170)
[INFO] [stdout]     src/lib.rs - repetitive (line 32)
[INFO] [stdout]     src/lib.rs - repetitive (line 39)
[INFO] [stdout]     src/lib.rs - repetitive (line 48)
[INFO] [stdout]     src/lib.rs - repetitive (line 64)
[INFO] [stdout]     src/lib.rs - repetitive (line 78)
[INFO] [stdout]     src/lib.rs - repetitive (line 96)
[INFO] [stdout] 
[INFO] [stdout] test result: FAILED. 0 passed; 9 failed; 0 ignored; 0 measured; 0 filtered out; finished in 0.26s
[INFO] [stdout] 
[INFO] [stderr] error: doctest failed, to rerun pass `--doc`
[INFO] running `Command { std: "docker" "inspect" "6600f831d4b977b88babda5ddecf40f07c0e175500118465b902a73e78772aca", kill_on_drop: false }`
[INFO] running `Command { std: "docker" "rm" "-f" "6600f831d4b977b88babda5ddecf40f07c0e175500118465b902a73e78772aca", kill_on_drop: false }`
[INFO] [stdout] 6600f831d4b977b88babda5ddecf40f07c0e175500118465b902a73e78772aca
