[INFO] fetching crate reovim-core 0.8.1...
[INFO] testing reovim-core-0.8.1 against 1.99.0-beta.8+cargoflags=--release for beta-release-1.100-2
[INFO] extracting crate reovim-core 0.8.1 into /workspace/builds/worker-4-tc1/source
[INFO] started tweaking crates.io crate reovim-core 0.8.1
[INFO] removed 0 missing tests
[INFO] finished tweaking crates.io crate reovim-core 0.8.1
[INFO] tweaked toml for crates.io crate reovim-core 0.8.1 written to /workspace/builds/worker-4-tc1/source/Cargo.toml
[INFO] validating manifest of crates.io crate reovim-core 0.8.1 on toolchain 1.99.0-beta.8
[INFO] running `Command { std: CARGO_HOME="/workspace/cargo-home" RUSTUP_HOME="/workspace/rustup-home" "/workspace/cargo-home/bin/cargo" "+1.99.0-beta.8" "metadata" "--manifest-path" "Cargo.toml" "--no-deps", kill_on_drop: false }`
[INFO] crate crates.io crate reovim-core 0.8.1 already has a lockfile, it will not be regenerated
[INFO] running `Command { std: CARGO_HOME="/workspace/cargo-home" RUSTUP_HOME="/workspace/rustup-home" "/workspace/cargo-home/bin/cargo" "+1.99.0-beta.8" "fetch" "--manifest-path" "Cargo.toml", kill_on_drop: false }`
[INFO] [stderr]     Updating crates.io index
[INFO] [stderr]  Downloading crates ...
[INFO] [stderr]   Downloaded tree-sitter-language v0.1.6
[INFO] [stderr]   Downloaded reovim-sys v0.8.1
[INFO] [stderr]   Downloaded tree-sitter-c v0.24.1
[INFO] [stderr]   Downloaded nucleo v0.5.0
[INFO] [stderr]   Downloaded nucleo-matcher v0.3.1
[INFO] [stderr]   Downloaded arc-swap v1.8.0
[INFO] [stderr]   Downloaded derive_more v2.1.0
[INFO] [stderr]   Downloaded derive_more-impl v2.1.0
[INFO] [stderr]   Downloaded tree-sitter v0.26.3
[INFO] [stderr]   Downloaded tree-sitter-md v0.5.1
[INFO] running `Command { std: "docker" "create" "-v" "/var/lib/crater-agent-workspace/builds/worker-4-tc1/source:/opt/rustwide/workdir:ro,Z" "-v" "/var/lib/crater-agent-workspace/builds/worker-4-tc1/target:/opt/rustwide/target:rw,Z" "-v" "/var/lib/crater-agent-workspace/cargo-home:/opt/rustwide/cargo-home:ro,Z" "-v" "/var/lib/crater-agent-workspace/rustup-home:/opt/rustwide/rustup-home:ro,Z" "-m" "1610612736" "--network" "none" "ghcr.io/rust-lang/crates-build-env/linux@sha256:77db811e55d90add9212f6832c23229e3de5f1c1f9905e8cb07319ea15df73ac" "sleep" "infinity", kill_on_drop: false }`
[INFO] [stdout] fed02913ab6045ca2b0a65e4cb063eb98af22013355149dfe88f32d3d854715d
[INFO] running `Command { std: "docker" "start" "fed02913ab6045ca2b0a65e4cb063eb98af22013355149dfe88f32d3d854715d", kill_on_drop: false }`
[INFO] running `Command { std: "docker" "inspect" "fed02913ab6045ca2b0a65e4cb063eb98af22013355149dfe88f32d3d854715d", kill_on_drop: false }`
[INFO] running `Command { std: "docker" "exec" "-e" "SOURCE_DIR=/opt/rustwide/workdir" "-e" "CARGO_HOME=/opt/rustwide/cargo-home" "-e" "RUSTUP_HOME=/opt/rustwide/rustup-home" "-e" "CARGO_TARGET_DIR=/opt/rustwide/target" "-w" "/opt/rustwide/workdir" "--user" "0:0" "fed02913ab6045ca2b0a65e4cb063eb98af22013355149dfe88f32d3d854715d" "/opt/rustwide/cargo-home/bin/cargo" "+1.99.0-beta.8" "metadata" "--no-deps" "--format-version=1", kill_on_drop: false }`
[INFO] running `Command { std: "docker" "inspect" "fed02913ab6045ca2b0a65e4cb063eb98af22013355149dfe88f32d3d854715d", kill_on_drop: false }`
[INFO] running `Command { std: "docker" "exec" "-e" "SOURCE_DIR=/opt/rustwide/workdir" "-e" "CARGO_HOME=/opt/rustwide/cargo-home" "-e" "RUSTUP_HOME=/opt/rustwide/rustup-home" "-e" "CARGO_TARGET_DIR=/opt/rustwide/target" "-e" "CARGO_INCREMENTAL=0" "-e" "RUST_BACKTRACE=full" "-e" "RUSTFLAGS=--cap-lints=warn" "-e" "RUSTDOCFLAGS=--cap-lints=warn" "-w" "/opt/rustwide/workdir" "--user" "0:0" "fed02913ab6045ca2b0a65e4cb063eb98af22013355149dfe88f32d3d854715d" "/opt/rustwide/cargo-home/bin/cargo" "+1.99.0-beta.8" "build" "--frozen" "--message-format=json" "--release", kill_on_drop: false }`
[INFO] [stderr]    Compiling find-msvc-tools v0.1.5
[INFO] [stderr]    Compiling tree-sitter-language v0.1.6
[INFO] [stderr]    Compiling syn v2.0.111
[INFO] [stderr]    Compiling rustix v1.1.2
[INFO] [stderr]    Compiling lock_api v0.4.14
[INFO] [stderr]    Compiling parking_lot_core v0.9.12
[INFO] [stderr]    Compiling linux-raw-sys v0.11.0
[INFO] [stderr]    Compiling simd-adler32 v0.3.8
[INFO] [stderr]    Compiling cc v1.2.49
[INFO] [stderr]    Compiling futures-core v0.3.31
[INFO] [stderr]    Compiling serde_core v1.0.228
[INFO] [stderr]    Compiling signal-hook-registry v1.4.7
[INFO] [stderr]    Compiling aho-corasick v1.1.4
[INFO] [stderr]    Compiling parking_lot v0.12.5
[INFO] [stderr]    Compiling hashbrown v0.16.1
[INFO] [stderr]    Compiling regex-syntax v0.8.8
[INFO] [stderr]    Compiling serde_json v1.0.145
[INFO] [stderr]    Compiling indexmap v2.12.1
[INFO] [stderr]    Compiling convert_case v0.10.0
[INFO] [stderr]    Compiling miniz_oxide v0.8.9
[INFO] [stderr]    Compiling mio v1.1.1
[INFO] [stderr]    Compiling memchr v2.7.6
[INFO] [stderr]    Compiling itoa v1.0.15
[INFO] [stderr]    Compiling ryu v1.0.20
[INFO] [stderr]    Compiling futures-sink v0.3.31
[INFO] [stderr]    Compiling futures-channel v0.3.31
[INFO] [stderr]    Compiling flate2 v1.1.5
[INFO] [stderr]    Compiling regex-automata v0.4.13
[INFO] [stderr]    Compiling pxfm v0.1.27
[INFO] [stderr]    Compiling signal-hook v0.3.18
[INFO] [stderr]    Compiling fdeflate v0.3.7
[INFO] [stderr]    Compiling serde_derive v1.0.228
[INFO] [stderr]    Compiling thiserror-impl v1.0.69
[INFO] [stderr]    Compiling futures-macro v0.3.31
[INFO] [stderr]    Compiling derive_more-impl v2.1.0
[INFO] [stderr]    Compiling thiserror v1.0.69
[INFO] [stderr]    Compiling filedescriptor v0.8.3
[INFO] [stderr]    Compiling futures-util v0.3.31
[INFO] [stderr]    Compiling derive_more v2.1.0
[INFO] [stderr]    Compiling moxcms v0.7.11
[INFO] [stderr]    Compiling gethostname v1.1.0
[INFO] [stderr]    Compiling tree-sitter v0.26.3
[INFO] [stderr]    Compiling png v0.18.0
[INFO] [stderr]    Compiling signal-hook-mio v0.2.5
[INFO] [stderr]    Compiling tree-sitter-json v0.24.8
[INFO] [stderr]    Compiling tree-sitter-javascript v0.25.0
[INFO] [stderr]    Compiling serde v1.0.228
[INFO] [stderr]    Compiling tree-sitter-c v0.24.1
[INFO] [stderr]    Compiling tree-sitter-rust v0.24.0
[INFO] [stderr]    Compiling tree-sitter-toml-ng v0.7.0
[INFO] [stderr]    Compiling tree-sitter-python v0.25.0
[INFO] [stderr]    Compiling tree-sitter-md v0.5.1
[INFO] [stderr]    Compiling bstr v1.12.1
[INFO] [stderr]    Compiling x11rb-protocol v0.13.2
[INFO] [stderr]    Compiling toml_datetime v0.6.11
[INFO] [stderr]    Compiling serde_spanned v0.6.9
[INFO] [stderr]    Compiling either v1.15.0
[INFO] [stderr]    Compiling winnow v0.7.14
[INFO] [stderr]    Compiling rayon v1.11.0
[INFO] [stderr]    Compiling tracing-core v0.1.35
[INFO] [stderr]    Compiling futures-executor v0.3.31
[INFO] [stderr]    Compiling nucleo-matcher v0.3.1
[INFO] [stderr]    Compiling globset v0.4.18
[INFO] [stderr]    Compiling toml_edit v0.22.27
[INFO] [stderr]    Compiling x11rb v0.13.2
[INFO] [stderr]    Compiling image v0.25.9
[INFO] [stderr]    Compiling crossterm v0.29.0
[INFO] [stderr]    Compiling regex v1.12.2
[INFO] [stderr]    Compiling tokio-macros v2.6.0
[INFO] [stderr]    Compiling tracing-attributes v0.1.31
[INFO] [stderr]    Compiling socket2 v0.6.1
[INFO] [stderr]    Compiling streaming-iterator v0.1.9
[INFO] [stderr]    Compiling bytes v1.11.0
[INFO] [stderr]    Compiling arboard v3.6.1
[INFO] [stderr]    Compiling tracing v0.1.43
[INFO] [stderr]    Compiling tokio v1.48.0
[INFO] [stderr]    Compiling reovim-sys v0.8.1
[INFO] [stderr]    Compiling arc-swap v1.8.0
[INFO] [stderr]    Compiling toml v0.8.23
[INFO] [stderr]    Compiling nucleo v0.5.0
[INFO] [stderr]    Compiling ignore v0.4.25
[INFO] [stderr]    Compiling futures v0.3.31
[INFO] [stderr]    Compiling futures-timer v3.0.3
[INFO] [stderr]    Compiling reovim-core v0.8.1 (/opt/rustwide/workdir)
[INFO] [stderr]     Finished `release` profile [optimized] target(s) in 4m 56s
[INFO] running `Command { std: "docker" "inspect" "fed02913ab6045ca2b0a65e4cb063eb98af22013355149dfe88f32d3d854715d", kill_on_drop: false }`
[INFO] running `Command { std: "docker" "exec" "-e" "SOURCE_DIR=/opt/rustwide/workdir" "-e" "CARGO_HOME=/opt/rustwide/cargo-home" "-e" "RUSTUP_HOME=/opt/rustwide/rustup-home" "-e" "CARGO_TARGET_DIR=/opt/rustwide/target" "-e" "CARGO_INCREMENTAL=0" "-e" "RUST_BACKTRACE=full" "-e" "RUSTFLAGS=--cap-lints=warn" "-e" "RUSTDOCFLAGS=--cap-lints=warn" "-w" "/opt/rustwide/workdir" "--user" "0:0" "fed02913ab6045ca2b0a65e4cb063eb98af22013355149dfe88f32d3d854715d" "/opt/rustwide/cargo-home/bin/cargo" "+1.99.0-beta.8" "test" "--frozen" "--no-run" "--message-format=json" "--release", kill_on_drop: false }`
[INFO] [stderr]    Compiling rustix v1.1.2
[INFO] [stderr]    Compiling regex-automata v0.4.13
[INFO] [stderr]    Compiling getrandom v0.3.4
[INFO] [stderr]    Compiling regex v1.12.2
[INFO] [stderr]    Compiling globset v0.4.18
[INFO] [stderr]    Compiling tree-sitter v0.26.3
[INFO] [stderr]    Compiling ignore v0.4.25
[INFO] [stderr]    Compiling gethostname v1.1.0
[INFO] [stderr]    Compiling x11rb v0.13.2
[INFO] [stderr]    Compiling crossterm v0.29.0
[INFO] [stderr]    Compiling tempfile v3.23.0
[INFO] [stderr]    Compiling reovim-sys v0.8.1
[INFO] [stderr]    Compiling arboard v3.6.1
[INFO] [stderr]    Compiling reovim-core v0.8.1 (/opt/rustwide/workdir)
[INFO] [stderr]     Finished `release` profile [optimized] target(s) in 3m 44s
[INFO] running `Command { std: "docker" "inspect" "fed02913ab6045ca2b0a65e4cb063eb98af22013355149dfe88f32d3d854715d", kill_on_drop: false }`
[INFO] running `Command { std: "docker" "exec" "-e" "SOURCE_DIR=/opt/rustwide/workdir" "-e" "CARGO_HOME=/opt/rustwide/cargo-home" "-e" "RUSTUP_HOME=/opt/rustwide/rustup-home" "-e" "CARGO_TARGET_DIR=/opt/rustwide/target" "-e" "CARGO_INCREMENTAL=0" "-e" "RUST_BACKTRACE=full" "-e" "RUSTFLAGS=--cap-lints=warn" "-e" "RUSTDOCFLAGS=--cap-lints=warn" "-w" "/opt/rustwide/workdir" "--user" "0:0" "fed02913ab6045ca2b0a65e4cb063eb98af22013355149dfe88f32d3d854715d" "/opt/rustwide/cargo-home/bin/cargo" "+1.99.0-beta.8" "test" "--frozen" "--release", kill_on_drop: false }`
[INFO] [stderr]     Finished `release` profile [optimized] target(s) in 0.24s
[INFO] [stderr]      Running unittests src/lib.rs (/opt/rustwide/target/release/deps/reovim_core-b72e53d192a4732a)
[INFO] [stdout] 
[INFO] [stdout] running 478 tests
[INFO] [stdout] test animation::controller::tests::test_controller_add_remove ... ok
[INFO] [stdout] test animation::color::tests::test_lerp_color ... ok
[INFO] [stdout] test animation::color::tests::test_static_color ... ok
[INFO] [stdout] test animation::color::tests::test_pulse_tick ... ok
[INFO] [stdout] test animation::color::tests::test_transition_complete ... ok
[INFO] [stdout] test animation::easing::tests::test_sine_bidirectional ... ok
[INFO] [stdout] test animation::easing::tests::test_clamp ... ok
[INFO] [stdout] test animation::controller::tests::test_controller_clear_all ... ok
[INFO] [stdout] test animation::effect::tests::test_effect_id ... ok
[INFO] [stdout] test animation::stage::tests::test_stage_no_effects ... ok
[INFO] [stdout] test animation::stage::tests::test_stage_with_cell_region_effect ... ok
[INFO] [stdout] test bind::tests::test_buffer_command_ids_are_registered ... ok
[INFO] [stdout] test animation::easing::tests::test_ease_in ... ok
[INFO] [stdout] test animation::easing::tests::test_linear ... ok
[INFO] [stdout] test animation::easing::tests::test_ease_out ... ok
[INFO] [stdout] test animation::effect::tests::test_animated_style_pulse ... ok
[INFO] [stdout] test bind::tests::test_ctrl_w_binding_exists ... ok
[INFO] [stdout] test animation::effect::tests::test_effect_priority ... ok
[INFO] [stdout] test bind::tests::test_keymap_has_buffer_navigation_keys ... ok
[INFO] [stdout] test bind::tests::test_lookup_binding_finds_ctrl_w ... ok
[INFO] [stdout] test buffer::access::tests::test_snapshot_content ... ok
[INFO] [stdout] test bind::tests::test_default_normal_fallback ... ok
[INFO] [stdout] test bind::tests::test_keymap_buffer_commands_use_correct_ids ... ok
[INFO] [stdout] test bind::tests::test_keymap_has_leader_window_bindings ... ok
[INFO] [stdout] test buffer::access::tests::test_snapshot_line_count ... ok
[INFO] [stdout] test buffer::access::tests::test_snapshot_text_in_range_multiple_lines ... ok
[INFO] [stdout] test buffer::access::tests::test_snapshot_text_in_range_single_line ... ok
[INFO] [stdout] test buffer::access::tests::test_word_at ... ok
[INFO] [stdout] test buffer::tests::test_content_to_string ... ok
[INFO] [stdout] test buffer::tests::test_delete_char_backward ... ok
[INFO] [stdout] test buffer::tests::test_delete_char_backward_at_start ... ok
[INFO] [stdout] test buffer::tests::test_delete_char_forward ... ok
[INFO] [stdout] test buffer::tests::test_delete_last_line ... ok
[INFO] [stdout] test buffer::tests::test_delete_line ... ok
[INFO] [stdout] test buffer::tests::test_delete_selection_multi_line ... ok
[INFO] [stdout] test buffer::tests::test_delete_selection_single_line ... ok
[INFO] [stdout] test buffer::tests::test_empty_buffer ... ok
[INFO] [stdout] test buffer::tests::test_get_selected_text_inactive ... ok
[INFO] [stdout] test buffer::tests::test_get_selected_text_multi_line ... ok
[INFO] [stdout] test buffer::tests::test_get_selected_text_single_line ... ok
[INFO] [stdout] test buffer::tests::test_insert_char ... ok
[INFO] [stdout] test buffer::tests::test_insert_char_empty_buffer ... ok
[INFO] [stdout] test buffer::tests::test_insert_char_middle ... ok
[INFO] [stdout] test buffer::tests::test_selection_bounds_backward ... ok
[INFO] [stdout] test bind::tests::test_keymap_has_leader_buffer_prefix ... ok
[INFO] [stdout] test bind::tests::test_keymap_has_leader_window_prefix ... ok
[INFO] [stdout] test buffer::tests::test_selection_bounds_forward ... ok
[INFO] [stdout] test buffer::access::tests::test_snapshot_line_access ... ok
[INFO] [stdout] test buffer::tests::test_start_selection ... ok
[INFO] [stdout] test buffer::tests::test_word_backward ... ok
[INFO] [stdout] test animation::effect::tests::test_effect_expiration ... ok
[INFO] [stdout] test buffer::tests::test_word_backward_at_start ... ok
[INFO] [stdout] test buffer::tests::test_word_forward_at_end ... ok
[INFO] [stdout] test buffer::tests::test_set_content_empty ... ok
[INFO] [stdout] test buffer::tests::test_word_forward ... ok
[INFO] [stdout] test command::builtin::buffer::tests::test_buffer_commands_can_be_cloned ... ok
[INFO] [stdout] test command::builtin::buffer::tests::test_buffer_delete_command_metadata ... ok
[INFO] [stdout] test command::builtin::buffer::tests::test_buffer_delete_command_returns_deferred_action ... ok
[INFO] [stdout] test command::builtin::buffer::tests::test_buffer_prev_command_metadata ... ok
[INFO] [stdout] test command::builtin::buffer::tests::test_buffer_prev_command_returns_deferred_action ... ok
[INFO] [stdout] test command_line::registry::tests::test_empty_command ... ok
[INFO] [stdout] test command_line::registry::tests::test_single_arg_command ... ok
[INFO] [stdout] test command_line::registry::tests::test_subcommand_dispatch ... ok
[INFO] [stdout] test command_line::registry::tests::test_unknown_command ... ok
[INFO] [stdout] test command_line::registry::tests::test_zero_arg_command ... ok
[INFO] [stdout] test completion::tests::test_completion_context_clone ... ok
[INFO] [stdout] test completion::tests::test_completion_context_full_builder ... ok
[INFO] [stdout] test completion::tests::test_completion_context_new ... ok
[INFO] [stdout] test completion::tests::test_completion_context_with_file_path ... ok
[INFO] [stdout] test completion::tests::test_completion_context_with_trigger_char ... ok
[INFO] [stdout] test completion::tests::test_completion_item_builder_chain ... ok
[INFO] [stdout] test completion::tests::test_completion_item_clone ... ok
[INFO] [stdout] test completion::tests::test_completion_item_debug ... ok
[INFO] [stdout] test command::builtin::buffer::tests::test_buffer_next_command_metadata ... ok
[INFO] [stdout] test completion::tests::test_completion_context_debug ... ok
[INFO] [stdout] test command::builtin::buffer::tests::test_buffer_next_command_returns_deferred_action ... ok
[INFO] [stdout] test completion::tests::test_completion_item_filter_text_accessor ... ok
[INFO] [stdout] test command_line::registry::tests::test_get_description ... ok
[INFO] [stdout] test completion::tests::test_completion_item_new ... ok
[INFO] [stdout] test completion::tests::test_completion_item_with_kind ... ok
[INFO] [stdout] test completion::tests::test_completion_item_with_label ... ok
[INFO] [stdout] test completion::tests::test_completion_item_with_detail ... ok
[INFO] [stdout] test completion::tests::test_completion_item_with_documentation ... ok
[INFO] [stdout] test completion::tests::test_completion_item_with_filter_text ... ok
[INFO] [stdout] test completion::tests::test_completion_kind_default ... ok
[INFO] [stdout] test completion::tests::test_completion_kind_debug ... ok
[INFO] [stdout] test completion::tests::test_completion_kind_variants ... ok
[INFO] [stdout] test compositor::types::tests::test_bounds_contains ... ok
[INFO] [stdout] test compositor::types::tests::test_composable_id_default_group ... ok
[INFO] [stdout] test compositor::types::tests::test_compositor_empty ... ok
[INFO] [stdout] test compositor::types::tests::test_z_group_ordering ... ok
[INFO] [stdout] test compositor::types::tests::test_z_order_ordering ... ok
[INFO] [stdout] test compositor::types::tests::test_z_order_sequence ... ok
[INFO] [stdout] test compositor::types::tests::test_z_order_sub_order ... ok
[INFO] [stdout] test config::loader::tests::test_get_config_dir ... ok
[INFO] [stdout] test completion::tests::test_completion_item_with_priority ... ok
[INFO] [stdout] test completion::tests::test_completion_kind_copy ... ok
[INFO] [stdout] test config::profile::tests::test_profile_manager_empty ... ok
[INFO] [stdout] test config::profile::tests::test_profile_path ... ok
[INFO] [stdout] test config::loader::tests::test_load_save_toml ... ok
[INFO] [stdout] test config::profile_registry::tests::test_registry_list_sections ... ok
[INFO] [stdout] test config::profile_registry::tests::test_registry_register ... ok
[INFO] [stdout] test config::profile_registry::tests::test_registry_save_all ... ok
[INFO] [stdout] test completion::tests::test_completion_kind_eq ... ok
[INFO] [stdout] test config::profile_registry::tests::test_registry_load_all ... ok
[INFO] [stdout] test compositor::types::tests::test_bounds_overlaps ... ok
[INFO] [stdout] test config::schema::tests::test_parse_full_profile ... ok
[INFO] [stdout] test config::schema::tests::test_parse_minimal_profile ... ok
[INFO] [stdout] test config::schema::tests::test_parse_profile_with_theme_overrides ... ok
[INFO] [stdout] test context_provider::tests::test_breadcrumb_empty ... ok
[INFO] [stdout] test context_provider::tests::test_breadcrumb_multiple_items ... ok
[INFO] [stdout] test context_provider::tests::test_breadcrumb_single_item ... ok
[INFO] [stdout] test context_provider::tests::test_context_item_creation ... ok
[INFO] [stdout] test context_provider::tests::test_current_scope_empty ... ok
[INFO] [stdout] test context_provider::tests::test_current_scope_with_items ... ok
[INFO] [stdout] test context_provider::tests::test_custom_provider ... ok
[INFO] [stdout] test context_provider::tests::test_hierarchy_creation ... ok
[INFO] [stdout] test context_provider::tests::test_max_level_empty ... ok
[INFO] [stdout] test context_provider::tests::test_max_level_with_items ... ok
[INFO] [stdout] test context_provider::tests::test_provider_priority ... ok
[INFO] [stdout] test context_provider::tests::test_registry_integration ... ok
[INFO] [stdout] test context_provider::tests::test_up_to_level ... ok
[INFO] [stdout] test decoration::store::tests::test_buffer_decorations_line_lookup ... ok
[INFO] [stdout] test decoration::store::tests::test_conceal_lookup ... ok
[INFO] [stdout] test decoration::store::tests::test_multiline_decoration ... ok
[INFO] [stdout] test display::tests::test_builtins_registration ... ok
[INFO] [stdout] test display::tests::test_display_info_new ... ok
[INFO] [stdout] test display::tests::test_dynamic_display ... ok
[INFO] [stdout] test display::tests::test_fallback_for_unregistered ... ok
[INFO] [stdout] test display::tests::test_hierarchical_display ... ok
[INFO] [stdout] test display::tests::test_mode_icon_command ... ok
[INFO] [stdout] test display::tests::test_mode_icon_insert ... ok
[INFO] [stdout] test display::tests::test_mode_icon_normal ... ok
[INFO] [stdout] test display::tests::test_mode_icon_visual ... ok
[INFO] [stdout] test display::tests::test_mode_name ... ok
[INFO] [stdout] test display::tests::test_mode_style_insert ... ok
[INFO] [stdout] test display::tests::test_mode_style_normal ... ok
[INFO] [stdout] test display::tests::test_mode_style_visual ... ok
[INFO] [stdout] test display::tests::test_registry_lookup ... ok
[INFO] [stdout] test display::tests::test_short_mode_name ... ok
[INFO] [stdout] test context_provider::tests::test_at_level_not_found ... ok
[INFO] [stdout] test event::handler::command::count_parser::tests::test_count_only_in_normal_visual_operator_pending ... ok
[INFO] [stdout] test config::schema::tests::test_serialize_profile ... ok
[INFO] [stdout] test context_provider::tests::test_at_level_found ... ok
[INFO] [stdout] test event::handler::command::count_parser::tests::test_multi_digit ... ok
[INFO] [stdout] test event::handler::command::count_parser::tests::test_single_digit ... ok
[INFO] [stdout] test event::handler::command::count_parser::tests::test_take_clears_count ... ok
[INFO] [stdout] test event::handler::command::count_parser::tests::test_zero_after_digit ... ok
[INFO] [stdout] test event_bus::bus::tests::test_consumed_stops_propagation ... ok
[INFO] [stdout] test event_bus::bus::tests::test_no_handlers ... ok
[INFO] [stdout] test event_bus::bus::tests::test_priority_ordering ... ok
[INFO] [stdout] test event_bus::bus::tests::test_subscribe_and_dispatch ... ok
[INFO] [stdout] test event_bus::bus::tests::test_subscribe_targeted ... ok
[INFO] [stdout] test event_bus::scope::tests::test_scope_clone_shares_state ... ok
[INFO] [stdout] test event_bus::scope::tests::test_scope_id_display ... ok
[INFO] [stdout] test event_bus::scope::tests::test_scope_id_uniqueness ... ok
[INFO] [stdout] test event_bus::scope::tests::test_scope_increment_decrement ... ok
[INFO] [stdout] test event_bus::scope::tests::test_scope_new ... ok
[INFO] [stdout] test event_bus::scope::tests::test_scope_wait_immediate ... ok
[INFO] [stdout] test event::handler::command::count_parser::tests::test_zero_as_first_digit ... ok
[INFO] [stdout] test event_bus::tests::test_dyn_event_creation_and_downcast ... ok
[INFO] [stdout] test event_bus::tests::test_dyn_event_into_inner ... ok
[INFO] [stdout] test event_bus::tests::test_dyn_event_wrong_type_downcast ... ok
[INFO] [stdout] test filetype::tests::test_case_insensitive_extension ... ok
[INFO] [stdout] test filetype::tests::test_detect_by_extension ... ok
[INFO] [stdout] test filetype::tests::test_detect_by_filename ... ok
[INFO] [stdout] test filetype::tests::test_detect_with_path ... ok
[INFO] [stdout] test event_bus::scope::tests::test_scope_multiple_waiters ... ok
[INFO] [stdout] test filetype::tests::test_filetype_info ... ok
[INFO] [stdout] test filetype::tests::test_global_registry ... ok
[INFO] [stdout] test filetype::tests::test_unknown_extension ... ok
[INFO] [stdout] test folding::tests::test_fold_range ... ok
[INFO] [stdout] test frame::buffer::tests::test_buffer_get_set ... ok
[INFO] [stdout] test frame::buffer::tests::test_buffer_new ... ok
[INFO] [stdout] test frame::buffer::tests::test_buffer_resize ... ok
[INFO] [stdout] test frame::buffer::tests::test_buffer_write_str ... ok
[INFO] [stdout] test frame::cell::tests::test_cell_differs ... ok
[INFO] [stdout] test event_bus::scope::tests::test_scope_wait_after_decrement ... ok
[INFO] [stdout] test frame::cell::tests::test_cell_empty ... ok
[INFO] [stdout] test frame::cell::tests::test_wide_char_detection ... ok
[INFO] [stdout] test frame::renderer::tests::test_buffer_access ... ok
[INFO] [stdout] test event_bus::scope::tests::test_scope_wait_timeout_failure ... ok
[INFO] [stdout] test frame::renderer::tests::test_double_buffer_swap ... ok
[INFO] [stdout] test frame::renderer::tests::test_renderer_new ... ok
[INFO] [stdout] test frame::renderer::tests::test_flush_to_vec ... ok
[INFO] [stdout] test event_bus::scope::tests::test_scope_wait_timeout_success ... ok
[INFO] [stdout] test highlight::color::tests::test_ansi256_to_rgb_standard ... ok
[INFO] [stdout] test highlight::color::tests::test_ansi256_to_rgb_grayscale ... ok
[INFO] [stdout] test highlight::color::tests::test_colormode_parse ... ok
[INFO] [stdout] test highlight::color::tests::test_ansi256_to_rgb_cube ... ok
[INFO] [stdout] test highlight::color::tests::test_downgrade_color_ansi16 ... ok
[INFO] [stdout] test highlight::color::tests::test_lookup_table_initialized ... ok
[INFO] [stdout] test highlight::color::tests::test_parse_color_ansi ... ok
[INFO] [stdout] test highlight::color::tests::test_downgrade_color_truecolor ... ok
[INFO] [stdout] test highlight::color::tests::test_parse_color_hex_3digit ... ok
[INFO] [stdout] test highlight::color::tests::test_parse_color_hex_6digit ... ok
[INFO] [stdout] test highlight::color::tests::test_parse_color_invalid ... ok
[INFO] [stdout] test highlight::color::tests::test_parse_color_named ... ok
[INFO] [stdout] test highlight::color::tests::test_parse_color_rgb_function ... ok
[INFO] [stdout] test highlight::color::tests::test_parse_color_whitespace ... ok
[INFO] [stdout] test highlight::color::tests::test_parse_color_hex_8digit ... ok
[INFO] [stdout] test frame::renderer::tests::test_diff_only_changed_cells ... ok
[INFO] [stdout] test highlight::color::tests::test_downgrade_color_256 ... ok
[INFO] [stdout] test highlight::color::tests::test_rgb_to_ansi256_colors ... ok
[INFO] [stdout] test frame::renderer::tests::test_resize ... ok
[INFO] [stdout] test highlight::color::tests::test_rgb_to_ansi256_grayscale ... ok
[INFO] [stdout] test highlight::store::tests::test_single_highlight ... ok
[INFO] [stdout] test highlight::span::tests::test_cols_for_line ... ok
[INFO] [stdout] test highlight::span::tests::test_multiline_contains ... ok
[INFO] [stdout] test highlight::span::tests::test_single_line_contains ... ok
[INFO] [stdout] test highlight::style::tests::test_merge_overrides_underline_color ... ok
[INFO] [stdout] test highlight::style::tests::test_merge_preserves_underline_color ... ok
[INFO] [stdout] test highlight::style::tests::test_extended_underline_ansi ... ok
[INFO] [stdout] test highlight::style::tests::test_hidden ... ok
[INFO] [stdout] test highlight::theme::tests::test_apply_overrides ... ok
[INFO] [stdout] test highlight::style::tests::test_underline_color_only_with_underline ... ok
[INFO] [stdout] test highlight::style::tests::test_overline ... ok
[INFO] [stdout] test highlight::theme::tests::test_dark_theme ... ok
[INFO] [stdout] test highlight::theme::tests::test_default_theme ... ok
[INFO] [stdout] test highlight::theme::tests::test_from_name_with_overrides ... ok
[INFO] [stdout] test highlight::theme::tests::test_get_style_mut_base ... ok
[INFO] [stdout] test highlight::theme::tests::test_get_style_mut_brackets_rainbow ... ok
[INFO] [stdout] test highlight::theme::tests::test_get_style_mut_invalid_path ... ok
[INFO] [stdout] test highlight::theme::tests::test_get_style_mut_nested ... ok
[INFO] [stdout] test highlight::theme::tests::test_light_theme ... ok
[INFO] [stdout] test highlight::theme::tests::test_status_line_modes ... ok
[INFO] [stdout] test highlight::theme::tests::test_theme_name_parse ... ok
[INFO] [stdout] test highlight::theme::tests::test_tokyo_night_orange_theme ... ok
[INFO] [stdout] test highlight::theme_override::tests::test_style_override_apply_fg_only ... ok
[INFO] [stdout] test highlight::theme_override::tests::test_style_override_apply_full ... ok
[INFO] [stdout] test highlight::theme_override::tests::test_style_override_invalid_color_skipped ... ok
[INFO] [stdout] test highlight::theme_override::tests::test_style_override_preserves_unset ... ok
[INFO] [stdout] test highlight::theme_override::tests::test_theme_overrides_serde ... ok
[INFO] [stdout] test highlight::style::tests::test_underline_color ... ok
[INFO] [stdout] test highlight::theme::tests::test_theme_from_name ... ok
[INFO] [stdout] test highlight::theme_override::tests::test_style_override_apply_bg_only ... ok
[INFO] [stdout] test highlight::theme_override::tests::test_theme_overrides_serde_with_attributes ... ok
[INFO] [stdout] test indent::tests::test_guides_disabled ... ok
[INFO] [stdout] test indent::tests::test_guides_for_line ... ok
[INFO] [stdout] test indent::tests::test_indent_level ... ok
[INFO] [stdout] test interactor::config::tests::test_interactor_config_defaults ... ok
[INFO] [stdout] test interactor::config::tests::test_registry_accepts_char_input ... ok
[INFO] [stdout] test interactor::config::tests::test_registry_get ... ok
[INFO] [stdout] test interactor::tests::test_component_id_equality ... ok
[INFO] [stdout] test io::input::tests::test_mock_key_source_yields_events ... ok
[INFO] [stdout] test indent::tests::test_active_guide ... ok
[INFO] [stdout] test indent::tests::test_leading_whitespace_count ... ok
[INFO] [stdout] test io::output::tests::test_mock_output_captures_bytes ... ok
[INFO] [stdout] test io::output::tests::test_mock_output_clear ... ok
[INFO] [stdout] test io::output::tests::test_mock_output_clone_shares_buffer ... ok
[INFO] [stdout] test io::output::tests::test_mock_output_contains ... ok
[INFO] [stdout] test io::output::tests::test_strip_ansi_removes_clear_codes ... ok
[INFO] [stdout] test io::output::tests::test_strip_ansi_removes_color_codes ... ok
[INFO] [stdout] test io::output::tests::test_strip_ansi_removes_cursor_codes ... ok
[INFO] [stdout] test jumplist::tests::test_empty_jump_list ... ok
[INFO] [stdout] test jumplist::tests::test_no_duplicate_entries ... ok
[INFO] [stdout] test jumplist::tests::test_push_and_jump ... ok
[INFO] [stdout] test jumplist::tests::test_truncate_on_push_after_jump ... ok
[INFO] [stdout] test keystroke::macros::tests::test_key_char ... ok
[INFO] [stdout] test keystroke::macros::tests::test_key_ctrl_char ... ok
[INFO] [stdout] test keystroke::macros::tests::test_key_ctrl_shift_char ... ok
[INFO] [stdout] test keystroke::macros::tests::test_key_escape ... ok
[INFO] [stdout] test keystroke::macros::tests::test_key_function ... ok
[INFO] [stdout] test keystroke::macros::tests::test_key_shift_tab ... ok
[INFO] [stdout] test keystroke::macros::tests::test_key_space ... ok
[INFO] [stdout] test keystroke::macros::tests::test_keys_ctrl ... ok
[INFO] [stdout] test keystroke::macros::tests::test_keys_double_char ... ok
[INFO] [stdout] test keystroke::macros::tests::test_keys_empty ... ok
[INFO] [stdout] test keystroke::macros::tests::test_keys_leader_sequence ... ok
[INFO] [stdout] test keystroke::macros::tests::test_keys_mixed ... ok
[INFO] [stdout] test keystroke::macros::tests::test_keys_single_char ... ok
[INFO] [stdout] test keystroke::notation::tests::test_human_notation_ctrl ... ok
[INFO] [stdout] test keystroke::notation::tests::test_human_notation_escape ... ok
[INFO] [stdout] test keystroke::notation::tests::test_sequence_status_line ... ok
[INFO] [stdout] test keystroke::notation::tests::test_status_line_notation ... ok
[INFO] [stdout] test keystroke::notation::tests::test_vim_notation_ctrl ... ok
[INFO] [stdout] test keystroke::notation::tests::test_vim_notation_ctrl_shift ... ok
[INFO] [stdout] test keystroke::notation::tests::test_vim_notation_escape ... ok
[INFO] [stdout] test keystroke::notation::tests::test_vim_notation_simple_char ... ok
[INFO] [stdout] test keystroke::notation::tests::test_human_notation_simple_char ... ok
[INFO] [stdout] test keystroke::notation::tests::test_vim_notation_space ... ok
[INFO] [stdout] test keystroke::notation::tests::test_sequence_leader ... ok
[INFO] [stdout] test keystroke::tests::test_ctrl_uppercase_preserves_ctrl ... ok
[INFO] [stdout] test keystroke::notation::tests::test_sequence_vim ... ok
[INFO] [stdout] test keystroke::tests::test_keystroke_char ... ok
[INFO] [stdout] test keystroke::tests::test_keystroke_ctrl ... ok
[INFO] [stdout] test landing::sprite::tests::test_loop_mode ... ok
[INFO] [stdout] test keystroke::tests::test_uppercase_letter_ignores_shift_modifier ... ok
[INFO] [stdout] test landing::sprite::tests::test_once_mode ... ok
[INFO] [stdout] test landing::sprite::tests::test_pause_after_cycle ... ok
[INFO] [stdout] test landing::tests::test_generate_not_empty ... ok
[INFO] [stdout] test keystroke::tests::test_keystroke_from_key_event ... ok
[INFO] [stdout] test landing::tests::test_landing_state_animation ... ok
[INFO] [stdout] test landing::tests::test_size_selection ... ok
[INFO] [stdout] test modifier::behavior::tests::test_behavior_modifiers_empty ... ok
[INFO] [stdout] test modifier::behavior::tests::test_behavior_modifiers_merge ... ok
[INFO] [stdout] test modifier::behavior::tests::test_feature_flags_merge ... ok
[INFO] [stdout] test modifier::context::tests::test_context_builder ... ok
[INFO] [stdout] test modifier::context::tests::test_mode_checks ... ok
[INFO] [stdout] test keystroke::tests::test_key_sequence_prefix ... ok
[INFO] [stdout] test landing::sprite::tests::test_ping_pong_mode ... ok
[INFO] [stdout] test modifier::registry::tests::test_evaluate_matching ... ok
[INFO] [stdout] test modifier::registry::tests::test_evaluate_non_matching ... ok
[INFO] [stdout] test modifier::registry::tests::test_cache ... ok
[INFO] [stdout] test modifier::registry::tests::test_empty_registry ... ok
[INFO] [stdout] test modifier::registry::tests::test_multiple_modifiers ... ok
[INFO] [stdout] test modifier::style::tests::test_decorations_merge ... ok
[INFO] [stdout] test modifier::style::tests::test_style_modifiers_empty ... ok
[INFO] [stdout] test modifier::style::tests::test_style_modifiers_merge ... ok
[INFO] [stdout] test modifier::style::tests::test_style_modifiers_override ... ok
[INFO] [stdout] test modifier::traits::tests::test_active_window_modifier ... ok
[INFO] [stdout] test modifier::traits::tests::test_filetype_modifier ... ok
[INFO] [stdout] test modifier::traits::tests::test_insert_mode_modifier ... ok
[INFO] [stdout] test modifier::traits::tests::test_modifier_priority ... ok
[INFO] [stdout] test option::events::tests::test_change_source_user_initiated ... ok
[INFO] [stdout] test option::events::tests::test_option_changed_value_comparison ... ok
[INFO] [stdout] test option::registry::tests::test_alias_resolution ... ok
[INFO] [stdout] test option::registry::tests::test_list_matching ... ok
[INFO] [stdout] test option::registry::tests::test_register_and_get ... ok
[INFO] [stdout] test option::registry::tests::test_reset ... ok
[INFO] [stdout] test option::registry::tests::test_set_and_get ... ok
[INFO] [stdout] test option::registry::tests::test_toggle ... ok
[INFO] [stdout] test option::spec::tests::test_choice_validation ... ok
[INFO] [stdout] test option::spec::tests::test_constraint_range_validation ... ok
[INFO] [stdout] test option::spec::tests::test_option_spec_validation ... ok
[INFO] [stdout] test option::spec::tests::test_option_value_type_name ... ok
[INFO] [stdout] test plugin::runtime_context::tests::test_runtime_context_creation ... ok
[INFO] [stdout] test plugin::runtime_context::tests::test_state_access ... ok
[INFO] [stdout] test plugin::state::tests::test_missing_state ... ok
[INFO] [stdout] test plugin::state::tests::test_multiple_states ... ok
[INFO] [stdout] test plugin::state::tests::test_register_and_access ... ok
[INFO] [stdout] test plugin::state::tests::test_remove_state ... ok
[INFO] [stdout] test plugin::state::tests::test_replace_state ... ok
[INFO] [stdout] test plugin::state::tests::test_with_mut ... ok
[INFO] [stdout] test render::decoration_cache::tests::test_basic_cache_operations ... ok
[INFO] [stdout] test animation::color::tests::test_adjust_brightness ... ok
[INFO] [stdout] test buffer::tests::test_clear_selection ... ok
[INFO] [stdout] test buffer::tests::test_set_content ... ok
[INFO] [stdout] test highlight::store::tests::test_overlapping_highlights ... ok
[INFO] [stdout] test modifier::registry::tests::test_priority_ordering ... ok
[INFO] [stdout] test modifier::registry::tests::test_register_modifier ... ok
[INFO] [stdout] test modifier::registry::tests::test_unregister ... ok
[INFO] [stdout] test render::decoration_cache::tests::test_clone_entries ... ok
[INFO] [stdout] test render::decoration_cache::tests::test_content_hash_validation ... ok
[INFO] [stdout] test render::decoration_cache::tests::test_get_ready_decorations ... ok
[INFO] [stdout] test render::decoration_cache::tests::test_invalidation ... ok
[INFO] [stdout] test render::highlight_cache::tests::test_clone_entries ... ok
[INFO] [stdout] test render::highlight_cache::tests::test_basic_cache_operations ... ok
[INFO] [stdout] test render::highlight_cache::tests::test_content_hash_validation ... ok
[INFO] [stdout] test render::highlight_cache::tests::test_get_ready_highlights ... ok
[INFO] [stdout] test render::tests::test_virtual_text_priority_resolution ... ok
[INFO] [stdout] test render::tests::test_render_data_virtual_texts_can_be_modified ... ok
[INFO] [stdout] test render::tests::test_render_data_virtual_texts_initialization ... ok
[INFO] [stdout] test rpc::handler::tests::test_registry_register_and_dispatch ... ok
[INFO] [stdout] test rpc::handler::tests::test_rpc_result_variants ... ok
[INFO] [stdout] test rpc::server::tests::test_server_config_dual ... ok
[INFO] [stdout] test rpc::state::tests::test_cell_snapshot_omits_defaults ... ok
[INFO] [stdout] test rpc::state::tests::test_cursor_snapshot_serialization ... ok
[INFO] [stdout] test rpc::server::tests::test_server_config_default ... ok
[INFO] [stdout] test rpc::server::tests::test_server_config_headless ... ok
[INFO] [stdout] test rpc::handler::tests::test_registry_unregister ... ok
[INFO] [stdout] test rpc::state::tests::test_mode_snapshot_serialization ... ok
[INFO] [stdout] test render::tests::test_virtual_text_entry_creation ... ok
[INFO] [stdout] test render::highlight_cache::tests::test_invalidation ... ok
[INFO] [stdout] test render::tests::test_render_data_signs_can_be_modified ... ok
[INFO] [stdout] test render::tests::test_render_data_signs_initialization ... ok
[INFO] [stdout] test rpc::transport::tests::test_transport_config_tcp ... ok
[INFO] [stdout] test rpc::state::tests::test_screen_format_deserialization ... ok
[INFO] [stdout] test rpc::transport::tests::test_transport_config_tcp_localhost ... ok
[INFO] [stdout] test rpc::transport::tests::test_transport_config_unix ... ok
[INFO] [stdout] test rpc::types::tests::test_notification ... ok
[INFO] [stdout] test rpc::types::tests::test_request_deserialization ... ok
[INFO] [stdout] test rpc::types::tests::test_request_serialization ... ok
[INFO] [stdout] test rpc::types::tests::test_response_error ... ok
[INFO] [stdout] test runtime::context::tests::test_extension_methods ... ok
[INFO] [stdout] test rpc::types::tests::test_response_success ... ok
[INFO] [stdout] test runtime::context::tests::test_mock_context ... ok
[INFO] [stdout] test screen::border::tests::test_border_config_builder ... ok
[INFO] [stdout] test screen::border::tests::test_border_insets ... ok
[INFO] [stdout] test screen::border::tests::test_border_insets_with_context ... ok
[INFO] [stdout] test screen::border::tests::test_border_mode_on_float ... ok
[INFO] [stdout] test screen::border::tests::test_border_sides ... ok
[INFO] [stdout] test screen::border::tests::test_border_style_chars ... ok
[INFO] [stdout] test screen::border::tests::test_border_mode_on_collide ... ok
[INFO] [stdout] test screen::layout::split::tests::test_calculate_layouts_single ... ok
[INFO] [stdout] test screen::layout::split::tests::test_calculate_layouts_vertical_split ... ok
[INFO] [stdout] test screen::layout::split::tests::test_compute_adjacency_four_windows ... ok
[INFO] [stdout] test screen::layout::split::tests::test_compute_adjacency_horizontal ... ok
[INFO] [stdout] test screen::layout::split::tests::test_compute_adjacency_vertical ... ok
[INFO] [stdout] test screen::layout::split::tests::test_compute_all_adjacencies ... ok
[INFO] [stdout] test screen::layout::split::tests::test_find_adjacent_window ... ok
[INFO] [stdout] test screen::layout::split::tests::test_leaf_node ... ok
[INFO] [stdout] test screen::layout::split::tests::test_remove_window ... ok
[INFO] [stdout] test screen::layout::split::tests::test_split_node ... ok
[INFO] [stdout] test screen::layout::tab::tests::test_tab_manager_close_tab ... ok
[INFO] [stdout] test screen::layout::tab::tests::test_tab_manager_init ... ok
[INFO] [stdout] test screen::layout::split::tests::test_split_window ... ok
[INFO] [stdout] test screen::layout::tab::tests::test_tab_manager_navigation ... ok
[INFO] [stdout] test screen::layout::tab::tests::test_tab_manager_new_tab ... ok
[INFO] [stdout] test screen::layout::tab::tests::test_tab_page_close_last_window ... ok
[INFO] [stdout] test screen::layout::tab::tests::test_tab_page_new ... ok
[INFO] [stdout] test screen::layout::tab::tests::test_tab_page_close_window ... ok
[INFO] [stdout] test screen::layout::tab::tests::test_tab_page_split ... ok
[INFO] [stdout] test screen::window::store::tests::test_close_last_window ... ok
[INFO] [stdout] test screen::window::store::tests::test_close_window ... ok
[INFO] [stdout] test screen::window::store::tests::test_window_store_creation ... ok
[INFO] [stdout] test screen::window::viewport::tests::test_update_scroll_cursor_at_viewport_edge ... ok
[INFO] [stdout] test screen::window::store::tests::test_split_window ... ok
[INFO] [stdout] test screen::window::viewport::tests::test_update_scroll_cursor_above_viewport ... ok
[INFO] [stdout] test screen::window::viewport::tests::test_update_scroll_cursor_below_viewport ... ok
[INFO] [stdout] test screen::window::store::tests::test_set_active_window ... ok
[INFO] [stdout] test screen::window::viewport::tests::test_update_scroll_cursor_in_view ... ok
[INFO] [stdout] test sign::tests::test_line_sign_option ... ok
[INFO] [stdout] test sign::tests::test_sign_creation ... ok
[INFO] [stdout] test style::border::tests::test_border_rounded ... ok
[INFO] [stdout] test sign::tests::test_sign_equality ... ok
[INFO] [stdout] test style::border::tests::test_border_ascii ... ok
[INFO] [stdout] test sign::tests::test_sign_priority_ordering ... ok
[INFO] [stdout] test style::icons::file_icons::tests::test_dir_icon ... ok
[INFO] [stdout] test style::icons::file_icons::tests::test_json_icon ... ok
[INFO] [stdout] test style::border::tests::test_border_single ... ok
[INFO] [stdout] test style::icons::file_icons::tests::test_toml_icon ... ok
[INFO] [stdout] test style::icons::file_icons::tests::test_rust_icon ... ok
[INFO] [stdout] test style::icons::registry::tests::test_global_registry_file_icons ... ok
[INFO] [stdout] test style::icons::file_icons::tests::test_unknown_extension ... ok
[INFO] [stdout] test style::icons::registry::tests::test_icon_set_change ... ok
[INFO] [stdout] test style::icons::registry::tests::test_registry_provider_priority ... ok
[INFO] [stdout] test style::icons::ui_icons::tests::test_diagnostic_icons ... ok
[INFO] [stdout] test style::icons::file_icons::tests::test_md_icon ... ok
[INFO] [stdout] test testing::keys::tests::test_keys_from_str_basic ... ok
[INFO] [stdout] test testing::keys::tests::test_keys_from_str_ctrl ... ok
[INFO] [stdout] test style::icons::registry::tests::test_registry_fallback ... ok
[INFO] [stdout] test testing::keys::tests::test_char_key ... ok
[INFO] [stdout] test style::icons::ui_icons::tests::test_kind_icons ... ok
[INFO] [stdout] test testing::keys::tests::test_ctrl_key ... ok
[INFO] [stdout] test style::icons::ui_icons::tests::test_spinner ... ok
[INFO] [stdout] test testing::keys::tests::test_keys_from_str_alt_space ... ok
[INFO] [stdout] test testing::keys::tests::test_keys_from_str_arrow_keys ... ok
[INFO] [stdout] test testing::keys::tests::test_keys_from_str_shift_tab ... ok
[INFO] [stdout] test testing::keys::tests::test_keys_from_str_ctrl_enter ... ok
[INFO] [stdout] test testing::keys::tests::test_keys_from_str_function_keys ... ok
[INFO] [stdout] test testing::keys::tests::test_keys_from_str_with_escape ... ok
[INFO] [stdout] test testing::keys::tests::test_keys_from_str_mixed ... ok
[INFO] [stdout] test testing::keys::tests::test_keys_from_str_with_enter ... ok
[INFO] [stdout] test testing::visual::tests::test_assert_cell_char ... ok
[INFO] [stdout] test testing::server::tests::test_harness_spawn_and_connect ... FAILED
[INFO] [stdout] test testing::visual::tests::test_assert_contains ... ok
[INFO] [stdout] test types::tests::test_conversions ... ok
[INFO] [stdout] test ui::text::tests::test_align_left ... ok
[INFO] [stdout] test ui::text::tests::test_align_right ... ok
[INFO] [stdout] test ui::text::tests::test_pad_left ... ok
[INFO] [stdout] test ui::text::tests::test_pad_right ... ok
[INFO] [stdout] test ui::text::tests::test_truncate_end_no_truncation ... ok
[INFO] [stdout] test types::tests::test_column_operations ... ok
[INFO] [stdout] test ui::text::tests::test_align_center ... ok
[INFO] [stdout] test testing::visual::tests::test_assert_row_starts_with ... ok
[INFO] [stdout] test ui::text::tests::test_truncate_end_truncation ... ok
[INFO] [stdout] test ui::text::tests::test_truncate_start_no_truncation ... ok
[INFO] [stdout] test types::tests::test_line_number_operations ... ok
[INFO] [stdout] test ui::text::tests::test_truncate_start_truncation ... ok
[INFO] [stdout] test types::tests::test_screen_row_operations ... ok
[INFO] [stdout] test visibility::tests::test_custom_provider ... ok
[INFO] [stdout] test visibility::tests::test_no_op_visibility ... ok
[INFO] [stdout] test visibility::tests::test_visibility_marker ... ok
[INFO] [stdout] test visual::ascii::tests::test_annotated_ascii_with_cursor ... ok
[INFO] [stdout] test visual::ascii::tests::test_row_to_string ... ok
[INFO] [stdout] test visual::ascii::tests::test_to_ansi_unstyled ... ok
[INFO] [stdout] test visual::ascii::tests::test_to_ansi_with_style ... ok
[INFO] [stdout] test visual::ascii::tests::test_to_ascii_alias ... ok
[INFO] [stdout] test visual::ascii::tests::test_to_plain_text ... ok
[INFO] [stdout] test visual::ascii::tests::test_to_plain_text_trims_trailing_whitespace ... ok
[INFO] [stdout] test visual::snapshot::tests::test_bounds_contains ... ok
[INFO] [stdout] test visual::snapshot::tests::test_visual_snapshot_char_at ... ok
[INFO] [stdout] test ui::text::tests::test_alignment_default ... ok
[INFO] [stdout] test ui::text::tests::test_display_width ... ok
[INFO] [stdout] test ui::text::tests::test_truncate_end_small_width ... ok
[INFO] [stdout] test visibility::tests::test_visibility_query_from ... ok
[INFO] [stdout] test visual::ascii::tests::test_region_to_string ... ok
[INFO] [stdout] 
[INFO] [stdout] failures:
[INFO] [stdout] 
[INFO] [stdout] ---- testing::server::tests::test_harness_spawn_and_connect stdout ----
[INFO] [stdout] 
[INFO] [stdout] thread 'testing::server::tests::test_harness_spawn_and_connect' (3586) panicked at src/testing/server.rs:207:56:
[INFO] [stdout] called `Result::unwrap()` on an `Err` value: Os { code: 2, kind: NotFound, message: "No such file or directory" }
[INFO] [stdout] stack backtrace:
[INFO] [stdout]    0:     0x5ddb962ff111 - <<std[70759c8f55707aa4]::sys::backtrace::BacktraceLock>::print::DisplayBacktrace as core[df12db4294e9bfd3]::fmt::Display>::fmt
[INFO] [stdout]    1:     0x5ddb9631727a - core[df12db4294e9bfd3]::fmt::write
[INFO] [stdout]    2:     0x5ddb96303d5c - <alloc[2182bb758b4b3781]::vec::Vec<u8> as core[df12db4294e9bfd3]::io::write::Write>::write_fmt
[INFO] [stdout]    3:     0x5ddb962d8796 - std[70759c8f55707aa4]::panicking::default_hook::{closure#0}
[INFO] [stdout]    4:     0x5ddb962f6239 - std[70759c8f55707aa4]::panicking::default_hook
[INFO] [stdout]    5:     0x5ddb9625d070 - test[9d35eded1c95d3be]::test_main_inner::<test[9d35eded1c95d3be]::test_main_static::{closure#0}>::{closure#0}
[INFO] [stdout]    6:     0x5ddb962f6562 - std[70759c8f55707aa4]::panicking::panic_with_hook
[INFO] [stdout]    7:     0x5ddb962d8842 - std[70759c8f55707aa4]::panicking::panic_handler::{closure#0}
[INFO] [stdout]    8:     0x5ddb962d11c9 - std[70759c8f55707aa4]::sys::backtrace::__rust_end_short_backtrace::<std[70759c8f55707aa4]::panicking::panic_handler::{closure#0}, !>
[INFO] [stdout]    9:     0x5ddb962d962d - __rustc[8fa7c3cbc660c2b3]::rust_begin_unwind
[INFO] [stdout]   10:     0x5ddb963179dc - core[df12db4294e9bfd3]::panicking::panic_fmt
[INFO] [stdout]   11:     0x5ddb963177b2 - core[df12db4294e9bfd3]::result::unwrap_failed
[INFO] [stdout]   12:     0x5ddb961c47bf - reovim_core[dcdb90429c921fe1]::testing::server::tests::test_harness_spawn_and_connect::{closure#0}
[INFO] [stdout]   13:     0x5ddb961beb13 - <tokio[106de7f6330a3485]::runtime::scheduler::current_thread::CurrentThread>::block_on::<core[df12db4294e9bfd3]::pin::Pin<&mut dyn core[df12db4294e9bfd3]::future::future::Future<Output = ()>>>
[INFO] [stdout]   14:     0x5ddb96179da2 - <tokio[106de7f6330a3485]::runtime::runtime::Runtime>::block_on::<core[df12db4294e9bfd3]::pin::Pin<&mut dyn core[df12db4294e9bfd3]::future::future::Future<Output = ()>>>
[INFO] [stdout]   15:     0x5ddb961c6fdb - reovim_core[dcdb90429c921fe1]::testing::server::tests::test_harness_spawn_and_connect
[INFO] [stdout]   16:     0x5ddb96129f09 - <reovim_core[dcdb90429c921fe1]::testing::server::tests::test_harness_spawn_and_connect::{closure#0} as core[df12db4294e9bfd3]::ops::function::FnOnce<()>>::call_once
[INFO] [stdout]   17:     0x5ddb9625035b - test[9d35eded1c95d3be]::__rust_begin_short_backtrace::<core[df12db4294e9bfd3]::result::Result<(), alloc[2182bb758b4b3781]::string::String>, fn() -> core[df12db4294e9bfd3]::result::Result<(), alloc[2182bb758b4b3781]::string::String>>
[INFO] [stdout]   18:     0x5ddb9625d9c5 - test[9d35eded1c95d3be]::run_test::{closure#0}
[INFO] [stdout]   19:     0x5ddb96257284 - std[70759c8f55707aa4]::sys::backtrace::__rust_begin_short_backtrace::<test[9d35eded1c95d3be]::run_test::{closure#1}, ()>
[INFO] [stdout]   20:     0x5ddb96260b22 - <std[70759c8f55707aa4]::thread::lifecycle::spawn_unchecked<test[9d35eded1c95d3be]::run_test::{closure#1}, ()>::{closure#1} as core[df12db4294e9bfd3]::ops::function::FnOnce<()>>::call_once::{shim:vtable#0}
[INFO] [stdout]   21:     0x5ddb962fe0d9 - <std[70759c8f55707aa4]::sys::thread::unix::Thread>::new::thread_start
[INFO] [stdout]   22:     0x7af32e97edfa - <unknown>
[INFO] [stdout]   23:     0x7af32ea123d4 - clone
[INFO] [stdout]   24:                0x0 - <unknown>
[INFO] [stdout] 
[INFO] [stdout] 
[INFO] [stdout] failures:
[INFO] [stdout]     testing::server::tests::test_harness_spawn_and_connect
[INFO] [stdout] 
[INFO] [stdout] test result: FAILED. 477 passed; 1 failed; 0 ignored; 0 measured; 0 filtered out; finished in 0.12s
[INFO] [stdout] 
[INFO] [stderr] error: test failed, to rerun pass `--lib`
[INFO] running `Command { std: "docker" "inspect" "fed02913ab6045ca2b0a65e4cb063eb98af22013355149dfe88f32d3d854715d", kill_on_drop: false }`
[INFO] running `Command { std: "docker" "rm" "-f" "fed02913ab6045ca2b0a65e4cb063eb98af22013355149dfe88f32d3d854715d", kill_on_drop: false }`
[INFO] [stdout] fed02913ab6045ca2b0a65e4cb063eb98af22013355149dfe88f32d3d854715d
