[INFO] fetching crate renyi_package 0.2.1...
[INFO] testing renyi_package-0.2.1 against 1.99.0-beta.8+cargoflags=--release for beta-release-1.100-2
[INFO] extracting crate renyi_package 0.2.1 into /workspace/builds/worker-4-tc1/source
[INFO] started tweaking crates.io crate renyi_package 0.2.1
[INFO] removed 0 missing tests
[INFO] finished tweaking crates.io crate renyi_package 0.2.1
[INFO] tweaked toml for crates.io crate renyi_package 0.2.1 written to /workspace/builds/worker-4-tc1/source/Cargo.toml
[INFO] validating manifest of crates.io crate renyi_package 0.2.1 on toolchain 1.99.0-beta.8
[INFO] running `Command { std: CARGO_HOME="/workspace/cargo-home" RUSTUP_HOME="/workspace/rustup-home" "/workspace/cargo-home/bin/cargo" "+1.99.0-beta.8" "metadata" "--manifest-path" "Cargo.toml" "--no-deps", kill_on_drop: false }`
[INFO] crate crates.io crate renyi_package 0.2.1 already has a lockfile, it will not be regenerated
[INFO] running `Command { std: CARGO_HOME="/workspace/cargo-home" RUSTUP_HOME="/workspace/rustup-home" "/workspace/cargo-home/bin/cargo" "+1.99.0-beta.8" "fetch" "--manifest-path" "Cargo.toml", kill_on_drop: false }`
[INFO] [stderr]     Updating crates.io index
[INFO] [stderr]  Downloading crates ...
[INFO] [stderr]   Downloaded renyi_json v0.2.1
[INFO] [stderr]   Downloaded renyi_syntax v0.2.1
[INFO] running `Command { std: "docker" "create" "-v" "/var/lib/crater-agent-workspace/builds/worker-4-tc1/source:/opt/rustwide/workdir:ro,Z" "-v" "/var/lib/crater-agent-workspace/builds/worker-4-tc1/target:/opt/rustwide/target:rw,Z" "-v" "/var/lib/crater-agent-workspace/cargo-home:/opt/rustwide/cargo-home:ro,Z" "-v" "/var/lib/crater-agent-workspace/rustup-home:/opt/rustwide/rustup-home:ro,Z" "-m" "1610612736" "--network" "none" "ghcr.io/rust-lang/crates-build-env/linux@sha256:77db811e55d90add9212f6832c23229e3de5f1c1f9905e8cb07319ea15df73ac" "sleep" "infinity", kill_on_drop: false }`
[INFO] [stdout] 7d092e766ec5d7809dfca68a99265e6131430c85c9c0d8bbee3c216c885769f6
[INFO] running `Command { std: "docker" "start" "7d092e766ec5d7809dfca68a99265e6131430c85c9c0d8bbee3c216c885769f6", kill_on_drop: false }`
[INFO] running `Command { std: "docker" "inspect" "7d092e766ec5d7809dfca68a99265e6131430c85c9c0d8bbee3c216c885769f6", kill_on_drop: false }`
[INFO] running `Command { std: "docker" "exec" "-e" "SOURCE_DIR=/opt/rustwide/workdir" "-e" "CARGO_HOME=/opt/rustwide/cargo-home" "-e" "RUSTUP_HOME=/opt/rustwide/rustup-home" "-e" "CARGO_TARGET_DIR=/opt/rustwide/target" "-w" "/opt/rustwide/workdir" "--user" "0:0" "7d092e766ec5d7809dfca68a99265e6131430c85c9c0d8bbee3c216c885769f6" "/opt/rustwide/cargo-home/bin/cargo" "+1.99.0-beta.8" "metadata" "--no-deps" "--format-version=1", kill_on_drop: false }`
[INFO] running `Command { std: "docker" "inspect" "7d092e766ec5d7809dfca68a99265e6131430c85c9c0d8bbee3c216c885769f6", kill_on_drop: false }`
[INFO] running `Command { std: "docker" "exec" "-e" "SOURCE_DIR=/opt/rustwide/workdir" "-e" "CARGO_HOME=/opt/rustwide/cargo-home" "-e" "RUSTUP_HOME=/opt/rustwide/rustup-home" "-e" "CARGO_TARGET_DIR=/opt/rustwide/target" "-e" "CARGO_INCREMENTAL=0" "-e" "RUST_BACKTRACE=full" "-e" "RUSTFLAGS=--cap-lints=warn" "-e" "RUSTDOCFLAGS=--cap-lints=warn" "-w" "/opt/rustwide/workdir" "--user" "0:0" "7d092e766ec5d7809dfca68a99265e6131430c85c9c0d8bbee3c216c885769f6" "/opt/rustwide/cargo-home/bin/cargo" "+1.99.0-beta.8" "build" "--frozen" "--message-format=json" "--release", kill_on_drop: false }`
[INFO] [stderr]    Compiling renyi_syntax v0.2.1
[INFO] [stderr]    Compiling renyi_json v0.2.1
[INFO] [stderr]    Compiling sha2 v0.10.9
[INFO] [stderr]    Compiling renyi_package v0.2.1 (/opt/rustwide/workdir)
[INFO] [stderr]     Finished `release` profile [optimized] target(s) in 8.06s
[INFO] running `Command { std: "docker" "inspect" "7d092e766ec5d7809dfca68a99265e6131430c85c9c0d8bbee3c216c885769f6", kill_on_drop: false }`
[INFO] running `Command { std: "docker" "exec" "-e" "SOURCE_DIR=/opt/rustwide/workdir" "-e" "CARGO_HOME=/opt/rustwide/cargo-home" "-e" "RUSTUP_HOME=/opt/rustwide/rustup-home" "-e" "CARGO_TARGET_DIR=/opt/rustwide/target" "-e" "CARGO_INCREMENTAL=0" "-e" "RUST_BACKTRACE=full" "-e" "RUSTFLAGS=--cap-lints=warn" "-e" "RUSTDOCFLAGS=--cap-lints=warn" "-w" "/opt/rustwide/workdir" "--user" "0:0" "7d092e766ec5d7809dfca68a99265e6131430c85c9c0d8bbee3c216c885769f6" "/opt/rustwide/cargo-home/bin/cargo" "+1.99.0-beta.8" "test" "--frozen" "--no-run" "--message-format=json" "--release", kill_on_drop: false }`
[INFO] [stderr]    Compiling renyi_package v0.2.1 (/opt/rustwide/workdir)
[INFO] [stderr]     Finished `release` profile [optimized] target(s) in 2.88s
[INFO] running `Command { std: "docker" "inspect" "7d092e766ec5d7809dfca68a99265e6131430c85c9c0d8bbee3c216c885769f6", kill_on_drop: false }`
[INFO] running `Command { std: "docker" "exec" "-e" "SOURCE_DIR=/opt/rustwide/workdir" "-e" "CARGO_HOME=/opt/rustwide/cargo-home" "-e" "RUSTUP_HOME=/opt/rustwide/rustup-home" "-e" "CARGO_TARGET_DIR=/opt/rustwide/target" "-e" "CARGO_INCREMENTAL=0" "-e" "RUST_BACKTRACE=full" "-e" "RUSTFLAGS=--cap-lints=warn" "-e" "RUSTDOCFLAGS=--cap-lints=warn" "-w" "/opt/rustwide/workdir" "--user" "0:0" "7d092e766ec5d7809dfca68a99265e6131430c85c9c0d8bbee3c216c885769f6" "/opt/rustwide/cargo-home/bin/cargo" "+1.99.0-beta.8" "test" "--frozen" "--release", kill_on_drop: false }`
[INFO] [stderr]     Finished `release` profile [optimized] target(s) in 0.02s
[INFO] [stderr]      Running unittests src/lib.rs (/opt/rustwide/target/release/deps/renyi_package-24ba42de111b0e40)
[INFO] [stdout] 
[INFO] [stdout] running 11 tests
[INFO] [stdout] test manifest::tests::a_lock_and_a_package_file_round_trip ... ok
[INFO] [stdout] test manifest::tests::a_field_the_format_lacks_is_refused ... ok
[INFO] [stdout] test manifest::tests::a_manifest_reads_and_renders_the_same ... ok
[INFO] [stdout] test registry::tests::paths_join_textually ... ok
[INFO] [stdout] test select::tests::requirements_that_disagree_on_the_major_are_refused ... ok
[INFO] [stdout] test reads::tests::the_files_provided_stand_in_for_the_disk ... ok
[INFO] [stdout] test manifest::tests::a_python_section_reads_and_renders_the_same ... ok
[INFO] [stdout] test registry::tests::a_registry_is_a_directory_or_a_url ... ok
[INFO] [stdout] test version::tests::versions_parse_order_and_satisfy ... ok
[INFO] [stdout] test select::tests::the_highest_allowed_version_is_chosen_with_its_dependencies ... ok
[INFO] [stdout] test reads::tests::a_read_is_noted_once_with_its_hash_and_a_missing_file_as_none ... ok
[INFO] [stdout] 
[INFO] [stdout] test result: ok. 11 passed; 0 failed; 0 ignored; 0 measured; 0 filtered out; finished in 0.01s
[INFO] [stdout] 
[INFO] [stderr]      Running tests/fixture.rs (/opt/rustwide/target/release/deps/fixture-5af631eed623ef91)
[INFO] [stdout] 
[INFO] [stdout] running 4 tests
[INFO] [stdout] test the_fixture_is_in_canonical_form ... FAILED
[INFO] [stdout] test the_python_fixtures_are_in_canonical_form ... FAILED
[INFO] [stdout] test the_foreign_fixtures_are_in_canonical_form ... FAILED
[INFO] [stdout] test the_resolver_reads_the_projects_as_the_suite_expects ... FAILED
[INFO] [stdout] 
[INFO] [stdout] failures:
[INFO] [stdout] 
[INFO] [stdout] ---- the_fixture_is_in_canonical_form stdout ----
[INFO] [stdout] 
[INFO] [stdout] thread 'the_fixture_is_in_canonical_form' (294) panicked at tests/fixture.rs:17:33:
[INFO] [stdout] tests/conformance/packages/registry/greeting/1.0.0/package.json: No such file or directory (os error 2)
[INFO] [stdout] stack backtrace:
[INFO] [stdout]    0:     0x577caf691901 - <<std[70759c8f55707aa4]::sys::backtrace::BacktraceLock>::print::DisplayBacktrace as core[df12db4294e9bfd3]::fmt::Display>::fmt
[INFO] [stdout]    1:     0x577caf6a674a - core[df12db4294e9bfd3]::fmt::write
[INFO] [stdout]    2:     0x577caf695d9c - <alloc[2182bb758b4b3781]::vec::Vec<u8> as core[df12db4294e9bfd3]::io::write::Write>::write_fmt
[INFO] [stdout]    3:     0x577caf66d906 - std[70759c8f55707aa4]::panicking::default_hook::{closure#0}
[INFO] [stdout]    4:     0x577caf689c09 - std[70759c8f55707aa4]::panicking::default_hook
[INFO] [stdout]    5:     0x577caf5ceae0 - test[9d35eded1c95d3be]::test_main_inner::<test[9d35eded1c95d3be]::test_main_static::{closure#0}>::{closure#0}
[INFO] [stdout]    6:     0x577caf689dc2 - std[70759c8f55707aa4]::panicking::panic_with_hook
[INFO] [stdout]    7:     0x577caf66d9b2 - std[70759c8f55707aa4]::panicking::panic_handler::{closure#0}
[INFO] [stdout]    8:     0x577caf666519 - std[70759c8f55707aa4]::sys::backtrace::__rust_end_short_backtrace::<std[70759c8f55707aa4]::panicking::panic_handler::{closure#0}, !>
[INFO] [stdout]    9:     0x577caf66e5ad - __rustc[8fa7c3cbc660c2b3]::rust_begin_unwind
[INFO] [stdout]   10:     0x577caf6a6eac - core[df12db4294e9bfd3]::panicking::panic_fmt
[INFO] [stdout]   11:     0x577caf5bb77a - fixture[516c6af80b3e1c5]::read::{closure#0}
[INFO] [stdout]   12:     0x577caf5bb92d - fixture[516c6af80b3e1c5]::read
[INFO] [stdout]   13:     0x577caf5bbec9 - <fixture[516c6af80b3e1c5]::the_fixture_is_in_canonical_form::{closure#0} as core[df12db4294e9bfd3]::ops::function::FnOnce<()>>::call_once
[INFO] [stdout]   14:     0x577caf5c1dcb - test[9d35eded1c95d3be]::__rust_begin_short_backtrace::<core[df12db4294e9bfd3]::result::Result<(), alloc[2182bb758b4b3781]::string::String>, fn() -> core[df12db4294e9bfd3]::result::Result<(), alloc[2182bb758b4b3781]::string::String>>
[INFO] [stdout]   15:     0x577caf5cf435 - test[9d35eded1c95d3be]::run_test::{closure#0}
[INFO] [stdout]   16:     0x577caf5c8cf4 - std[70759c8f55707aa4]::sys::backtrace::__rust_begin_short_backtrace::<test[9d35eded1c95d3be]::run_test::{closure#1}, ()>
[INFO] [stdout]   17:     0x577caf5d2592 - <std[70759c8f55707aa4]::thread::lifecycle::spawn_unchecked<test[9d35eded1c95d3be]::run_test::{closure#1}, ()>::{closure#1} as core[df12db4294e9bfd3]::ops::function::FnOnce<()>>::call_once::{shim:vtable#0}
[INFO] [stdout]   18:     0x577caf690e69 - <std[70759c8f55707aa4]::sys::thread::unix::Thread>::new::thread_start
[INFO] [stdout]   19:     0x73ff70d4bdfa - <unknown>
[INFO] [stderr] error: test failed, to rerun pass `--test fixture`
[INFO] [stdout]   20:     0x73ff70ddf3d4 - clone
[INFO] [stdout]   21:                0x0 - <unknown>
[INFO] [stdout] 
[INFO] [stdout] ---- the_python_fixtures_are_in_canonical_form stdout ----
[INFO] [stdout] 
[INFO] [stdout] thread 'the_python_fixtures_are_in_canonical_form' (296) panicked at tests/fixture.rs:17:33:
[INFO] [stdout] tests/conformance/python/renyi.json: No such file or directory (os error 2)
[INFO] [stdout] stack backtrace:
[INFO] [stdout]    0:     0x577caf691901 - <<std[70759c8f55707aa4]::sys::backtrace::BacktraceLock>::print::DisplayBacktrace as core[df12db4294e9bfd3]::fmt::Display>::fmt
[INFO] [stdout]    1:     0x577caf6a674a - core[df12db4294e9bfd3]::fmt::write
[INFO] [stdout]    2:     0x577caf695d9c - <alloc[2182bb758b4b3781]::vec::Vec<u8> as core[df12db4294e9bfd3]::io::write::Write>::write_fmt
[INFO] [stdout]    3:     0x577caf66d906 - std[70759c8f55707aa4]::panicking::default_hook::{closure#0}
[INFO] [stdout]    4:     0x577caf689c09 - std[70759c8f55707aa4]::panicking::default_hook
[INFO] [stdout]    5:     0x577caf5ceae0 - test[9d35eded1c95d3be]::test_main_inner::<test[9d35eded1c95d3be]::test_main_static::{closure#0}>::{closure#0}
[INFO] [stdout]    6:     0x577caf689dc2 - std[70759c8f55707aa4]::panicking::panic_with_hook
[INFO] [stdout]    7:     0x577caf66d9b2 - std[70759c8f55707aa4]::panicking::panic_handler::{closure#0}
[INFO] [stdout]    8:     0x577caf666519 - std[70759c8f55707aa4]::sys::backtrace::__rust_end_short_backtrace::<std[70759c8f55707aa4]::panicking::panic_handler::{closure#0}, !>
[INFO] [stdout]    9:     0x577caf66e5ad - __rustc[8fa7c3cbc660c2b3]::rust_begin_unwind
[INFO] [stdout]   10:     0x577caf6a6eac - core[df12db4294e9bfd3]::panicking::panic_fmt
[INFO] [stdout]   11:     0x577caf5bb77a - fixture[516c6af80b3e1c5]::read::{closure#0}
[INFO] [stdout]   12:     0x577caf5bb92d - fixture[516c6af80b3e1c5]::read
[INFO] [stdout]   13:     0x577caf5bc32b - <fixture[516c6af80b3e1c5]::the_python_fixtures_are_in_canonical_form::{closure#0} as core[df12db4294e9bfd3]::ops::function::FnOnce<()>>::call_once
[INFO] [stdout]   14:     0x577caf5c1dcb - test[9d35eded1c95d3be]::__rust_begin_short_backtrace::<core[df12db4294e9bfd3]::result::Result<(), alloc[2182bb758b4b3781]::string::String>, fn() -> core[df12db4294e9bfd3]::result::Result<(), alloc[2182bb758b4b3781]::string::String>>
[INFO] [stdout]   15:     0x577caf5cf435 - test[9d35eded1c95d3be]::run_test::{closure#0}
[INFO] [stdout]   16:     0x577caf5c8cf4 - std[70759c8f55707aa4]::sys::backtrace::__rust_begin_short_backtrace::<test[9d35eded1c95d3be]::run_test::{closure#1}, ()>
[INFO] [stdout]   17:     0x577caf5d2592 - <std[70759c8f55707aa4]::thread::lifecycle::spawn_unchecked<test[9d35eded1c95d3be]::run_test::{closure#1}, ()>::{closure#1} as core[df12db4294e9bfd3]::ops::function::FnOnce<()>>::call_once::{shim:vtable#0}
[INFO] [stdout]   18:     0x577caf690e69 - <std[70759c8f55707aa4]::sys::thread::unix::Thread>::new::thread_start
[INFO] [stdout]   19:     0x73ff70d4bdfa - <unknown>
[INFO] [stdout]   20:     0x73ff70ddf3d4 - clone
[INFO] [stdout]   21:                0x0 - <unknown>
[INFO] [stdout] 
[INFO] [stdout] ---- the_foreign_fixtures_are_in_canonical_form stdout ----
[INFO] [stdout] 
[INFO] [stdout] thread 'the_foreign_fixtures_are_in_canonical_form' (295) panicked at tests/fixture.rs:17:33:
[INFO] [stdout] tests/conformance/foreign/renyi.json: No such file or directory (os error 2)
[INFO] [stdout] stack backtrace:
[INFO] [stdout]    0:     0x577caf691901 - <<std[70759c8f55707aa4]::sys::backtrace::BacktraceLock>::print::DisplayBacktrace as core[df12db4294e9bfd3]::fmt::Display>::fmt
[INFO] [stdout]    1:     0x577caf6a674a - core[df12db4294e9bfd3]::fmt::write
[INFO] [stdout]    2:     0x577caf695d9c - <alloc[2182bb758b4b3781]::vec::Vec<u8> as core[df12db4294e9bfd3]::io::write::Write>::write_fmt
[INFO] [stdout]    3:     0x577caf66d906 - std[70759c8f55707aa4]::panicking::default_hook::{closure#0}
[INFO] [stdout]    4:     0x577caf689c09 - std[70759c8f55707aa4]::panicking::default_hook
[INFO] [stdout]    5:     0x577caf5ceae0 - test[9d35eded1c95d3be]::test_main_inner::<test[9d35eded1c95d3be]::test_main_static::{closure#0}>::{closure#0}
[INFO] [stdout]    6:     0x577caf689dc2 - std[70759c8f55707aa4]::panicking::panic_with_hook
[INFO] [stdout]    7:     0x577caf66d9b2 - std[70759c8f55707aa4]::panicking::panic_handler::{closure#0}
[INFO] [stdout]    8:     0x577caf666519 - std[70759c8f55707aa4]::sys::backtrace::__rust_end_short_backtrace::<std[70759c8f55707aa4]::panicking::panic_handler::{closure#0}, !>
[INFO] [stdout]    9:     0x577caf66e5ad - __rustc[8fa7c3cbc660c2b3]::rust_begin_unwind
[INFO] [stdout]   10:     0x577caf6a6eac - core[df12db4294e9bfd3]::panicking::panic_fmt
[INFO] [stdout]   11:     0x577caf5bb77a - fixture[516c6af80b3e1c5]::read::{closure#0}
[INFO] [stdout]   12:     0x577caf5bb92d - fixture[516c6af80b3e1c5]::read
[INFO] [stdout]   13:     0x577caf5bc70b - <fixture[516c6af80b3e1c5]::the_foreign_fixtures_are_in_canonical_form::{closure#0} as core[df12db4294e9bfd3]::ops::function::FnOnce<()>>::call_once
[INFO] [stdout]   14:     0x577caf5c1dcb - test[9d35eded1c95d3be]::__rust_begin_short_backtrace::<core[df12db4294e9bfd3]::result::Result<(), alloc[2182bb758b4b3781]::string::String>, fn() -> core[df12db4294e9bfd3]::result::Result<(), alloc[2182bb758b4b3781]::string::String>>
[INFO] [stdout]   15:     0x577caf5cf435 - test[9d35eded1c95d3be]::run_test::{closure#0}
[INFO] [stdout]   16:     0x577caf5c8cf4 - std[70759c8f55707aa4]::sys::backtrace::__rust_begin_short_backtrace::<test[9d35eded1c95d3be]::run_test::{closure#1}, ()>
[INFO] [stdout]   17:     0x577caf5d2592 - <std[70759c8f55707aa4]::thread::lifecycle::spawn_unchecked<test[9d35eded1c95d3be]::run_test::{closure#1}, ()>::{closure#1} as core[df12db4294e9bfd3]::ops::function::FnOnce<()>>::call_once::{shim:vtable#0}
[INFO] [stdout]   18:     0x577caf690e69 - <std[70759c8f55707aa4]::sys::thread::unix::Thread>::new::thread_start
[INFO] [stdout]   19:     0x73ff70d4bdfa - <unknown>
[INFO] [stdout]   20:     0x73ff70ddf3d4 - clone
[INFO] [stdout]   21:                0x0 - <unknown>
[INFO] [stdout] 
[INFO] [stdout] ---- the_resolver_reads_the_projects_as_the_suite_expects stdout ----
[INFO] [stdout] 
[INFO] [stdout] thread 'the_resolver_reads_the_projects_as_the_suite_expects' (297) panicked at tests/fixture.rs:17:33:
[INFO] [stdout] tests/conformance/packages/project/report.ry: No such file or directory (os error 2)
[INFO] [stdout] stack backtrace:
[INFO] [stdout]    0:     0x577caf691901 - <<std[70759c8f55707aa4]::sys::backtrace::BacktraceLock>::print::DisplayBacktrace as core[df12db4294e9bfd3]::fmt::Display>::fmt
[INFO] [stdout]    1:     0x577caf6a674a - core[df12db4294e9bfd3]::fmt::write
[INFO] [stdout]    2:     0x577caf695d9c - <alloc[2182bb758b4b3781]::vec::Vec<u8> as core[df12db4294e9bfd3]::io::write::Write>::write_fmt
[INFO] [stdout]    3:     0x577caf66d906 - std[70759c8f55707aa4]::panicking::default_hook::{closure#0}
[INFO] [stdout]    4:     0x577caf689c09 - std[70759c8f55707aa4]::panicking::default_hook
[INFO] [stdout]    5:     0x577caf5ceae0 - test[9d35eded1c95d3be]::test_main_inner::<test[9d35eded1c95d3be]::test_main_static::{closure#0}>::{closure#0}
[INFO] [stdout]    6:     0x577caf689dc2 - std[70759c8f55707aa4]::panicking::panic_with_hook
[INFO] [stdout]    7:     0x577caf66d9b2 - std[70759c8f55707aa4]::panicking::panic_handler::{closure#0}
[INFO] [stdout]    8:     0x577caf666519 - std[70759c8f55707aa4]::sys::backtrace::__rust_end_short_backtrace::<std[70759c8f55707aa4]::panicking::panic_handler::{closure#0}, !>
[INFO] [stdout]    9:     0x577caf66e5ad - __rustc[8fa7c3cbc660c2b3]::rust_begin_unwind
[INFO] [stdout]   10:     0x577caf6a6eac - core[df12db4294e9bfd3]::panicking::panic_fmt
[INFO] [stdout]   11:     0x577caf5bb77a - fixture[516c6af80b3e1c5]::read::{closure#0}
[INFO] [stdout]   12:     0x577caf5bb92d - fixture[516c6af80b3e1c5]::read
[INFO] [stdout]   13:     0x577caf5bcb49 - <fixture[516c6af80b3e1c5]::the_resolver_reads_the_projects_as_the_suite_expects::{closure#0} as core[df12db4294e9bfd3]::ops::function::FnOnce<()>>::call_once
[INFO] [stdout]   14:     0x577caf5c1dcb - test[9d35eded1c95d3be]::__rust_begin_short_backtrace::<core[df12db4294e9bfd3]::result::Result<(), alloc[2182bb758b4b3781]::string::String>, fn() -> core[df12db4294e9bfd3]::result::Result<(), alloc[2182bb758b4b3781]::string::String>>
[INFO] [stdout]   15:     0x577caf5cf435 - test[9d35eded1c95d3be]::run_test::{closure#0}
[INFO] [stdout]   16:     0x577caf5c8cf4 - std[70759c8f55707aa4]::sys::backtrace::__rust_begin_short_backtrace::<test[9d35eded1c95d3be]::run_test::{closure#1}, ()>
[INFO] [stdout]   17:     0x577caf5d2592 - <std[70759c8f55707aa4]::thread::lifecycle::spawn_unchecked<test[9d35eded1c95d3be]::run_test::{closure#1}, ()>::{closure#1} as core[df12db4294e9bfd3]::ops::function::FnOnce<()>>::call_once::{shim:vtable#0}
[INFO] [stdout]   18:     0x577caf690e69 - <std[70759c8f55707aa4]::sys::thread::unix::Thread>::new::thread_start
[INFO] [stdout]   19:     0x73ff70d4bdfa - <unknown>
[INFO] [stdout]   20:     0x73ff70ddf3d4 - clone
[INFO] [stdout]   21:                0x0 - <unknown>
[INFO] [stdout] 
[INFO] [stdout] 
[INFO] [stdout] failures:
[INFO] [stdout]     the_fixture_is_in_canonical_form
[INFO] [stdout]     the_foreign_fixtures_are_in_canonical_form
[INFO] [stdout]     the_python_fixtures_are_in_canonical_form
[INFO] [stdout]     the_resolver_reads_the_projects_as_the_suite_expects
[INFO] [stdout] 
[INFO] [stdout] test result: FAILED. 0 passed; 4 failed; 0 ignored; 0 measured; 0 filtered out; finished in 0.00s
[INFO] [stdout] 
[INFO] running `Command { std: "docker" "inspect" "7d092e766ec5d7809dfca68a99265e6131430c85c9c0d8bbee3c216c885769f6", kill_on_drop: false }`
[INFO] running `Command { std: "docker" "rm" "-f" "7d092e766ec5d7809dfca68a99265e6131430c85c9c0d8bbee3c216c885769f6", kill_on_drop: false }`
[INFO] [stdout] 7d092e766ec5d7809dfca68a99265e6131430c85c9c0d8bbee3c216c885769f6
