[INFO] fetching crate renyi_index 0.2.1...
[INFO] testing renyi_index-0.2.1 against 1.99.0-beta.8+cargoflags=--release for beta-release-1.100-2
[INFO] extracting crate renyi_index 0.2.1 into /workspace/builds/worker-2-tc1/source
[INFO] started tweaking crates.io crate renyi_index 0.2.1
[INFO] removed 0 missing tests
[INFO] finished tweaking crates.io crate renyi_index 0.2.1
[INFO] tweaked toml for crates.io crate renyi_index 0.2.1 written to /workspace/builds/worker-2-tc1/source/Cargo.toml
[INFO] validating manifest of crates.io crate renyi_index 0.2.1 on toolchain 1.99.0-beta.8
[INFO] running `Command { std: CARGO_HOME="/workspace/cargo-home" RUSTUP_HOME="/workspace/rustup-home" "/workspace/cargo-home/bin/cargo" "+1.99.0-beta.8" "metadata" "--manifest-path" "Cargo.toml" "--no-deps", kill_on_drop: false }`
[INFO] crate crates.io crate renyi_index 0.2.1 already has a lockfile, it will not be regenerated
[INFO] running `Command { std: CARGO_HOME="/workspace/cargo-home" RUSTUP_HOME="/workspace/rustup-home" "/workspace/cargo-home/bin/cargo" "+1.99.0-beta.8" "fetch" "--manifest-path" "Cargo.toml", kill_on_drop: false }`
[INFO] [stderr]     Updating crates.io index
[INFO] [stderr]  Downloading crates ...
[INFO] [stderr]   Downloaded renyi_json v0.2.1
[INFO] [stderr]   Downloaded renyi_check v0.2.1
[INFO] [stderr]   Downloaded renyi_package v0.2.1
[INFO] [stderr]   Downloaded renyi_syntax v0.2.1
[INFO] running `Command { std: "docker" "create" "-v" "/var/lib/crater-agent-workspace/builds/worker-2-tc1/source:/opt/rustwide/workdir:ro,Z" "-v" "/var/lib/crater-agent-workspace/builds/worker-2-tc1/target:/opt/rustwide/target:rw,Z" "-v" "/var/lib/crater-agent-workspace/cargo-home:/opt/rustwide/cargo-home:ro,Z" "-v" "/var/lib/crater-agent-workspace/rustup-home:/opt/rustwide/rustup-home:ro,Z" "-m" "1610612736" "--network" "none" "ghcr.io/rust-lang/crates-build-env/linux@sha256:77db811e55d90add9212f6832c23229e3de5f1c1f9905e8cb07319ea15df73ac" "sleep" "infinity", kill_on_drop: false }`
[INFO] [stdout] b46a8621c006a02b055c96e6dbfd8f1121153326b51342adf1de48bbe7fb29ff
[INFO] running `Command { std: "docker" "start" "b46a8621c006a02b055c96e6dbfd8f1121153326b51342adf1de48bbe7fb29ff", kill_on_drop: false }`
[INFO] running `Command { std: "docker" "inspect" "b46a8621c006a02b055c96e6dbfd8f1121153326b51342adf1de48bbe7fb29ff", kill_on_drop: false }`
[INFO] running `Command { std: "docker" "exec" "-e" "SOURCE_DIR=/opt/rustwide/workdir" "-e" "CARGO_HOME=/opt/rustwide/cargo-home" "-e" "RUSTUP_HOME=/opt/rustwide/rustup-home" "-e" "CARGO_TARGET_DIR=/opt/rustwide/target" "-w" "/opt/rustwide/workdir" "--user" "0:0" "b46a8621c006a02b055c96e6dbfd8f1121153326b51342adf1de48bbe7fb29ff" "/opt/rustwide/cargo-home/bin/cargo" "+1.99.0-beta.8" "metadata" "--no-deps" "--format-version=1", kill_on_drop: false }`
[INFO] running `Command { std: "docker" "inspect" "b46a8621c006a02b055c96e6dbfd8f1121153326b51342adf1de48bbe7fb29ff", kill_on_drop: false }`
[INFO] running `Command { std: "docker" "exec" "-e" "SOURCE_DIR=/opt/rustwide/workdir" "-e" "CARGO_HOME=/opt/rustwide/cargo-home" "-e" "RUSTUP_HOME=/opt/rustwide/rustup-home" "-e" "CARGO_TARGET_DIR=/opt/rustwide/target" "-e" "CARGO_INCREMENTAL=0" "-e" "RUST_BACKTRACE=full" "-e" "RUSTFLAGS=--cap-lints=warn" "-e" "RUSTDOCFLAGS=--cap-lints=warn" "-w" "/opt/rustwide/workdir" "--user" "0:0" "b46a8621c006a02b055c96e6dbfd8f1121153326b51342adf1de48bbe7fb29ff" "/opt/rustwide/cargo-home/bin/cargo" "+1.99.0-beta.8" "build" "--frozen" "--message-format=json" "--release", kill_on_drop: false }`
[INFO] [stderr]    Compiling renyi_json v0.2.1
[INFO] [stderr]    Compiling renyi_syntax v0.2.1
[INFO] [stderr]    Compiling aho-corasick v1.1.5
[INFO] [stderr]    Compiling digest v0.10.7
[INFO] [stderr]    Compiling sha2 v0.10.9
[INFO] [stderr]    Compiling renyi_package v0.2.1
[INFO] [stderr]    Compiling regex-automata v0.4.18
[INFO] [stderr]    Compiling regex v1.13.1
[INFO] [stderr]    Compiling renyi_check v0.2.1
[INFO] [stderr]    Compiling renyi_index v0.2.1 (/opt/rustwide/workdir)
[INFO] [stderr]     Finished `release` profile [optimized] target(s) in 35.34s
[INFO] running `Command { std: "docker" "inspect" "b46a8621c006a02b055c96e6dbfd8f1121153326b51342adf1de48bbe7fb29ff", kill_on_drop: false }`
[INFO] running `Command { std: "docker" "exec" "-e" "SOURCE_DIR=/opt/rustwide/workdir" "-e" "CARGO_HOME=/opt/rustwide/cargo-home" "-e" "RUSTUP_HOME=/opt/rustwide/rustup-home" "-e" "CARGO_TARGET_DIR=/opt/rustwide/target" "-e" "CARGO_INCREMENTAL=0" "-e" "RUST_BACKTRACE=full" "-e" "RUSTFLAGS=--cap-lints=warn" "-e" "RUSTDOCFLAGS=--cap-lints=warn" "-w" "/opt/rustwide/workdir" "--user" "0:0" "b46a8621c006a02b055c96e6dbfd8f1121153326b51342adf1de48bbe7fb29ff" "/opt/rustwide/cargo-home/bin/cargo" "+1.99.0-beta.8" "test" "--frozen" "--no-run" "--message-format=json" "--release", kill_on_drop: false }`
[INFO] [stderr]    Compiling renyi_index v0.2.1 (/opt/rustwide/workdir)
[INFO] [stderr]     Finished `release` profile [optimized] target(s) in 4.26s
[INFO] running `Command { std: "docker" "inspect" "b46a8621c006a02b055c96e6dbfd8f1121153326b51342adf1de48bbe7fb29ff", kill_on_drop: false }`
[INFO] running `Command { std: "docker" "exec" "-e" "SOURCE_DIR=/opt/rustwide/workdir" "-e" "CARGO_HOME=/opt/rustwide/cargo-home" "-e" "RUSTUP_HOME=/opt/rustwide/rustup-home" "-e" "CARGO_TARGET_DIR=/opt/rustwide/target" "-e" "CARGO_INCREMENTAL=0" "-e" "RUST_BACKTRACE=full" "-e" "RUSTFLAGS=--cap-lints=warn" "-e" "RUSTDOCFLAGS=--cap-lints=warn" "-w" "/opt/rustwide/workdir" "--user" "0:0" "b46a8621c006a02b055c96e6dbfd8f1121153326b51342adf1de48bbe7fb29ff" "/opt/rustwide/cargo-home/bin/cargo" "+1.99.0-beta.8" "test" "--frozen" "--release", kill_on_drop: false }`
[INFO] [stderr]     Finished `release` profile [optimized] target(s) in 0.03s
[INFO] [stderr]      Running unittests src/lib.rs (/opt/rustwide/target/release/deps/renyi_index-1a6b2d98e87c1a3e)
[INFO] [stdout] 
[INFO] [stdout] running 4 tests
[INFO] [stdout] test hash::tests::mutually_recursive_definitions_hash_together_but_apart ... ok
[INFO] [stdout] test hash::tests::a_rename_keeps_the_hash_and_a_body_change_propagates ... ok
[INFO] [stdout] test hash::tests::components_come_dependencies_first ... ok
[INFO] [stdout] test hash::tests::the_own_text_hash_ignores_names_and_dependencies ... ok
[INFO] [stdout] 
[INFO] [stdout] test result: ok. 4 passed; 0 failed; 0 ignored; 0 measured; 0 filtered out; finished in 0.00s
[INFO] [stdout] 
[INFO] [stderr]      Running tests/chunks.rs (/opt/rustwide/target/release/deps/chunks-b134690bc61734be)
[INFO] [stdout] 
[INFO] [stdout] running 5 tests
[INFO] [stdout] test a_document_is_cut_at_its_headings ... ok
[INFO] [stdout] test the_lines_are_one_object_each ... FAILED
[INFO] [stdout] test the_corpus_has_a_chunk_per_module_and_per_definition ... FAILED
[INFO] [stdout] test the_language_comes_as_sections_and_declarations ... FAILED
[INFO] [stdout] test an_id_follows_the_text_not_the_layout_or_the_dependencies ... ok
[INFO] [stdout] 
[INFO] [stdout] failures:
[INFO] [stdout] 
[INFO] [stdout] ---- the_lines_are_one_object_each stdout ----
[INFO] [stdout] 
[INFO] [stdout] thread 'the_lines_are_one_object_each' (548) panicked at tests/chunks.rs:40:36:
[INFO] [stdout] the corpus loads: "cannot read /opt/rustwide/workdir/../../examples: No such file or directory (os error 2)"
[INFO] [stdout] stack backtrace:
[INFO] [stdout]    0:     0x56c71cd6fdd1 - <<std[70759c8f55707aa4]::sys::backtrace::BacktraceLock>::print::DisplayBacktrace as core[df12db4294e9bfd3]::fmt::Display>::fmt
[INFO] [stdout]    1:     0x56c71cd879ca - core[df12db4294e9bfd3]::fmt::write
[INFO] [stdout]    2:     0x56c71cd7455c - <alloc[2182bb758b4b3781]::vec::Vec<u8> as core[df12db4294e9bfd3]::io::write::Write>::write_fmt
[INFO] [stdout]    3:     0x56c71cd4b666 - std[70759c8f55707aa4]::panicking::default_hook::{closure#0}
[INFO] [stdout]    4:     0x56c71cd67fb9 - std[70759c8f55707aa4]::panicking::default_hook
[INFO] [stdout]    5:     0x56c71caff890 - test[9d35eded1c95d3be]::test_main_inner::<test[9d35eded1c95d3be]::test_main_static::{closure#0}>::{closure#0}
[INFO] [stdout]    6:     0x56c71cd68172 - std[70759c8f55707aa4]::panicking::panic_with_hook
[INFO] [stdout]    7:     0x56c71cd4b712 - std[70759c8f55707aa4]::panicking::panic_handler::{closure#0}
[INFO] [stdout]    8:     0x56c71cd44269 - std[70759c8f55707aa4]::sys::backtrace::__rust_end_short_backtrace::<std[70759c8f55707aa4]::panicking::panic_handler::{closure#0}, !>
[INFO] [stdout]    9:     0x56c71cd4c30d - __rustc[8fa7c3cbc660c2b3]::rust_begin_unwind
[INFO] [stdout]   10:     0x56c71cd881ac - core[df12db4294e9bfd3]::panicking::panic_fmt
[INFO] [stdout]   11:     0x56c71cd87f82 - core[df12db4294e9bfd3]::result::unwrap_failed
[INFO] [stdout]   12:     0x56c71cae2863 - chunks[80728eee45162afc]::corpus
[INFO] [stdout]   13:     0x56c71cae3731 - <chunks[80728eee45162afc]::the_lines_are_one_object_each::{closure#0} as core[df12db4294e9bfd3]::ops::function::FnOnce<()>>::call_once
[INFO] [stdout]   14:     0x56c71caf2b7b - test[9d35eded1c95d3be]::__rust_begin_short_backtrace::<core[df12db4294e9bfd3]::result::Result<(), alloc[2182bb758b4b3781]::string::String>, fn() -> core[df12db4294e9bfd3]::result::Result<(), alloc[2182bb758b4b3781]::string::String>>
[INFO] [stdout]   15:     0x56c71cb001e5 - test[9d35eded1c95d3be]::run_test::{closure#0}
[INFO] [stdout]   16:     0x56c71caf9aa4 - std[70759c8f55707aa4]::sys::backtrace::__rust_begin_short_backtrace::<test[9d35eded1c95d3be]::run_test::{closure#1}, ()>
[INFO] [stdout]   17:     0x56c71cb03342 - <std[70759c8f55707aa4]::thread::lifecycle::spawn_unchecked<test[9d35eded1c95d3be]::run_test::{closure#1}, ()>::{closure#1} as core[df12db4294e9bfd3]::ops::function::FnOnce<()>>::call_once::{shim:vtable#0}
[INFO] [stdout]   18:     0x56c71cd6f339 - <std[70759c8f55707aa4]::sys::thread::unix::Thread>::new::thread_start
[INFO] [stdout]   19:     0x7c2458f33dfa - <unknown>
[INFO] [stdout]   20:     0x7c2458fc73d4 - clone
[INFO] [stdout]   21:                0x0 - <unknown>
[INFO] [stdout] 
[INFO] [stdout] ---- the_corpus_has_a_chunk_per_module_and_per_definition stdout ----
[INFO] [stdout] 
[INFO] [stdout] thread 'the_corpus_has_a_chunk_per_module_and_per_definition' (546) panicked at tests/chunks.rs:40:36:
[INFO] [stdout] the corpus loads: "cannot read /opt/rustwide/workdir/../../examples: No such file or directory (os error 2)"
[INFO] [stdout] stack backtrace:
[INFO] [stdout]    0:     0x56c71cd6fdd1 - <<std[70759c8f55707aa4]::sys::backtrace::BacktraceLock>::print::DisplayBacktrace as core[df12db4294e9bfd3]::fmt::Display>::fmt
[INFO] [stdout]    1:     0x56c71cd879ca - core[df12db4294e9bfd3]::fmt::write
[INFO] [stdout]    2:     0x56c71cd7455c - <alloc[2182bb758b4b3781]::vec::Vec<u8> as core[df12db4294e9bfd3]::io::write::Write>::write_fmt
[INFO] [stdout]    3:     0x56c71cd4b666 - std[70759c8f55707aa4]::panicking::default_hook::{closure#0}
[INFO] [stdout]    4:     0x56c71cd67fb9 - std[70759c8f55707aa4]::panicking::default_hook
[INFO] [stdout]    5:     0x56c71caff890 - test[9d35eded1c95d3be]::test_main_inner::<test[9d35eded1c95d3be]::test_main_static::{closure#0}>::{closure#0}
[INFO] [stdout]    6:     0x56c71cd68172 - std[70759c8f55707aa4]::panicking::panic_with_hook
[INFO] [stdout]    7:     0x56c71cd4b712 - std[70759c8f55707aa4]::panicking::panic_handler::{closure#0}
[INFO] [stdout]    8:     0x56c71cd44269 - std[70759c8f55707aa4]::sys::backtrace::__rust_end_short_backtrace::<std[70759c8f55707aa4]::panicking::panic_handler::{closure#0}, !>
[INFO] [stdout]    9:     0x56c71cd4c30d - __rustc[8fa7c3cbc660c2b3]::rust_begin_unwind
[INFO] [stdout]   10:     0x56c71cd881ac - core[df12db4294e9bfd3]::panicking::panic_fmt
[INFO] [stdout]   11:     0x56c71cd87f82 - core[df12db4294e9bfd3]::result::unwrap_failed
[INFO] [stdout]   12:     0x56c71cae2863 - chunks[80728eee45162afc]::corpus
[INFO] [stdout]   13:     0x56c71cae6393 - <chunks[80728eee45162afc]::the_corpus_has_a_chunk_per_module_and_per_definition::{closure#0} as core[df12db4294e9bfd3]::ops::function::FnOnce<()>>::call_once
[INFO] [stdout]   14:     0x56c71caf2b7b - test[9d35eded1c95d3be]::__rust_begin_short_backtrace::<core[df12db4294e9bfd3]::result::Result<(), alloc[2182bb758b4b3781]::string::String>, fn() -> core[df12db4294e9bfd3]::result::Result<(), alloc[2182bb758b4b3781]::string::String>>
[INFO] [stdout]   15:     0x56c71cb001e5 - test[9d35eded1c95d3be]::run_test::{closure#0}
[INFO] [stdout]   16:     0x56c71caf9aa4 - std[70759c8f55707aa4]::sys::backtrace::__rust_begin_short_backtrace::<test[9d35eded1c95d3be]::run_test::{closure#1}, ()>
[INFO] [stdout]   17:     0x56c71cb03342 - <std[70759c8f55707aa4]::thread::lifecycle::spawn_unchecked<test[9d35eded1c95d3be]::run_test::{closure#1}, ()>::{closure#1} as core[df12db4294e9bfd3]::ops::function::FnOnce<()>>::call_once::{shim:vtable#0}
[INFO] [stdout]   18:     0x56c71cd6f339 - <std[70759c8f55707aa4]::sys::thread::unix::Thread>::new::thread_start
[INFO] [stdout]   19:     0x7c2458f33dfa - <unknown>
[INFO] [stdout]   20:     0x7c2458fc73d4 - clone
[INFO] [stdout]   21:                0x0 - <unknown>
[INFO] [stdout] 
[INFO] [stdout] ---- the_language_comes_as_sections_and_declarations stdout ----
[INFO] [stdout] 
[INFO] [stdout] thread 'the_language_comes_as_sections_and_declarations' (547) panicked at tests/chunks.rs:351:66:
[INFO] [stdout] the cheat sheet: Os { code: 2, kind: NotFound, message: "No such file or directory" }
[INFO] [stdout] stack backtrace:
[INFO] [stdout]    0:     0x56c71cd6fdd1 - <<std[70759c8f55707aa4]::sys::backtrace::BacktraceLock>::print::DisplayBacktrace as core[df12db4294e9bfd3]::fmt::Display>::fmt
[INFO] [stdout]    1:     0x56c71cd879ca - core[df12db4294e9bfd3]::fmt::write
[INFO] [stdout]    2:     0x56c71cd7455c - <alloc[2182bb758b4b3781]::vec::Vec<u8> as core[df12db4294e9bfd3]::io::write::Write>::write_fmt
[INFO] [stdout]    3:     0x56c71cd4b666 - std[70759c8f55707aa4]::panicking::default_hook::{closure#0}
[INFO] [stdout]    4:     0x56c71cd67fb9 - std[70759c8f55707aa4]::panicking::default_hook
[INFO] [stdout]    5:     0x56c71caff890 - test[9d35eded1c95d3be]::test_main_inner::<test[9d35eded1c95d3be]::test_main_static::{closure#0}>::{closure#0}
[INFO] [stdout]    6:     0x56c71cd68172 - std[70759c8f55707aa4]::panicking::panic_with_hook
[INFO] [stdout]    7:     0x56c71cd4b712 - std[70759c8f55707aa4]::panicking::panic_handler::{closure#0}
[INFO] [stdout]    8:     0x56c71cd44269 - std[70759c8f55707aa4]::sys::backtrace::__rust_end_short_backtrace::<std[70759c8f55707aa4]::panicking::panic_handler::{closure#0}, !>
[INFO] [stdout]    9:     0x56c71cd4c30d - __rustc[8fa7c3cbc660c2b3]::rust_begin_unwind
[INFO] [stdout]   10:     0x56c71cd881ac - core[df12db4294e9bfd3]::panicking::panic_fmt
[INFO] [stdout]   11:     0x56c71cd87f82 - core[df12db4294e9bfd3]::result::unwrap_failed
[INFO] [stdout]   12:     0x56c71cae5d2e - <chunks[80728eee45162afc]::the_language_comes_as_sections_and_declarations::{closure#0} as core[df12db4294e9bfd3]::ops::function::FnOnce<()>>::call_once
[INFO] [stdout]   13:     0x56c71caf2b7b - test[9d35eded1c95d3be]::__rust_begin_short_backtrace::<core[df12db4294e9bfd3]::result::Result<(), alloc[2182bb758b4b3781]::string::String>, fn() -> core[df12db4294e9bfd3]::result::Result<(), alloc[2182bb758b4b3781]::string::String>>
[INFO] [stdout]   14:     0x56c71cb001e5 - test[9d35eded1c95d3be]::run_test::{closure#0}
[INFO] [stdout]   15:     0x56c71caf9aa4 - std[70759c8f55707aa4]::sys::backtrace::__rust_begin_short_backtrace::<test[9d35eded1c95d3be]::run_test::{closure#1}, ()>
[INFO] [stdout]   16:     0x56c71cb03342 - <std[70759c8f55707aa4]::thread::lifecycle::spawn_unchecked<test[9d35eded1c95d3be]::run_test::{closure#1}, ()>::{closure#1} as core[df12db4294e9bfd3]::ops::function::FnOnce<()>>::call_once::{shim:vtable#0}
[INFO] [stdout]   17:     0x56c71cd6f339 - <std[70759c8f55707aa4]::sys::thread::unix::Thread>::new::thread_start
[INFO] [stdout]   18:     0x7c2458f33dfa - <unknown>
[INFO] [stdout]   19:     0x7c2458fc73d4 - clone
[INFO] [stdout]   20:                0x0 - <unknown>
[INFO] [stdout] 
[INFO] [stdout] 
[INFO] [stdout] failures:
[INFO] [stdout]     the_corpus_has_a_chunk_per_module_and_per_definition
[INFO] [stdout]     the_language_comes_as_sections_and_declarations
[INFO] [stdout]     the_lines_are_one_object_each
[INFO] [stdout] 
[INFO] [stdout] test result: FAILED. 2 passed; 3 failed; 0 ignored; 0 measured; 0 filtered out; finished in 0.01s
[INFO] [stdout] 
[INFO] [stderr] error: test failed, to rerun pass `--test chunks`
[INFO] running `Command { std: "docker" "inspect" "b46a8621c006a02b055c96e6dbfd8f1121153326b51342adf1de48bbe7fb29ff", kill_on_drop: false }`
[INFO] running `Command { std: "docker" "rm" "-f" "b46a8621c006a02b055c96e6dbfd8f1121153326b51342adf1de48bbe7fb29ff", kill_on_drop: false }`
[INFO] [stdout] b46a8621c006a02b055c96e6dbfd8f1121153326b51342adf1de48bbe7fb29ff
