[INFO] fetching crate renyi_check 0.2.1...
[INFO] testing renyi_check-0.2.1 against 1.100.0-beta.1+cargoflags=--release for beta-release-1.100-2
[INFO] extracting crate renyi_check 0.2.1 into /workspace/builds/worker-0-tc2/source
[INFO] started tweaking crates.io crate renyi_check 0.2.1
[INFO] removed 0 missing tests
[INFO] finished tweaking crates.io crate renyi_check 0.2.1
[INFO] tweaked toml for crates.io crate renyi_check 0.2.1 written to /workspace/builds/worker-0-tc2/source/Cargo.toml
[INFO] validating manifest of crates.io crate renyi_check 0.2.1 on toolchain 1.100.0-beta.1
[INFO] running `Command { std: CARGO_HOME="/workspace/cargo-home" RUSTUP_HOME="/workspace/rustup-home" "/workspace/cargo-home/bin/cargo" "+1.100.0-beta.1" "metadata" "--manifest-path" "Cargo.toml" "--no-deps", kill_on_drop: false }`
[INFO] crate crates.io crate renyi_check 0.2.1 already has a lockfile, it will not be regenerated
[INFO] running `Command { std: CARGO_HOME="/workspace/cargo-home" RUSTUP_HOME="/workspace/rustup-home" "/workspace/cargo-home/bin/cargo" "+1.100.0-beta.1" "fetch" "--manifest-path" "Cargo.toml", kill_on_drop: false }`
[INFO] running `Command { std: "docker" "create" "-v" "/var/lib/crater-agent-workspace/builds/worker-0-tc2/source:/opt/rustwide/workdir:ro,Z" "-v" "/var/lib/crater-agent-workspace/builds/worker-0-tc2/target:/opt/rustwide/target:rw,Z" "-v" "/var/lib/crater-agent-workspace/cargo-home:/opt/rustwide/cargo-home:ro,Z" "-v" "/var/lib/crater-agent-workspace/rustup-home:/opt/rustwide/rustup-home:ro,Z" "-m" "1610612736" "--network" "none" "ghcr.io/rust-lang/crates-build-env/linux@sha256:77db811e55d90add9212f6832c23229e3de5f1c1f9905e8cb07319ea15df73ac" "sleep" "infinity", kill_on_drop: false }`
[INFO] [stdout] 07985400c4f00c428984949c02f7ef56ad6f947179471bbb02b9529096a7b976
[INFO] running `Command { std: "docker" "start" "07985400c4f00c428984949c02f7ef56ad6f947179471bbb02b9529096a7b976", kill_on_drop: false }`
[INFO] running `Command { std: "docker" "inspect" "07985400c4f00c428984949c02f7ef56ad6f947179471bbb02b9529096a7b976", kill_on_drop: false }`
[INFO] running `Command { std: "docker" "exec" "-e" "SOURCE_DIR=/opt/rustwide/workdir" "-e" "CARGO_HOME=/opt/rustwide/cargo-home" "-e" "RUSTUP_HOME=/opt/rustwide/rustup-home" "-e" "CARGO_TARGET_DIR=/opt/rustwide/target" "-w" "/opt/rustwide/workdir" "--user" "0:0" "07985400c4f00c428984949c02f7ef56ad6f947179471bbb02b9529096a7b976" "/opt/rustwide/cargo-home/bin/cargo" "+1.100.0-beta.1" "metadata" "--no-deps" "--format-version=1", kill_on_drop: false }`
[INFO] running `Command { std: "docker" "inspect" "07985400c4f00c428984949c02f7ef56ad6f947179471bbb02b9529096a7b976", kill_on_drop: false }`
[INFO] running `Command { std: "docker" "exec" "-e" "SOURCE_DIR=/opt/rustwide/workdir" "-e" "CARGO_HOME=/opt/rustwide/cargo-home" "-e" "RUSTUP_HOME=/opt/rustwide/rustup-home" "-e" "CARGO_TARGET_DIR=/opt/rustwide/target" "-e" "CARGO_INCREMENTAL=0" "-e" "RUST_BACKTRACE=full" "-e" "RUSTFLAGS=--cap-lints=warn" "-e" "RUSTDOCFLAGS=--cap-lints=warn" "-w" "/opt/rustwide/workdir" "--user" "0:0" "07985400c4f00c428984949c02f7ef56ad6f947179471bbb02b9529096a7b976" "/opt/rustwide/cargo-home/bin/cargo" "+1.100.0-beta.1" "build" "--frozen" "--message-format=json" "--release", kill_on_drop: false }`
[INFO] [stderr]    Compiling renyi_json v0.2.1
[INFO] [stderr]    Compiling renyi_syntax v0.2.1
[INFO] [stderr]    Compiling aho-corasick v1.1.5
[INFO] [stderr]    Compiling sha2 v0.10.9
[INFO] [stderr]    Compiling regex-automata v0.4.18
[INFO] [stderr]    Compiling renyi_package v0.2.1
[INFO] [stderr]    Compiling regex v1.13.1
[INFO] [stderr]    Compiling renyi_check v0.2.1 (/opt/rustwide/workdir)
[INFO] [stderr]     Finished `release` profile [optimized] target(s) in 59.66s
[INFO] running `Command { std: "docker" "inspect" "07985400c4f00c428984949c02f7ef56ad6f947179471bbb02b9529096a7b976", kill_on_drop: false }`
[INFO] running `Command { std: "docker" "exec" "-e" "SOURCE_DIR=/opt/rustwide/workdir" "-e" "CARGO_HOME=/opt/rustwide/cargo-home" "-e" "RUSTUP_HOME=/opt/rustwide/rustup-home" "-e" "CARGO_TARGET_DIR=/opt/rustwide/target" "-e" "CARGO_INCREMENTAL=0" "-e" "RUST_BACKTRACE=full" "-e" "RUSTFLAGS=--cap-lints=warn" "-e" "RUSTDOCFLAGS=--cap-lints=warn" "-w" "/opt/rustwide/workdir" "--user" "0:0" "07985400c4f00c428984949c02f7ef56ad6f947179471bbb02b9529096a7b976" "/opt/rustwide/cargo-home/bin/cargo" "+1.100.0-beta.1" "test" "--frozen" "--no-run" "--message-format=json" "--release", kill_on_drop: false }`
[INFO] [stderr]    Compiling renyi_check v0.2.1 (/opt/rustwide/workdir)
[INFO] [stderr]     Finished `release` profile [optimized] target(s) in 8.17s
[INFO] running `Command { std: "docker" "inspect" "07985400c4f00c428984949c02f7ef56ad6f947179471bbb02b9529096a7b976", kill_on_drop: false }`
[INFO] running `Command { std: "docker" "exec" "-e" "SOURCE_DIR=/opt/rustwide/workdir" "-e" "CARGO_HOME=/opt/rustwide/cargo-home" "-e" "RUSTUP_HOME=/opt/rustwide/rustup-home" "-e" "CARGO_TARGET_DIR=/opt/rustwide/target" "-e" "CARGO_INCREMENTAL=0" "-e" "RUST_BACKTRACE=full" "-e" "RUSTFLAGS=--cap-lints=warn" "-e" "RUSTDOCFLAGS=--cap-lints=warn" "-w" "/opt/rustwide/workdir" "--user" "0:0" "07985400c4f00c428984949c02f7ef56ad6f947179471bbb02b9529096a7b976" "/opt/rustwide/cargo-home/bin/cargo" "+1.100.0-beta.1" "test" "--frozen" "--release", kill_on_drop: false }`
[INFO] [stderr]     Finished `release` profile [optimized] target(s) in 0.05s
[INFO] [stderr]      Running unittests src/lib.rs (/opt/rustwide/target/release/build/renyi_check/89065c92981ccd51/out/renyi_check-89065c92981ccd51)
[INFO] [stdout] 
[INFO] [stdout] running 7 tests
[INFO] [stderr]      Running tests/corpus.rs (/opt/rustwide/target/release/build/renyi_check/d822b0ac33e8c5c1/out/corpus-d822b0ac33e8c5c1)
[INFO] [stdout] test effects::tests::the_current_directory_contains_relative_paths_only ... ok
[INFO] [stdout] test refine::tests::numeric_bounds ... ok
[INFO] [stdout] test suggest::tests::closest_within_two_edits ... ok
[INFO] [stdout] test suggest::tests::quoted_lists ... ok
[INFO] [stdout] test refine::tests::literals_are_recognized ... ok
[INFO] [stdout] test refine::tests::text_methods_and_patterns ... ok
[INFO] [stdout] test effects::tests::parents_cover_children_and_scopes_contain_prefixes ... ok
[INFO] [stdout] 
[INFO] [stdout] test result: ok. 7 passed; 0 failed; 0 ignored; 0 measured; 0 filtered out; finished in 0.00s
[INFO] [stdout] 
[INFO] [stdout] 
[INFO] [stdout] running 1 test
[INFO] [stdout] test every_corpus_program_checks_cleanly ... FAILED
[INFO] [stdout] 
[INFO] [stdout] failures:
[INFO] [stdout] 
[INFO] [stdout] ---- every_corpus_program_checks_cleanly stdout ----
[INFO] [stdout] 
[INFO] [stdout] thread 'every_corpus_program_checks_cleanly' (437) panicked at tests/corpus.rs:11:10:
[INFO] [stdout] examples directory: Os { code: 2, kind: NotFound, message: "No such file or directory" }
[INFO] [stdout] stack backtrace:
[INFO] [stdout]    0:     0x639394d55171 - <<std[617be2ca0a6fd877]::sys::backtrace::BacktraceLock>::print::DisplayBacktrace as core[a373ad73a504971]::fmt::Display>::fmt
[INFO] [stdout]    1:     0x639394d6ca9a - core[a373ad73a504971]::fmt::write
[INFO] [stdout]    2:     0x639394d5967c - <alloc[2e1b2a31b91974c5]::vec::Vec<u8> as core[a373ad73a504971]::io::write::Write>::write_fmt
[INFO] [stdout]    3:     0x639394d309a6 - std[617be2ca0a6fd877]::panicking::default_hook::{closure#0}
[INFO] [stdout]    4:     0x639394d4d299 - std[617be2ca0a6fd877]::panicking::default_hook
[INFO] [stdout]    5:     0x639394cbb2e0 - test[aada8e7e76ba119b]::test_main_inner::{closure#0}
[INFO] [stdout]    6:     0x639394d4d452 - std[617be2ca0a6fd877]::panicking::panic_with_hook
[INFO] [stdout]    7:     0x639394d30a52 - std[617be2ca0a6fd877]::panicking::panic_handler::{closure#0}
[INFO] [stdout]    8:     0x639394d29539 - std[617be2ca0a6fd877]::sys::backtrace::__rust_end_short_backtrace::<std[617be2ca0a6fd877]::panicking::panic_handler::{closure#0}, !>
[INFO] [stdout]    9:     0x639394d3165d - __rustc[ea4f61d10b84890b]::rust_begin_unwind
[INFO] [stdout]   10:     0x639394d6d27c - core[a373ad73a504971]::panicking::panic_fmt
[INFO] [stdout]   11:     0x639394d6d052 - core[a373ad73a504971]::result::unwrap_failed
[INFO] [stdout]   12:     0x639394b358af - <corpus[2747ce9248ce0e4e]::every_corpus_program_checks_cleanly::{closure#0} as core[a373ad73a504971]::ops::function::FnOnce<()>>::call_once
[INFO] [stdout]   13:     0x639394cae72b - test[aada8e7e76ba119b]::__rust_begin_short_backtrace::<core[a373ad73a504971]::result::Result<(), alloc[2e1b2a31b91974c5]::string::String>, fn() -> core[a373ad73a504971]::result::Result<(), alloc[2e1b2a31b91974c5]::string::String>>
[INFO] [stdout]   14:     0x639394cbb905 - test[aada8e7e76ba119b]::run_test::{closure#0}
[INFO] [stdout]   15:     0x639394cb51f4 - std[617be2ca0a6fd877]::sys::backtrace::__rust_begin_short_backtrace::<test[aada8e7e76ba119b]::run_test::{closure#1}, ()>
[INFO] [stdout]   16:     0x639394cbe992 - <std[617be2ca0a6fd877]::thread::lifecycle::spawn_unchecked<test[aada8e7e76ba119b]::run_test::{closure#1}, ()>::{closure#1} as core[a373ad73a504971]::ops::function::FnOnce<()>>::call_once::{shim:vtable#0}
[INFO] [stdout]   17:     0x639394d5466f - <std[617be2ca0a6fd877]::sys::thread::unix::Thread>::new::thread_start
[INFO] [stdout]   18:     0x78003ae58dfa - <unknown>
[INFO] [stdout]   19:     0x78003aeec3d4 - clone
[INFO] [stdout]   20:                0x0 - <unknown>
[INFO] [stdout] 
[INFO] [stdout] 
[INFO] [stdout] failures:
[INFO] [stdout]     every_corpus_program_checks_cleanly
[INFO] [stdout] 
[INFO] [stdout] test result: FAILED. 0 passed; 1 failed; 0 ignored; 0 measured; 0 filtered out; finished in 0.00s
[INFO] [stdout] 
[INFO] [stderr] error: test failed, to rerun pass `--test corpus`
[INFO] running `Command { std: "docker" "inspect" "07985400c4f00c428984949c02f7ef56ad6f947179471bbb02b9529096a7b976", kill_on_drop: false }`
[INFO] running `Command { std: "docker" "rm" "-f" "07985400c4f00c428984949c02f7ef56ad6f947179471bbb02b9529096a7b976", kill_on_drop: false }`
[INFO] [stdout] 07985400c4f00c428984949c02f7ef56ad6f947179471bbb02b9529096a7b976
