[INFO] fetching crate rental_rod 0.2.2...
[INFO] testing rental_rod-0.2.2 against 1.99.0-beta.8+cargoflags=--release for beta-release-1.100-2
[INFO] extracting crate rental_rod 0.2.2 into /workspace/builds/worker-3-tc1/source
[INFO] started tweaking crates.io crate rental_rod 0.2.2
[INFO] finished tweaking crates.io crate rental_rod 0.2.2
[INFO] tweaked toml for crates.io crate rental_rod 0.2.2 written to /workspace/builds/worker-3-tc1/source/Cargo.toml
[INFO] validating manifest of crates.io crate rental_rod 0.2.2 on toolchain 1.99.0-beta.8
[INFO] running `Command { std: CARGO_HOME="/workspace/cargo-home" RUSTUP_HOME="/workspace/rustup-home" "/workspace/cargo-home/bin/cargo" "+1.99.0-beta.8" "metadata" "--manifest-path" "Cargo.toml" "--no-deps", kill_on_drop: false }`
[INFO] crate crates.io crate rental_rod 0.2.2 already has a lockfile, it will not be regenerated
[INFO] running `Command { std: CARGO_HOME="/workspace/cargo-home" RUSTUP_HOME="/workspace/rustup-home" "/workspace/cargo-home/bin/cargo" "+1.99.0-beta.8" "fetch" "--manifest-path" "Cargo.toml", kill_on_drop: false }`
[INFO] [stderr]     Updating crates.io index
[INFO] [stderr]  Downloading crates ...
[INFO] [stderr]   Downloaded rust_decimal_macros v1.19.0
[INFO] [stderr]   Downloaded arrayvec v0.7.2
[INFO] [stderr]   Downloaded serde v1.0.132
[INFO] [stderr]   Downloaded rust_decimal v1.19.0
[INFO] [stderr]   Downloaded libc v0.2.108
[INFO] running `Command { std: "docker" "create" "-v" "/var/lib/crater-agent-workspace/builds/worker-3-tc1/source:/opt/rustwide/workdir:ro,Z" "-v" "/var/lib/crater-agent-workspace/builds/worker-3-tc1/target:/opt/rustwide/target:rw,Z" "-v" "/var/lib/crater-agent-workspace/cargo-home:/opt/rustwide/cargo-home:ro,Z" "-v" "/var/lib/crater-agent-workspace/rustup-home:/opt/rustwide/rustup-home:ro,Z" "-m" "1610612736" "--network" "none" "ghcr.io/rust-lang/crates-build-env/linux@sha256:77db811e55d90add9212f6832c23229e3de5f1c1f9905e8cb07319ea15df73ac" "sleep" "infinity", kill_on_drop: false }`
[INFO] [stdout] 645d1dc746f7e6ef90ef24bc0bcfe315ce3f613fd694d7e90d1a0f3edbc733dc
[INFO] running `Command { std: "docker" "start" "645d1dc746f7e6ef90ef24bc0bcfe315ce3f613fd694d7e90d1a0f3edbc733dc", kill_on_drop: false }`
[INFO] running `Command { std: "docker" "inspect" "645d1dc746f7e6ef90ef24bc0bcfe315ce3f613fd694d7e90d1a0f3edbc733dc", kill_on_drop: false }`
[INFO] running `Command { std: "docker" "exec" "-e" "SOURCE_DIR=/opt/rustwide/workdir" "-e" "CARGO_HOME=/opt/rustwide/cargo-home" "-e" "RUSTUP_HOME=/opt/rustwide/rustup-home" "-e" "CARGO_TARGET_DIR=/opt/rustwide/target" "-w" "/opt/rustwide/workdir" "--user" "0:0" "645d1dc746f7e6ef90ef24bc0bcfe315ce3f613fd694d7e90d1a0f3edbc733dc" "/opt/rustwide/cargo-home/bin/cargo" "+1.99.0-beta.8" "metadata" "--no-deps" "--format-version=1", kill_on_drop: false }`
[INFO] running `Command { std: "docker" "inspect" "645d1dc746f7e6ef90ef24bc0bcfe315ce3f613fd694d7e90d1a0f3edbc733dc", kill_on_drop: false }`
[INFO] running `Command { std: "docker" "exec" "-e" "SOURCE_DIR=/opt/rustwide/workdir" "-e" "CARGO_HOME=/opt/rustwide/cargo-home" "-e" "RUSTUP_HOME=/opt/rustwide/rustup-home" "-e" "CARGO_TARGET_DIR=/opt/rustwide/target" "-e" "CARGO_INCREMENTAL=0" "-e" "RUST_BACKTRACE=full" "-e" "RUSTFLAGS=--cap-lints=warn" "-e" "RUSTDOCFLAGS=--cap-lints=warn" "-w" "/opt/rustwide/workdir" "--user" "0:0" "645d1dc746f7e6ef90ef24bc0bcfe315ce3f613fd694d7e90d1a0f3edbc733dc" "/opt/rustwide/cargo-home/bin/cargo" "+1.99.0-beta.8" "build" "--frozen" "--message-format=json" "--release", kill_on_drop: false }`
[INFO] [stderr]    Compiling num-traits v0.2.14
[INFO] [stderr]    Compiling serde v1.0.132
[INFO] [stderr]    Compiling proc-macro2 v1.0.103
[INFO] [stderr]    Compiling libc v0.2.108
[INFO] [stderr]    Compiling unicode-ident v1.0.20
[INFO] [stderr]    Compiling num-integer v0.1.44
[INFO] [stderr]    Compiling thiserror v2.0.17
[INFO] [stderr]    Compiling arrayvec v0.7.2
[INFO] [stderr]    Compiling quote v1.0.41
[INFO] [stderr]    Compiling syn v2.0.108
[INFO] [stderr]    Compiling time v0.1.43
[INFO] [stderr]    Compiling getrandom v0.2.3
[INFO] [stderr]    Compiling uuid v0.8.2
[INFO] [stderr]    Compiling chrono v0.4.19
[INFO] [stderr]    Compiling rust_decimal v1.19.0
[INFO] [stderr]    Compiling thiserror-impl v2.0.17
[INFO] [stderr]    Compiling rust_decimal_macros v1.19.0
[INFO] [stderr]    Compiling rental_rod v0.2.2 (/opt/rustwide/workdir)
[INFO] [stderr]     Finished `release` profile [optimized] target(s) in 10.33s
[INFO] running `Command { std: "docker" "inspect" "645d1dc746f7e6ef90ef24bc0bcfe315ce3f613fd694d7e90d1a0f3edbc733dc", kill_on_drop: false }`
[INFO] running `Command { std: "docker" "exec" "-e" "SOURCE_DIR=/opt/rustwide/workdir" "-e" "CARGO_HOME=/opt/rustwide/cargo-home" "-e" "RUSTUP_HOME=/opt/rustwide/rustup-home" "-e" "CARGO_TARGET_DIR=/opt/rustwide/target" "-e" "CARGO_INCREMENTAL=0" "-e" "RUST_BACKTRACE=full" "-e" "RUSTFLAGS=--cap-lints=warn" "-e" "RUSTDOCFLAGS=--cap-lints=warn" "-w" "/opt/rustwide/workdir" "--user" "0:0" "645d1dc746f7e6ef90ef24bc0bcfe315ce3f613fd694d7e90d1a0f3edbc733dc" "/opt/rustwide/cargo-home/bin/cargo" "+1.99.0-beta.8" "test" "--frozen" "--no-run" "--message-format=json" "--release", kill_on_drop: false }`
[INFO] [stderr]    Compiling rental_rod v0.2.2 (/opt/rustwide/workdir)
[INFO] [stderr]     Finished `release` profile [optimized] target(s) in 2.11s
[INFO] running `Command { std: "docker" "inspect" "645d1dc746f7e6ef90ef24bc0bcfe315ce3f613fd694d7e90d1a0f3edbc733dc", kill_on_drop: false }`
[INFO] running `Command { std: "docker" "exec" "-e" "SOURCE_DIR=/opt/rustwide/workdir" "-e" "CARGO_HOME=/opt/rustwide/cargo-home" "-e" "RUSTUP_HOME=/opt/rustwide/rustup-home" "-e" "CARGO_TARGET_DIR=/opt/rustwide/target" "-e" "CARGO_INCREMENTAL=0" "-e" "RUST_BACKTRACE=full" "-e" "RUSTFLAGS=--cap-lints=warn" "-e" "RUSTDOCFLAGS=--cap-lints=warn" "-w" "/opt/rustwide/workdir" "--user" "0:0" "645d1dc746f7e6ef90ef24bc0bcfe315ce3f613fd694d7e90d1a0f3edbc733dc" "/opt/rustwide/cargo-home/bin/cargo" "+1.99.0-beta.8" "test" "--frozen" "--release", kill_on_drop: false }`
[INFO] [stderr]     Finished `release` profile [optimized] target(s) in 0.03s
[INFO] [stdout] 
[INFO] [stderr]      Running unittests src/lib.rs (/opt/rustwide/target/release/deps/rental_rod-f54ab1404466089d)
[INFO] [stdout] running 40 tests
[INFO] [stdout] test db::field_type::test::test_bool_eq ... ok
[INFO] [stdout] test db::field_type::test::test_int_eq ... ok
[INFO] [stdout] test db::field_type::test::test_to ... ok
[INFO] [stdout] test db::field_type::test::test_to_string ... ok
[INFO] [stdout] test db::line::test_remove ... ok
[INFO] [stdout] test db::line::test_get_index ... ok
[INFO] [stdout] test db::field_type::test::test_datetime_eq ... ok
[INFO] [stdout] test db::field_type::test::test_mix_and_match ... ok
[INFO] [stdout] test db::table::test_should_not_allow_identical_id ... ok
[INFO] [stdout] test db::table::test_delete_line ... ok
[INFO] [stdout] test db::table::test_find ... ok
[INFO] [stdout] test db::table::test_find_where ... ok
[INFO] [stdout] test db::test_dont_use_git ... ok
[INFO] [stdout] test db::test_table_creation ... ok
[INFO] [stdout] test db::line::test_get_field ... ok
[INFO] [stdout] test db::field_type::test::test_decimal_eq ... ok
[INFO] [stdout] test db::table::test_find_by_id ... ok
[INFO] [stdout] test db::line::test_get ... ok
[INFO] [stdout] test table_manager::v1::reader::lexer::test_peek_peek_at ... ok
[INFO] [stdout] test table_manager::v1::line_to_str::test::test_ln_to_str ... ok
[INFO] [stdout] test table_manager::v1::reader::parser::test::test_invalid_format ... ok
[INFO] [stdout] test table_manager::v1::reader::parser::test::test_loading_value ... ok
[INFO] [stdout] test db::test_write ... ok
[INFO] [stdout] test table_manager::v1::reader::lexer::test_consume_all ... ok
[INFO] [stdout] test table_manager::v1::reader::lexer::test_consume_err_if_none ... ok
[INFO] [stdout] test table_manager::v1::reader::lexer::test_init_empty ... ok
[INFO] [stdout] test table_manager::v1::reader::lexer::test_init_version_only ... ok
[INFO] [stdout] test db::field_type::test::test_string_eq ... ok
[INFO] [stdout] test table_manager::v1::line_to_str::test::test_ln_str_with_type ... ok
[INFO] [stdout] test table_manager::v1::reader::parser::test::test_parser ... ok
[INFO] [stdout] test test::test ... ok
[INFO] [stdout] test table_manager::v1::table_manager_v1::test_insert ... ok
[INFO] [stdout] test table_manager::v1::table_manager_v1::test_read ... ok
[INFO] [stdout] test table_manager::v1::table_manager_v1::test_is_of_type ... ok
[INFO] [stdout] test db::test_drop_table ... ok
[INFO] [stdout] test table_manager::v1::table_manager_v1::test_drop ... ok
[INFO] [stdout] test table_manager::v1::reader::lexer::test_consume ... ok
[INFO] [stdout] test db::test_git_config ... ok
[INFO] [stdout] test db::test_git_init_when_db_is_not_empty ... FAILED
[INFO] [stdout] test db::test_use_git ... FAILED
[INFO] [stdout] 
[INFO] [stdout] failures:
[INFO] [stdout] 
[INFO] [stdout] ---- db::test_git_init_when_db_is_not_empty stdout ----
[INFO] [stdout] 
[INFO] [stdout] thread 'db::test_git_init_when_db_is_not_empty' (686) panicked at src/db.rs:363:5:
[INFO] [stdout] assertion `left == right` failed
[INFO] [stdout]   left: 0
[INFO] [stdout]  right: 2
[INFO] [stdout] stack backtrace:
[INFO] [stdout]    0:     0x5d7f1b37be81 - <<std[70759c8f55707aa4]::sys::backtrace::BacktraceLock>::print::DisplayBacktrace as core[df12db4294e9bfd3]::fmt::Display>::fmt
[INFO] [stdout]    1:     0x5d7f1b39080a - core[df12db4294e9bfd3]::fmt::write
[INFO] [stdout]    2:     0x5d7f1b38069c - <alloc[2182bb758b4b3781]::vec::Vec<u8> as core[df12db4294e9bfd3]::io::write::Write>::write_fmt
[INFO] [stdout]    3:     0x5d7f1b356e56 - std[70759c8f55707aa4]::panicking::default_hook::{closure#0}
[INFO] [stdout]    4:     0x5d7f1b373c29 - std[70759c8f55707aa4]::panicking::default_hook
[INFO] [stdout]    5:     0x5d7f1b304420 - test[9d35eded1c95d3be]::test_main_inner::<test[9d35eded1c95d3be]::test_main_static::{closure#0}>::{closure#0}
[INFO] [stdout]    6:     0x5d7f1b373de2 - std[70759c8f55707aa4]::panicking::panic_with_hook
[INFO] [stdout]    7:     0x5d7f1b356f02 - std[70759c8f55707aa4]::panicking::panic_handler::{closure#0}
[INFO] [stdout]    8:     0x5d7f1b34fa99 - std[70759c8f55707aa4]::sys::backtrace::__rust_end_short_backtrace::<std[70759c8f55707aa4]::panicking::panic_handler::{closure#0}, !>
[INFO] [stdout]    9:     0x5d7f1b357afd - __rustc[8fa7c3cbc660c2b3]::rust_begin_unwind
[INFO] [stdout]   10:     0x5d7f1b390f3c - core[df12db4294e9bfd3]::panicking::panic_fmt
[INFO] [stdout]   11:     0x5d7f1b390e53 - core[df12db4294e9bfd3]::panicking::assert_failed_inner
[INFO] [stdout]   12:     0x5d7f1b38d3b8 - core[df12db4294e9bfd3]::panicking::assert_failed::<usize, usize>
[INFO] [stdout]   13:     0x5d7f1b2e2cd2 - rental_rod[77f18c493c7da2eb]::db::test_git_init_when_db_is_not_empty
[INFO] [stdout]   14:     0x5d7f1b2f6609 - <rental_rod[77f18c493c7da2eb]::db::test_git_init_when_db_is_not_empty::{closure#0} as core[df12db4294e9bfd3]::ops::function::FnOnce<()>>::call_once
[INFO] [stdout]   15:     0x5d7f1b2f770b - test[9d35eded1c95d3be]::__rust_begin_short_backtrace::<core[df12db4294e9bfd3]::result::Result<(), alloc[2182bb758b4b3781]::string::String>, fn() -> core[df12db4294e9bfd3]::result::Result<(), alloc[2182bb758b4b3781]::string::String>>
[INFO] [stdout]   16:     0x5d7f1b304d75 - test[9d35eded1c95d3be]::run_test::{closure#0}
[INFO] [stdout]   17:     0x5d7f1b2fe634 - std[70759c8f55707aa4]::sys::backtrace::__rust_begin_short_backtrace::<test[9d35eded1c95d3be]::run_test::{closure#1}, ()>
[INFO] [stdout]   18:     0x5d7f1b307ed2 - <std[70759c8f55707aa4]::thread::lifecycle::spawn_unchecked<test[9d35eded1c95d3be]::run_test::{closure#1}, ()>::{closure#1} as core[df12db4294e9bfd3]::ops::function::FnOnce<()>>::call_once::{shim:vtable#0}
[INFO] [stdout]   19:     0x5d7f1b37b759 - <std[70759c8f55707aa4]::sys::thread::unix::Thread>::new::thread_start
[INFO] [stdout]   20:     0x7257982dedfa - <unknown>
[INFO] [stderr] error: test failed, to rerun pass `--lib`
[INFO] [stdout]   21:     0x7257983723d4 - clone
[INFO] [stdout]   22:                0x0 - <unknown>
[INFO] [stdout] 
[INFO] [stdout] ---- db::test_use_git stdout ----
[INFO] [stdout] 
[INFO] [stdout] thread 'db::test_use_git' (688) panicked at src/db.rs:384:5:
[INFO] [stdout] assertion `left == right` failed
[INFO] [stdout]   left: 0
[INFO] [stdout]  right: 3
[INFO] [stdout] stack backtrace:
[INFO] [stdout]    0:     0x5d7f1b37be81 - <<std[70759c8f55707aa4]::sys::backtrace::BacktraceLock>::print::DisplayBacktrace as core[df12db4294e9bfd3]::fmt::Display>::fmt
[INFO] [stdout]    1:     0x5d7f1b39080a - core[df12db4294e9bfd3]::fmt::write
[INFO] [stdout]    2:     0x5d7f1b38069c - <alloc[2182bb758b4b3781]::vec::Vec<u8> as core[df12db4294e9bfd3]::io::write::Write>::write_fmt
[INFO] [stdout]    3:     0x5d7f1b356e56 - std[70759c8f55707aa4]::panicking::default_hook::{closure#0}
[INFO] [stdout]    4:     0x5d7f1b373c29 - std[70759c8f55707aa4]::panicking::default_hook
[INFO] [stdout]    5:     0x5d7f1b304420 - test[9d35eded1c95d3be]::test_main_inner::<test[9d35eded1c95d3be]::test_main_static::{closure#0}>::{closure#0}
[INFO] [stdout]    6:     0x5d7f1b373de2 - std[70759c8f55707aa4]::panicking::panic_with_hook
[INFO] [stdout]    7:     0x5d7f1b356f02 - std[70759c8f55707aa4]::panicking::panic_handler::{closure#0}
[INFO] [stdout]    8:     0x5d7f1b34fa99 - std[70759c8f55707aa4]::sys::backtrace::__rust_end_short_backtrace::<std[70759c8f55707aa4]::panicking::panic_handler::{closure#0}, !>
[INFO] [stdout]    9:     0x5d7f1b357afd - __rustc[8fa7c3cbc660c2b3]::rust_begin_unwind
[INFO] [stdout]   10:     0x5d7f1b390f3c - core[df12db4294e9bfd3]::panicking::panic_fmt
[INFO] [stdout]   11:     0x5d7f1b390e53 - core[df12db4294e9bfd3]::panicking::assert_failed_inner
[INFO] [stdout]   12:     0x5d7f1b38d3b8 - core[df12db4294e9bfd3]::panicking::assert_failed::<usize, usize>
[INFO] [stdout]   13:     0x5d7f1b2deefb - rental_rod[77f18c493c7da2eb]::db::test_use_git
[INFO] [stdout]   14:     0x5d7f1b2f6569 - <rental_rod[77f18c493c7da2eb]::db::test_use_git::{closure#0} as core[df12db4294e9bfd3]::ops::function::FnOnce<()>>::call_once
[INFO] [stdout]   15:     0x5d7f1b2f770b - test[9d35eded1c95d3be]::__rust_begin_short_backtrace::<core[df12db4294e9bfd3]::result::Result<(), alloc[2182bb758b4b3781]::string::String>, fn() -> core[df12db4294e9bfd3]::result::Result<(), alloc[2182bb758b4b3781]::string::String>>
[INFO] [stdout]   16:     0x5d7f1b304d75 - test[9d35eded1c95d3be]::run_test::{closure#0}
[INFO] [stdout]   17:     0x5d7f1b2fe634 - std[70759c8f55707aa4]::sys::backtrace::__rust_begin_short_backtrace::<test[9d35eded1c95d3be]::run_test::{closure#1}, ()>
[INFO] [stdout]   18:     0x5d7f1b307ed2 - <std[70759c8f55707aa4]::thread::lifecycle::spawn_unchecked<test[9d35eded1c95d3be]::run_test::{closure#1}, ()>::{closure#1} as core[df12db4294e9bfd3]::ops::function::FnOnce<()>>::call_once::{shim:vtable#0}
[INFO] [stdout]   19:     0x5d7f1b37b759 - <std[70759c8f55707aa4]::sys::thread::unix::Thread>::new::thread_start
[INFO] [stdout]   20:     0x7257982dedfa - <unknown>
[INFO] [stdout]   21:     0x7257983723d4 - clone
[INFO] [stdout]   22:                0x0 - <unknown>
[INFO] [stdout] 
[INFO] [stdout] 
[INFO] [stdout] failures:
[INFO] [stdout]     db::test_git_init_when_db_is_not_empty
[INFO] [stdout]     db::test_use_git
[INFO] [stdout] 
[INFO] [stdout] test result: FAILED. 38 passed; 2 failed; 0 ignored; 0 measured; 0 filtered out; finished in 0.10s
[INFO] [stdout] 
[INFO] running `Command { std: "docker" "inspect" "645d1dc746f7e6ef90ef24bc0bcfe315ce3f613fd694d7e90d1a0f3edbc733dc", kill_on_drop: false }`
[INFO] running `Command { std: "docker" "rm" "-f" "645d1dc746f7e6ef90ef24bc0bcfe315ce3f613fd694d7e90d1a0f3edbc733dc", kill_on_drop: false }`
[INFO] [stdout] 645d1dc746f7e6ef90ef24bc0bcfe315ce3f613fd694d7e90d1a0f3edbc733dc
