[INFO] fetching crate renox-cli 1.1.1...
[INFO] testing renox-cli-1.1.1 against 1.99.0-beta.8+cargoflags=--release for beta-release-1.100-2
[INFO] extracting crate renox-cli 1.1.1 into /workspace/builds/worker-3-tc1/source
[INFO] started tweaking crates.io crate renox-cli 1.1.1
[INFO] finished tweaking crates.io crate renox-cli 1.1.1
[INFO] tweaked toml for crates.io crate renox-cli 1.1.1 written to /workspace/builds/worker-3-tc1/source/Cargo.toml
[INFO] validating manifest of crates.io crate renox-cli 1.1.1 on toolchain 1.99.0-beta.8
[INFO] running `Command { std: CARGO_HOME="/workspace/cargo-home" RUSTUP_HOME="/workspace/rustup-home" "/workspace/cargo-home/bin/cargo" "+1.99.0-beta.8" "metadata" "--manifest-path" "Cargo.toml" "--no-deps", kill_on_drop: false }`
[INFO] crate crates.io crate renox-cli 1.1.1 already has a lockfile, it will not be regenerated
[INFO] running `Command { std: CARGO_HOME="/workspace/cargo-home" RUSTUP_HOME="/workspace/rustup-home" "/workspace/cargo-home/bin/cargo" "+1.99.0-beta.8" "fetch" "--manifest-path" "Cargo.toml", kill_on_drop: false }`
[INFO] [stderr]     Updating crates.io index
[INFO] [stderr]  Downloading crates ...
[INFO] [stderr]   Downloaded notify-debouncer-mini v0.7.0
[INFO] [stderr]   Downloaded serde_json v1.0.152
[INFO] [stderr]   Downloaded syn v3.0.7
[INFO] running `Command { std: "docker" "create" "-v" "/var/lib/crater-agent-workspace/builds/worker-3-tc1/source:/opt/rustwide/workdir:ro,Z" "-v" "/var/lib/crater-agent-workspace/builds/worker-3-tc1/target:/opt/rustwide/target:rw,Z" "-v" "/var/lib/crater-agent-workspace/cargo-home:/opt/rustwide/cargo-home:ro,Z" "-v" "/var/lib/crater-agent-workspace/rustup-home:/opt/rustwide/rustup-home:ro,Z" "-m" "1610612736" "--network" "none" "ghcr.io/rust-lang/crates-build-env/linux@sha256:77db811e55d90add9212f6832c23229e3de5f1c1f9905e8cb07319ea15df73ac" "sleep" "infinity", kill_on_drop: false }`
[INFO] [stdout] b6ade199853dcb0d0f850985fb4bc0b5886cc4e164bc8d7aab6eb16c16d0d80b
[INFO] running `Command { std: "docker" "start" "b6ade199853dcb0d0f850985fb4bc0b5886cc4e164bc8d7aab6eb16c16d0d80b", kill_on_drop: false }`
[INFO] running `Command { std: "docker" "inspect" "b6ade199853dcb0d0f850985fb4bc0b5886cc4e164bc8d7aab6eb16c16d0d80b", kill_on_drop: false }`
[INFO] running `Command { std: "docker" "exec" "-e" "SOURCE_DIR=/opt/rustwide/workdir" "-e" "CARGO_HOME=/opt/rustwide/cargo-home" "-e" "RUSTUP_HOME=/opt/rustwide/rustup-home" "-e" "CARGO_TARGET_DIR=/opt/rustwide/target" "-w" "/opt/rustwide/workdir" "--user" "0:0" "b6ade199853dcb0d0f850985fb4bc0b5886cc4e164bc8d7aab6eb16c16d0d80b" "/opt/rustwide/cargo-home/bin/cargo" "+1.99.0-beta.8" "metadata" "--no-deps" "--format-version=1", kill_on_drop: false }`
[INFO] running `Command { std: "docker" "inspect" "b6ade199853dcb0d0f850985fb4bc0b5886cc4e164bc8d7aab6eb16c16d0d80b", kill_on_drop: false }`
[INFO] running `Command { std: "docker" "exec" "-e" "SOURCE_DIR=/opt/rustwide/workdir" "-e" "CARGO_HOME=/opt/rustwide/cargo-home" "-e" "RUSTUP_HOME=/opt/rustwide/rustup-home" "-e" "CARGO_TARGET_DIR=/opt/rustwide/target" "-e" "CARGO_INCREMENTAL=0" "-e" "RUST_BACKTRACE=full" "-e" "RUSTFLAGS=--cap-lints=warn" "-e" "RUSTDOCFLAGS=--cap-lints=warn" "-w" "/opt/rustwide/workdir" "--user" "0:0" "b6ade199853dcb0d0f850985fb4bc0b5886cc4e164bc8d7aab6eb16c16d0d80b" "/opt/rustwide/cargo-home/bin/cargo" "+1.99.0-beta.8" "build" "--frozen" "--message-format=json" "--release", kill_on_drop: false }`
[INFO] [stderr]    Compiling libc v0.2.190
[INFO] [stderr]    Compiling bitflags v2.13.2
[INFO] [stderr]    Compiling inotify-sys v0.1.8
[INFO] [stderr]    Compiling unicode-ident v1.0.26
[INFO] [stderr]    Compiling utf8parse v0.2.2
[INFO] [stderr]    Compiling rustix v1.1.5
[INFO] [stderr]    Compiling colorchoice v1.0.5
[INFO] [stderr]    Compiling anstyle-query v1.1.5
[INFO] [stderr]    Compiling hybrid-array v0.4.15
[INFO] [stderr]    Compiling num-traits v0.2.19
[INFO] [stderr]    Compiling anstyle v1.0.14
[INFO] [stderr]    Compiling is_terminal_polyfill v1.70.2
[INFO] [stderr]    Compiling linux-raw-sys v0.12.1
[INFO] [stderr]    Compiling cpufeatures v0.3.1
[INFO] [stderr]    Compiling serde_core v1.0.229
[INFO] [stderr]    Compiling heck v0.5.0
[INFO] [stderr]    Compiling strsim v0.11.1
[INFO] [stderr]    Compiling clap_lex v1.1.1
[INFO] [stderr]    Compiling serde_json v1.0.152
[INFO] [stderr]    Compiling proc-macro2 v1.0.107
[INFO] [stderr]    Compiling once_cell v1.21.4
[INFO] [stderr]    Compiling anstyle-parse v1.0.0
[INFO] [stderr]    Compiling const-oid v0.10.2
[INFO] [stderr]    Compiling fastrand v2.5.0
[INFO] [stderr]    Compiling anyhow v1.0.104
[INFO] [stderr]    Compiling chacha20 v0.10.2
[INFO] [stderr]    Compiling renox-cli v1.1.1 (/opt/rustwide/workdir)
[INFO] [stderr]    Compiling memchr v2.8.3
[INFO] [stderr]    Compiling anstream v1.0.0
[INFO] [stderr]    Compiling notify-types v2.1.0
[INFO] [stderr]    Compiling quote v1.0.47
[INFO] [stderr]    Compiling syn v3.0.7
[INFO] [stderr]    Compiling clap_builder v4.6.7
[INFO] [stderr]    Compiling crypto-common v0.2.2
[INFO] [stderr]    Compiling block-buffer v0.12.1
[INFO] [stderr]    Compiling chrono v0.4.45
[INFO] [stderr]    Compiling getrandom v0.4.3
[INFO] [stderr]    Compiling mio v1.2.3
[INFO] [stderr]    Compiling inotify v0.11.5
[INFO] [stderr]    Compiling rand v0.10.3
[INFO] [stderr]    Compiling notify v8.2.0
[INFO] [stderr]    Compiling digest v0.11.3
[INFO] [stderr]    Compiling sha2 v0.11.0
[INFO] [stderr]    Compiling tempfile v3.27.0
[INFO] [stderr]    Compiling notify-debouncer-mini v0.7.0
[INFO] [stderr]    Compiling clap_derive v4.6.7
[INFO] [stderr]    Compiling clap v4.6.7
[INFO] [stderr]     Finished `release` profile [optimized] target(s) in 35.76s
[INFO] running `Command { std: "docker" "inspect" "b6ade199853dcb0d0f850985fb4bc0b5886cc4e164bc8d7aab6eb16c16d0d80b", kill_on_drop: false }`
[INFO] running `Command { std: "docker" "exec" "-e" "SOURCE_DIR=/opt/rustwide/workdir" "-e" "CARGO_HOME=/opt/rustwide/cargo-home" "-e" "RUSTUP_HOME=/opt/rustwide/rustup-home" "-e" "CARGO_TARGET_DIR=/opt/rustwide/target" "-e" "CARGO_INCREMENTAL=0" "-e" "RUST_BACKTRACE=full" "-e" "RUSTFLAGS=--cap-lints=warn" "-e" "RUSTDOCFLAGS=--cap-lints=warn" "-w" "/opt/rustwide/workdir" "--user" "0:0" "b6ade199853dcb0d0f850985fb4bc0b5886cc4e164bc8d7aab6eb16c16d0d80b" "/opt/rustwide/cargo-home/bin/cargo" "+1.99.0-beta.8" "test" "--frozen" "--no-run" "--message-format=json" "--release", kill_on_drop: false }`
[INFO] [stderr]    Compiling renox-cli v1.1.1 (/opt/rustwide/workdir)
[INFO] [stderr]     Finished `release` profile [optimized] target(s) in 10.00s
[INFO] running `Command { std: "docker" "inspect" "b6ade199853dcb0d0f850985fb4bc0b5886cc4e164bc8d7aab6eb16c16d0d80b", kill_on_drop: false }`
[INFO] running `Command { std: "docker" "exec" "-e" "SOURCE_DIR=/opt/rustwide/workdir" "-e" "CARGO_HOME=/opt/rustwide/cargo-home" "-e" "RUSTUP_HOME=/opt/rustwide/rustup-home" "-e" "CARGO_TARGET_DIR=/opt/rustwide/target" "-e" "CARGO_INCREMENTAL=0" "-e" "RUST_BACKTRACE=full" "-e" "RUSTFLAGS=--cap-lints=warn" "-e" "RUSTDOCFLAGS=--cap-lints=warn" "-w" "/opt/rustwide/workdir" "--user" "0:0" "b6ade199853dcb0d0f850985fb4bc0b5886cc4e164bc8d7aab6eb16c16d0d80b" "/opt/rustwide/cargo-home/bin/cargo" "+1.99.0-beta.8" "test" "--frozen" "--release", kill_on_drop: false }`
[INFO] [stderr]     Finished `release` profile [optimized] target(s) in 0.08s
[INFO] [stderr]      Running unittests src/main.rs (/opt/rustwide/target/release/deps/rnx-746251199312ba24)
[INFO] [stdout] 
[INFO] [stdout] running 78 tests
[INFO] [stdout] test finish::tests::migrate_decision ... ok
[INFO] [stdout] test finish::tests::openers ... ok
[INFO] [stdout] test doctor::tests::scheme_cases ... ok
[INFO] [stdout] test doctor::tests::build_rs_check_cases ... ok
[INFO] [stdout] test doctor::tests::key_check_cases ... ok
[INFO] [stdout] test doctor::tests::render_marks_fixes_and_summaries ... ok
[INFO] [stdout] test doctor::tests::status_checks_cases ... ok
[INFO] [stdout] test doctor::tests::rust_check_compares_versions ... ok
[INFO] [stdout] test doctor::tests::tailwind_check_branches ... ok
[INFO] [stdout] test doctor::tests::sccache_check_three_ways ... ok
[INFO] [stdout] test finish::tests::local_words ... ok
[INFO] [stdout] test doctor::tests::env_check_both_ways ... ok
[INFO] [stdout] test deploy::tests::writes_deploy_files_once ... ok
[INFO] [stdout] test doctor::tests::linker_check_per_platform ... ok
[INFO] [stdout] test deploy::tests::the_package_name_comes_from_the_package_section_only ... ok
[INFO] [stdout] test generate::tests::components_use_the_request_helpers ... ok
[INFO] [stdout] test make::tests::creates_table_templates ... ok
[INFO] [stdout] test new::tests::agents_md_says_where_the_docs_are_offline ... ok
[INFO] [stdout] test make::tests::writes_both_files ... ok
[INFO] [stdout] test make::tests::migrations_made_in_the_same_second_keep_their_order ... ok
[INFO] [stdout] test new::tests::linker_file_follows_what_is_found ... ok
[INFO] [stdout] test generate::tests::modules_are_created_and_registered ... ok
[INFO] [stdout] test finish::tests::urls ... ok
[INFO] [stdout] test generate::tests::uuid_keys_and_files_that_exist ... ok
[INFO] [stdout] test doctor::tests::exit_code_follows_failures ... ok
[INFO] [stdout] test new::tests::notifications_edit_stubs_checked_out_with_crlf ... ok
[INFO] [stdout] test generate::tests::seeders_in_lib_apps_and_mod_lines_kept_once ... ok
[INFO] [stdout] test new::tests::makes_an_app_with_every_placeholder_filled ... FAILED
[INFO] [stdout] test new::tests::pins_the_git_dependency ... ok
[INFO] [stdout] test generate::tests::jobs_and_commands_register_themselves_in_their_module ... ok
[INFO] [stdout] test new::tests::no_stub_template_has_a_statement ... ok
[INFO] [stdout] test new::tests::tailwind_moves_the_apps_css_and_links_the_built_file ... FAILED
[INFO] [stdout] test scaffold::tests::bad_fields_are_refused ... ok
[INFO] [stdout] test generate::tests::notifications_events_rules_and_middleware ... ok
[INFO] [stdout] test scaffold::tests::names_become_plural ... ok
[INFO] [stdout] test generate::tests::factories_seeders_and_tests ... ok
[INFO] [stdout] test scaffold::tests::plurals_become_singular ... ok
[INFO] [stdout] test scaffold::tests::fields_parse_with_types_and_aliases ... ok
[INFO] [stdout] test new::tests::titles_names ... ok
[INFO] [stdout] test new::tests::validates_names ... ok
[INFO] [stdout] test new::tests::postgres_apps_point_at_their_databases ... ok
[INFO] [stdout] test scaffold::tests::a_resource_needs_a_model_name_apart_from_its_module ... ok
[INFO] [stdout] test serve::tests::editor_files_are_ignored_but_env_is_not ... ok
[INFO] [stdout] test serve::tests::events_wake_the_loop_and_the_fingerprint_decides ... ok
[INFO] [stdout] test tailwind::tests::a_download_with_another_checksum_is_refused ... ok
[INFO] [stdout] test tailwind::tests::every_platform_has_a_pinned_sum ... ok
[INFO] [stdout] test scaffold::tests::a_resource_writes_every_file_and_registers_its_module ... ok
[INFO] [stdout] test scaffold::tests::the_crate_name_comes_from_cargo_toml ... ok
[INFO] [stdout] test generate::tests::registration_hints_when_the_files_dont_look_generated ... ok
[INFO] [stdout] test tailwind::tests::the_cache_directory_comes_from_the_environment ... ok
[INFO] [stdout] test tests::generated_keys_are_32_random_bytes ... ok
[INFO] [stdout] test tests::database_urls_pick_the_engine ... ok
[INFO] [stdout] test tailwind::tests::apps_with_an_input_file_use_tailwind ... ok
[INFO] [stdout] test tests::key_types_have_their_columns ... ok
[INFO] [stdout] test tests::make_component_needs_a_name_or_ui ... ok
[INFO] [stdout] test tests::settings_come_from_the_environment_then_env ... ok
[INFO] [stdout] test tests::the_app_root_needs_a_manifest_and_src ... ok
[INFO] [stdout] test tests::commands_parse_with_their_options ... ok
[INFO] [stdout] test tests::key_generate_starts_from_the_example_or_refuses_outside_an_app ... ok
[INFO] [stdout] test tests::the_key_goes_into_env ... ok
[INFO] [stdout] test tools::tests::cargo_home ... ok
[INFO] [stdout] test tools::tests::fast_linker_choice ... ok
[INFO] [stdout] test generate::tests::models_jobs_policies_and_mails ... ok
[INFO] [stdout] test tools::tests::find_in_tries_exe_only_on_windows ... ok
[INFO] [stdout] test new::tests::tailwind_reaches_every_layout_of_the_starter_kit ... ok
[INFO] [stdout] test scaffold::tests::whole_numbers_decimals_and_dates_in_every_part ... ok
[INFO] [stdout] test tools::tests::find_in_uses_the_second_dir_and_skips_directories ... ok
[INFO] [stdout] test tools::tests::linker_config_text ... ok
[INFO] [stdout] test tools::tests::linux_targets ... ok
[INFO] [stdout] test tools::tests::mentions ... ok
[INFO] [stdout] test serve::tests::the_fingerprint_changes_with_content_not_with_ignored_files ... ok
[INFO] [stdout] test tailwind::tests::each_platform_maps_to_its_asset ... ok
[INFO] [stdout] test tests::diff_args_are_built_in_order ... ok
[INFO] [stdout] test new::tests::the_starter_kit_writes_over_the_stubs ... ok
[INFO] [stdout] test new::tests::notifications_put_the_bell_in_the_plain_app ... ok
[INFO] [stdout] test format::tests::formats_only_the_files_it_was_given ... FAILED
[INFO] [stdout] test new::tests::new_apps_are_formatted_whatever_their_name ... FAILED
[INFO] [stdout] test format::tests::files_are_left_alone_when_formatting_fails ... ok
[INFO] [stdout] 
[INFO] [stdout] failures:
[INFO] [stdout] 
[INFO] [stdout] ---- new::tests::makes_an_app_with_every_placeholder_filled stdout ----
[INFO] [stdout] 
[INFO] [stdout] thread 'new::tests::makes_an_app_with_every_placeholder_filled' (1037) panicked at src/new.rs:766:68:
[INFO] [stdout] called `Result::unwrap()` on an `Err` value: /opt/rustwide/workdir/../.. is not a Renox checkout
[INFO] [stdout] 
[INFO] [stdout] Caused by:
[INFO] [stdout]     No such file or directory (os error 2)
[INFO] [stdout] 
[INFO] [stdout] Stack backtrace:
[INFO] [stdout]    0: <core::io::error::Error as anyhow::context::ext::StdError>::ext_context::<alloc::string::String>
[INFO] [stdout]    1: rnx::new::run_in
[INFO] [stdout]    2: rnx::new::tests::makes_an_app_with_every_placeholder_filled
[INFO] [stdout]    3: <rnx::new::tests::makes_an_app_with_every_placeholder_filled::{closure#0} as core::ops::function::FnOnce<()>>::call_once
[INFO] [stdout]    4: test::__rust_begin_short_backtrace::<core::result::Result<(), alloc::string::String>, fn() -> core::result::Result<(), alloc::string::String>>
[INFO] [stdout]    5: test::run_test::{closure#0}
[INFO] [stdout]    6: std::sys::backtrace::__rust_begin_short_backtrace::<test::run_test::{closure#1}, ()>
[INFO] [stdout]    7: <std::thread::lifecycle::spawn_unchecked<test::run_test::{closure#1}, ()>::{closure#1} as core::ops::function::FnOnce<()>>::call_once::{shim:vtable#0}
[INFO] [stdout]    8: <std::sys::thread::unix::Thread>::new::thread_start
[INFO] [stdout]    9: <unknown>
[INFO] [stdout]   10: clone
[INFO] [stdout] stack backtrace:
[INFO] [stdout]    0:     0x618c75f64dd1 - <<std[70759c8f55707aa4]::sys::backtrace::BacktraceLock>::print::DisplayBacktrace as core[df12db4294e9bfd3]::fmt::Display>::fmt
[INFO] [stdout]    1:     0x618c75f7bada - core[df12db4294e9bfd3]::fmt::write
[INFO] [stdout]    2:     0x618c75f69dac - <alloc[2182bb758b4b3781]::vec::Vec<u8> as core[df12db4294e9bfd3]::io::write::Write>::write_fmt
[INFO] [stdout]    3:     0x618c75f3c186 - std[70759c8f55707aa4]::panicking::default_hook::{closure#0}
[INFO] [stdout]    4:     0x618c75f5aef9 - std[70759c8f55707aa4]::panicking::default_hook
[INFO] [stdout]    5:     0x618c75e79080 - test[9d35eded1c95d3be]::test_main_inner::<test[9d35eded1c95d3be]::test_main_static::{closure#0}>::{closure#0}
[INFO] [stdout]    6:     0x618c75f5b0b2 - std[70759c8f55707aa4]::panicking::panic_with_hook
[INFO] [stdout]    7:     0x618c75f3c232 - std[70759c8f55707aa4]::panicking::panic_handler::{closure#0}
[INFO] [stdout]    8:     0x618c75f34569 - std[70759c8f55707aa4]::sys::backtrace::__rust_end_short_backtrace::<std[70759c8f55707aa4]::panicking::panic_handler::{closure#0}, !>
[INFO] [stdout]    9:     0x618c75f3d16d - __rustc[8fa7c3cbc660c2b3]::rust_begin_unwind
[INFO] [stdout]   10:     0x618c75f7c20c - core[df12db4294e9bfd3]::panicking::panic_fmt
[INFO] [stdout]   11:     0x618c75f7bfe2 - core[df12db4294e9bfd3]::result::unwrap_failed
[INFO] [stdout]   12:     0x618c75e1dbb2 - rnx[1bb142cab427f026]::new::tests::makes_an_app_with_every_placeholder_filled
[INFO] [stdout]   13:     0x618c75de5789 - <rnx[1bb142cab427f026]::new::tests::makes_an_app_with_every_placeholder_filled::{closure#0} as core[df12db4294e9bfd3]::ops::function::FnOnce<()>>::call_once
[INFO] [stdout]   14:     0x618c75e6c36b - test[9d35eded1c95d3be]::__rust_begin_short_backtrace::<core[df12db4294e9bfd3]::result::Result<(), alloc[2182bb758b4b3781]::string::String>, fn() -> core[df12db4294e9bfd3]::result::Result<(), alloc[2182bb758b4b3781]::string::String>>
[INFO] [stdout]   15:     0x618c75e799d5 - test[9d35eded1c95d3be]::run_test::{closure#0}
[INFO] [stdout]   16:     0x618c75e73294 - std[70759c8f55707aa4]::sys::backtrace::__rust_begin_short_backtrace::<test[9d35eded1c95d3be]::run_test::{closure#1}, ()>
[INFO] [stdout]   17:     0x618c75e7cb32 - <std[70759c8f55707aa4]::thread::lifecycle::spawn_unchecked<test[9d35eded1c95d3be]::run_test::{closure#1}, ()>::{closure#1} as core[df12db4294e9bfd3]::ops::function::FnOnce<()>>::call_once::{shim:vtable#0}
[INFO] [stdout]   18:     0x618c75f63d69 - <std[70759c8f55707aa4]::sys::thread::unix::Thread>::new::thread_start
[INFO] [stdout]   19:     0x7ffb8bb34dfa - <unknown>
[INFO] [stdout]   20:     0x7ffb8bbc83d4 - clone
[INFO] [stdout]   21:                0x0 - <unknown>
[INFO] [stdout] 
[INFO] [stdout] ---- new::tests::tailwind_moves_the_apps_css_and_links_the_built_file stdout ----
[INFO] [stdout] 
[INFO] [stdout] thread 'new::tests::tailwind_moves_the_apps_css_and_links_the_built_file' (1046) panicked at src/new.rs:688:66:
[INFO] [stdout] called `Result::unwrap()` on an `Err` value: /opt/rustwide/workdir/../.. is not a Renox checkout
[INFO] [stdout] 
[INFO] [stdout] Caused by:
[INFO] [stdout]     No such file or directory (os error 2)
[INFO] [stdout] 
[INFO] [stdout] Stack backtrace:
[INFO] [stdout]    0: <core::io::error::Error as anyhow::context::ext::StdError>::ext_context::<alloc::string::String>
[INFO] [stdout]    1: rnx::new::run_in
[INFO] [stdout]    2: rnx::new::tests::tailwind_moves_the_apps_css_and_links_the_built_file
[INFO] [stdout]    3: <rnx::new::tests::tailwind_moves_the_apps_css_and_links_the_built_file::{closure#0} as core::ops::function::FnOnce<()>>::call_once
[INFO] [stdout]    4: test::__rust_begin_short_backtrace::<core::result::Result<(), alloc::string::String>, fn() -> core::result::Result<(), alloc::string::String>>
[INFO] [stdout]    5: test::run_test::{closure#0}
[INFO] [stdout]    6: std::sys::backtrace::__rust_begin_short_backtrace::<test::run_test::{closure#1}, ()>
[INFO] [stdout]    7: <std::thread::lifecycle::spawn_unchecked<test::run_test::{closure#1}, ()>::{closure#1} as core::ops::function::FnOnce<()>>::call_once::{shim:vtable#0}
[INFO] [stdout]    8: <std::sys::thread::unix::Thread>::new::thread_start
[INFO] [stdout]    9: <unknown>
[INFO] [stdout]   10: clone
[INFO] [stdout] stack backtrace:
[INFO] [stdout]    0:     0x618c75f64dd1 - <<std[70759c8f55707aa4]::sys::backtrace::BacktraceLock>::print::DisplayBacktrace as core[df12db4294e9bfd3]::fmt::Display>::fmt
[INFO] [stdout]    1:     0x618c75f7bada - core[df12db4294e9bfd3]::fmt::write
[INFO] [stdout]    2:     0x618c75f69dac - <alloc[2182bb758b4b3781]::vec::Vec<u8> as core[df12db4294e9bfd3]::io::write::Write>::write_fmt
[INFO] [stdout]    3:     0x618c75f3c186 - std[70759c8f55707aa4]::panicking::default_hook::{closure#0}
[INFO] [stdout]    4:     0x618c75f5aef9 - std[70759c8f55707aa4]::panicking::default_hook
[INFO] [stdout]    5:     0x618c75e79080 - test[9d35eded1c95d3be]::test_main_inner::<test[9d35eded1c95d3be]::test_main_static::{closure#0}>::{closure#0}
[INFO] [stdout]    6:     0x618c75f5b0b2 - std[70759c8f55707aa4]::panicking::panic_with_hook
[INFO] [stdout]    7:     0x618c75f3c232 - std[70759c8f55707aa4]::panicking::panic_handler::{closure#0}
[INFO] [stdout]    8:     0x618c75f34569 - std[70759c8f55707aa4]::sys::backtrace::__rust_end_short_backtrace::<std[70759c8f55707aa4]::panicking::panic_handler::{closure#0}, !>
[INFO] [stdout]    9:     0x618c75f3d16d - __rustc[8fa7c3cbc660c2b3]::rust_begin_unwind
[INFO] [stdout]   10:     0x618c75f7c20c - core[df12db4294e9bfd3]::panicking::panic_fmt
[INFO] [stdout]   11:     0x618c75f7bfe2 - core[df12db4294e9bfd3]::result::unwrap_failed
[INFO] [stdout]   12:     0x618c75e1fe82 - rnx[1bb142cab427f026]::new::tests::tailwind_moves_the_apps_css_and_links_the_built_file
[INFO] [stdout]   13:     0x618c75de5829 - <rnx[1bb142cab427f026]::new::tests::tailwind_moves_the_apps_css_and_links_the_built_file::{closure#0} as core[df12db4294e9bfd3]::ops::function::FnOnce<()>>::call_once
[INFO] [stdout]   14:     0x618c75e6c36b - test[9d35eded1c95d3be]::__rust_begin_short_backtrace::<core[df12db4294e9bfd3]::result::Result<(), alloc[2182bb758b4b3781]::string::String>, fn() -> core[df12db4294e9bfd3]::result::Result<(), alloc[2182bb758b4b3781]::string::String>>
[INFO] [stdout]   15:     0x618c75e799d5 - test[9d35eded1c95d3be]::run_test::{closure#0}
[INFO] [stdout]   16:     0x618c75e73294 - std[70759c8f55707aa4]::sys::backtrace::__rust_begin_short_backtrace::<test[9d35eded1c95d3be]::run_test::{closure#1}, ()>
[INFO] [stdout]   17:     0x618c75e7cb32 - <std[70759c8f55707aa4]::thread::lifecycle::spawn_unchecked<test[9d35eded1c95d3be]::run_test::{closure#1}, ()>::{closure#1} as core[df12db4294e9bfd3]::ops::function::FnOnce<()>>::call_once::{shim:vtable#0}
[INFO] [stdout]   18:     0x618c75f63d69 - <std[70759c8f55707aa4]::sys::thread::unix::Thread>::new::thread_start
[INFO] [stdout]   19:     0x7ffb8bb34dfa - <unknown>
[INFO] [stdout]   20:     0x7ffb8bbc83d4 - clone
[INFO] [stdout]   21:                0x0 - <unknown>
[INFO] [stdout] 
[INFO] [stdout] ---- format::tests::formats_only_the_files_it_was_given stdout ----
[INFO] [stdout] 
[INFO] [stdout] thread 'format::tests::formats_only_the_files_it_was_given' (1021) panicked at src/format.rs:96:9:
[INFO] [stdout] assertion `left == right` failed
[INFO] [stdout]   left: 0
[INFO] [stdout]  right: 1
[INFO] [stdout] stack backtrace:
[INFO] [stdout]    0:     0x618c75f64dd1 - <<std[70759c8f55707aa4]::sys::backtrace::BacktraceLock>::print::DisplayBacktrace as core[df12db4294e9bfd3]::fmt::Display>::fmt
[INFO] [stdout]    1:     0x618c75f7bada - core[df12db4294e9bfd3]::fmt::write
[INFO] [stdout]    2:     0x618c75f69dac - <alloc[2182bb758b4b3781]::vec::Vec<u8> as core[df12db4294e9bfd3]::io::write::Write>::write_fmt
[INFO] [stdout]    3:     0x618c75f3c186 - std[70759c8f55707aa4]::panicking::default_hook::{closure#0}
[INFO] [stdout]    4:     0x618c75f5aef9 - std[70759c8f55707aa4]::panicking::default_hook
[INFO] [stdout]    5:     0x618c75e79080 - test[9d35eded1c95d3be]::test_main_inner::<test[9d35eded1c95d3be]::test_main_static::{closure#0}>::{closure#0}
[INFO] [stdout]    6:     0x618c75f5b0b2 - std[70759c8f55707aa4]::panicking::panic_with_hook
[INFO] [stdout]    7:     0x618c75f3c232 - std[70759c8f55707aa4]::panicking::panic_handler::{closure#0}
[INFO] [stdout]    8:     0x618c75f34569 - std[70759c8f55707aa4]::sys::backtrace::__rust_end_short_backtrace::<std[70759c8f55707aa4]::panicking::panic_handler::{closure#0}, !>
[INFO] [stdout]    9:     0x618c75f3d16d - __rustc[8fa7c3cbc660c2b3]::rust_begin_unwind
[INFO] [stdout]   10:     0x618c75f7c20c - core[df12db4294e9bfd3]::panicking::panic_fmt
[INFO] [stdout]   11:     0x618c75f7c123 - core[df12db4294e9bfd3]::panicking::assert_failed_inner
[INFO] [stdout]   12:     0x618c75f77fb8 - core[df12db4294e9bfd3]::panicking::assert_failed::<usize, usize>
[INFO] [stdout]   13:     0x618c75e165f3 - rnx[1bb142cab427f026]::format::tests::formats_only_the_files_it_was_given
[INFO] [stdout]   14:     0x618c75de5b49 - <rnx[1bb142cab427f026]::format::tests::formats_only_the_files_it_was_given::{closure#0} as core[df12db4294e9bfd3]::ops::function::FnOnce<()>>::call_once
[INFO] [stdout]   15:     0x618c75e6c36b - test[9d35eded1c95d3be]::__rust_begin_short_backtrace::<core[df12db4294e9bfd3]::result::Result<(), alloc[2182bb758b4b3781]::string::String>, fn() -> core[df12db4294e9bfd3]::result::Result<(), alloc[2182bb758b4b3781]::string::String>>
[INFO] [stdout]   16:     0x618c75e799d5 - test[9d35eded1c95d3be]::run_test::{closure#0}
[INFO] [stdout]   17:     0x618c75e73294 - std[70759c8f55707aa4]::sys::backtrace::__rust_begin_short_backtrace::<test[9d35eded1c95d3be]::run_test::{closure#1}, ()>
[INFO] [stdout]   18:     0x618c75e7cb32 - <std[70759c8f55707aa4]::thread::lifecycle::spawn_unchecked<test[9d35eded1c95d3be]::run_test::{closure#1}, ()>::{closure#1} as core[df12db4294e9bfd3]::ops::function::FnOnce<()>>::call_once::{shim:vtable#0}
[INFO] [stdout]   19:     0x618c75f63d69 - <std[70759c8f55707aa4]::sys::thread::unix::Thread>::new::thread_start
[INFO] [stdout]   20:     0x7ffb8bb34dfa - <unknown>
[INFO] [stdout]   21:     0x7ffb8bbc83d4 - clone
[INFO] [stdout]   22:                0x0 - <unknown>
[INFO] [stdout] 
[INFO] [stdout] ---- new::tests::new_apps_are_formatted_whatever_their_name stdout ----
[INFO] [stdout] Created aardvark. Next:
[INFO] [stdout] 
[INFO] [stdout]     cd aardvark
[INFO] [stdout]     rnx serve
[INFO] [stdout] 
[INFO] [stdout] 
[INFO] [stdout] thread 'new::tests::new_apps_are_formatted_whatever_their_name' (1038) panicked at src/new.rs:973:13:
[INFO] [stdout] aardvark: rustfmt would change the new app:
[INFO] [stdout] 
[INFO] [stdout] stack backtrace:
[INFO] [stdout]    0:     0x618c75f64dd1 - <<std[70759c8f55707aa4]::sys::backtrace::BacktraceLock>::print::DisplayBacktrace as core[df12db4294e9bfd3]::fmt::Display>::fmt
[INFO] [stdout]    1:     0x618c75f7bada - core[df12db4294e9bfd3]::fmt::write
[INFO] [stdout]    2:     0x618c75f69dac - <alloc[2182bb758b4b3781]::vec::Vec<u8> as core[df12db4294e9bfd3]::io::write::Write>::write_fmt
[INFO] [stdout]    3:     0x618c75f3c186 - std[70759c8f55707aa4]::panicking::default_hook::{closure#0}
[INFO] [stdout]    4:     0x618c75f5aef9 - std[70759c8f55707aa4]::panicking::default_hook
[INFO] [stdout]    5:     0x618c75e79080 - test[9d35eded1c95d3be]::test_main_inner::<test[9d35eded1c95d3be]::test_main_static::{closure#0}>::{closure#0}
[INFO] [stdout]    6:     0x618c75f5b0b2 - std[70759c8f55707aa4]::panicking::panic_with_hook
[INFO] [stdout]    7:     0x618c75f3c232 - std[70759c8f55707aa4]::panicking::panic_handler::{closure#0}
[INFO] [stdout]    8:     0x618c75f34569 - std[70759c8f55707aa4]::sys::backtrace::__rust_end_short_backtrace::<std[70759c8f55707aa4]::panicking::panic_handler::{closure#0}, !>
[INFO] [stdout]    9:     0x618c75f3d16d - __rustc[8fa7c3cbc660c2b3]::rust_begin_unwind
[INFO] [stdout]   10:     0x618c75f7c20c - core[df12db4294e9bfd3]::panicking::panic_fmt
[INFO] [stdout]   11:     0x618c75e1e75c - rnx[1bb142cab427f026]::new::tests::new_apps_are_formatted_whatever_their_name
[INFO] [stdout]   12:     0x618c75de57a9 - <rnx[1bb142cab427f026]::new::tests::new_apps_are_formatted_whatever_their_name::{closure#0} as core[df12db4294e9bfd3]::ops::function::FnOnce<()>>::call_once
[INFO] [stdout]   13:     0x618c75e6c36b - test[9d35eded1c95d3be]::__rust_begin_short_backtrace::<core[df12db4294e9bfd3]::result::Result<(), alloc[2182bb758b4b3781]::string::String>, fn() -> core[df12db4294e9bfd3]::result::Result<(), alloc[2182bb758b4b3781]::string::String>>
[INFO] [stdout]   14:     0x618c75e799d5 - test[9d35eded1c95d3be]::run_test::{closure#0}
[INFO] [stdout]   15:     0x618c75e73294 - std[70759c8f55707aa4]::sys::backtrace::__rust_begin_short_backtrace::<test[9d35eded1c95d3be]::run_test::{closure#1}, ()>
[INFO] [stdout]   16:     0x618c75e7cb32 - <std[70759c8f55707aa4]::thread::lifecycle::spawn_unchecked<test[9d35eded1c95d3be]::run_test::{closure#1}, ()>::{closure#1} as core[df12db4294e9bfd3]::ops::function::FnOnce<()>>::call_once::{shim:vtable#0}
[INFO] [stdout]   17:     0x618c75f63d69 - <std[70759c8f55707aa4]::sys::thread::unix::Thread>::new::thread_start
[INFO] [stdout]   18:     0x7ffb8bb34dfa - <unknown>
[INFO] [stdout]   19:     0x7ffb8bbc83d4 - clone
[INFO] [stdout]   20:                0x0 - <unknown>
[INFO] [stdout] 
[INFO] [stdout] 
[INFO] [stdout] failures:
[INFO] [stdout]     format::tests::formats_only_the_files_it_was_given
[INFO] [stdout]     new::tests::makes_an_app_with_every_placeholder_filled
[INFO] [stdout]     new::tests::new_apps_are_formatted_whatever_their_name
[INFO] [stdout]     new::tests::tailwind_moves_the_apps_css_and_links_the_built_file
[INFO] [stdout] 
[INFO] [stdout] test result: FAILED. 74 passed; 4 failed; 0 ignored; 0 measured; 0 filtered out; finished in 0.99s
[INFO] [stdout] 
[INFO] [stderr] error: test failed, to rerun pass `--bin rnx`
[INFO] running `Command { std: "docker" "inspect" "b6ade199853dcb0d0f850985fb4bc0b5886cc4e164bc8d7aab6eb16c16d0d80b", kill_on_drop: false }`
[INFO] running `Command { std: "docker" "rm" "-f" "b6ade199853dcb0d0f850985fb4bc0b5886cc4e164bc8d7aab6eb16c16d0d80b", kill_on_drop: false }`
[INFO] [stdout] b6ade199853dcb0d0f850985fb4bc0b5886cc4e164bc8d7aab6eb16c16d0d80b
