[INFO] fetching crate renew-asset 0.1.1...
[INFO] testing renew-asset-0.1.1 against 1.99.0-beta.8+cargoflags=--release for beta-release-1.100-2
[INFO] extracting crate renew-asset 0.1.1 into /workspace/builds/worker-1-tc1/source
[INFO] started tweaking crates.io crate renew-asset 0.1.1
[INFO] removed 0 missing tests
[INFO] finished tweaking crates.io crate renew-asset 0.1.1
[INFO] tweaked toml for crates.io crate renew-asset 0.1.1 written to /workspace/builds/worker-1-tc1/source/Cargo.toml
[INFO] validating manifest of crates.io crate renew-asset 0.1.1 on toolchain 1.99.0-beta.8
[INFO] running `Command { std: CARGO_HOME="/workspace/cargo-home" RUSTUP_HOME="/workspace/rustup-home" "/workspace/cargo-home/bin/cargo" "+1.99.0-beta.8" "metadata" "--manifest-path" "Cargo.toml" "--no-deps", kill_on_drop: false }`
[INFO] crate crates.io crate renew-asset 0.1.1 already has a lockfile, it will not be regenerated
[INFO] running `Command { std: CARGO_HOME="/workspace/cargo-home" RUSTUP_HOME="/workspace/rustup-home" "/workspace/cargo-home/bin/cargo" "+1.99.0-beta.8" "fetch" "--manifest-path" "Cargo.toml", kill_on_drop: false }`
[INFO] running `Command { std: "docker" "create" "-v" "/var/lib/crater-agent-workspace/builds/worker-1-tc1/source:/opt/rustwide/workdir:ro,Z" "-v" "/var/lib/crater-agent-workspace/builds/worker-1-tc1/target:/opt/rustwide/target:rw,Z" "-v" "/var/lib/crater-agent-workspace/cargo-home:/opt/rustwide/cargo-home:ro,Z" "-v" "/var/lib/crater-agent-workspace/rustup-home:/opt/rustwide/rustup-home:ro,Z" "-m" "1610612736" "--network" "none" "ghcr.io/rust-lang/crates-build-env/linux@sha256:77db811e55d90add9212f6832c23229e3de5f1c1f9905e8cb07319ea15df73ac" "sleep" "infinity", kill_on_drop: false }`
[INFO] [stdout] 5735c8f8cb28eb1305a946695332b2b292abca3282de9e099727606430c00136
[INFO] running `Command { std: "docker" "start" "5735c8f8cb28eb1305a946695332b2b292abca3282de9e099727606430c00136", kill_on_drop: false }`
[INFO] running `Command { std: "docker" "inspect" "5735c8f8cb28eb1305a946695332b2b292abca3282de9e099727606430c00136", kill_on_drop: false }`
[INFO] running `Command { std: "docker" "exec" "-e" "SOURCE_DIR=/opt/rustwide/workdir" "-e" "CARGO_HOME=/opt/rustwide/cargo-home" "-e" "RUSTUP_HOME=/opt/rustwide/rustup-home" "-e" "CARGO_TARGET_DIR=/opt/rustwide/target" "-w" "/opt/rustwide/workdir" "--user" "0:0" "5735c8f8cb28eb1305a946695332b2b292abca3282de9e099727606430c00136" "/opt/rustwide/cargo-home/bin/cargo" "+1.99.0-beta.8" "metadata" "--no-deps" "--format-version=1", kill_on_drop: false }`
[INFO] running `Command { std: "docker" "inspect" "5735c8f8cb28eb1305a946695332b2b292abca3282de9e099727606430c00136", kill_on_drop: false }`
[INFO] running `Command { std: "docker" "exec" "-e" "SOURCE_DIR=/opt/rustwide/workdir" "-e" "CARGO_HOME=/opt/rustwide/cargo-home" "-e" "RUSTUP_HOME=/opt/rustwide/rustup-home" "-e" "CARGO_TARGET_DIR=/opt/rustwide/target" "-e" "CARGO_INCREMENTAL=0" "-e" "RUST_BACKTRACE=full" "-e" "RUSTFLAGS=--cap-lints=warn" "-e" "RUSTDOCFLAGS=--cap-lints=warn" "-w" "/opt/rustwide/workdir" "--user" "0:0" "5735c8f8cb28eb1305a946695332b2b292abca3282de9e099727606430c00136" "/opt/rustwide/cargo-home/bin/cargo" "+1.99.0-beta.8" "build" "--frozen" "--message-format=json" "--release", kill_on_drop: false }`
[INFO] [stderr]    Compiling renew-asset v0.1.1 (/opt/rustwide/workdir)
[INFO] [stderr]     Finished `release` profile [optimized] target(s) in 0.73s
[INFO] running `Command { std: "docker" "inspect" "5735c8f8cb28eb1305a946695332b2b292abca3282de9e099727606430c00136", kill_on_drop: false }`
[INFO] running `Command { std: "docker" "exec" "-e" "SOURCE_DIR=/opt/rustwide/workdir" "-e" "CARGO_HOME=/opt/rustwide/cargo-home" "-e" "RUSTUP_HOME=/opt/rustwide/rustup-home" "-e" "CARGO_TARGET_DIR=/opt/rustwide/target" "-e" "CARGO_INCREMENTAL=0" "-e" "RUST_BACKTRACE=full" "-e" "RUSTFLAGS=--cap-lints=warn" "-e" "RUSTDOCFLAGS=--cap-lints=warn" "-w" "/opt/rustwide/workdir" "--user" "0:0" "5735c8f8cb28eb1305a946695332b2b292abca3282de9e099727606430c00136" "/opt/rustwide/cargo-home/bin/cargo" "+1.99.0-beta.8" "test" "--frozen" "--no-run" "--message-format=json" "--release", kill_on_drop: false }`
[INFO] [stderr]    Compiling zerocopy v0.8.55
[INFO] [stderr]    Compiling wait-timeout v0.2.1
[INFO] [stderr]    Compiling num-traits v0.2.19
[INFO] [stderr]    Compiling rand_xorshift v0.4.0
[INFO] [stderr]    Compiling rand v0.9.5
[INFO] [stderr]    Compiling rusty-fork v0.3.1
[INFO] [stderr]    Compiling ppv-lite86 v0.2.21
[INFO] [stderr]    Compiling rand_chacha v0.9.0
[INFO] [stderr]    Compiling proptest v1.11.0
[INFO] [stderr]    Compiling renew-asset v0.1.1 (/opt/rustwide/workdir)
[INFO] [stderr]     Finished `release` profile [optimized] target(s) in 17.90s
[INFO] running `Command { std: "docker" "inspect" "5735c8f8cb28eb1305a946695332b2b292abca3282de9e099727606430c00136", kill_on_drop: false }`
[INFO] running `Command { std: "docker" "exec" "-e" "SOURCE_DIR=/opt/rustwide/workdir" "-e" "CARGO_HOME=/opt/rustwide/cargo-home" "-e" "RUSTUP_HOME=/opt/rustwide/rustup-home" "-e" "CARGO_TARGET_DIR=/opt/rustwide/target" "-e" "CARGO_INCREMENTAL=0" "-e" "RUST_BACKTRACE=full" "-e" "RUSTFLAGS=--cap-lints=warn" "-e" "RUSTDOCFLAGS=--cap-lints=warn" "-w" "/opt/rustwide/workdir" "--user" "0:0" "5735c8f8cb28eb1305a946695332b2b292abca3282de9e099727606430c00136" "/opt/rustwide/cargo-home/bin/cargo" "+1.99.0-beta.8" "test" "--frozen" "--release", kill_on_drop: false }`
[INFO] [stderr]     Finished `release` profile [optimized] target(s) in 0.07s
[INFO] [stderr]      Running unittests src/lib.rs (/opt/rustwide/target/release/deps/renew_asset-c9ee6f0be79ee927)
[INFO] [stdout] 
[INFO] [stdout] running 19 tests
[INFO] [stdout] test error::tests::a_build_refusal_quotes_only_the_front_of_a_huge_name ... ok
[INFO] [stdout] test write::tests::a_duplicate_name_is_refused_rather_than_resolved ... ok
[INFO] [stdout] test error::tests::truncation_never_splits_a_character ... ok
[INFO] [stdout] test hash::tests::it_is_not_commutative ... ok
[INFO] [stdout] test write::tests::a_name_at_exactly_the_limit_is_accepted ... ok
[INFO] [stdout] test layout::tests::the_header_offsets_follow_the_field_widths ... ok
[INFO] [stdout] test layout::tests::the_magic_is_eight_bytes_and_not_text ... ok
[INFO] [stdout] test write::tests::an_empty_name_is_refused ... ok
[INFO] [stdout] test write::tests::an_empty_pack_is_just_a_header ... ok
[INFO] [stdout] test error::tests::the_remaining_variants_say_what_they_are ... ok
[INFO] [stdout] test hash::tests::one_flipped_bit_changes_the_digest ... ok
[INFO] [stdout] test hash::tests::it_matches_the_published_vectors ... ok
[INFO] [stdout] test hash::tests::the_empty_digest_is_the_offset_basis ... ok
[INFO] [stdout] test write::tests::an_entry_may_hold_no_bytes ... ok
[INFO] [stdout] test write::tests::an_over_long_name_is_refused ... ok
[INFO] [stdout] test write::tests::insertion_order_does_not_change_the_bytes ... ok
[INFO] [stdout] test write::tests::the_builder_reports_what_it_holds ... ok
[INFO] [stdout] test write::tests::the_same_inputs_pack_identically_twice ... ok
[INFO] [stdout] test error::tests::every_refusal_carries_the_detail_a_reader_needs ... ok
[INFO] [stdout] 
[INFO] [stdout] test result: ok. 19 passed; 0 failed; 0 ignored; 0 measured; 0 filtered out; finished in 0.00s
[INFO] [stdout] 
[INFO] [stderr]      Running tests/corpus_replay.rs (/opt/rustwide/target/release/deps/corpus_replay-18bc26a89e2dcb13)
[INFO] [stdout] 
[INFO] [stdout] running 1 test
[INFO] [stderr] error: test failed, to rerun pass `--test corpus_replay`
[INFO] [stdout] test every_recorded_corpus_input_gets_an_answer ... FAILED
[INFO] [stdout] 
[INFO] [stdout] failures:
[INFO] [stdout] 
[INFO] [stdout] ---- every_recorded_corpus_input_gets_an_answer stdout ----
[INFO] [stdout] 
[INFO] [stdout] thread 'every_recorded_corpus_input_gets_an_answer' (434) panicked at tests/corpus_replay.rs:28:33:
[INFO] [stdout] the committed corpus at "/opt/rustwide/workdir/../../fuzz/corpus/asset_pack" must exist: No such file or directory (os error 2)
[INFO] [stdout] stack backtrace:
[INFO] [stdout]    0:     0x63c51b9e7301 - <<std[70759c8f55707aa4]::sys::backtrace::BacktraceLock>::print::DisplayBacktrace as core[df12db4294e9bfd3]::fmt::Display>::fmt
[INFO] [stdout]    1:     0x63c51b9fb7aa - core[df12db4294e9bfd3]::fmt::write
[INFO] [stdout]    2:     0x63c51b9eba6c - <alloc[2182bb758b4b3781]::vec::Vec<u8> as core[df12db4294e9bfd3]::io::write::Write>::write_fmt
[INFO] [stdout]    3:     0x63c51b9c3176 - std[70759c8f55707aa4]::panicking::default_hook::{closure#0}
[INFO] [stdout]    4:     0x63c51b9df539 - std[70759c8f55707aa4]::panicking::default_hook
[INFO] [stdout]    5:     0x63c51b97b120 - test[9d35eded1c95d3be]::test_main_inner::<test[9d35eded1c95d3be]::test_main_static::{closure#0}>::{closure#0}
[INFO] [stdout]    6:     0x63c51b9df6f2 - std[70759c8f55707aa4]::panicking::panic_with_hook
[INFO] [stdout]    7:     0x63c51b9c3222 - std[70759c8f55707aa4]::panicking::panic_handler::{closure#0}
[INFO] [stdout]    8:     0x63c51b9bbd79 - std[70759c8f55707aa4]::sys::backtrace::__rust_end_short_backtrace::<std[70759c8f55707aa4]::panicking::panic_handler::{closure#0}, !>
[INFO] [stdout]    9:     0x63c51b9c3e1d - __rustc[8fa7c3cbc660c2b3]::rust_begin_unwind
[INFO] [stdout]   10:     0x63c51b9fbedc - core[df12db4294e9bfd3]::panicking::panic_fmt
[INFO] [stdout]   11:     0x63c51b96d47a - corpus_replay[53a015e6ef33b904]::every_recorded_corpus_input_gets_an_answer::{closure#0}
[INFO] [stdout]   12:     0x63c51b96d8ab - <corpus_replay[53a015e6ef33b904]::every_recorded_corpus_input_gets_an_answer::{closure#0} as core[df12db4294e9bfd3]::ops::function::FnOnce<()>>::call_once
[INFO] [stdout]   13:     0x63c51b96e40b - test[9d35eded1c95d3be]::__rust_begin_short_backtrace::<core[df12db4294e9bfd3]::result::Result<(), alloc[2182bb758b4b3781]::string::String>, fn() -> core[df12db4294e9bfd3]::result::Result<(), alloc[2182bb758b4b3781]::string::String>>
[INFO] [stdout]   14:     0x63c51b97ba75 - test[9d35eded1c95d3be]::run_test::{closure#0}
[INFO] [stdout]   15:     0x63c51b975334 - std[70759c8f55707aa4]::sys::backtrace::__rust_begin_short_backtrace::<test[9d35eded1c95d3be]::run_test::{closure#1}, ()>
[INFO] [stdout]   16:     0x63c51b97ebd2 - <std[70759c8f55707aa4]::thread::lifecycle::spawn_unchecked<test[9d35eded1c95d3be]::run_test::{closure#1}, ()>::{closure#1} as core[df12db4294e9bfd3]::ops::function::FnOnce<()>>::call_once::{shim:vtable#0}
[INFO] [stdout]   17:     0x63c51b9e68b9 - <std[70759c8f55707aa4]::sys::thread::unix::Thread>::new::thread_start
[INFO] [stdout]   18:     0x73a74268adfa - <unknown>
[INFO] [stdout]   19:     0x73a74271e3d4 - clone
[INFO] [stdout]   20:                0x0 - <unknown>
[INFO] [stdout] 
[INFO] [stdout] 
[INFO] [stdout] failures:
[INFO] [stdout]     every_recorded_corpus_input_gets_an_answer
[INFO] [stdout] 
[INFO] [stdout] test result: FAILED. 0 passed; 1 failed; 0 ignored; 0 measured; 0 filtered out; finished in 0.00s
[INFO] [stdout] 
[INFO] running `Command { std: "docker" "inspect" "5735c8f8cb28eb1305a946695332b2b292abca3282de9e099727606430c00136", kill_on_drop: false }`
[INFO] running `Command { std: "docker" "rm" "-f" "5735c8f8cb28eb1305a946695332b2b292abca3282de9e099727606430c00136", kill_on_drop: false }`
[INFO] [stdout] 5735c8f8cb28eb1305a946695332b2b292abca3282de9e099727606430c00136
