[INFO] fetching crate renet-cross 0.8.0...
[INFO] testing renet-cross-0.8.0 against 1.99.0-beta.8+cargoflags=--release for beta-release-1.100-2
[INFO] extracting crate renet-cross 0.8.0 into /workspace/builds/worker-0-tc1/source
[INFO] started tweaking crates.io crate renet-cross 0.8.0
[INFO] removed 0 missing examples
[INFO] removed 0 missing tests
[INFO] finished tweaking crates.io crate renet-cross 0.8.0
[INFO] tweaked toml for crates.io crate renet-cross 0.8.0 written to /workspace/builds/worker-0-tc1/source/Cargo.toml
[INFO] validating manifest of crates.io crate renet-cross 0.8.0 on toolchain 1.99.0-beta.8
[INFO] running `Command { std: CARGO_HOME="/workspace/cargo-home" RUSTUP_HOME="/workspace/rustup-home" "/workspace/cargo-home/bin/cargo" "+1.99.0-beta.8" "metadata" "--manifest-path" "Cargo.toml" "--no-deps", kill_on_drop: false }`
[INFO] crate crates.io crate renet-cross 0.8.0 already has a lockfile, it will not be regenerated
[INFO] running `Command { std: CARGO_HOME="/workspace/cargo-home" RUSTUP_HOME="/workspace/rustup-home" "/workspace/cargo-home/bin/cargo" "+1.99.0-beta.8" "fetch" "--manifest-path" "Cargo.toml", kill_on_drop: false }`
[INFO] [stderr]     Updating crates.io index
[INFO] [stderr]  Downloading crates ...
[INFO] [stderr]   Downloaded dimpl v0.7.4
[INFO] [stderr]   Downloaded str0m-aws-lc-rs v0.6.0
[INFO] [stderr]   Downloaded is v0.11.1
[INFO] [stderr]   Downloaded sctp-proto v0.10.5
[INFO] [stderr]   Downloaded ccm v0.5.0
[INFO] [stderr]   Downloaded str0m v0.24.0
[INFO] [stderr]   Downloaded renetcode v2.0.0
[INFO] [stderr]   Downloaded renet v2.0.0
[INFO] [stderr]   Downloaded octets v0.3.6
[INFO] running `Command { std: "docker" "create" "-v" "/var/lib/crater-agent-workspace/builds/worker-0-tc1/source:/opt/rustwide/workdir:ro,Z" "-v" "/var/lib/crater-agent-workspace/builds/worker-0-tc1/target:/opt/rustwide/target:rw,Z" "-v" "/var/lib/crater-agent-workspace/cargo-home:/opt/rustwide/cargo-home:ro,Z" "-v" "/var/lib/crater-agent-workspace/rustup-home:/opt/rustwide/rustup-home:ro,Z" "-m" "1610612736" "--network" "none" "ghcr.io/rust-lang/crates-build-env/linux@sha256:77db811e55d90add9212f6832c23229e3de5f1c1f9905e8cb07319ea15df73ac" "sleep" "infinity", kill_on_drop: false }`
[INFO] [stdout] a1ad67df538755b8944f3141a1d96a2bf2b19bcd3f688a38d6919477c88aa21f
[INFO] running `Command { std: "docker" "start" "a1ad67df538755b8944f3141a1d96a2bf2b19bcd3f688a38d6919477c88aa21f", kill_on_drop: false }`
[INFO] running `Command { std: "docker" "inspect" "a1ad67df538755b8944f3141a1d96a2bf2b19bcd3f688a38d6919477c88aa21f", kill_on_drop: false }`
[INFO] running `Command { std: "docker" "exec" "-e" "SOURCE_DIR=/opt/rustwide/workdir" "-e" "CARGO_HOME=/opt/rustwide/cargo-home" "-e" "RUSTUP_HOME=/opt/rustwide/rustup-home" "-e" "CARGO_TARGET_DIR=/opt/rustwide/target" "-w" "/opt/rustwide/workdir" "--user" "0:0" "a1ad67df538755b8944f3141a1d96a2bf2b19bcd3f688a38d6919477c88aa21f" "/opt/rustwide/cargo-home/bin/cargo" "+1.99.0-beta.8" "metadata" "--no-deps" "--format-version=1", kill_on_drop: false }`
[INFO] running `Command { std: "docker" "inspect" "a1ad67df538755b8944f3141a1d96a2bf2b19bcd3f688a38d6919477c88aa21f", kill_on_drop: false }`
[INFO] running `Command { std: "docker" "exec" "-e" "SOURCE_DIR=/opt/rustwide/workdir" "-e" "CARGO_HOME=/opt/rustwide/cargo-home" "-e" "RUSTUP_HOME=/opt/rustwide/rustup-home" "-e" "CARGO_TARGET_DIR=/opt/rustwide/target" "-e" "CARGO_INCREMENTAL=0" "-e" "RUST_BACKTRACE=full" "-e" "RUSTFLAGS=--cap-lints=warn" "-e" "RUSTDOCFLAGS=--cap-lints=warn" "-w" "/opt/rustwide/workdir" "--user" "0:0" "a1ad67df538755b8944f3141a1d96a2bf2b19bcd3f688a38d6919477c88aa21f" "/opt/rustwide/cargo-home/bin/cargo" "+1.99.0-beta.8" "build" "--frozen" "--message-format=json" "--release", kill_on_drop: false }`
[INFO] [stderr]    Compiling const-oid v0.9.6
[INFO] [stderr]    Compiling smallvec v1.16.0
[INFO] [stderr]    Compiling cc v1.4.5
[INFO] [stderr]    Compiling rand_core v0.6.4
[INFO] [stderr]    Compiling zerocopy v0.8.56
[INFO] [stderr]    Compiling futures-sink v0.3.34
[INFO] [stderr]    Compiling syn v3.0.5
[INFO] [stderr]    Compiling der_derive v0.7.3
[INFO] [stderr]    Compiling time v0.3.55
[INFO] [stderr]    Compiling tokio v1.53.1
[INFO] [stderr]    Compiling rustls v0.23.43
[INFO] [stderr]    Compiling base16ct v0.2.0
[INFO] [stderr]    Compiling tracing v0.1.44
[INFO] [stderr]    Compiling nom v8.0.0
[INFO] [stderr]    Compiling signature v2.2.0
[INFO] [stderr]    Compiling arrayvec v0.7.8
[INFO] [stderr]    Compiling futures-util v0.3.34
[INFO] [stderr]    Compiling futures-channel v0.3.34
[INFO] [stderr]    Compiling crc-catalog v2.5.0
[INFO] [stderr]    Compiling crypto-common v0.1.7
[INFO] [stderr]    Compiling crc v3.4.0
[INFO] [stderr]    Compiling rustls-native-certs v0.8.4
[INFO] [stderr]    Compiling cipher v0.4.4
[INFO] [stderr]    Compiling aead v0.5.2
[INFO] [stderr]    Compiling universal-hash v0.5.1
[INFO] [stderr]    Compiling serde_json v1.0.151
[INFO] [stderr]    Compiling poly1305 v0.8.0
[INFO] [stderr]    Compiling combine v4.6.8
[INFO] [stderr]    Compiling octets v0.3.6
[INFO] [stderr]    Compiling ctr v0.9.2
[INFO] [stderr]    Compiling aes v0.8.4
[INFO] [stderr]    Compiling chacha20 v0.9.1
[INFO] [stderr]    Compiling ccm v0.5.0
[INFO] [stderr]    Compiling chacha20poly1305 v0.10.1
[INFO] [stderr]    Compiling renet v2.0.0
[INFO] [stderr]    Compiling renetcode v2.0.0
[INFO] [stderr]    Compiling cmake v0.1.58
[INFO] [stderr]    Compiling der v0.7.10
[INFO] [stderr]    Compiling aws-lc-sys v0.45.0
[INFO] [stderr]    Compiling zerovec-derive v0.11.6
[INFO] [stderr]    Compiling displaydoc v0.2.7
[INFO] [stderr]    Compiling serde_derive v1.0.229
[INFO] [stderr]    Compiling yasna v0.6.0
[INFO] [stderr]    Compiling thiserror-impl v2.0.20
[INFO] [stderr]    Compiling zerotrie v0.2.5
[INFO] [stderr]    Compiling spki v0.7.3
[INFO] [stderr]    Compiling sec1 v0.7.3
[INFO] [stderr]    Compiling pkcs8 v0.10.2
[INFO] [stderr]    Compiling x509-cert v0.2.5
[INFO] [stderr]    Compiling zerovec v0.11.8
[INFO] [stderr]    Compiling ppv-lite86 v0.2.21
[INFO] [stderr]    Compiling thiserror v2.0.20
[INFO] [stderr]    Compiling rand_chacha v0.9.0
[INFO] [stderr]    Compiling tinystr v0.8.4
[INFO] [stderr]    Compiling potential_utf v0.1.6
[INFO] [stderr]    Compiling icu_collections v2.3.0
[INFO] [stderr]    Compiling rand v0.9.5
[INFO] [stderr]    Compiling icu_locale_core v2.3.0
[INFO] [stderr]    Compiling sctp-proto v0.10.5
[INFO] [stderr]    Compiling serde v1.0.229
[INFO] [stderr]    Compiling hyper v1.11.1
[INFO] [stderr]    Compiling icu_provider v2.3.1
[INFO] [stderr]    Compiling icu_properties v2.3.0
[INFO] [stderr]    Compiling icu_normalizer v2.3.0
[INFO] [stderr]    Compiling tower v0.5.3
[INFO] [stderr]    Compiling hyper-util v0.1.20
[INFO] [stderr]    Compiling idna_adapter v1.2.2
[INFO] [stderr]    Compiling idna v1.1.0
[INFO] [stderr]    Compiling url v2.5.8
[INFO] [stderr]    Compiling tower-http v0.6.11
[INFO] [stderr]    Compiling aws-lc-rs v1.18.1
[INFO] [stderr]    Compiling rustls-webpki v0.103.15
[INFO] [stderr]    Compiling rcgen v0.14.10
[INFO] [stderr]    Compiling dimpl v0.7.4
[INFO] [stderr]    Compiling str0m-proto v0.7.0
[INFO] [stderr]    Compiling is v0.11.1
[INFO] [stderr]    Compiling str0m-aws-lc-rs v0.6.0
[INFO] [stderr]    Compiling tokio-rustls v0.26.5
[INFO] [stderr]    Compiling rustls-platform-verifier v0.7.0
[INFO] [stderr]    Compiling str0m v0.24.0
[INFO] [stderr]    Compiling hyper-rustls v0.27.9
[INFO] [stderr]    Compiling reqwest v0.13.4
[INFO] [stderr]    Compiling renet-cross v0.8.0 (/opt/rustwide/workdir)
[INFO] [stdout] warning: use of deprecated method `std::sync::atomic::Atomic::<u64>::fetch_update`: renamed to `try_update` for consistency
[INFO] [stdout]   --> src/bootstrap.rs:37:14
[INFO] [stdout]    |
[INFO] [stdout] 37 |             .fetch_update(Ordering::Relaxed, Ordering::Relaxed, |id| id.checked_add(1))
[INFO] [stdout]    |              ^^^^^^^^^^^^
[INFO] [stdout]    |
[INFO] [stdout]    = note: `#[warn(deprecated)]` on by default
[INFO] [stdout] help: replace the use of the deprecated method
[INFO] [stdout]    |
[INFO] [stdout] 37 -             .fetch_update(Ordering::Relaxed, Ordering::Relaxed, |id| id.checked_add(1))
[INFO] [stdout] 37 +             .try_update(Ordering::Relaxed, Ordering::Relaxed, |id| id.checked_add(1))
[INFO] [stdout]    |
[INFO] [stdout] 
[INFO] [stdout] 
[INFO] [stdout] warning: use of deprecated method `std::sync::atomic::Atomic::<usize>::fetch_update`: renamed to `try_update` for consistency
[INFO] [stdout]    --> src/server.rs:819:14
[INFO] [stdout]     |
[INFO] [stdout] 819 |             .fetch_update(Ordering::Relaxed, Ordering::Relaxed, |n| {
[INFO] [stdout]     |              ^^^^^^^^^^^^
[INFO] [stdout]     |
[INFO] [stdout] help: replace the use of the deprecated method
[INFO] [stdout]     |
[INFO] [stdout] 819 -             .fetch_update(Ordering::Relaxed, Ordering::Relaxed, |n| {
[INFO] [stdout] 819 +             .try_update(Ordering::Relaxed, Ordering::Relaxed, |n| {
[INFO] [stdout]     |
[INFO] [stdout] 
[INFO] [stdout] 
[INFO] [stderr]     Finished `release` profile [optimized] target(s) in 3m 16s
[INFO] running `Command { std: "docker" "inspect" "a1ad67df538755b8944f3141a1d96a2bf2b19bcd3f688a38d6919477c88aa21f", kill_on_drop: false }`
[INFO] running `Command { std: "docker" "exec" "-e" "SOURCE_DIR=/opt/rustwide/workdir" "-e" "CARGO_HOME=/opt/rustwide/cargo-home" "-e" "RUSTUP_HOME=/opt/rustwide/rustup-home" "-e" "CARGO_TARGET_DIR=/opt/rustwide/target" "-e" "CARGO_INCREMENTAL=0" "-e" "RUST_BACKTRACE=full" "-e" "RUSTFLAGS=--cap-lints=warn" "-e" "RUSTDOCFLAGS=--cap-lints=warn" "-w" "/opt/rustwide/workdir" "--user" "0:0" "a1ad67df538755b8944f3141a1d96a2bf2b19bcd3f688a38d6919477c88aa21f" "/opt/rustwide/cargo-home/bin/cargo" "+1.99.0-beta.8" "test" "--frozen" "--no-run" "--message-format=json" "--release", kill_on_drop: false }`
[INFO] [stderr]    Compiling syn v3.0.5
[INFO] [stderr]    Compiling zerovec-derive v0.11.6
[INFO] [stderr]    Compiling displaydoc v0.2.7
[INFO] [stderr]    Compiling tokio-macros v2.7.2
[INFO] [stderr]    Compiling serde_derive v1.0.229
[INFO] [stderr]    Compiling thiserror-impl v2.0.20
[INFO] [stderr]    Compiling tokio v1.53.1
[INFO] [stderr]    Compiling zerotrie v0.2.5
[INFO] [stderr]    Compiling zerovec v0.11.8
[INFO] [stderr]    Compiling thiserror v2.0.20
[INFO] [stderr]    Compiling sctp-proto v0.10.5
[INFO] [stderr]    Compiling tinystr v0.8.4
[INFO] [stderr]    Compiling potential_utf v0.1.6
[INFO] [stderr]    Compiling icu_collections v2.3.0
[INFO] [stderr]    Compiling icu_locale_core v2.3.0
[INFO] [stderr]    Compiling serde v1.0.229
[INFO] [stderr]    Compiling str0m-proto v0.7.0
[INFO] [stderr]    Compiling icu_provider v2.3.1
[INFO] [stderr]    Compiling icu_normalizer v2.3.0
[INFO] [stderr]    Compiling icu_properties v2.3.0
[INFO] [stderr]    Compiling str0m-aws-lc-rs v0.6.0
[INFO] [stderr]    Compiling is v0.11.1
[INFO] [stderr]    Compiling idna_adapter v1.2.2
[INFO] [stderr]    Compiling idna v1.1.0
[INFO] [stderr]    Compiling str0m v0.24.0
[INFO] [stderr]    Compiling url v2.5.8
[INFO] [stderr]    Compiling hyper v1.11.1
[INFO] [stderr]    Compiling tokio-rustls v0.26.5
[INFO] [stderr]    Compiling tower v0.5.3
[INFO] [stderr]    Compiling tower-http v0.6.11
[INFO] [stderr]    Compiling hyper-util v0.1.20
[INFO] [stderr]    Compiling hyper-rustls v0.27.9
[INFO] [stderr]    Compiling reqwest v0.13.4
[INFO] [stderr]    Compiling renet-cross v0.8.0 (/opt/rustwide/workdir)
[INFO] [stdout] warning: use of deprecated method `std::sync::atomic::Atomic::<u64>::fetch_update`: renamed to `try_update` for consistency
[INFO] [stdout]   --> src/bootstrap.rs:37:14
[INFO] [stdout]    |
[INFO] [stdout] 37 |             .fetch_update(Ordering::Relaxed, Ordering::Relaxed, |id| id.checked_add(1))
[INFO] [stdout]    |              ^^^^^^^^^^^^
[INFO] [stdout]    |
[INFO] [stdout]    = note: `#[warn(deprecated)]` on by default
[INFO] [stdout] help: replace the use of the deprecated method
[INFO] [stdout]    |
[INFO] [stdout] 37 -             .fetch_update(Ordering::Relaxed, Ordering::Relaxed, |id| id.checked_add(1))
[INFO] [stdout] 37 +             .try_update(Ordering::Relaxed, Ordering::Relaxed, |id| id.checked_add(1))
[INFO] [stdout]    |
[INFO] [stdout] 
[INFO] [stdout] 
[INFO] [stdout] warning: use of deprecated method `std::sync::atomic::Atomic::<usize>::fetch_update`: renamed to `try_update` for consistency
[INFO] [stdout]    --> src/server.rs:819:14
[INFO] [stdout]     |
[INFO] [stdout] 819 |             .fetch_update(Ordering::Relaxed, Ordering::Relaxed, |n| {
[INFO] [stdout]     |              ^^^^^^^^^^^^
[INFO] [stdout]     |
[INFO] [stdout] help: replace the use of the deprecated method
[INFO] [stdout]     |
[INFO] [stdout] 819 -             .fetch_update(Ordering::Relaxed, Ordering::Relaxed, |n| {
[INFO] [stdout] 819 +             .try_update(Ordering::Relaxed, Ordering::Relaxed, |n| {
[INFO] [stdout]     |
[INFO] [stdout] 
[INFO] [stdout] 
[INFO] [stdout] warning: use of deprecated method `std::sync::atomic::Atomic::<u64>::fetch_update`: renamed to `try_update` for consistency
[INFO] [stdout]   --> src/bootstrap.rs:37:14
[INFO] [stdout]    |
[INFO] [stdout] 37 |             .fetch_update(Ordering::Relaxed, Ordering::Relaxed, |id| id.checked_add(1))
[INFO] [stdout]    |              ^^^^^^^^^^^^
[INFO] [stdout]    |
[INFO] [stdout]    = note: `#[warn(deprecated)]` on by default
[INFO] [stdout] help: replace the use of the deprecated method
[INFO] [stdout]    |
[INFO] [stdout] 37 -             .fetch_update(Ordering::Relaxed, Ordering::Relaxed, |id| id.checked_add(1))
[INFO] [stdout] 37 +             .try_update(Ordering::Relaxed, Ordering::Relaxed, |id| id.checked_add(1))
[INFO] [stdout]    |
[INFO] [stdout] 
[INFO] [stdout] 
[INFO] [stdout] warning: use of deprecated method `std::sync::atomic::Atomic::<usize>::fetch_update`: renamed to `try_update` for consistency
[INFO] [stdout]    --> src/server.rs:819:14
[INFO] [stdout]     |
[INFO] [stdout] 819 |             .fetch_update(Ordering::Relaxed, Ordering::Relaxed, |n| {
[INFO] [stdout]     |              ^^^^^^^^^^^^
[INFO] [stdout]     |
[INFO] [stdout] help: replace the use of the deprecated method
[INFO] [stdout]     |
[INFO] [stdout] 819 -             .fetch_update(Ordering::Relaxed, Ordering::Relaxed, |n| {
[INFO] [stdout] 819 +             .try_update(Ordering::Relaxed, Ordering::Relaxed, |n| {
[INFO] [stdout]     |
[INFO] [stdout] 
[INFO] [stdout] 
[INFO] [stderr]     Finished `release` profile [optimized] target(s) in 1m 47s
[INFO] running `Command { std: "docker" "inspect" "a1ad67df538755b8944f3141a1d96a2bf2b19bcd3f688a38d6919477c88aa21f", kill_on_drop: false }`
[INFO] running `Command { std: "docker" "exec" "-e" "SOURCE_DIR=/opt/rustwide/workdir" "-e" "CARGO_HOME=/opt/rustwide/cargo-home" "-e" "RUSTUP_HOME=/opt/rustwide/rustup-home" "-e" "CARGO_TARGET_DIR=/opt/rustwide/target" "-e" "CARGO_INCREMENTAL=0" "-e" "RUST_BACKTRACE=full" "-e" "RUSTFLAGS=--cap-lints=warn" "-e" "RUSTDOCFLAGS=--cap-lints=warn" "-w" "/opt/rustwide/workdir" "--user" "0:0" "a1ad67df538755b8944f3141a1d96a2bf2b19bcd3f688a38d6919477c88aa21f" "/opt/rustwide/cargo-home/bin/cargo" "+1.99.0-beta.8" "test" "--frozen" "--release", kill_on_drop: false }`
[INFO] [stderr] warning: use of deprecated method `std::sync::atomic::Atomic::<u64>::fetch_update`: renamed to `try_update` for consistency
[INFO] [stderr]   --> src/bootstrap.rs:37:14
[INFO] [stderr]    |
[INFO] [stderr] 37 |             .fetch_update(Ordering::Relaxed, Ordering::Relaxed, |id| id.checked_add(1))
[INFO] [stderr]    |              ^^^^^^^^^^^^
[INFO] [stderr]    |
[INFO] [stderr]    = note: `#[warn(deprecated)]` on by default
[INFO] [stderr] help: replace the use of the deprecated method
[INFO] [stderr]    |
[INFO] [stderr] 37 -             .fetch_update(Ordering::Relaxed, Ordering::Relaxed, |id| id.checked_add(1))
[INFO] [stderr] 37 +             .try_update(Ordering::Relaxed, Ordering::Relaxed, |id| id.checked_add(1))
[INFO] [stderr]    |
[INFO] [stderr] 
[INFO] [stderr] warning: use of deprecated method `std::sync::atomic::Atomic::<usize>::fetch_update`: renamed to `try_update` for consistency
[INFO] [stderr]    --> src/server.rs:819:14
[INFO] [stderr]     |
[INFO] [stderr] 819 |             .fetch_update(Ordering::Relaxed, Ordering::Relaxed, |n| {
[INFO] [stderr]     |              ^^^^^^^^^^^^
[INFO] [stderr]     |
[INFO] [stderr] help: replace the use of the deprecated method
[INFO] [stderr]     |
[INFO] [stderr] 819 -             .fetch_update(Ordering::Relaxed, Ordering::Relaxed, |n| {
[INFO] [stderr] 819 +             .try_update(Ordering::Relaxed, Ordering::Relaxed, |n| {
[INFO] [stderr]     |
[INFO] [stderr] 
[INFO] [stderr] warning: `renet-cross` (lib) generated 2 warnings (run `cargo fix --lib -p renet-cross` to apply 2 suggestions)
[INFO] [stderr] warning: `renet-cross` (lib test) generated 2 warnings (2 duplicates)
[INFO] [stderr]     Finished `release` profile [optimized] target(s) in 0.27s
[INFO] [stderr]      Running unittests src/lib.rs (/opt/rustwide/target/release/deps/renet_cross-17972af0df86c19e)
[INFO] [stdout] 
[INFO] [stdout] running 85 tests
[INFO] [stdout] test bootstrap::tests::session_registry_cleanup_retains_active_and_newer_pending_sessions ... ok
[INFO] [stdout] test bootstrap::tests::session_registry_deactivate_and_reissue_gets_a_fresh_ttl ... ok
[INFO] [stdout] test bootstrap::tests::monotonic_allocator_unique_in_sequence ... ok
[INFO] [stdout] test bootstrap::tests::unsecure_auth_policy_accepts_missing_token ... ok
[INFO] [stdout] test conditioner::tests::constructing_replacement_engine_clears_prior_handle_state ... ok
[INFO] [stdout] test bootstrap::tests::session_registry_expires_at_exact_deadline ... ok
[INFO] [stdout] test conditioner::tests::disable_drops_old_packets_and_immediately_bypasses_new_packets ... ok
[INFO] [stdout] test conditioner::tests::backward_clock_is_clamped_and_extreme_delays_do_not_panic ... ok
[INFO] [stdout] test bootstrap::tests::monotonic_allocator_is_monotonic ... ok
[INFO] [stdout] test bootstrap::tests::session_registry_lifecycle ... ok
[INFO] [stdout] test conditioner::tests::disabled_bypasses_without_queueing ... ok
[INFO] [stdout] test conditioner::tests::reconfiguration_flushes_and_applies_new_delay ... ok
[INFO] [stdout] test conditioner::tests::packet_and_byte_limits_are_per_direction ... ok
[INFO] [stdout] test diagnostics::tests::transport_kind_classification_prefers_udp_then_webrtc ... ok
[INFO] [stdout] test conditioner::tests::negative_jitter_delay_is_clamped_to_zero ... ok
[INFO] [stdout] test conditioner::tests::rtt_baseline_freezes_and_target_never_adds_negative_delay ... ok
[INFO] [stdout] test egress::tests::queueing_slows_the_rate_toward_what_the_path_carries_and_it_recovers ... ok
[INFO] [stdout] test conditioner::tests::session_reset_prevents_stale_packets_and_resets_statistics ... ok
[INFO] [stdout] test conditioner::tests::total_loss_has_separate_counter_and_no_queue_usage ... ok
[INFO] [stdout] test egress::tests::wall_credit_reserve_caps_and_reconfiguration_are_bounded ... ok
[INFO] [stdout] test conditioner::tests::schedules_both_directions_and_preserves_equal_deadline_order ... ok
[INFO] [stdout] test diagnostics::tests::snapshot_contains_all_connected_clients ... ok
[INFO] [stdout] test link_impairment::tests::datagrams_wait_their_delay_and_loss_is_seeded ... ok
[INFO] [stdout] test egress::tests::peer_churn_has_a_fixed_memory_bound_and_shared_overflow_credit ... ok
[INFO] [stdout] test link_impairment::tests::a_bottleneck_paces_datagrams_and_drops_beyond_its_queue ... ok
[INFO] [stdout] test egress::tests::native_header_units_and_web_logical_counters_are_distinct ... ok
[INFO] [stdout] test packet_io::client::tests::shared_callback_queue_and_session_cleanup ... ok
[INFO] [stdout] test link_impairment::tests::burst_loss_keeps_its_rate_and_clusters ... ok
[INFO] [stdout] test bootstrap::tests::session_registry_zero_ttl_expires_without_clock_advance ... ok
[INFO] [stdout] test native_client::egress_tests::actual_ipv4_and_ipv6_datagrams_count_destination_headers_and_cap_drops ... ok
[INFO] [stdout] test packet_io::client::tests::dropping_last_owner_clears_external_queue_stats ... ok
[INFO] [stdout] test packet_io::client::tests::native_transport_remains_send_and_sync ... ok
[INFO] [stdout] test sdp_http::tests::invalid_offer_is_rejected ... ok
[INFO] [stdout] test conditioner::tests::seeded_partial_loss_is_reproducible ... ok
[INFO] [stdout] test link_impairment::tests::spikes_add_delay_only_inside_their_window ... ok
[INFO] [stdout] test link_impairment::tests::jitter_varies_delay_without_reordering ... ok
[INFO] [stdout] test conditioner::tests::outage_flushes_pending_packets_and_zero_cancels ... ok
[INFO] [stdout] test conditioner::tests::rtt_settling_ignores_conditioned_filter_tail_even_after_reset ... ok
[INFO] [stdout] test egress::tests::allowance_matches_admission_without_minting_credit_or_tracking_entries ... ok
[INFO] [stdout] test sdp_http::tests::pending_peers_use_capacity_before_parsing_an_offer ... ok
[INFO] [stdout] test sdp_http::tests::duplicate_client_is_rejected ... ok
[INFO] [stdout] test conditioner::tests::invalid_configuration_is_atomic ... ok
[INFO] [stdout] test conditioner::tests::outage_starts_on_poll_works_while_disabled_and_recovers ... ok
[INFO] [stdout] test conditioner::tests::seeded_jitter_is_repeatable_bounded_and_can_reorder ... ok
[INFO] [stdout] test server::tests::disconnect_all_releases_half_open_peers ... ok
[INFO] [stdout] test server::tests::full_size_netcode_packet_is_one_webrtc_datagram ... ok
[INFO] [stdout] test link_impairment::tests::sent_datagrams_arrive_on_time_while_the_sender_is_suspended ... ok
[INFO] [stdout] test server::tests::duplicate_webrtc_identity_does_not_disconnect_existing_renet_client ... ok
[INFO] [stdout] test server::tests::replacing_peer_releases_netcode_slot_without_removing_replacement ... ok
[INFO] [stdout] test server::tests::ice_candidate_checks_can_replace_previously_observed_source ... ok
[INFO] [stdout] test server::tests::reliable_burst_survives_per_update_ingest_budget ... ok
[INFO] [stdout] test server::tests::output_budget_exhaustion_defers_mutation_until_drained ... ok
[INFO] [stdout] test server::tests::lost_initial_keepalive_recovers_during_continuous_payloads ... FAILED
[INFO] [stdout] test server::tests::conditioning::conditioned_handshake_keeps_signaling_identity_validation ... ok
[INFO] [stdout] test server_conditioner::tests::delayed_outgoing_packets_reserve_credit_until_release_without_cross_peer_charging ... ok
[INFO] [stdout] test server_conditioner::tests::idle_cleanup_discards_old_sessions_and_frees_unknown_udp_capacity ... ok
[INFO] [stdout] test server_conditioner::tests::independent_peer_seeds_are_stable ... ok
[INFO] [stdout] test server_conditioner::tests::invalid_config_does_not_change_existing_settings ... ok
[INFO] [stdout] test server_conditioner::tests::activity_refreshes_idle_timeout_and_reduced_limit_evicts_oldest ... ok
[INFO] [stdout] test server_conditioner::tests::disable_and_reconfigure_flush_and_apply_to_future_peers ... ok
[INFO] [stdout] test server::tests::signaling_identity_cannot_claim_another_netcode_identity ... ok
[INFO] [stdout] test server_conditioner::tests::mixed_owners_share_limit_but_never_drain_or_clear_each_other ... ok
[INFO] [stdout] test server_conditioner::tests::outage_discards_pending_and_configuration_cancels_outage ... ok
[INFO] [stdout] test server_conditioner::tests::peers_and_directions_have_independent_queues ... ok
[INFO] [stdout] test server::tests::send_flush_preserves_incoming_channel_events ... ok
[INFO] [stdout] test server::tests::conditioning::replacing_conditioned_peer_discards_both_packet_queues ... ok
[INFO] [stdout] test server::tests::web_rtc_egress_paces_encrypted_messages_without_claiming_physical_bytes ... ok
[INFO] [stdout] test udp_io::tests::empty_socket_yields_and_fatal_error_is_preserved ... ok
[INFO] [stdout] test server::tests::stale_address_cache_does_not_bypass_rtc_demultiplexing ... ok
[INFO] [stdout] test transport_builder::tests::builder_defaults_allocate_valid_public_addresses ... ok
[INFO] [stdout] test web_config::tests::buffered_send_includes_new_packet_and_handles_overflow ... ok
[INFO] [stdout] test web_config::tests::oversized_browser_messages_are_rejected_before_copy ... ok
[INFO] [stdout] test udp_io::tests::busy_socket_and_repeated_errors_cannot_exceed_receive_budget ... ok
[INFO] [stdout] test web_config::tests::paused_receiver_keeps_newest_packets_in_order_and_counts_drops ... ok
[INFO] [stdout] test web_config::tests::validates_buffer_limits_and_allows_host_only_ice ... ok
[INFO] [stdout] test server_conditioner::tests::server_handles_remain_send_sync ... ok
[INFO] [stdout] test server_conditioner::tests::startup_and_new_arrivals_experience_one_global_outage_deadline ... ok
[INFO] [stdout] test transport_builder::tests::builder_public_addr_overrides_take_precedence ... ok
[INFO] [stdout] test server::tests::reliable_burst_beyond_the_channel_buffer_is_delivered_by_renet_resends ... ok
[INFO] [stdout] test server::tests::conditioning::server_conditioning_leaves_ice_running_and_can_restore_netcode_delivery ... ok
[INFO] [stdout] test server::tests::native_udp_and_webrtc_share_renet_without_cross_routing ... ok
[INFO] [stdout] test server::tests::real_webrtc_netcode_bidirectional_delivery_and_disconnect ... ok
[INFO] [stdout] test server::tests::renet_data_packets_fit_the_single_chunk_budget ... ok
[INFO] [stdout] test server::tests::default_webrtc_logical_messages_roundtrip_without_claiming_browser_udp_limits ... ok
[INFO] [stdout] test server::tests::sustained_send_never_starves_a_draining_peer ... ok
[INFO] [stdout] 
[INFO] [stdout] failures:
[INFO] [stdout] 
[INFO] [stdout] ---- server::tests::lost_initial_keepalive_recovers_during_continuous_payloads stdout ----
[INFO] [stdout] 
[INFO] [stdout] thread 'server::tests::lost_initial_keepalive_recovers_during_continuous_payloads' (3729) panicked at src/server_tests.rs:245:5:
[INFO] [stdout] payloads must not suppress confirmation retries
[INFO] [stdout] stack backtrace:
[INFO] [stdout]    0:     0x6206a4d10b81 - <<std[70759c8f55707aa4]::sys::backtrace::BacktraceLock>::print::DisplayBacktrace as core[df12db4294e9bfd3]::fmt::Display>::fmt
[INFO] [stdout]    1:     0x6206a4d290da - core[df12db4294e9bfd3]::fmt::write
[INFO] [stdout]    2:     0x6206a4d15b7c - <alloc[2182bb758b4b3781]::vec::Vec<u8> as core[df12db4294e9bfd3]::io::write::Write>::write_fmt
[INFO] [stdout]    3:     0x6206a4cebe46 - std[70759c8f55707aa4]::panicking::default_hook::{closure#0}
[INFO] [stdout]    4:     0x6206a4d08b09 - std[70759c8f55707aa4]::panicking::default_hook
[INFO] [stdout]    5:     0x6206a47feaa0 - test[9d35eded1c95d3be]::test_main_inner::<test[9d35eded1c95d3be]::test_main_static::{closure#0}>::{closure#0}
[INFO] [stdout]    6:     0x6206a4d08cc2 - std[70759c8f55707aa4]::panicking::panic_with_hook
[INFO] [stdout]    7:     0x6206a4cebf24 - std[70759c8f55707aa4]::panicking::panic_handler::{closure#0}
[INFO] [stdout]    8:     0x6206a4ce4609 - std[70759c8f55707aa4]::sys::backtrace::__rust_end_short_backtrace::<std[70759c8f55707aa4]::panicking::panic_handler::{closure#0}, !>
[INFO] [stdout]    9:     0x6206a4cecded - __rustc[8fa7c3cbc660c2b3]::rust_begin_unwind
[INFO] [stdout]   10:     0x6206a4d2983c - core[df12db4294e9bfd3]::panicking::panic_fmt
[INFO] [stdout]   11:     0x6206a47a7f9d - renet_cross[7c6cbd48f44f45f]::server::tests::lost_initial_keepalive_recovers_during_continuous_payloads
[INFO] [stdout]   12:     0x6206a47d43a9 - <renet_cross[7c6cbd48f44f45f]::server::tests::lost_initial_keepalive_recovers_during_continuous_payloads::{closure#0} as core[df12db4294e9bfd3]::ops::function::FnOnce<()>>::call_once
[INFO] [stdout]   13:     0x6206a47f1d8b - test[9d35eded1c95d3be]::__rust_begin_short_backtrace::<core[df12db4294e9bfd3]::result::Result<(), alloc[2182bb758b4b3781]::string::String>, fn() -> core[df12db4294e9bfd3]::result::Result<(), alloc[2182bb758b4b3781]::string::String>>
[INFO] [stdout]   14:     0x6206a47ff3f5 - test[9d35eded1c95d3be]::run_test::{closure#0}
[INFO] [stdout]   15:     0x6206a47f8cb4 - std[70759c8f55707aa4]::sys::backtrace::__rust_begin_short_backtrace::<test[9d35eded1c95d3be]::run_test::{closure#1}, ()>
[INFO] [stdout]   16:     0x6206a4802552 - <std[70759c8f55707aa4]::thread::lifecycle::spawn_unchecked<test[9d35eded1c95d3be]::run_test::{closure#1}, ()>::{closure#1} as core[df12db4294e9bfd3]::ops::function::FnOnce<()>>::call_once::{shim:vtable#0}
[INFO] [stdout]   17:     0x6206a4d0ff49 - <std[70759c8f55707aa4]::sys::thread::unix::Thread>::new::thread_start
[INFO] [stdout]   18:     0x7683e3645dfa - <unknown>
[INFO] [stdout]   19:     0x7683e36d93d4 - clone
[INFO] [stdout]   20:                0x0 - <unknown>
[INFO] [stdout] 
[INFO] [stdout] 
[INFO] [stdout] failures:
[INFO] [stdout]     server::tests::lost_initial_keepalive_recovers_during_continuous_payloads
[INFO] [stdout] 
[INFO] [stdout] test result: FAILED. 84 passed; 1 failed; 0 ignored; 0 measured; 0 filtered out; finished in 0.71s
[INFO] [stdout] 
[INFO] [stderr] error: test failed, to rerun pass `--lib`
[INFO] running `Command { std: "docker" "inspect" "a1ad67df538755b8944f3141a1d96a2bf2b19bcd3f688a38d6919477c88aa21f", kill_on_drop: false }`
[INFO] running `Command { std: "docker" "rm" "-f" "a1ad67df538755b8944f3141a1d96a2bf2b19bcd3f688a38d6919477c88aa21f", kill_on_drop: false }`
[INFO] [stdout] a1ad67df538755b8944f3141a1d96a2bf2b19bcd3f688a38d6919477c88aa21f
