[INFO] fetching crate render_regex 0.0.0...
[INFO] testing render_regex-0.0.0 against 1.99.0-beta.8+cargoflags=--release for beta-release-1.100-2
[INFO] extracting crate render_regex 0.0.0 into /workspace/builds/worker-7-tc1/source
[INFO] started tweaking crates.io crate render_regex 0.0.0
[INFO] removed 0 missing tests
[INFO] finished tweaking crates.io crate render_regex 0.0.0
[INFO] tweaked toml for crates.io crate render_regex 0.0.0 written to /workspace/builds/worker-7-tc1/source/Cargo.toml
[INFO] validating manifest of crates.io crate render_regex 0.0.0 on toolchain 1.99.0-beta.8
[INFO] running `Command { std: CARGO_HOME="/workspace/cargo-home" RUSTUP_HOME="/workspace/rustup-home" "/workspace/cargo-home/bin/cargo" "+1.99.0-beta.8" "metadata" "--manifest-path" "Cargo.toml" "--no-deps", kill_on_drop: false }`
[INFO] crate crates.io crate render_regex 0.0.0 already has a lockfile, it will not be regenerated
[INFO] running `Command { std: CARGO_HOME="/workspace/cargo-home" RUSTUP_HOME="/workspace/rustup-home" "/workspace/cargo-home/bin/cargo" "+1.99.0-beta.8" "fetch" "--manifest-path" "Cargo.toml", kill_on_drop: false }`
[INFO] [stderr]     Updating crates.io index
[INFO] [stderr]  Downloading crates ...
[INFO] [stderr]   Downloaded visibility v0.0.1
[INFO] [stderr]   Downloaded svg v0.13.1
[INFO] [stderr]   Downloaded predicates v2.1.5
[INFO] [stderr]   Downloaded rusty_regex v0.2.4
[INFO] [stderr]   Downloaded assert_cmd v2.0.17
[INFO] [stderr]   Downloaded clap v4.5.40
[INFO] [stderr]   Downloaded clap_derive v4.5.40
[INFO] [stderr]   Downloaded clap_builder v4.5.40
[INFO] [stderr]   Downloaded syn v2.0.102
[INFO] running `Command { std: "docker" "create" "-v" "/var/lib/crater-agent-workspace/builds/worker-7-tc1/source:/opt/rustwide/workdir:ro,Z" "-v" "/var/lib/crater-agent-workspace/builds/worker-7-tc1/target:/opt/rustwide/target:rw,Z" "-v" "/var/lib/crater-agent-workspace/cargo-home:/opt/rustwide/cargo-home:ro,Z" "-v" "/var/lib/crater-agent-workspace/rustup-home:/opt/rustwide/rustup-home:ro,Z" "-m" "1610612736" "--network" "none" "ghcr.io/rust-lang/crates-build-env/linux@sha256:77db811e55d90add9212f6832c23229e3de5f1c1f9905e8cb07319ea15df73ac" "sleep" "infinity", kill_on_drop: false }`
[INFO] [stdout] 0341feab0e42afa3afe53e129979825f50da590dc693dddfc9abc535753c6c39
[INFO] running `Command { std: "docker" "start" "0341feab0e42afa3afe53e129979825f50da590dc693dddfc9abc535753c6c39", kill_on_drop: false }`
[INFO] running `Command { std: "docker" "inspect" "0341feab0e42afa3afe53e129979825f50da590dc693dddfc9abc535753c6c39", kill_on_drop: false }`
[INFO] running `Command { std: "docker" "exec" "-e" "SOURCE_DIR=/opt/rustwide/workdir" "-e" "CARGO_HOME=/opt/rustwide/cargo-home" "-e" "RUSTUP_HOME=/opt/rustwide/rustup-home" "-e" "CARGO_TARGET_DIR=/opt/rustwide/target" "-w" "/opt/rustwide/workdir" "--user" "0:0" "0341feab0e42afa3afe53e129979825f50da590dc693dddfc9abc535753c6c39" "/opt/rustwide/cargo-home/bin/cargo" "+1.99.0-beta.8" "metadata" "--no-deps" "--format-version=1", kill_on_drop: false }`
[INFO] running `Command { std: "docker" "inspect" "0341feab0e42afa3afe53e129979825f50da590dc693dddfc9abc535753c6c39", kill_on_drop: false }`
[INFO] running `Command { std: "docker" "exec" "-e" "SOURCE_DIR=/opt/rustwide/workdir" "-e" "CARGO_HOME=/opt/rustwide/cargo-home" "-e" "RUSTUP_HOME=/opt/rustwide/rustup-home" "-e" "CARGO_TARGET_DIR=/opt/rustwide/target" "-e" "CARGO_INCREMENTAL=0" "-e" "RUST_BACKTRACE=full" "-e" "RUSTFLAGS=--cap-lints=warn" "-e" "RUSTDOCFLAGS=--cap-lints=warn" "-w" "/opt/rustwide/workdir" "--user" "0:0" "0341feab0e42afa3afe53e129979825f50da590dc693dddfc9abc535753c6c39" "/opt/rustwide/cargo-home/bin/cargo" "+1.99.0-beta.8" "build" "--frozen" "--message-format=json" "--release", kill_on_drop: false }`
[INFO] [stderr]    Compiling libc v0.2.174
[INFO] [stderr]    Compiling syn v2.0.102
[INFO] [stderr]    Compiling zerocopy v0.8.26
[INFO] [stderr]    Compiling cfg-if v1.0.1
[INFO] [stderr]    Compiling is_terminal_polyfill v1.70.1
[INFO] [stderr]    Compiling anstyle-query v1.1.3
[INFO] [stderr]    Compiling anstyle v1.0.11
[INFO] [stderr]    Compiling syn v1.0.109
[INFO] [stderr]    Compiling clap_lex v0.7.5
[INFO] [stderr]    Compiling serde_json v1.0.142
[INFO] [stderr]    Compiling memchr v2.7.5
[INFO] [stderr]    Compiling svg v0.13.1
[INFO] [stderr]    Compiling anstream v0.6.19
[INFO] [stderr]    Compiling clap_builder v4.5.40
[INFO] [stderr]    Compiling getrandom v0.2.16
[INFO] [stderr]    Compiling rand_core v0.6.4
[INFO] [stderr]    Compiling ppv-lite86 v0.2.21
[INFO] [stderr]    Compiling rand_chacha v0.3.1
[INFO] [stderr]    Compiling rand v0.8.5
[INFO] [stderr]    Compiling visibility v0.0.1
[INFO] [stderr]    Compiling rusty_regex v0.2.4
[INFO] [stderr]    Compiling serde_derive v1.0.219
[INFO] [stderr]    Compiling clap_derive v4.5.40
[INFO] [stderr]    Compiling clap v4.5.40
[INFO] [stderr]    Compiling serde v1.0.219
[INFO] [stderr]    Compiling render_regex v0.0.0 (/opt/rustwide/workdir)
[INFO] [stderr]     Finished `release` profile [optimized] target(s) in 52.40s
[INFO] running `Command { std: "docker" "inspect" "0341feab0e42afa3afe53e129979825f50da590dc693dddfc9abc535753c6c39", kill_on_drop: false }`
[INFO] running `Command { std: "docker" "exec" "-e" "SOURCE_DIR=/opt/rustwide/workdir" "-e" "CARGO_HOME=/opt/rustwide/cargo-home" "-e" "RUSTUP_HOME=/opt/rustwide/rustup-home" "-e" "CARGO_TARGET_DIR=/opt/rustwide/target" "-e" "CARGO_INCREMENTAL=0" "-e" "RUST_BACKTRACE=full" "-e" "RUSTFLAGS=--cap-lints=warn" "-e" "RUSTDOCFLAGS=--cap-lints=warn" "-w" "/opt/rustwide/workdir" "--user" "0:0" "0341feab0e42afa3afe53e129979825f50da590dc693dddfc9abc535753c6c39" "/opt/rustwide/cargo-home/bin/cargo" "+1.99.0-beta.8" "test" "--frozen" "--no-run" "--message-format=json" "--release", kill_on_drop: false }`
[INFO] [stderr]    Compiling libc v0.2.174
[INFO] [stderr]    Compiling aho-corasick v1.1.3
[INFO] [stderr]    Compiling regex-syntax v0.8.5
[INFO] [stderr]    Compiling predicates-core v1.0.9
[INFO] [stderr]    Compiling difflib v0.4.0
[INFO] [stderr]    Compiling doc-comment v0.3.3
[INFO] [stderr]    Compiling termtree v0.5.1
[INFO] [stderr]    Compiling assert_cmd v2.0.17
[INFO] [stderr]    Compiling predicates-tree v1.0.12
[INFO] [stderr]    Compiling itertools v0.10.5
[INFO] [stderr]    Compiling float-cmp v0.9.0
[INFO] [stderr]    Compiling normalize-line-endings v0.3.0
[INFO] [stderr]    Compiling predicates v3.1.3
[INFO] [stderr]    Compiling getrandom v0.2.16
[INFO] [stderr]    Compiling rand_core v0.6.4
[INFO] [stderr]    Compiling rand_chacha v0.3.1
[INFO] [stderr]    Compiling wait-timeout v0.2.1
[INFO] [stderr]    Compiling rand v0.8.5
[INFO] [stderr]    Compiling regex-automata v0.4.9
[INFO] [stderr]    Compiling render_regex v0.0.0 (/opt/rustwide/workdir)
[INFO] [stderr]    Compiling bstr v1.12.0
[INFO] [stderr]    Compiling regex v1.11.1
[INFO] [stderr]    Compiling predicates v2.1.5
[INFO] [stdout] warning: unused import: `assert_cmd::Command`
[INFO] [stdout]  --> tests/help_tests.rs:3:5
[INFO] [stdout]   |
[INFO] [stdout] 3 | use assert_cmd::Command;
[INFO] [stdout]   |     ^^^^^^^^^^^^^^^^^^^
[INFO] [stdout]   |
[INFO] [stdout]   = note: `#[warn(unused_imports)]` (part of `#[warn(unused)]`) on by default
[INFO] [stdout] 
[INFO] [stdout] 
[INFO] [stderr]     Finished `release` profile [optimized] target(s) in 58.92s
[INFO] running `Command { std: "docker" "inspect" "0341feab0e42afa3afe53e129979825f50da590dc693dddfc9abc535753c6c39", kill_on_drop: false }`
[INFO] running `Command { std: "docker" "exec" "-e" "SOURCE_DIR=/opt/rustwide/workdir" "-e" "CARGO_HOME=/opt/rustwide/cargo-home" "-e" "RUSTUP_HOME=/opt/rustwide/rustup-home" "-e" "CARGO_TARGET_DIR=/opt/rustwide/target" "-e" "CARGO_INCREMENTAL=0" "-e" "RUST_BACKTRACE=full" "-e" "RUSTFLAGS=--cap-lints=warn" "-e" "RUSTDOCFLAGS=--cap-lints=warn" "-w" "/opt/rustwide/workdir" "--user" "0:0" "0341feab0e42afa3afe53e129979825f50da590dc693dddfc9abc535753c6c39" "/opt/rustwide/cargo-home/bin/cargo" "+1.99.0-beta.8" "test" "--frozen" "--release", kill_on_drop: false }`
[INFO] [stderr] warning: unused import: `assert_cmd::Command`
[INFO] [stderr]  --> tests/help_tests.rs:3:5
[INFO] [stderr]   |
[INFO] [stderr] 3 | use assert_cmd::Command;
[INFO] [stderr]   |     ^^^^^^^^^^^^^^^^^^^
[INFO] [stderr]   |
[INFO] [stderr]   = note: `#[warn(unused_imports)]` (part of `#[warn(unused)]`) on by default
[INFO] [stderr] 
[INFO] [stderr] warning: `render_regex` (test "help_tests") generated 1 warning (run `cargo fix --test "help_tests" -p render_regex` to apply 1 suggestion)
[INFO] [stderr]     Finished `release` profile [optimized] target(s) in 0.10s
[INFO] [stderr]      Running unittests src/lib.rs (/opt/rustwide/target/release/deps/render_regex-ded4123771134ade)
[INFO] [stdout] 
[INFO] [stderr]      Running unittests src/main.rs (/opt/rustwide/target/release/deps/render_regex-02566de79e6a042e)
[INFO] [stdout] running 0 tests
[INFO] [stdout] 
[INFO] [stdout] test result: ok. 0 passed; 0 failed; 0 ignored; 0 measured; 0 filtered out; finished in 0.00s
[INFO] [stdout] 
[INFO] [stdout] 
[INFO] [stdout] running 0 tests
[INFO] [stderr]      Running tests/arrow_tests.rs (/opt/rustwide/target/release/deps/arrow_tests-d95a764cc4d2b46a)
[INFO] [stdout] 
[INFO] [stdout] test result: ok. 0 passed; 0 failed; 0 ignored; 0 measured; 0 filtered out; finished in 0.00s
[INFO] [stdout] 
[INFO] [stdout] 
[INFO] [stdout] running 3 tests
[INFO] [stdout] test test_arrow_size_applies_marker_dimensions ... FAILED
[INFO] [stdout] test test_arrow_style_dot_renders_circle ... FAILED
[INFO] [stdout] test test_no_arrows_disables_markers ... FAILED
[INFO] [stdout] 
[INFO] [stdout] failures:
[INFO] [stdout] 
[INFO] [stdout] ---- test_arrow_size_applies_marker_dimensions stdout ----
[INFO] [stdout] 
[INFO] [stdout] thread 'test_arrow_size_applies_marker_dimensions' (1297) panicked at /rustc/dfb0accb7f508ae8be965d8629557221c889dd98/library/core/src/ops/function.rs:250:5:
[INFO] [stdout] Unexpected failure.
[INFO] [stdout] code=1
[INFO] [stdout] stderr=```"Error: Os { code: 30, kind: ReadOnlyFilesystem, message: \"Read-only file system\" }\n"```
[INFO] [stdout] command=`"/opt/rustwide/target/release/render_regex" "a" "--stage" "dfa" "--arrow-size" "12" "--output" "size.svg"`
[INFO] [stdout] code=1
[INFO] [stdout] stdout=```
[INFO] [stdout] Node 0 :: start: true; end: false
[INFO] [stdout] Node 1 :: start: false; end: true
[INFO] [stdout] EDGE 0 -> 1 has curve: Straight
[INFO] [stdout] ```
[INFO] [stdout] 
[INFO] [stdout] stderr="Error: Os { code: 30, kind: ReadOnlyFilesystem, message: \"Read-only file system\" }\n"
[INFO] [stdout] 
[INFO] [stdout] stack backtrace:
[INFO] [stdout]    0:     0x567f2e269a01 - <<std[70759c8f55707aa4]::sys::backtrace::BacktraceLock>::print::DisplayBacktrace as core[df12db4294e9bfd3]::fmt::Display>::fmt
[INFO] [stdout]    1:     0x567f2e2806ca - core[df12db4294e9bfd3]::fmt::write
[INFO] [stdout]    2:     0x567f2e26f50c - <alloc[2182bb758b4b3781]::vec::Vec<u8> as core[df12db4294e9bfd3]::io::write::Write>::write_fmt
[INFO] [stdout]    3:     0x567f2e244b06 - std[70759c8f55707aa4]::panicking::default_hook::{closure#0}
[INFO] [stdout]    4:     0x567f2e2615e9 - std[70759c8f55707aa4]::panicking::default_hook
[INFO] [stdout]    5:     0x567f2e1f17d0 - test[9d35eded1c95d3be]::test_main_inner::<test[9d35eded1c95d3be]::test_main_static::{closure#0}>::{closure#0}
[INFO] [stdout]    6:     0x567f2e2617a2 - std[70759c8f55707aa4]::panicking::panic_with_hook
[INFO] [stdout]    7:     0x567f2e244bb2 - std[70759c8f55707aa4]::panicking::panic_handler::{closure#0}
[INFO] [stdout]    8:     0x567f2e23d6f9 - std[70759c8f55707aa4]::sys::backtrace::__rust_end_short_backtrace::<std[70759c8f55707aa4]::panicking::panic_handler::{closure#0}, !>
[INFO] [stdout]    9:     0x567f2e2457ad - __rustc[8fa7c3cbc660c2b3]::rust_begin_unwind
[INFO] [stdout]   10:     0x567f2e280e7c - core[df12db4294e9bfd3]::panicking::panic_fmt
[INFO] [stdout]   11:     0x567f2e225a83 - <assert_cmd[c08ae1a594a96344]::assert::AssertError>::panic::<assert_cmd[c08ae1a594a96344]::assert::Assert>
[INFO] [stdout]   12:     0x567f2e225dc6 - <assert_cmd[c08ae1a594a96344]::assert::Assert>::success
[INFO] [stdout]   13:     0x567f2e1e2b37 - arrow_tests[82cfb7ce9b602450]::run_and_read_svg
[INFO] [stdout]   14:     0x567f2e1e382f - <arrow_tests[82cfb7ce9b602450]::test_arrow_size_applies_marker_dimensions::{closure#0} as core[df12db4294e9bfd3]::ops::function::FnOnce<()>>::call_once
[INFO] [stdout]   15:     0x567f2e1e4abb - test[9d35eded1c95d3be]::__rust_begin_short_backtrace::<core[df12db4294e9bfd3]::result::Result<(), alloc[2182bb758b4b3781]::string::String>, fn() -> core[df12db4294e9bfd3]::result::Result<(), alloc[2182bb758b4b3781]::string::String>>
[INFO] [stdout]   16:     0x567f2e1f2125 - test[9d35eded1c95d3be]::run_test::{closure#0}
[INFO] [stdout]   17:     0x567f2e1eb9e4 - std[70759c8f55707aa4]::sys::backtrace::__rust_begin_short_backtrace::<test[9d35eded1c95d3be]::run_test::{closure#1}, ()>
[INFO] [stdout]   18:     0x567f2e1f5282 - <std[70759c8f55707aa4]::thread::lifecycle::spawn_unchecked<test[9d35eded1c95d3be]::run_test::{closure#1}, ()>::{closure#1} as core[df12db4294e9bfd3]::ops::function::FnOnce<()>>::call_once::{shim:vtable#0}
[INFO] [stdout]   19:     0x567f2e268ee9 - <std[70759c8f55707aa4]::sys::thread::unix::Thread>::new::thread_start
[INFO] [stdout]   20:     0x7ee44b806dfa - <unknown>
[INFO] [stdout]   21:     0x7ee44b89a3d4 - clone
[INFO] [stdout]   22:                0x0 - <unknown>
[INFO] [stdout] 
[INFO] [stdout] ---- test_arrow_style_dot_renders_circle stdout ----
[INFO] [stdout] 
[INFO] [stdout] thread 'test_arrow_style_dot_renders_circle' (1298) panicked at /rustc/dfb0accb7f508ae8be965d8629557221c889dd98/library/core/src/ops/function.rs:250:5:
[INFO] [stdout] Unexpected failure.
[INFO] [stdout] code=1
[INFO] [stdout] stderr=```"Error: Os { code: 30, kind: ReadOnlyFilesystem, message: \"Read-only file system\" }\n"```
[INFO] [stdout] command=`"/opt/rustwide/target/release/render_regex" "a" "--stage" "dfa" "--arrow-style" "Dot" "--output" "dot.svg"`
[INFO] [stdout] code=1
[INFO] [stdout] stdout=```
[INFO] [stdout] Node 0 :: start: true; end: false
[INFO] [stdout] Node 1 :: start: false; end: true
[INFO] [stdout] EDGE 0 -> 1 has curve: Straight
[INFO] [stdout] ```
[INFO] [stdout] 
[INFO] [stdout] stderr="Error: Os { code: 30, kind: ReadOnlyFilesystem, message: \"Read-only file system\" }\n"
[INFO] [stdout] 
[INFO] [stdout] stack backtrace:
[INFO] [stdout]    0:     0x567f2e269a01 - <<std[70759c8f55707aa4]::sys::backtrace::BacktraceLock>::print::DisplayBacktrace as core[df12db4294e9bfd3]::fmt::Display>::fmt
[INFO] [stdout]    1:     0x567f2e2806ca - core[df12db4294e9bfd3]::fmt::write
[INFO] [stdout]    2:     0x567f2e26f50c - <alloc[2182bb758b4b3781]::vec::Vec<u8> as core[df12db4294e9bfd3]::io::write::Write>::write_fmt
[INFO] [stdout]    3:     0x567f2e244b06 - std[70759c8f55707aa4]::panicking::default_hook::{closure#0}
[INFO] [stdout]    4:     0x567f2e2615e9 - std[70759c8f55707aa4]::panicking::default_hook
[INFO] [stdout]    5:     0x567f2e1f17d0 - test[9d35eded1c95d3be]::test_main_inner::<test[9d35eded1c95d3be]::test_main_static::{closure#0}>::{closure#0}
[INFO] [stdout]    6:     0x567f2e2617a2 - std[70759c8f55707aa4]::panicking::panic_with_hook
[INFO] [stdout]    7:     0x567f2e244bb2 - std[70759c8f55707aa4]::panicking::panic_handler::{closure#0}
[INFO] [stdout]    8:     0x567f2e23d6f9 - std[70759c8f55707aa4]::sys::backtrace::__rust_end_short_backtrace::<std[70759c8f55707aa4]::panicking::panic_handler::{closure#0}, !>
[INFO] [stdout]    9:     0x567f2e2457ad - __rustc[8fa7c3cbc660c2b3]::rust_begin_unwind
[INFO] [stdout]   10:     0x567f2e280e7c - core[df12db4294e9bfd3]::panicking::panic_fmt
[INFO] [stdout]   11:     0x567f2e225a83 - <assert_cmd[c08ae1a594a96344]::assert::AssertError>::panic::<assert_cmd[c08ae1a594a96344]::assert::Assert>
[INFO] [stdout]   12:     0x567f2e225dc6 - <assert_cmd[c08ae1a594a96344]::assert::Assert>::success
[INFO] [stdout]   13:     0x567f2e1e2b37 - arrow_tests[82cfb7ce9b602450]::run_and_read_svg
[INFO] [stdout]   14:     0x567f2e1e373f - <arrow_tests[82cfb7ce9b602450]::test_arrow_style_dot_renders_circle::{closure#0} as core[df12db4294e9bfd3]::ops::function::FnOnce<()>>::call_once
[INFO] [stdout]   15:     0x567f2e1e4abb - test[9d35eded1c95d3be]::__rust_begin_short_backtrace::<core[df12db4294e9bfd3]::result::Result<(), alloc[2182bb758b4b3781]::string::String>, fn() -> core[df12db4294e9bfd3]::result::Result<(), alloc[2182bb758b4b3781]::string::String>>
[INFO] [stdout]   16:     0x567f2e1f2125 - test[9d35eded1c95d3be]::run_test::{closure#0}
[INFO] [stdout]   17:     0x567f2e1eb9e4 - std[70759c8f55707aa4]::sys::backtrace::__rust_begin_short_backtrace::<test[9d35eded1c95d3be]::run_test::{closure#1}, ()>
[INFO] [stdout]   18:     0x567f2e1f5282 - <std[70759c8f55707aa4]::thread::lifecycle::spawn_unchecked<test[9d35eded1c95d3be]::run_test::{closure#1}, ()>::{closure#1} as core[df12db4294e9bfd3]::ops::function::FnOnce<()>>::call_once::{shim:vtable#0}
[INFO] [stdout]   19:     0x567f2e268ee9 - <std[70759c8f55707aa4]::sys::thread::unix::Thread>::new::thread_start
[INFO] [stdout]   20:     0x7ee44b806dfa - <unknown>
[INFO] [stdout]   21:     0x7ee44b89a3d4 - clone
[INFO] [stdout]   22:                0x0 - <unknown>
[INFO] [stdout] 
[INFO] [stdout] ---- test_no_arrows_disables_markers stdout ----
[INFO] [stdout] 
[INFO] [stdout] thread 'test_no_arrows_disables_markers' (1299) panicked at /rustc/dfb0accb7f508ae8be965d8629557221c889dd98/library/core/src/ops/function.rs:250:5:
[INFO] [stdout] Unexpected failure.
[INFO] [stdout] code=1
[INFO] [stdout] stderr=```"Error: Os { code: 30, kind: ReadOnlyFilesystem, message: \"Read-only file system\" }\n"```
[INFO] [stdout] command=`"/opt/rustwide/target/release/render_regex" "a" "--stage" "dfa" "--no-arrows" "--output" "no_arrows.svg"`
[INFO] [stdout] code=1
[INFO] [stdout] stdout=```
[INFO] [stdout] Node 0 :: start: true; end: false
[INFO] [stdout] Node 1 :: start: false; end: true
[INFO] [stdout] EDGE 0 -> 1 has curve: Straight
[INFO] [stdout] ```
[INFO] [stdout] 
[INFO] [stdout] stderr="Error: Os { code: 30, kind: ReadOnlyFilesystem, message: \"Read-only file system\" }\n"
[INFO] [stdout] 
[INFO] [stdout] stack backtrace:
[INFO] [stdout]    0:     0x567f2e269a01 - <<std[70759c8f55707aa4]::sys::backtrace::BacktraceLock>::print::DisplayBacktrace as core[df12db4294e9bfd3]::fmt::Display>::fmt
[INFO] [stdout]    1:     0x567f2e2806ca - core[df12db4294e9bfd3]::fmt::write
[INFO] [stdout]    2:     0x567f2e26f50c - <alloc[2182bb758b4b3781]::vec::Vec<u8> as core[df12db4294e9bfd3]::io::write::Write>::write_fmt
[INFO] [stdout]    3:     0x567f2e244b06 - std[70759c8f55707aa4]::panicking::default_hook::{closure#0}
[INFO] [stdout]    4:     0x567f2e2615e9 - std[70759c8f55707aa4]::panicking::default_hook
[INFO] [stdout]    5:     0x567f2e1f17d0 - test[9d35eded1c95d3be]::test_main_inner::<test[9d35eded1c95d3be]::test_main_static::{closure#0}>::{closure#0}
[INFO] [stdout]    6:     0x567f2e2617a2 - std[70759c8f55707aa4]::panicking::panic_with_hook
[INFO] [stdout]    7:     0x567f2e244bb2 - std[70759c8f55707aa4]::panicking::panic_handler::{closure#0}
[INFO] [stdout]    8:     0x567f2e23d6f9 - std[70759c8f55707aa4]::sys::backtrace::__rust_end_short_backtrace::<std[70759c8f55707aa4]::panicking::panic_handler::{closure#0}, !>
[INFO] [stdout]    9:     0x567f2e2457ad - __rustc[8fa7c3cbc660c2b3]::rust_begin_unwind
[INFO] [stdout]   10:     0x567f2e280e7c - core[df12db4294e9bfd3]::panicking::panic_fmt
[INFO] [stdout]   11:     0x567f2e225a83 - <assert_cmd[c08ae1a594a96344]::assert::AssertError>::panic::<assert_cmd[c08ae1a594a96344]::assert::Assert>
[INFO] [stdout]   12:     0x567f2e225dc6 - <assert_cmd[c08ae1a594a96344]::assert::Assert>::success
[INFO] [stdout]   13:     0x567f2e1e2b37 - arrow_tests[82cfb7ce9b602450]::run_and_read_svg
[INFO] [stdout]   14:     0x567f2e1e367b - <arrow_tests[82cfb7ce9b602450]::test_no_arrows_disables_markers::{closure#0} as core[df12db4294e9bfd3]::ops::function::FnOnce<()>>::call_once
[INFO] [stdout]   15:     0x567f2e1e4abb - test[9d35eded1c95d3be]::__rust_begin_short_backtrace::<core[df12db4294e9bfd3]::result::Result<(), alloc[2182bb758b4b3781]::string::String>, fn() -> core[df12db4294e9bfd3]::result::Result<(), alloc[2182bb758b4b3781]::string::String>>
[INFO] [stdout]   16:     0x567f2e1f2125 - test[9d35eded1c95d3be]::run_test::{closure#0}
[INFO] [stdout]   17:     0x567f2e1eb9e4 - std[70759c8f55707aa4]::sys::backtrace::__rust_begin_short_backtrace::<test[9d35eded1c95d3be]::run_test::{closure#1}, ()>
[INFO] [stdout]   18:     0x567f2e1f5282 - <std[70759c8f55707aa4]::thread::lifecycle::spawn_unchecked<test[9d35eded1c95d3be]::run_test::{closure#1}, ()>::{closure#1} as core[df12db4294e9bfd3]::ops::function::FnOnce<()>>::call_once::{shim:vtable#0}
[INFO] [stdout]   19:     0x567f2e268ee9 - <std[70759c8f55707aa4]::sys::thread::unix::Thread>::new::thread_start
[INFO] [stdout]   20:     0x7ee44b806dfa - <unknown>
[INFO] [stdout]   21:     0x7ee44b89a3d4 - clone
[INFO] [stdout]   22:                0x0 - <unknown>
[INFO] [stdout] 
[INFO] [stdout] 
[INFO] [stdout] failures:
[INFO] [stdout]     test_arrow_size_applies_marker_dimensions
[INFO] [stdout]     test_arrow_style_dot_renders_circle
[INFO] [stdout]     test_no_arrows_disables_markers
[INFO] [stdout] 
[INFO] [stdout] test result: FAILED. 0 passed; 3 failed; 0 ignored; 0 measured; 0 filtered out; finished in 0.00s
[INFO] [stdout] 
[INFO] [stderr] error: test failed, to rerun pass `--test arrow_tests`
[INFO] running `Command { std: "docker" "inspect" "0341feab0e42afa3afe53e129979825f50da590dc693dddfc9abc535753c6c39", kill_on_drop: false }`
[INFO] running `Command { std: "docker" "rm" "-f" "0341feab0e42afa3afe53e129979825f50da590dc693dddfc9abc535753c6c39", kill_on_drop: false }`
[INFO] [stdout] 0341feab0e42afa3afe53e129979825f50da590dc693dddfc9abc535753c6c39
