[INFO] fetching crate render_readme 0.15.7...
[INFO] testing render_readme-0.15.7 against 1.100.0-beta.1+cargoflags=--release for beta-release-1.100-2
[INFO] extracting crate render_readme 0.15.7 into /workspace/builds/worker-7-tc2/source
[INFO] started tweaking crates.io crate render_readme 0.15.7
[INFO] finished tweaking crates.io crate render_readme 0.15.7
[INFO] tweaked toml for crates.io crate render_readme 0.15.7 written to /workspace/builds/worker-7-tc2/source/Cargo.toml
[INFO] validating manifest of crates.io crate render_readme 0.15.7 on toolchain 1.100.0-beta.1
[INFO] running `Command { std: CARGO_HOME="/workspace/cargo-home" RUSTUP_HOME="/workspace/rustup-home" "/workspace/cargo-home/bin/cargo" "+1.100.0-beta.1" "metadata" "--manifest-path" "Cargo.toml" "--no-deps", kill_on_drop: false }`
[INFO] crate crates.io crate render_readme 0.15.7 already has a lockfile, it will not be regenerated
[INFO] running `Command { std: CARGO_HOME="/workspace/cargo-home" RUSTUP_HOME="/workspace/rustup-home" "/workspace/cargo-home/bin/cargo" "+1.100.0-beta.1" "fetch" "--manifest-path" "Cargo.toml", kill_on_drop: false }`
[INFO] running `Command { std: "docker" "create" "-v" "/var/lib/crater-agent-workspace/builds/worker-7-tc2/source:/opt/rustwide/workdir:ro,Z" "-v" "/var/lib/crater-agent-workspace/builds/worker-7-tc2/target:/opt/rustwide/target:rw,Z" "-v" "/var/lib/crater-agent-workspace/cargo-home:/opt/rustwide/cargo-home:ro,Z" "-v" "/var/lib/crater-agent-workspace/rustup-home:/opt/rustwide/rustup-home:ro,Z" "-m" "1610612736" "--network" "none" "ghcr.io/rust-lang/crates-build-env/linux@sha256:77db811e55d90add9212f6832c23229e3de5f1c1f9905e8cb07319ea15df73ac" "sleep" "infinity", kill_on_drop: false }`
[INFO] [stdout] a401cddc16d36eb961a69390e664a69f2f5500c15eef378350b464cb123a971c
[INFO] running `Command { std: "docker" "start" "a401cddc16d36eb961a69390e664a69f2f5500c15eef378350b464cb123a971c", kill_on_drop: false }`
[INFO] running `Command { std: "docker" "inspect" "a401cddc16d36eb961a69390e664a69f2f5500c15eef378350b464cb123a971c", kill_on_drop: false }`
[INFO] running `Command { std: "docker" "exec" "-e" "SOURCE_DIR=/opt/rustwide/workdir" "-e" "CARGO_HOME=/opt/rustwide/cargo-home" "-e" "RUSTUP_HOME=/opt/rustwide/rustup-home" "-e" "CARGO_TARGET_DIR=/opt/rustwide/target" "-w" "/opt/rustwide/workdir" "--user" "0:0" "a401cddc16d36eb961a69390e664a69f2f5500c15eef378350b464cb123a971c" "/opt/rustwide/cargo-home/bin/cargo" "+1.100.0-beta.1" "metadata" "--no-deps" "--format-version=1", kill_on_drop: false }`
[INFO] running `Command { std: "docker" "inspect" "a401cddc16d36eb961a69390e664a69f2f5500c15eef378350b464cb123a971c", kill_on_drop: false }`
[INFO] running `Command { std: "docker" "exec" "-e" "SOURCE_DIR=/opt/rustwide/workdir" "-e" "CARGO_HOME=/opt/rustwide/cargo-home" "-e" "RUSTUP_HOME=/opt/rustwide/rustup-home" "-e" "CARGO_TARGET_DIR=/opt/rustwide/target" "-e" "CARGO_INCREMENTAL=0" "-e" "RUST_BACKTRACE=full" "-e" "RUSTFLAGS=--cap-lints=warn" "-e" "RUSTDOCFLAGS=--cap-lints=warn" "-w" "/opt/rustwide/workdir" "--user" "0:0" "a401cddc16d36eb961a69390e664a69f2f5500c15eef378350b464cb123a971c" "/opt/rustwide/cargo-home/bin/cargo" "+1.100.0-beta.1" "build" "--frozen" "--message-format=json" "--release", kill_on_drop: false }`
[INFO] [stderr]    Compiling phf_shared v0.11.3
[INFO] [stderr]    Compiling new_debug_unreachable v1.0.6
[INFO] [stderr]    Compiling precomputed-hash v0.1.1
[INFO] [stderr]    Compiling mac v0.1.1
[INFO] [stderr]    Compiling phf_shared v0.13.1
[INFO] [stderr]    Compiling serde v1.0.228
[INFO] [stderr]    Compiling parking_lot_core v0.9.12
[INFO] [stderr]    Compiling darling_core v0.20.11
[INFO] [stderr]    Compiling fastrand v2.4.1
[INFO] [stderr]    Compiling regex-automata v0.4.14
[INFO] [stderr]    Compiling prettyplease v0.2.37
[INFO] [stderr]    Compiling match_token v0.35.0
[INFO] [stderr]    Compiling futf v0.1.5
[INFO] [stderr]    Compiling idna_adapter v1.2.2
[INFO] [stderr]    Compiling jetscii v0.5.3
[INFO] [stderr]    Compiling simd-adler32 v0.3.9
[INFO] [stderr]    Compiling entities v1.0.1
[INFO] [stderr]    Compiling dtoa v1.0.11
[INFO] [stderr]    Compiling phf_generator v0.11.3
[INFO] [stderr]    Compiling idna v1.1.0
[INFO] [stderr]    Compiling tendril v0.4.3
[INFO] [stderr]    Compiling thiserror-impl v2.0.18
[INFO] [stderr]    Compiling cssparser-macros v0.6.1
[INFO] [stderr]    Compiling string_cache_codegen v0.5.4
[INFO] [stderr]    Compiling phf_codegen v0.11.3
[INFO] [stderr]    Compiling phf_macros v0.11.3
[INFO] [stderr]    Compiling parking_lot v0.12.5
[INFO] [stderr]    Compiling phf_generator v0.13.1
[INFO] [stderr]    Compiling dtoa-short v0.3.5
[INFO] [stderr]    Compiling miniz_oxide v0.8.9
[INFO] [stderr]    Compiling phf v0.13.1
[INFO] [stderr]    Compiling phf_codegen v0.13.1
[INFO] [stderr]    Compiling caseless v0.2.2
[INFO] [stderr]    Compiling typed-arena v2.0.2
[INFO] [stderr]    Compiling finl_unicode v1.4.0
[INFO] [stderr]    Compiling maplit v1.0.2
[INFO] [stderr]    Compiling comrak v0.52.0
[INFO] [stderr]    Compiling rustc-hash v2.1.2
[INFO] [stderr]    Compiling phf v0.11.3
[INFO] [stderr]    Compiling web_atoms v0.1.3
[INFO] [stderr]    Compiling string_cache v0.8.9
[INFO] [stderr]    Compiling cssparser v0.35.0
[INFO] [stderr]    Compiling flate2 v1.1.9
[INFO] [stderr]    Compiling bincode v1.3.3
[INFO] [stderr]    Compiling url v2.5.8
[INFO] [stderr]    Compiling thiserror v2.0.18
[INFO] [stderr]    Compiling darling_macro v0.20.11
[INFO] [stderr]    Compiling darling v0.20.11
[INFO] [stderr]    Compiling bon-macros v3.9.1
[INFO] [stderr]    Compiling markup5ever v0.35.0
[INFO] [stderr]    Compiling html5ever v0.35.0
[INFO] [stderr]    Compiling xml5ever v0.35.0
[INFO] [stderr]    Compiling markup5ever_rcdom v0.35.0+unofficial
[INFO] [stderr]    Compiling ammonia v4.1.2
[INFO] [stderr]    Compiling fancy-regex v0.16.2
[INFO] [stderr]    Compiling regex v1.12.3
[INFO] [stderr]    Compiling gh-emoji v1.0.8
[INFO] [stderr]    Compiling syntect v5.3.0
[INFO] [stderr]    Compiling bon v3.9.1
[INFO] [stderr]    Compiling render_readme v0.15.7 (/opt/rustwide/workdir)
[INFO] [stderr] warning: unused dependency `thread_local`
[INFO] [stderr]   --> Cargo.toml:44:15
[INFO] [stderr]    |
[INFO] [stderr] 44 | [dependencies.thread_local]
[INFO] [stderr]    |               ^^^^^^^^^^^^^
[INFO] [stderr]    |
[INFO] [stderr]    = note: `cargo::unused_dependencies` is set to `warn` by default
[INFO] [stderr] help: consider removing the dependency on `thread_local`
[INFO] [stderr] warning: `render_readme` (manifest) generated 1 warning
[INFO] [stderr]     Finished `release` profile [optimized] target(s) in 41.10s
[INFO] running `Command { std: "docker" "inspect" "a401cddc16d36eb961a69390e664a69f2f5500c15eef378350b464cb123a971c", kill_on_drop: false }`
[INFO] running `Command { std: "docker" "exec" "-e" "SOURCE_DIR=/opt/rustwide/workdir" "-e" "CARGO_HOME=/opt/rustwide/cargo-home" "-e" "RUSTUP_HOME=/opt/rustwide/rustup-home" "-e" "CARGO_TARGET_DIR=/opt/rustwide/target" "-e" "CARGO_INCREMENTAL=0" "-e" "RUST_BACKTRACE=full" "-e" "RUSTFLAGS=--cap-lints=warn" "-e" "RUSTDOCFLAGS=--cap-lints=warn" "-w" "/opt/rustwide/workdir" "--user" "0:0" "a401cddc16d36eb961a69390e664a69f2f5500c15eef378350b464cb123a971c" "/opt/rustwide/cargo-home/bin/cargo" "+1.100.0-beta.1" "test" "--frozen" "--no-run" "--message-format=json" "--release", kill_on_drop: false }`
[INFO] [stderr]    Compiling render_readme v0.15.7 (/opt/rustwide/workdir)
[INFO] [stderr] warning: unused dependency `thread_local`
[INFO] [stderr]   --> Cargo.toml:44:15
[INFO] [stderr]    |
[INFO] [stderr] 44 | [dependencies.thread_local]
[INFO] [stderr]    |               ^^^^^^^^^^^^^
[INFO] [stderr]    |
[INFO] [stderr]    = note: `cargo::unused_dependencies` is set to `warn` by default
[INFO] [stderr] help: consider removing the dependency on `thread_local`
[INFO] [stderr] warning: `render_readme` (manifest) generated 1 warning
[INFO] [stderr]     Finished `release` profile [optimized] target(s) in 5.87s
[INFO] running `Command { std: "docker" "inspect" "a401cddc16d36eb961a69390e664a69f2f5500c15eef378350b464cb123a971c", kill_on_drop: false }`
[INFO] running `Command { std: "docker" "exec" "-e" "SOURCE_DIR=/opt/rustwide/workdir" "-e" "CARGO_HOME=/opt/rustwide/cargo-home" "-e" "RUSTUP_HOME=/opt/rustwide/rustup-home" "-e" "CARGO_TARGET_DIR=/opt/rustwide/target" "-e" "CARGO_INCREMENTAL=0" "-e" "RUST_BACKTRACE=full" "-e" "RUSTFLAGS=--cap-lints=warn" "-e" "RUSTDOCFLAGS=--cap-lints=warn" "-w" "/opt/rustwide/workdir" "--user" "0:0" "a401cddc16d36eb961a69390e664a69f2f5500c15eef378350b464cb123a971c" "/opt/rustwide/cargo-home/bin/cargo" "+1.100.0-beta.1" "test" "--frozen" "--release", kill_on_drop: false }`
[INFO] [stderr] warning: unused dependency `thread_local`
[INFO] [stdout] 
[INFO] [stderr]   --> Cargo.toml:44:15
[INFO] [stdout] running 18 tests
[INFO] [stderr]    |
[INFO] [stdout] test markup::adoc ... ok
[INFO] [stderr] 44 | [dependencies.thread_local]
[INFO] [stdout] test highlight::regexen ... ok
[INFO] [stderr]    |               ^^^^^^^^^^^^^
[INFO] [stdout] test markup::text_from_html ... ok
[INFO] [stderr]    |
[INFO] [stdout] test parser::roundtrip ... ok
[INFO] [stderr]    = note: `cargo::unused_dependencies` is set to `warn` by default
[INFO] [stderr] help: consider removing the dependency on `thread_local`
[INFO] [stderr] warning: `render_readme` (manifest) generated 1 warning
[INFO] [stderr]     Finished `release` profile [optimized] target(s) in 0.17s
[INFO] [stderr]      Running unittests src/lib.rs (/opt/rustwide/target/release/build/render_readme/213ec3c7136a8fc1/out/render_readme-213ec3c7136a8fc1)
[INFO] [stdout] test markup::text_from_html_ignoring_license_boilerplate ... ok
[INFO] [stdout] test highlight::comment_bugs ... ok
[INFO] [stdout] test parser::emoji ... ok
[INFO] [stdout] test highlight::syntaxes ... ok
[INFO] [stdout] test markup::checkbox_checked ... ok
[INFO] [stdout] test markup::rewrite_urls ... ok
[INFO] [stdout] test markup::checkbox_unchecked ... ok
[INFO] [stdout] test markup::rewrite_img_urls_srcset ... ok
[INFO] [stdout] test markup::rewrite_img_urls ... ok
[INFO] [stdout] test markup::render_rst_test ... FAILED
[INFO] [stdout] test markup::header ... ok
[INFO] [stdout] test highlight::parse_test ... ok
[INFO] [stdout] test parser::code_highlight ... ok
[INFO] [stdout] test markup::code_with_link ... ok
[INFO] [stdout] 
[INFO] [stdout] failures:
[INFO] [stdout] 
[INFO] [stdout] ---- markup::render_rst_test stdout ----
[INFO] [stdout] rst2html failed. Is docutils installed? No such file or directory (os error 2)
[INFO] [stdout] 
[INFO] [stdout] thread 'markup::render_rst_test' (1168) panicked at src/markup.rs:733:5:
[INFO] [stdout] assertion `left == right` failed
[INFO] [stdout]   left: "<div><div><h2>hello</h2><p>world</p></div></div>"
[INFO] [stdout]  right: "<h1 id=\"readme--hello\">=====hello</h1><p>world</p>"
[INFO] [stdout] stack backtrace:
[INFO] [stdout]    0:     0x5fcc56bebdb1 - <<std[617be2ca0a6fd877]::sys::backtrace::BacktraceLock>::print::DisplayBacktrace as core[a373ad73a504971]::fmt::Display>::fmt
[INFO] [stdout]    1:     0x5fcc56c02ffa - core[a373ad73a504971]::fmt::write
[INFO] [stdout]    2:     0x5fcc56bf036c - <alloc[2e1b2a31b91974c5]::vec::Vec<u8> as core[a373ad73a504971]::io::write::Write>::write_fmt
[INFO] [stdout]    3:     0x5fcc56bc6776 - std[617be2ca0a6fd877]::panicking::default_hook::{closure#0}
[INFO] [stdout]    4:     0x5fcc56be39d9 - std[617be2ca0a6fd877]::panicking::default_hook
[INFO] [stdout]    5:     0x5fcc569b73a0 - test[aada8e7e76ba119b]::test_main_inner::{closure#0}
[INFO] [stdout]    6:     0x5fcc56be3b92 - std[617be2ca0a6fd877]::panicking::panic_with_hook
[INFO] [stdout]    7:     0x5fcc56bc6822 - std[617be2ca0a6fd877]::panicking::panic_handler::{closure#0}
[INFO] [stdout]    8:     0x5fcc56bbf3e9 - std[617be2ca0a6fd877]::sys::backtrace::__rust_end_short_backtrace::<std[617be2ca0a6fd877]::panicking::panic_handler::{closure#0}, !>
[INFO] [stdout]    9:     0x5fcc56bc742d - __rustc[ea4f61d10b84890b]::rust_begin_unwind
[INFO] [stdout]   10:     0x5fcc56c037dc - core[a373ad73a504971]::panicking::panic_fmt
[INFO] [stdout]   11:     0x5fcc56c036f3 - core[a373ad73a504971]::panicking::assert_failed_inner
[INFO] [stdout]   12:     0x5fcc5699540e - core[a373ad73a504971]::panicking::assert_failed::<&str, &alloc[2e1b2a31b91974c5]::string::String>
[INFO] [stdout]   13:     0x5fcc5696e878 - <render_readme[b23f632abbccfed7]::markup::render_rst_test::{closure#0} as core[a373ad73a504971]::ops::function::FnOnce<()>>::call_once
[INFO] [stdout]   14:     0x5fcc569aa7eb - test[aada8e7e76ba119b]::__rust_begin_short_backtrace::<core[a373ad73a504971]::result::Result<(), alloc[2e1b2a31b91974c5]::string::String>, fn() -> core[a373ad73a504971]::result::Result<(), alloc[2e1b2a31b91974c5]::string::String>>
[INFO] [stdout]   15:     0x5fcc569b79c5 - test[aada8e7e76ba119b]::run_test::{closure#0}
[INFO] [stdout]   16:     0x5fcc569b12b4 - std[617be2ca0a6fd877]::sys::backtrace::__rust_begin_short_backtrace::<test[aada8e7e76ba119b]::run_test::{closure#1}, ()>
[INFO] [stdout]   17:     0x5fcc569baa52 - <std[617be2ca0a6fd877]::thread::lifecycle::spawn_unchecked<test[aada8e7e76ba119b]::run_test::{closure#1}, ()>::{closure#1} as core[a373ad73a504971]::ops::function::FnOnce<()>>::call_once::{shim:vtable#0}
[INFO] [stdout]   18:     0x5fcc56beb3ff - <std[617be2ca0a6fd877]::sys::thread::unix::Thread>::new::thread_start
[INFO] [stdout]   19:     0x7d1a1e137dfa - <unknown>
[INFO] [stdout]   20:     0x7d1a1e1cb3d4 - clone
[INFO] [stdout]   21:                0x0 - <unknown>
[INFO] [stdout] 
[INFO] [stdout] 
[INFO] [stdout] failures:
[INFO] [stdout]     markup::render_rst_test
[INFO] [stdout] 
[INFO] [stdout] test result: FAILED. 17 passed; 1 failed; 0 ignored; 0 measured; 0 filtered out; finished in 0.37s
[INFO] [stdout] 
[INFO] [stderr] error: test failed, to rerun pass `--lib`
[INFO] running `Command { std: "docker" "inspect" "a401cddc16d36eb961a69390e664a69f2f5500c15eef378350b464cb123a971c", kill_on_drop: false }`
[INFO] running `Command { std: "docker" "rm" "-f" "a401cddc16d36eb961a69390e664a69f2f5500c15eef378350b464cb123a971c", kill_on_drop: false }`
[INFO] [stdout] a401cddc16d36eb961a69390e664a69f2f5500c15eef378350b464cb123a971c
