[INFO] fetching crate remotefs-ftp 1.0.0...
[INFO] testing remotefs-ftp-1.0.0 against 1.100.0-beta.1+cargoflags=--release for beta-release-1.100-2
[INFO] extracting crate remotefs-ftp 1.0.0 into /workspace/builds/worker-2-tc2/source
[INFO] started tweaking crates.io crate remotefs-ftp 1.0.0
[INFO] finished tweaking crates.io crate remotefs-ftp 1.0.0
[INFO] tweaked toml for crates.io crate remotefs-ftp 1.0.0 written to /workspace/builds/worker-2-tc2/source/Cargo.toml
[INFO] validating manifest of crates.io crate remotefs-ftp 1.0.0 on toolchain 1.100.0-beta.1
[INFO] running `Command { std: CARGO_HOME="/workspace/cargo-home" RUSTUP_HOME="/workspace/rustup-home" "/workspace/cargo-home/bin/cargo" "+1.100.0-beta.1" "metadata" "--manifest-path" "Cargo.toml" "--no-deps", kill_on_drop: false }`
[INFO] crate crates.io crate remotefs-ftp 1.0.0 already has a lockfile, it will not be regenerated
[INFO] running `Command { std: CARGO_HOME="/workspace/cargo-home" RUSTUP_HOME="/workspace/rustup-home" "/workspace/cargo-home/bin/cargo" "+1.100.0-beta.1" "fetch" "--manifest-path" "Cargo.toml", kill_on_drop: false }`
[INFO] running `Command { std: "docker" "create" "-v" "/var/lib/crater-agent-workspace/builds/worker-2-tc2/source:/opt/rustwide/workdir:ro,Z" "-v" "/var/lib/crater-agent-workspace/builds/worker-2-tc2/target:/opt/rustwide/target:rw,Z" "-v" "/var/lib/crater-agent-workspace/cargo-home:/opt/rustwide/cargo-home:ro,Z" "-v" "/var/lib/crater-agent-workspace/rustup-home:/opt/rustwide/rustup-home:ro,Z" "-m" "1610612736" "--network" "none" "ghcr.io/rust-lang/crates-build-env/linux@sha256:77db811e55d90add9212f6832c23229e3de5f1c1f9905e8cb07319ea15df73ac" "sleep" "infinity", kill_on_drop: false }`
[INFO] [stdout] 32aab84e2b4797bb6dc9013e95bdc6fca4974861161d48024f77b7f2a852570e
[INFO] running `Command { std: "docker" "start" "32aab84e2b4797bb6dc9013e95bdc6fca4974861161d48024f77b7f2a852570e", kill_on_drop: false }`
[INFO] running `Command { std: "docker" "inspect" "32aab84e2b4797bb6dc9013e95bdc6fca4974861161d48024f77b7f2a852570e", kill_on_drop: false }`
[INFO] running `Command { std: "docker" "exec" "-e" "SOURCE_DIR=/opt/rustwide/workdir" "-e" "CARGO_HOME=/opt/rustwide/cargo-home" "-e" "RUSTUP_HOME=/opt/rustwide/rustup-home" "-e" "CARGO_TARGET_DIR=/opt/rustwide/target" "-w" "/opt/rustwide/workdir" "--user" "0:0" "32aab84e2b4797bb6dc9013e95bdc6fca4974861161d48024f77b7f2a852570e" "/opt/rustwide/cargo-home/bin/cargo" "+1.100.0-beta.1" "metadata" "--no-deps" "--format-version=1", kill_on_drop: false }`
[INFO] running `Command { std: "docker" "inspect" "32aab84e2b4797bb6dc9013e95bdc6fca4974861161d48024f77b7f2a852570e", kill_on_drop: false }`
[INFO] running `Command { std: "docker" "exec" "-e" "SOURCE_DIR=/opt/rustwide/workdir" "-e" "CARGO_HOME=/opt/rustwide/cargo-home" "-e" "RUSTUP_HOME=/opt/rustwide/rustup-home" "-e" "CARGO_TARGET_DIR=/opt/rustwide/target" "-e" "CARGO_INCREMENTAL=0" "-e" "RUST_BACKTRACE=full" "-e" "RUSTFLAGS=--cap-lints=warn" "-e" "RUSTDOCFLAGS=--cap-lints=warn" "-w" "/opt/rustwide/workdir" "--user" "0:0" "32aab84e2b4797bb6dc9013e95bdc6fca4974861161d48024f77b7f2a852570e" "/opt/rustwide/cargo-home/bin/cargo" "+1.100.0-beta.1" "build" "--frozen" "--message-format=json" "--release", kill_on_drop: false }`
[INFO] [stderr]    Compiling thiserror v2.0.20
[INFO] [stderr]    Compiling wildmatch v2.6.1
[INFO] [stderr]    Compiling regex-automata v0.4.18
[INFO] [stderr]    Compiling syn v3.0.4
[INFO] [stderr]    Compiling thiserror-impl v2.0.20
[INFO] [stderr]    Compiling remotefs v1.0.0
[INFO] [stderr]    Compiling regex v1.13.1
[INFO] [stderr]    Compiling lazy-regex-proc_macros v3.6.1
[INFO] [stderr]    Compiling lazy-regex v3.6.1
[INFO] [stderr]    Compiling suppaftp v12.0.0
[INFO] [stderr]    Compiling remotefs-ftp v1.0.0 (/opt/rustwide/workdir)
[INFO] [stderr]     Finished `release` profile [optimized] target(s) in 10.54s
[INFO] running `Command { std: "docker" "inspect" "32aab84e2b4797bb6dc9013e95bdc6fca4974861161d48024f77b7f2a852570e", kill_on_drop: false }`
[INFO] running `Command { std: "docker" "exec" "-e" "SOURCE_DIR=/opt/rustwide/workdir" "-e" "CARGO_HOME=/opt/rustwide/cargo-home" "-e" "RUSTUP_HOME=/opt/rustwide/rustup-home" "-e" "CARGO_TARGET_DIR=/opt/rustwide/target" "-e" "CARGO_INCREMENTAL=0" "-e" "RUST_BACKTRACE=full" "-e" "RUSTFLAGS=--cap-lints=warn" "-e" "RUSTDOCFLAGS=--cap-lints=warn" "-w" "/opt/rustwide/workdir" "--user" "0:0" "32aab84e2b4797bb6dc9013e95bdc6fca4974861161d48024f77b7f2a852570e" "/opt/rustwide/cargo-home/bin/cargo" "+1.100.0-beta.1" "test" "--frozen" "--no-run" "--message-format=json" "--release", kill_on_drop: false }`
[INFO] [stderr]    Compiling serde_core v1.0.229
[INFO] [stderr]    Compiling smallvec v1.15.2
[INFO] [stderr]    Compiling syn v3.0.4
[INFO] [stderr]    Compiling cc v1.4.4
[INFO] [stderr]    Compiling sync_wrapper v1.0.2
[INFO] [stderr]    Compiling tracing v0.1.44
[INFO] [stderr]    Compiling itertools v0.14.0
[INFO] [stderr]    Compiling pin-project-internal v1.1.13
[INFO] [stderr]    Compiling getrandom v0.2.17
[INFO] [stderr]    Compiling matchit v0.8.4
[INFO] [stderr]    Compiling log v0.4.34
[INFO] [stderr]    Compiling num-integer v0.1.47
[INFO] [stderr]    Compiling rustls v0.23.45
[INFO] [stderr]    Compiling darling_core v0.23.0
[INFO] [stderr]    Compiling portable-atomic v1.15.0
[INFO] [stderr]    Compiling bollard-buildkit-proto v0.8.1
[INFO] [stderr]    Compiling axum-core v0.5.6
[INFO] [stderr]    Compiling chacha20 v0.10.2
[INFO] [stderr]    Compiling structmeta-derive v0.3.0
[INFO] [stderr]    Compiling lazy-regex-proc_macros v3.6.1
[INFO] [stderr]    Compiling num-complex v0.4.6
[INFO] [stderr]    Compiling async-stream-impl v0.3.6
[INFO] [stderr]    Compiling rand v0.10.2
[INFO] [stderr]    Compiling num-bigint v0.4.8
[INFO] [stderr]    Compiling num-iter v0.1.46
[INFO] [stderr]    Compiling rustls-native-certs v0.8.4
[INFO] [stderr]    Compiling chrono v0.4.45
[INFO] [stderr]    Compiling lazy-regex v3.6.1
[INFO] [stderr]    Compiling xattr v1.6.1
[INFO] [stderr]    Compiling async-stream v0.3.6
[INFO] [stderr]    Compiling jiff-core v0.1.0
[INFO] [stderr]    Compiling rustc-hash v2.1.3
[INFO] [stderr]    Compiling either v1.18.0
[INFO] [stderr]    Compiling anstream v1.0.0
[INFO] [stderr]    Compiling pin-project v1.1.13
[INFO] [stderr]    Compiling env_filter v2.0.0
[INFO] [stderr]    Compiling etcetera v0.11.0
[INFO] [stderr]    Compiling structmeta v0.3.0
[INFO] [stderr]    Compiling ferroid v2.0.0
[INFO] [stderr]    Compiling diff v0.1.13
[INFO] [stderr]    Compiling parse-display-derive v0.11.0
[INFO] [stderr]    Compiling prost-derive v0.14.4
[INFO] [stderr]    Compiling pretty_assertions v1.4.1
[INFO] [stderr]    Compiling ring v0.17.14
[INFO] [stderr]    Compiling jiff v0.2.35
[INFO] [stderr]    Compiling darling_macro v0.23.0
[INFO] [stderr]    Compiling num-rational v0.4.2
[INFO] [stderr]    Compiling darling v0.23.0
[INFO] [stderr]    Compiling serde_with_macros v3.22.0
[INFO] [stderr]    Compiling parse-display v0.11.0
[INFO] [stderr]    Compiling prost v0.14.4
[INFO] [stderr]    Compiling num v0.4.3
[INFO] [stderr]    Compiling serde_json v1.0.151
[INFO] [stderr]    Compiling deranged v0.5.8
[INFO] [stderr]    Compiling serde_with v3.22.0
[INFO] [stderr]    Compiling prost-types v0.14.4
[INFO] [stderr]    Compiling tokio-macros v2.7.2
[INFO] [stderr]    Compiling futures-macro v0.3.34
[INFO] [stderr]    Compiling zerovec-derive v0.11.6
[INFO] [stderr]    Compiling displaydoc v0.2.7
[INFO] [stderr]    Compiling serde_derive v1.0.229
[INFO] [stderr]    Compiling thiserror-impl v2.0.20
[INFO] [stderr]    Compiling async-trait v0.1.92
[INFO] [stderr]    Compiling serde_repr v0.1.21
[INFO] [stderr]    Compiling tokio v1.53.1
[INFO] [stderr]    Compiling zerotrie v0.2.5
[INFO] [stderr]    Compiling futures-util v0.3.34
[INFO] [stderr]    Compiling zerovec v0.11.8
[INFO] [stderr]    Compiling thiserror v2.0.20
[INFO] [stderr]    Compiling suppaftp v12.0.0
[INFO] [stderr]    Compiling remotefs v1.0.0
[INFO] [stderr]    Compiling tinystr v0.8.4
[INFO] [stderr]    Compiling potential_utf v0.1.6
[INFO] [stderr]    Compiling icu_collections v2.3.0
[INFO] [stderr]    Compiling icu_locale_core v2.3.0
[INFO] [stderr]    Compiling time v0.3.55
[INFO] [stderr]    Compiling remotefs-ftp v1.0.0 (/opt/rustwide/workdir)
[INFO] [stderr]    Compiling icu_provider v2.3.1
[INFO] [stderr]    Compiling env_logger v0.11.11
[INFO] [stderr]    Compiling icu_normalizer v2.3.0
[INFO] [stderr]    Compiling icu_properties v2.3.0
[INFO] [stderr]    Compiling serde v1.0.229
[INFO] [stderr]    Compiling futures-executor v0.3.34
[INFO] [stderr]    Compiling serde_urlencoded v0.7.1
[INFO] [stderr]    Compiling docker_credential v1.4.0
[INFO] [stderr]    Compiling futures v0.3.34
[INFO] [stderr]    Compiling idna_adapter v1.2.2
[INFO] [stderr]    Compiling idna v1.1.0
[INFO] [stderr]    Compiling url v2.5.8
[INFO] [stderr]    Compiling tokio-util v0.7.19
[INFO] [stderr]    Compiling tokio-stream v0.1.19
[INFO] [stderr]    Compiling astral-tokio-tar v0.6.4
[INFO] [stderr]    Compiling h2 v0.4.19
[INFO] [stderr]    Compiling tower v0.5.3
[INFO] [stderr]    Compiling axum v0.8.9
[INFO] [stderr]    Compiling rustls-webpki v0.103.15
[INFO] [stderr]    Compiling hyper v1.11.1
[INFO] [stderr]    Compiling hyper-util v0.1.20
[INFO] [stderr]    Compiling hyper-timeout v0.5.2
[INFO] [stderr]    Compiling hyperlocal v0.9.1
[INFO] [stderr]    Compiling tokio-rustls v0.26.4
[INFO] [stderr]    Compiling tonic v0.14.6
[INFO] [stderr]    Compiling hyper-rustls v0.27.9
[INFO] [stderr]    Compiling tonic-prost v0.14.6
[INFO] [stderr]    Compiling bollard-stubs v1.53.1-rc.29.3.1
[INFO] [stderr]    Compiling bollard v0.21.1
[INFO] [stderr]    Compiling testcontainers v0.28.0
[INFO] [stderr]     Finished `release` profile [optimized] target(s) in 3m 28s
[INFO] running `Command { std: "docker" "inspect" "32aab84e2b4797bb6dc9013e95bdc6fca4974861161d48024f77b7f2a852570e", kill_on_drop: false }`
[INFO] running `Command { std: "docker" "exec" "-e" "SOURCE_DIR=/opt/rustwide/workdir" "-e" "CARGO_HOME=/opt/rustwide/cargo-home" "-e" "RUSTUP_HOME=/opt/rustwide/rustup-home" "-e" "CARGO_TARGET_DIR=/opt/rustwide/target" "-e" "CARGO_INCREMENTAL=0" "-e" "RUST_BACKTRACE=full" "-e" "RUSTFLAGS=--cap-lints=warn" "-e" "RUSTDOCFLAGS=--cap-lints=warn" "-w" "/opt/rustwide/workdir" "--user" "0:0" "32aab84e2b4797bb6dc9013e95bdc6fca4974861161d48024f77b7f2a852570e" "/opt/rustwide/cargo-home/bin/cargo" "+1.100.0-beta.1" "test" "--frozen" "--release", kill_on_drop: false }`
[INFO] [stderr]     Finished `release` profile [optimized] target(s) in 0.34s
[INFO] [stderr]      Running unittests src/lib.rs (/opt/rustwide/target/release/build/remotefs-ftp/ceb45b6a11243588/out/remotefs_ftp-ceb45b6a11243588)
[INFO] [stdout] 
[INFO] [stdout] running 96 tests
[INFO] [stdout] test client::guard::tests::should_mark_the_connection_unusable_when_cleanup_fails ... ok
[INFO] [stdout] test client::error::tests::should_map_reply_codes ... ok
[INFO] [stdout] test client::error::tests::should_map_protocol_failures ... ok
[INFO] [stdout] test client::guard::tests::should_release_the_transfer_flag_on_drop ... ok
[INFO] [stdout] test client::error::tests::should_map_transport_failures_to_connection_error_and_keep_source ... ok
[INFO] [stdout] test client::sync::stream::tests::should_not_drain_after_eof ... ok
[INFO] [stdout] test client::sync::stream::tests::should_drain_early_and_length_limited_reads_before_finalizing ... ok
[INFO] [stdout] test client::sync::test::should_advertise_capabilities ... ok
[INFO] [stdout] test client::sync::stream::tests::should_preserve_drain_and_finalization_errors_together ... ok
[INFO] [stdout] test client::sync::stream::tests::should_preserve_typed_finalization_errors_including_426 ... ok
[INFO] [stdout] test client::sync::stream::tests::should_read_everything_without_limit ... ok
[INFO] [stdout] test client::sync::stream::tests::should_return_nothing_for_zero_budget ... ok
[INFO] [stdout] test client::sync::test::should_build_ftp_filesystem ... ok
[INFO] [stdout] test client::sync::stream::tests::should_stop_at_the_budget ... ok
[INFO] [stdout] test client::sync::test::should_create_directory ... FAILED
[INFO] [stdout] test client::sync::test::should_append_to_file ... FAILED
[INFO] [stdout] test client::sync::test::should_initialize_ftp_filesystem ... ok
[INFO] [stdout] test client::sync::test::should_classify_missing_creation_parents_as_missing ... FAILED
[INFO] [stdout] test client::sync::test::should_list_dir ... FAILED
[INFO] [stdout] test client::sync::test::should_exec_command ... FAILED
[INFO] [stdout] test client::sync::stream::tests::should_finalize_after_drain_failure_and_preserve_the_read_error ... ok
[INFO] [stdout] test client::sync::test::should_find_files_from_an_absolute_root ... FAILED
[INFO] [stdout] test client::sync::test::should_not_create_directory_cause_already_exists ... FAILED
[INFO] [stdout] test client::sync::test::should_not_create_file ... FAILED
[INFO] [stdout] test client::sync::test::should_not_append_to_file ... FAILED
[INFO] [stdout] test client::sync::test::should_not_copy_file ... FAILED
[INFO] [stdout] test client::sync::test::should_not_create_directory ... FAILED
[INFO] [stdout] test client::sync::test::should_not_exec_command ... FAILED
[INFO] [stdout] test client::sync::test::should_not_make_symlink ... FAILED
[INFO] [stdout] test client::sync::test::should_not_connect_twice_and_should_expose_banner ... FAILED
[INFO] [stdout] test client::sync::test::should_reject_relative_paths_before_checking_the_connection ... ok
[INFO] [stdout] test client::sync::test::should_not_open_file ... FAILED
[INFO] [stdout] test client::sync::test::should_not_remove_dir ... FAILED
[INFO] [stdout] test client::sync::test::should_not_rename_file ... FAILED
[INFO] [stdout] test client::sync::test::should_not_set_metadata ... FAILED
[INFO] [stdout] test client::sync::test::should_not_remove_dir_all ... FAILED
[INFO] [stdout] test client::sync::test::should_not_stat_file ... FAILED
[INFO] [stdout] test client::sync::test::should_reject_listing_a_regular_file ... FAILED
[INFO] [stdout] test client::sync::test::should_remove_dir ... FAILED
[INFO] [stdout] test client::sync::test::should_return_not_connected_error ... ok
[INFO] [stdout] test client::sync::test::should_reject_a_second_transfer_while_one_is_alive ... FAILED
[INFO] [stdout] test client::sync::test::should_remove_dir_all ... FAILED
[INFO] [stdout] test client::sync::test::should_release_the_client_when_a_stream_is_dropped ... FAILED
[INFO] [stdout] test client::sync::test::should_rename_file ... FAILED
[INFO] [stdout] test client::sync::test::should_report_bad_file_for_wrong_type_operations ... FAILED
[INFO] [stdout] test client::sync::test::should_reuse_the_passive_builder_after_reconnect ... FAILED
[INFO] [stdout] test client::sync::test::should_stat_file ... FAILED
[INFO] [stdout] test client::sync::test::should_remove_file ... FAILED
[INFO] [stdout] test client::sync::test::should_stat_root ... FAILED
[INFO] [stdout] test client::sync::test::test_should_be_usable_as_trait_object ... ok
[INFO] [stdout] test client::sync::test::test_should_be_send ... ok
[INFO] [stdout] test client::sync::test::test_should_be_sync ... ok
[INFO] [stdout] test client::sync::tests::command_error_mapping_distinguishes_sync_failures_from_refusals ... ok
[INFO] [stdout] test client::sync::tests::ftp_paths_reject_parent_components ... ok
[INFO] [stdout] test client::sync::tests::failed_transfer_setup_requires_reconnect_for_unsynchronized_failures ... ok
[INFO] [stdout] test client::sync::tests::command_421_allows_a_fresh_connection ... ok
[INFO] [stdout] test client::sync::tests::ancestor_probe_lists_each_parent_at_most_once ... ok
[INFO] [stdout] test client::sync::tests::list_accepts_backslashes_in_posix_names ... ok
[INFO] [stdout] test client::sync::tests::list_accepts_padded_dos_metadata ... ok
[INFO] [stdout] test client::sync::test::should_stream_write_flush_and_finish ... FAILED
[INFO] [stdout] test client::sync::test::should_tell_whether_file_exists ... FAILED
[INFO] [stdout] test client::sync::tests::disconnected_root_queries_fail ... ok
[INFO] [stdout] test client::sync::test::should_honor_read_offset_and_length ... FAILED
[INFO] [stdout] test client::sync::test::should_classify_missing_rename_destination_parent_as_missing ... FAILED
[INFO] [stdout] test client::sync::test::should_write_and_read_file ... FAILED
[INFO] [stdout] test client::sync::tests::list_maps_special_posix_entries_to_regular_files ... ok
[INFO] [stdout] test client::sync::tests::list_filters_dot_entries_without_filtering_siblings ... ok
[INFO] [stdout] test client::sync::tests::list_parses_entries_and_only_ignores_a_valid_leading_total ... ok
[INFO] [stdout] test client::sync::tests::list_rejects_ambiguous_dos_leading_space_names ... ok
[INFO] [stdout] test client::sync::tests::list_rejects_invalid_utf8_before_parsing ... ok
[INFO] [stdout] test client::sync::tests::list_rejects_control_bytes_in_child_names ... ok
[INFO] [stdout] test client::sync::tests::list_rejects_names_that_are_not_direct_children ... ok
[INFO] [stdout] test client::sync::tests::list_rejects_symlink_names_that_parser_would_truncate ... ok
[INFO] [stdout] test client::sync::tests::list_rejects_unicode_whitespace_leading_names ... ok
[INFO] [stdout] test client::sync::tests::list_rejects_whitespace_only_names ... ok
[INFO] [stdout] test client::sync::tests::malformed_list_entries_preserve_a_typed_protocol_error ... ok
[INFO] [stdout] test client::sync::tests::remote_path_rejects_unsupported_roots_and_non_utf8 ... ok
[INFO] [stdout] test client::sync::tests::list_setup_421_allows_a_fresh_connection ... ok
[INFO] [stdout] test client::sync::tests::failed_list_completion_requires_reconnect_before_follow_up_commands ... ok
[INFO] [stdout] test client::sync::tests::list_rejects_ambiguous_leading_space_names ... ok
[INFO] [stdout] test client::sync::tests::unsupported_operations_validate_every_path ... ok
[INFO] [stdout] test utils::path::test::absolutize_path ... ok
[INFO] [stdout] test client::sync::tests::invalid_utf8_after_successful_list_completion_keeps_connection_usable ... ok
[INFO] [stdout] test client::sync::stream::tests::should_finish_limited_reads_without_finalizing_twice ... ok
[INFO] [stdout] test client::sync::tests::list_accepts_already_open_and_keeps_control_connection_synchronized ... ok
[INFO] [stdout] test client::sync::stream::tests::should_drain_after_read_failure_on_finish ... ok
[INFO] [stdout] test client::sync::tests::list_dir_succeeds_when_only_the_requested_directory_can_be_listed ... ok
[INFO] [stdout] test client::sync::stream::tests::should_aggregate_prefix_skip_and_completion_failures ... ok
[INFO] [stdout] test client::sync::tests::list_dir_classifies_a_missing_path_after_parent_probe ... ok
[INFO] [stdout] test client::sync::tests::stat_keeps_a_child_when_parent_disambiguation_is_denied ... ok
[INFO] [stdout] test client::sync::tests::ranged_open_requests_rest_before_retr ... ok
[INFO] [stdout] test client::sync::tests::list_dir_keeps_an_empty_directory_symlink_listing ... ok
[INFO] [stdout] test client::sync::tests::list_dir_classifies_a_direct_single_file_listing ... ok
[INFO] [stdout] test client::sync::tests::stat_rejects_children_beneath_a_regular_file_listing ... ok
[INFO] [stdout] test client::sync::stream::tests::should_drain_after_read_or_prefix_failure_on_drop ... ok
[INFO] [stdout] test client::sync::stream::tests::should_drain_abandoned_and_length_limited_readers_on_drop ... ok
[INFO] [stdout] 
[INFO] [stdout] failures:
[INFO] [stdout] 
[INFO] [stdout] ---- client::sync::test::should_create_directory stdout ----
[INFO] [stdout] 
[INFO] [stdout] thread 'client::sync::test::should_create_directory' (2533) panicked at src/test_container.rs:116:14:
[INFO] [stdout] Failed to start container: Client(Init(SocketNotFoundError("/var/run/docker.sock")))
[INFO] [stdout] stack backtrace:
[INFO] [stdout]    0:     0x602d439792e1 - <<std[617be2ca0a6fd877]::sys::backtrace::BacktraceLock>::print::DisplayBacktrace as core[a373ad73a504971]::fmt::Display>::fmt
[INFO] [stdout]    1:     0x602d43991b9a - core[a373ad73a504971]::fmt::write
[INFO] [stdout]    2:     0x602d4397fb3c - <alloc[2e1b2a31b91974c5]::vec::Vec<u8> as core[a373ad73a504971]::io::write::Write>::write_fmt
[INFO] [stdout]    3:     0x602d43952136 - std[617be2ca0a6fd877]::panicking::default_hook::{closure#0}
[INFO] [stdout]    4:     0x602d43970289 - std[617be2ca0a6fd877]::panicking::default_hook
[INFO] [stdout]    5:     0x602d43592dd0 - test[aada8e7e76ba119b]::test_main_inner::{closure#0}
[INFO] [stdout]    6:     0x602d439705b2 - std[617be2ca0a6fd877]::panicking::panic_with_hook
[INFO] [stdout]    7:     0x602d439521e2 - std[617be2ca0a6fd877]::panicking::panic_handler::{closure#0}
[INFO] [stdout]    8:     0x602d4394abe9 - std[617be2ca0a6fd877]::sys::backtrace::__rust_end_short_backtrace::<std[617be2ca0a6fd877]::panicking::panic_handler::{closure#0}, !>
[INFO] [stdout]    9:     0x602d43952fdd - __rustc[ea4f61d10b84890b]::rust_begin_unwind
[INFO] [stdout]   10:     0x602d4399237c - core[a373ad73a504971]::panicking::panic_fmt
[INFO] [stdout]   11:     0x602d43992152 - core[a373ad73a504971]::result::unwrap_failed
[INFO] [stdout]   12:     0x602d43530e0c - <remotefs_ftp[f7a61cbeae20bc17]::test_container::SyncPureFtpRunner>::start
[INFO] [stdout]   13:     0x602d43418f8f - <remotefs_ftp[f7a61cbeae20bc17]::client::sync::test::should_create_directory::{closure#0} as core[a373ad73a504971]::ops::function::FnOnce<()>>::call_once
[INFO] [stdout]   14:     0x602d4358621b - test[aada8e7e76ba119b]::__rust_begin_short_backtrace::<core[a373ad73a504971]::result::Result<(), alloc[2e1b2a31b91974c5]::string::String>, fn() -> core[a373ad73a504971]::result::Result<(), alloc[2e1b2a31b91974c5]::string::String>>
[INFO] [stdout]   15:     0x602d435933f5 - test[aada8e7e76ba119b]::run_test::{closure#0}
[INFO] [stdout]   16:     0x602d4358cce4 - std[617be2ca0a6fd877]::sys::backtrace::__rust_begin_short_backtrace::<test[aada8e7e76ba119b]::run_test::{closure#1}, ()>
[INFO] [stdout]   17:     0x602d43596482 - <std[617be2ca0a6fd877]::thread::lifecycle::spawn_unchecked<test[aada8e7e76ba119b]::run_test::{closure#1}, ()>::{closure#1} as core[a373ad73a504971]::ops::function::FnOnce<()>>::call_once::{shim:vtable#0}
[INFO] [stdout]   18:     0x602d43977d1f - <std[617be2ca0a6fd877]::sys::thread::unix::Thread>::new::thread_start
[INFO] [stdout]   19:     0x766a5acf5dfa - <unknown>
[INFO] [stdout]   20:     0x766a5ad893d4 - clone
[INFO] [stdout]   21:                0x0 - <unknown>
[INFO] [stdout] 
[INFO] [stdout] ---- client::sync::test::should_append_to_file stdout ----
[INFO] [stdout] 
[INFO] [stdout] thread 'client::sync::test::should_append_to_file' (2529) panicked at src/test_container.rs:116:14:
[INFO] [stdout] Failed to start container: Client(Init(SocketNotFoundError("/var/run/docker.sock")))
[INFO] [stdout] stack backtrace:
[INFO] [stdout]    0:     0x602d439792e1 - <<std[617be2ca0a6fd877]::sys::backtrace::BacktraceLock>::print::DisplayBacktrace as core[a373ad73a504971]::fmt::Display>::fmt
[INFO] [stdout]    1:     0x602d43991b9a - core[a373ad73a504971]::fmt::write
[INFO] [stdout]    2:     0x602d4397fb3c - <alloc[2e1b2a31b91974c5]::vec::Vec<u8> as core[a373ad73a504971]::io::write::Write>::write_fmt
[INFO] [stdout]    3:     0x602d43952136 - std[617be2ca0a6fd877]::panicking::default_hook::{closure#0}
[INFO] [stdout]    4:     0x602d43970289 - std[617be2ca0a6fd877]::panicking::default_hook
[INFO] [stdout]    5:     0x602d43592dd0 - test[aada8e7e76ba119b]::test_main_inner::{closure#0}
[INFO] [stdout]    6:     0x602d439705b2 - std[617be2ca0a6fd877]::panicking::panic_with_hook
[INFO] [stdout]    7:     0x602d439521e2 - std[617be2ca0a6fd877]::panicking::panic_handler::{closure#0}
[INFO] [stdout]    8:     0x602d4394abe9 - std[617be2ca0a6fd877]::sys::backtrace::__rust_end_short_backtrace::<std[617be2ca0a6fd877]::panicking::panic_handler::{closure#0}, !>
[INFO] [stdout]    9:     0x602d43952fdd - __rustc[ea4f61d10b84890b]::rust_begin_unwind
[INFO] [stdout]   10:     0x602d4399237c - core[a373ad73a504971]::panicking::panic_fmt
[INFO] [stdout]   11:     0x602d43992152 - core[a373ad73a504971]::result::unwrap_failed
[INFO] [stdout]   12:     0x602d43530e0c - <remotefs_ftp[f7a61cbeae20bc17]::test_container::SyncPureFtpRunner>::start
[INFO] [stdout]   13:     0x602d4341706f - <remotefs_ftp[f7a61cbeae20bc17]::client::sync::test::should_append_to_file::{closure#0} as core[a373ad73a504971]::ops::function::FnOnce<()>>::call_once
[INFO] [stdout]   14:     0x602d4358621b - test[aada8e7e76ba119b]::__rust_begin_short_backtrace::<core[a373ad73a504971]::result::Result<(), alloc[2e1b2a31b91974c5]::string::String>, fn() -> core[a373ad73a504971]::result::Result<(), alloc[2e1b2a31b91974c5]::string::String>>
[INFO] [stdout]   15:     0x602d435933f5 - test[aada8e7e76ba119b]::run_test::{closure#0}
[INFO] [stdout]   16:     0x602d4358cce4 - std[617be2ca0a6fd877]::sys::backtrace::__rust_begin_short_backtrace::<test[aada8e7e76ba119b]::run_test::{closure#1}, ()>
[INFO] [stdout]   17:     0x602d43596482 - <std[617be2ca0a6fd877]::thread::lifecycle::spawn_unchecked<test[aada8e7e76ba119b]::run_test::{closure#1}, ()>::{closure#1} as core[a373ad73a504971]::ops::function::FnOnce<()>>::call_once::{shim:vtable#0}
[INFO] [stdout]   18:     0x602d43977d1f - <std[617be2ca0a6fd877]::sys::thread::unix::Thread>::new::thread_start
[INFO] [stdout]   19:     0x766a5acf5dfa - <unknown>
[INFO] [stdout]   20:     0x766a5ad893d4 - clone
[INFO] [stdout]   21:                0x0 - <unknown>
[INFO] [stdout] 
[INFO] [stdout] ---- client::sync::test::should_classify_missing_creation_parents_as_missing stdout ----
[INFO] [stdout] 
[INFO] [stdout] thread 'client::sync::test::should_classify_missing_creation_parents_as_missing' (2531) panicked at src/test_container.rs:116:14:
[INFO] [stdout] Failed to start container: Client(Init(SocketNotFoundError("/var/run/docker.sock")))
[INFO] [stdout] stack backtrace:
[INFO] [stdout]    0:     0x602d439792e1 - <<std[617be2ca0a6fd877]::sys::backtrace::BacktraceLock>::print::DisplayBacktrace as core[a373ad73a504971]::fmt::Display>::fmt
[INFO] [stdout]    1:     0x602d43991b9a - core[a373ad73a504971]::fmt::write
[INFO] [stdout]    2:     0x602d4397fb3c - <alloc[2e1b2a31b91974c5]::vec::Vec<u8> as core[a373ad73a504971]::io::write::Write>::write_fmt
[INFO] [stdout]    3:     0x602d43952136 - std[617be2ca0a6fd877]::panicking::default_hook::{closure#0}
[INFO] [stdout]    4:     0x602d43970289 - std[617be2ca0a6fd877]::panicking::default_hook
[INFO] [stdout]    5:     0x602d43592dd0 - test[aada8e7e76ba119b]::test_main_inner::{closure#0}
[INFO] [stdout]    6:     0x602d439705b2 - std[617be2ca0a6fd877]::panicking::panic_with_hook
[INFO] [stdout]    7:     0x602d439521e2 - std[617be2ca0a6fd877]::panicking::panic_handler::{closure#0}
[INFO] [stdout]    8:     0x602d4394abe9 - std[617be2ca0a6fd877]::sys::backtrace::__rust_end_short_backtrace::<std[617be2ca0a6fd877]::panicking::panic_handler::{closure#0}, !>
[INFO] [stdout]    9:     0x602d43952fdd - __rustc[ea4f61d10b84890b]::rust_begin_unwind
[INFO] [stdout]   10:     0x602d4399237c - core[a373ad73a504971]::panicking::panic_fmt
[INFO] [stdout]   11:     0x602d43992152 - core[a373ad73a504971]::result::unwrap_failed
[INFO] [stdout]   12:     0x602d43530e0c - <remotefs_ftp[f7a61cbeae20bc17]::test_container::SyncPureFtpRunner>::start
[INFO] [stdout]   13:     0x602d4342267f - <remotefs_ftp[f7a61cbeae20bc17]::client::sync::test::should_classify_missing_creation_parents_as_missing::{closure#0} as core[a373ad73a504971]::ops::function::FnOnce<()>>::call_once
[INFO] [stdout]   14:     0x602d4358621b - test[aada8e7e76ba119b]::__rust_begin_short_backtrace::<core[a373ad73a504971]::result::Result<(), alloc[2e1b2a31b91974c5]::string::String>, fn() -> core[a373ad73a504971]::result::Result<(), alloc[2e1b2a31b91974c5]::string::String>>
[INFO] [stdout]   15:     0x602d435933f5 - test[aada8e7e76ba119b]::run_test::{closure#0}
[INFO] [stdout]   16:     0x602d4358cce4 - std[617be2ca0a6fd877]::sys::backtrace::__rust_begin_short_backtrace::<test[aada8e7e76ba119b]::run_test::{closure#1}, ()>
[INFO] [stdout]   17:     0x602d43596482 - <std[617be2ca0a6fd877]::thread::lifecycle::spawn_unchecked<test[aada8e7e76ba119b]::run_test::{closure#1}, ()>::{closure#1} as core[a373ad73a504971]::ops::function::FnOnce<()>>::call_once::{shim:vtable#0}
[INFO] [stdout]   18:     0x602d43977d1f - <std[617be2ca0a6fd877]::sys::thread::unix::Thread>::new::thread_start
[INFO] [stdout]   19:     0x766a5acf5dfa - <unknown>
[INFO] [stdout]   20:     0x766a5ad893d4 - clone
[INFO] [stdout]   21:                0x0 - <unknown>
[INFO] [stdout] 
[INFO] [stdout] ---- client::sync::test::should_list_dir stdout ----
[INFO] [stdout] 
[INFO] [stdout] thread 'client::sync::test::should_list_dir' (2541) panicked at src/test_container.rs:116:14:
[INFO] [stdout] Failed to start container: Client(Init(SocketNotFoundError("/var/run/docker.sock")))
[INFO] [stdout] stack backtrace:
[INFO] [stdout]    0:     0x602d439792e1 - <<std[617be2ca0a6fd877]::sys::backtrace::BacktraceLock>::print::DisplayBacktrace as core[a373ad73a504971]::fmt::Display>::fmt
[INFO] [stdout]    1:     0x602d43991b9a - core[a373ad73a504971]::fmt::write
[INFO] [stdout]    2:     0x602d4397fb3c - <alloc[2e1b2a31b91974c5]::vec::Vec<u8> as core[a373ad73a504971]::io::write::Write>::write_fmt
[INFO] [stdout]    3:     0x602d43952136 - std[617be2ca0a6fd877]::panicking::default_hook::{closure#0}
[INFO] [stdout]    4:     0x602d43970289 - std[617be2ca0a6fd877]::panicking::default_hook
[INFO] [stdout]    5:     0x602d43592dd0 - test[aada8e7e76ba119b]::test_main_inner::{closure#0}
[INFO] [stdout]    6:     0x602d439705b2 - std[617be2ca0a6fd877]::panicking::panic_with_hook
[INFO] [stdout]    7:     0x602d439521e2 - std[617be2ca0a6fd877]::panicking::panic_handler::{closure#0}
[INFO] [stdout]    8:     0x602d4394abe9 - std[617be2ca0a6fd877]::sys::backtrace::__rust_end_short_backtrace::<std[617be2ca0a6fd877]::panicking::panic_handler::{closure#0}, !>
[INFO] [stdout]    9:     0x602d43952fdd - __rustc[ea4f61d10b84890b]::rust_begin_unwind
[INFO] [stdout]   10:     0x602d4399237c - core[a373ad73a504971]::panicking::panic_fmt
[INFO] [stdout]   11:     0x602d43992152 - core[a373ad73a504971]::result::unwrap_failed
[INFO] [stdout]   12:     0x602d43530e0c - <remotefs_ftp[f7a61cbeae20bc17]::test_container::SyncPureFtpRunner>::start
[INFO] [stdout]   13:     0x602d43412d0f - <remotefs_ftp[f7a61cbeae20bc17]::client::sync::test::should_list_dir::{closure#0} as core[a373ad73a504971]::ops::function::FnOnce<()>>::call_once
[INFO] [stdout]   14:     0x602d4358621b - test[aada8e7e76ba119b]::__rust_begin_short_backtrace::<core[a373ad73a504971]::result::Result<(), alloc[2e1b2a31b91974c5]::string::String>, fn() -> core[a373ad73a504971]::result::Result<(), alloc[2e1b2a31b91974c5]::string::String>>
[INFO] [stdout]   15:     0x602d435933f5 - test[aada8e7e76ba119b]::run_test::{closure#0}
[INFO] [stdout]   16:     0x602d4358cce4 - std[617be2ca0a6fd877]::sys::backtrace::__rust_begin_short_backtrace::<test[aada8e7e76ba119b]::run_test::{closure#1}, ()>
[INFO] [stdout]   17:     0x602d43596482 - <std[617be2ca0a6fd877]::thread::lifecycle::spawn_unchecked<test[aada8e7e76ba119b]::run_test::{closure#1}, ()>::{closure#1} as core[a373ad73a504971]::ops::function::FnOnce<()>>::call_once::{shim:vtable#0}
[INFO] [stdout]   18:     0x602d43977d1f - <std[617be2ca0a6fd877]::sys::thread::unix::Thread>::new::thread_start
[INFO] [stdout]   19:     0x766a5acf5dfa - <unknown>
[INFO] [stdout]   20:     0x766a5ad893d4 - clone
[INFO] [stdout]   21:                0x0 - <unknown>
[INFO] [stdout] 
[INFO] [stdout] ---- client::sync::test::should_exec_command stdout ----
[INFO] [stdout] 
[INFO] [stdout] thread 'client::sync::test::should_exec_command' (2534) panicked at src/test_container.rs:116:14:
[INFO] [stdout] Failed to start container: Client(Init(SocketNotFoundError("/var/run/docker.sock")))
[INFO] [stdout] stack backtrace:
[INFO] [stdout]    0:     0x602d439792e1 - <<std[617be2ca0a6fd877]::sys::backtrace::BacktraceLock>::print::DisplayBacktrace as core[a373ad73a504971]::fmt::Display>::fmt
[INFO] [stdout]    1:     0x602d43991b9a - core[a373ad73a504971]::fmt::write
[INFO] [stdout]    2:     0x602d4397fb3c - <alloc[2e1b2a31b91974c5]::vec::Vec<u8> as core[a373ad73a504971]::io::write::Write>::write_fmt
[INFO] [stdout]    3:     0x602d43952136 - std[617be2ca0a6fd877]::panicking::default_hook::{closure#0}
[INFO] [stdout]    4:     0x602d43970289 - std[617be2ca0a6fd877]::panicking::default_hook
[INFO] [stdout]    5:     0x602d43592dd0 - test[aada8e7e76ba119b]::test_main_inner::{closure#0}
[INFO] [stdout]    6:     0x602d439705b2 - std[617be2ca0a6fd877]::panicking::panic_with_hook
[INFO] [stdout]    7:     0x602d439521e2 - std[617be2ca0a6fd877]::panicking::panic_handler::{closure#0}
[INFO] [stdout]    8:     0x602d4394abe9 - std[617be2ca0a6fd877]::sys::backtrace::__rust_end_short_backtrace::<std[617be2ca0a6fd877]::panicking::panic_handler::{closure#0}, !>
[INFO] [stdout]    9:     0x602d43952fdd - __rustc[ea4f61d10b84890b]::rust_begin_unwind
[INFO] [stdout]   10:     0x602d4399237c - core[a373ad73a504971]::panicking::panic_fmt
[INFO] [stdout]   11:     0x602d43992152 - core[a373ad73a504971]::result::unwrap_failed
[INFO] [stdout]   12:     0x602d43530e0c - <remotefs_ftp[f7a61cbeae20bc17]::test_container::SyncPureFtpRunner>::start
[INFO] [stdout]   13:     0x602d43415c0f - <remotefs_ftp[f7a61cbeae20bc17]::client::sync::test::should_exec_command::{closure#0} as core[a373ad73a504971]::ops::function::FnOnce<()>>::call_once
[INFO] [stdout]   14:     0x602d4358621b - test[aada8e7e76ba119b]::__rust_begin_short_backtrace::<core[a373ad73a504971]::result::Result<(), alloc[2e1b2a31b91974c5]::string::String>, fn() -> core[a373ad73a504971]::result::Result<(), alloc[2e1b2a31b91974c5]::string::String>>
[INFO] [stdout]   15:     0x602d435933f5 - test[aada8e7e76ba119b]::run_test::{closure#0}
[INFO] [stdout]   16:     0x602d4358cce4 - std[617be2ca0a6fd877]::sys::backtrace::__rust_begin_short_backtrace::<test[aada8e7e76ba119b]::run_test::{closure#1}, ()>
[INFO] [stdout]   17:     0x602d43596482 - <std[617be2ca0a6fd877]::thread::lifecycle::spawn_unchecked<test[aada8e7e76ba119b]::run_test::{closure#1}, ()>::{closure#1} as core[a373ad73a504971]::ops::function::FnOnce<()>>::call_once::{shim:vtable#0}
[INFO] [stdout]   18:     0x602d43977d1f - <std[617be2ca0a6fd877]::sys::thread::unix::Thread>::new::thread_start
[INFO] [stdout]   19:     0x766a5acf5dfa - <unknown>
[INFO] [stdout]   20:     0x766a5ad893d4 - clone
[INFO] [stdout]   21:                0x0 - <unknown>
[INFO] [stdout] 
[INFO] [stdout] ---- client::sync::test::should_find_files_from_an_absolute_root stdout ----
[INFO] [stdout] 
[INFO] [stdout] thread 'client::sync::test::should_find_files_from_an_absolute_root' (2538) panicked at src/test_container.rs:116:14:
[INFO] [stdout] Failed to start container: Client(Init(SocketNotFoundError("/var/run/docker.sock")))
[INFO] [stdout] stack backtrace:
[INFO] [stdout]    0:     0x602d439792e1 - <<std[617be2ca0a6fd877]::sys::backtrace::BacktraceLock>::print::DisplayBacktrace as core[a373ad73a504971]::fmt::Display>::fmt
[INFO] [stdout]    1:     0x602d43991b9a - core[a373ad73a504971]::fmt::write
[INFO] [stdout]    2:     0x602d4397fb3c - <alloc[2e1b2a31b91974c5]::vec::Vec<u8> as core[a373ad73a504971]::io::write::Write>::write_fmt
[INFO] [stdout]    3:     0x602d43952136 - std[617be2ca0a6fd877]::panicking::default_hook::{closure#0}
[INFO] [stdout]    4:     0x602d43970289 - std[617be2ca0a6fd877]::panicking::default_hook
[INFO] [stdout]    5:     0x602d43592dd0 - test[aada8e7e76ba119b]::test_main_inner::{closure#0}
[INFO] [stdout]    6:     0x602d439705b2 - std[617be2ca0a6fd877]::panicking::panic_with_hook
[INFO] [stdout]    7:     0x602d439521e2 - std[617be2ca0a6fd877]::panicking::panic_handler::{closure#0}
[INFO] [stdout]    8:     0x602d4394abe9 - std[617be2ca0a6fd877]::sys::backtrace::__rust_end_short_backtrace::<std[617be2ca0a6fd877]::panicking::panic_handler::{closure#0}, !>
[INFO] [stdout]    9:     0x602d43952fdd - __rustc[ea4f61d10b84890b]::rust_begin_unwind
[INFO] [stdout]   10:     0x602d4399237c - core[a373ad73a504971]::panicking::panic_fmt
[INFO] [stdout]   11:     0x602d43992152 - core[a373ad73a504971]::result::unwrap_failed
[INFO] [stdout]   12:     0x602d43530e0c - <remotefs_ftp[f7a61cbeae20bc17]::test_container::SyncPureFtpRunner>::start
[INFO] [stdout]   13:     0x602d4341ed4f - <remotefs_ftp[f7a61cbeae20bc17]::client::sync::test::should_find_files_from_an_absolute_root::{closure#0} as core[a373ad73a504971]::ops::function::FnOnce<()>>::call_once
[INFO] [stdout]   14:     0x602d4358621b - test[aada8e7e76ba119b]::__rust_begin_short_backtrace::<core[a373ad73a504971]::result::Result<(), alloc[2e1b2a31b91974c5]::string::String>, fn() -> core[a373ad73a504971]::result::Result<(), alloc[2e1b2a31b91974c5]::string::String>>
[INFO] [stdout]   15:     0x602d435933f5 - test[aada8e7e76ba119b]::run_test::{closure#0}
[INFO] [stdout]   16:     0x602d4358cce4 - std[617be2ca0a6fd877]::sys::backtrace::__rust_begin_short_backtrace::<test[aada8e7e76ba119b]::run_test::{closure#1}, ()>
[INFO] [stdout]   17:     0x602d43596482 - <std[617be2ca0a6fd877]::thread::lifecycle::spawn_unchecked<test[aada8e7e76ba119b]::run_test::{closure#1}, ()>::{closure#1} as core[a373ad73a504971]::ops::function::FnOnce<()>>::call_once::{shim:vtable#0}
[INFO] [stdout]   18:     0x602d43977d1f - <std[617be2ca0a6fd877]::sys::thread::unix::Thread>::new::thread_start
[INFO] [stdout]   19:     0x766a5acf5dfa - <unknown>
[INFO] [stdout]   20:     0x766a5ad893d4 - clone
[INFO] [stdout]   21:                0x0 - <unknown>
[INFO] [stdout] 
[INFO] [stdout] ---- client::sync::test::should_not_create_directory_cause_already_exists stdout ----
[INFO] [stdout] 
[INFO] [stdout] thread 'client::sync::test::should_not_create_directory_cause_already_exists' (2549) panicked at src/test_container.rs:116:14:
[INFO] [stdout] Failed to start container: Client(Init(SocketNotFoundError("/var/run/docker.sock")))
[INFO] [stdout] stack backtrace:
[INFO] [stdout]    0:     0x602d439792e1 - <<std[617be2ca0a6fd877]::sys::backtrace::BacktraceLock>::print::DisplayBacktrace as core[a373ad73a504971]::fmt::Display>::fmt
[INFO] [stdout]    1:     0x602d43991b9a - core[a373ad73a504971]::fmt::write
[INFO] [stdout]    2:     0x602d4397fb3c - <alloc[2e1b2a31b91974c5]::vec::Vec<u8> as core[a373ad73a504971]::io::write::Write>::write_fmt
[INFO] [stdout]    3:     0x602d43952136 - std[617be2ca0a6fd877]::panicking::default_hook::{closure#0}
[INFO] [stdout]    4:     0x602d43970289 - std[617be2ca0a6fd877]::panicking::default_hook
[INFO] [stdout]    5:     0x602d43592dd0 - test[aada8e7e76ba119b]::test_main_inner::{closure#0}
[INFO] [stdout]    6:     0x602d439705b2 - std[617be2ca0a6fd877]::panicking::panic_with_hook
[INFO] [stdout]    7:     0x602d439521e2 - std[617be2ca0a6fd877]::panicking::panic_handler::{closure#0}
[INFO] [stdout]    8:     0x602d4394abe9 - std[617be2ca0a6fd877]::sys::backtrace::__rust_end_short_backtrace::<std[617be2ca0a6fd877]::panicking::panic_handler::{closure#0}, !>
[INFO] [stdout]    9:     0x602d43952fdd - __rustc[ea4f61d10b84890b]::rust_begin_unwind
[INFO] [stdout]   10:     0x602d4399237c - core[a373ad73a504971]::panicking::panic_fmt
[INFO] [stdout]   11:     0x602d43992152 - core[a373ad73a504971]::result::unwrap_failed
[INFO] [stdout]   12:     0x602d43530e0c - <remotefs_ftp[f7a61cbeae20bc17]::test_container::SyncPureFtpRunner>::start
[INFO] [stdout]   13:     0x602d4341fa6f - <remotefs_ftp[f7a61cbeae20bc17]::client::sync::test::should_not_create_directory_cause_already_exists::{closure#0} as core[a373ad73a504971]::ops::function::FnOnce<()>>::call_once
[INFO] [stdout]   14:     0x602d4358621b - test[aada8e7e76ba119b]::__rust_begin_short_backtrace::<core[a373ad73a504971]::result::Result<(), alloc[2e1b2a31b91974c5]::string::String>, fn() -> core[a373ad73a504971]::result::Result<(), alloc[2e1b2a31b91974c5]::string::String>>
[INFO] [stdout]   15:     0x602d435933f5 - test[aada8e7e76ba119b]::run_test::{closure#0}
[INFO] [stdout]   16:     0x602d4358cce4 - std[617be2ca0a6fd877]::sys::backtrace::__rust_begin_short_backtrace::<test[aada8e7e76ba119b]::run_test::{closure#1}, ()>
[INFO] [stdout]   17:     0x602d43596482 - <std[617be2ca0a6fd877]::thread::lifecycle::spawn_unchecked<test[aada8e7e76ba119b]::run_test::{closure#1}, ()>::{closure#1} as core[a373ad73a504971]::ops::function::FnOnce<()>>::call_once::{shim:vtable#0}
[INFO] [stdout]   18:     0x602d43977d1f - <std[617be2ca0a6fd877]::sys::thread::unix::Thread>::new::thread_start
[INFO] [stdout]   19:     0x766a5acf5dfa - <unknown>
[INFO] [stdout]   20:     0x766a5ad893d4 - clone
[INFO] [stdout]   21:                0x0 - <unknown>
[INFO] [stdout] 
[INFO] [stdout] ---- client::sync::test::should_not_create_file stdout ----
[INFO] [stdout] 
[INFO] [stdout] thread 'client::sync::test::should_not_create_file' (2550) panicked at src/test_container.rs:116:14:
[INFO] [stdout] Failed to start container: Client(Init(SocketNotFoundError("/var/run/docker.sock")))
[INFO] [stdout] stack backtrace:
[INFO] [stdout]    0:     0x602d439792e1 - <<std[617be2ca0a6fd877]::sys::backtrace::BacktraceLock>::print::DisplayBacktrace as core[a373ad73a504971]::fmt::Display>::fmt
[INFO] [stdout]    1:     0x602d43991b9a - core[a373ad73a504971]::fmt::write
[INFO] [stdout]    2:     0x602d4397fb3c - <alloc[2e1b2a31b91974c5]::vec::Vec<u8> as core[a373ad73a504971]::io::write::Write>::write_fmt
[INFO] [stdout]    3:     0x602d43952136 - std[617be2ca0a6fd877]::panicking::default_hook::{closure#0}
[INFO] [stdout]    4:     0x602d43970289 - std[617be2ca0a6fd877]::panicking::default_hook
[INFO] [stdout]    5:     0x602d43592dd0 - test[aada8e7e76ba119b]::test_main_inner::{closure#0}
[INFO] [stdout]    6:     0x602d439705b2 - std[617be2ca0a6fd877]::panicking::panic_with_hook
[INFO] [stdout]    7:     0x602d439521e2 - std[617be2ca0a6fd877]::panicking::panic_handler::{closure#0}
[INFO] [stdout]    8:     0x602d4394abe9 - std[617be2ca0a6fd877]::sys::backtrace::__rust_end_short_backtrace::<std[617be2ca0a6fd877]::panicking::panic_handler::{closure#0}, !>
[INFO] [stdout]    9:     0x602d43952fdd - __rustc[ea4f61d10b84890b]::rust_begin_unwind
[INFO] [stdout]   10:     0x602d4399237c - core[a373ad73a504971]::panicking::panic_fmt
[INFO] [stdout]   11:     0x602d43992152 - core[a373ad73a504971]::result::unwrap_failed
[INFO] [stdout]   12:     0x602d43530e0c - <remotefs_ftp[f7a61cbeae20bc17]::test_container::SyncPureFtpRunner>::start
[INFO] [stdout]   13:     0x602d4341851f - <remotefs_ftp[f7a61cbeae20bc17]::client::sync::test::should_not_create_file::{closure#0} as core[a373ad73a504971]::ops::function::FnOnce<()>>::call_once
[INFO] [stdout]   14:     0x602d4358621b - test[aada8e7e76ba119b]::__rust_begin_short_backtrace::<core[a373ad73a504971]::result::Result<(), alloc[2e1b2a31b91974c5]::string::String>, fn() -> core[a373ad73a504971]::result::Result<(), alloc[2e1b2a31b91974c5]::string::String>>
[INFO] [stdout]   15:     0x602d435933f5 - test[aada8e7e76ba119b]::run_test::{closure#0}
[INFO] [stdout]   16:     0x602d4358cce4 - std[617be2ca0a6fd877]::sys::backtrace::__rust_begin_short_backtrace::<test[aada8e7e76ba119b]::run_test::{closure#1}, ()>
[INFO] [stdout]   17:     0x602d43596482 - <std[617be2ca0a6fd877]::thread::lifecycle::spawn_unchecked<test[aada8e7e76ba119b]::run_test::{closure#1}, ()>::{closure#1} as core[a373ad73a504971]::ops::function::FnOnce<()>>::call_once::{shim:vtable#0}
[INFO] [stdout]   18:     0x602d43977d1f - <std[617be2ca0a6fd877]::sys::thread::unix::Thread>::new::thread_start
[INFO] [stdout]   19:     0x766a5acf5dfa - <unknown>
[INFO] [stdout]   20:     0x766a5ad893d4 - clone
[INFO] [stdout]   21:                0x0 - <unknown>
[INFO] [stdout] 
[INFO] [stdout] ---- client::sync::test::should_not_append_to_file stdout ----
[INFO] [stdout] 
[INFO] [stdout] thread 'client::sync::test::should_not_append_to_file' (2545) panicked at src/test_container.rs:116:14:
[INFO] [stdout] Failed to start container: Client(Init(SocketNotFoundError("/var/run/docker.sock")))
[INFO] [stdout] stack backtrace:
[INFO] [stdout]    0:     0x602d439792e1 - <<std[617be2ca0a6fd877]::sys::backtrace::BacktraceLock>::print::DisplayBacktrace as core[a373ad73a504971]::fmt::Display>::fmt
[INFO] [stdout]    1:     0x602d43991b9a - core[a373ad73a504971]::fmt::write
[INFO] [stdout]    2:     0x602d4397fb3c - <alloc[2e1b2a31b91974c5]::vec::Vec<u8> as core[a373ad73a504971]::io::write::Write>::write_fmt
[INFO] [stdout]    3:     0x602d43952136 - std[617be2ca0a6fd877]::panicking::default_hook::{closure#0}
[INFO] [stdout]    4:     0x602d43970289 - std[617be2ca0a6fd877]::panicking::default_hook
[INFO] [stdout]    5:     0x602d43592dd0 - test[aada8e7e76ba119b]::test_main_inner::{closure#0}
[INFO] [stdout]    6:     0x602d439705b2 - std[617be2ca0a6fd877]::panicking::panic_with_hook
[INFO] [stdout]    7:     0x602d439521e2 - std[617be2ca0a6fd877]::panicking::panic_handler::{closure#0}
[INFO] [stdout]    8:     0x602d4394abe9 - std[617be2ca0a6fd877]::sys::backtrace::__rust_end_short_backtrace::<std[617be2ca0a6fd877]::panicking::panic_handler::{closure#0}, !>
[INFO] [stdout]    9:     0x602d43952fdd - __rustc[ea4f61d10b84890b]::rust_begin_unwind
[INFO] [stdout]   10:     0x602d4399237c - core[a373ad73a504971]::panicking::panic_fmt
[INFO] [stdout]   11:     0x602d43992152 - core[a373ad73a504971]::result::unwrap_failed
[INFO] [stdout]   12:     0x602d43530e0c - <remotefs_ftp[f7a61cbeae20bc17]::test_container::SyncPureFtpRunner>::start
[INFO] [stdout]   13:     0x602d4341a0af - <remotefs_ftp[f7a61cbeae20bc17]::client::sync::test::should_not_append_to_file::{closure#0} as core[a373ad73a504971]::ops::function::FnOnce<()>>::call_once
[INFO] [stdout]   14:     0x602d4358621b - test[aada8e7e76ba119b]::__rust_begin_short_backtrace::<core[a373ad73a504971]::result::Result<(), alloc[2e1b2a31b91974c5]::string::String>, fn() -> core[a373ad73a504971]::result::Result<(), alloc[2e1b2a31b91974c5]::string::String>>
[INFO] [stdout]   15:     0x602d435933f5 - test[aada8e7e76ba119b]::run_test::{closure#0}
[INFO] [stdout]   16:     0x602d4358cce4 - std[617be2ca0a6fd877]::sys::backtrace::__rust_begin_short_backtrace::<test[aada8e7e76ba119b]::run_test::{closure#1}, ()>
[INFO] [stdout]   17:     0x602d43596482 - <std[617be2ca0a6fd877]::thread::lifecycle::spawn_unchecked<test[aada8e7e76ba119b]::run_test::{closure#1}, ()>::{closure#1} as core[a373ad73a504971]::ops::function::FnOnce<()>>::call_once::{shim:vtable#0}
[INFO] [stdout]   18:     0x602d43977d1f - <std[617be2ca0a6fd877]::sys::thread::unix::Thread>::new::thread_start
[INFO] [stdout]   19:     0x766a5acf5dfa - <unknown>
[INFO] [stdout]   20:     0x766a5ad893d4 - clone
[INFO] [stdout]   21:                0x0 - <unknown>
[INFO] [stdout] 
[INFO] [stdout] ---- client::sync::test::should_not_copy_file stdout ----
[INFO] [stdout] 
[INFO] [stdout] thread 'client::sync::test::should_not_copy_file' (2547) panicked at src/test_container.rs:116:14:
[INFO] [stdout] Failed to start container: Client(Init(SocketNotFoundError("/var/run/docker.sock")))
[INFO] [stdout] stack backtrace:
[INFO] [stdout]    0:     0x602d439792e1 - <<std[617be2ca0a6fd877]::sys::backtrace::BacktraceLock>::print::DisplayBacktrace as core[a373ad73a504971]::fmt::Display>::fmt
[INFO] [stdout]    1:     0x602d43991b9a - core[a373ad73a504971]::fmt::write
[INFO] [stdout]    2:     0x602d4397fb3c - <alloc[2e1b2a31b91974c5]::vec::Vec<u8> as core[a373ad73a504971]::io::write::Write>::write_fmt
[INFO] [stdout]    3:     0x602d43952136 - std[617be2ca0a6fd877]::panicking::default_hook::{closure#0}
[INFO] [stdout]    4:     0x602d43970289 - std[617be2ca0a6fd877]::panicking::default_hook
[INFO] [stdout]    5:     0x602d43592dd0 - test[aada8e7e76ba119b]::test_main_inner::{closure#0}
[INFO] [stdout]    6:     0x602d439705b2 - std[617be2ca0a6fd877]::panicking::panic_with_hook
[INFO] [stdout]    7:     0x602d439521e2 - std[617be2ca0a6fd877]::panicking::panic_handler::{closure#0}
[INFO] [stdout]    8:     0x602d4394abe9 - std[617be2ca0a6fd877]::sys::backtrace::__rust_end_short_backtrace::<std[617be2ca0a6fd877]::panicking::panic_handler::{closure#0}, !>
[INFO] [stdout]    9:     0x602d43952fdd - __rustc[ea4f61d10b84890b]::rust_begin_unwind
[INFO] [stdout]   10:     0x602d4399237c - core[a373ad73a504971]::panicking::panic_fmt
[INFO] [stdout]   11:     0x602d43992152 - core[a373ad73a504971]::result::unwrap_failed
[INFO] [stdout]   12:     0x602d43530e0c - <remotefs_ftp[f7a61cbeae20bc17]::test_container::SyncPureFtpRunner>::start
[INFO] [stdout]   13:     0x602d434162af - <remotefs_ftp[f7a61cbeae20bc17]::client::sync::test::should_not_copy_file::{closure#0} as core[a373ad73a504971]::ops::function::FnOnce<()>>::call_once
[INFO] [stdout]   14:     0x602d4358621b - test[aada8e7e76ba119b]::__rust_begin_short_backtrace::<core[a373ad73a504971]::result::Result<(), alloc[2e1b2a31b91974c5]::string::String>, fn() -> core[a373ad73a504971]::result::Result<(), alloc[2e1b2a31b91974c5]::string::String>>
[INFO] [stdout]   15:     0x602d435933f5 - test[aada8e7e76ba119b]::run_test::{closure#0}
[INFO] [stdout]   16:     0x602d4358cce4 - std[617be2ca0a6fd877]::sys::backtrace::__rust_begin_short_backtrace::<test[aada8e7e76ba119b]::run_test::{closure#1}, ()>
[INFO] [stdout]   17:     0x602d43596482 - <std[617be2ca0a6fd877]::thread::lifecycle::spawn_unchecked<test[aada8e7e76ba119b]::run_test::{closure#1}, ()>::{closure#1} as core[a373ad73a504971]::ops::function::FnOnce<()>>::call_once::{shim:vtable#0}
[INFO] [stdout]   18:     0x602d43977d1f - <std[617be2ca0a6fd877]::sys::thread::unix::Thread>::new::thread_start
[INFO] [stdout]   19:     0x766a5acf5dfa - <unknown>
[INFO] [stdout]   20:     0x766a5ad893d4 - clone
[INFO] [stdout]   21:                0x0 - <unknown>
[INFO] [stdout] 
[INFO] [stdout] ---- client::sync::test::should_not_create_directory stdout ----
[INFO] [stdout] 
[INFO] [stdout] thread 'client::sync::test::should_not_create_directory' (2548) panicked at src/test_container.rs:116:14:
[INFO] [stdout] Failed to start container: Client(Init(SocketNotFoundError("/var/run/docker.sock")))
[INFO] [stdout] stack backtrace:
[INFO] [stdout]    0:     0x602d439792e1 - <<std[617be2ca0a6fd877]::sys::backtrace::BacktraceLock>::print::DisplayBacktrace as core[a373ad73a504971]::fmt::Display>::fmt
[INFO] [stdout]    1:     0x602d43991b9a - core[a373ad73a504971]::fmt::write
[INFO] [stdout]    2:     0x602d4397fb3c - <alloc[2e1b2a31b91974c5]::vec::Vec<u8> as core[a373ad73a504971]::io::write::Write>::write_fmt
[INFO] [stdout]    3:     0x602d43952136 - std[617be2ca0a6fd877]::panicking::default_hook::{closure#0}
[INFO] [stdout]    4:     0x602d43970289 - std[617be2ca0a6fd877]::panicking::default_hook
[INFO] [stdout]    5:     0x602d43592dd0 - test[aada8e7e76ba119b]::test_main_inner::{closure#0}
[INFO] [stdout]    6:     0x602d439705b2 - std[617be2ca0a6fd877]::panicking::panic_with_hook
[INFO] [stdout]    7:     0x602d439521e2 - std[617be2ca0a6fd877]::panicking::panic_handler::{closure#0}
[INFO] [stdout]    8:     0x602d4394abe9 - std[617be2ca0a6fd877]::sys::backtrace::__rust_end_short_backtrace::<std[617be2ca0a6fd877]::panicking::panic_handler::{closure#0}, !>
[INFO] [stdout]    9:     0x602d43952fdd - __rustc[ea4f61d10b84890b]::rust_begin_unwind
[INFO] [stdout]   10:     0x602d4399237c - core[a373ad73a504971]::panicking::panic_fmt
[INFO] [stdout]   11:     0x602d43992152 - core[a373ad73a504971]::result::unwrap_failed
[INFO] [stdout]   12:     0x602d43530e0c - <remotefs_ftp[f7a61cbeae20bc17]::test_container::SyncPureFtpRunner>::start
[INFO] [stdout]   13:     0x602d4341b26c - <remotefs_ftp[f7a61cbeae20bc17]::client::sync::test::should_not_create_directory::{closure#0} as core[a373ad73a504971]::ops::function::FnOnce<()>>::call_once
[INFO] [stdout]   14:     0x602d4358621b - test[aada8e7e76ba119b]::__rust_begin_short_backtrace::<core[a373ad73a504971]::result::Result<(), alloc[2e1b2a31b91974c5]::string::String>, fn() -> core[a373ad73a504971]::result::Result<(), alloc[2e1b2a31b91974c5]::string::String>>
[INFO] [stdout]   15:     0x602d435933f5 - test[aada8e7e76ba119b]::run_test::{closure#0}
[INFO] [stdout]   16:     0x602d4358cce4 - std[617be2ca0a6fd877]::sys::backtrace::__rust_begin_short_backtrace::<test[aada8e7e76ba119b]::run_test::{closure#1}, ()>
[INFO] [stdout]   17:     0x602d43596482 - <std[617be2ca0a6fd877]::thread::lifecycle::spawn_unchecked<test[aada8e7e76ba119b]::run_test::{closure#1}, ()>::{closure#1} as core[a373ad73a504971]::ops::function::FnOnce<()>>::call_once::{shim:vtable#0}
[INFO] [stdout]   18:     0x602d43977d1f - <std[617be2ca0a6fd877]::sys::thread::unix::Thread>::new::thread_start
[INFO] [stdout]   19:     0x766a5acf5dfa - <unknown>
[INFO] [stdout]   20:     0x766a5ad893d4 - clone
[INFO] [stdout]   21:                0x0 - <unknown>
[INFO] [stdout] 
[INFO] [stdout] ---- client::sync::test::should_not_exec_command stdout ----
[INFO] [stdout] 
[INFO] [stdout] thread 'client::sync::test::should_not_exec_command' (2551) panicked at src/test_container.rs:116:14:
[INFO] [stdout] Failed to start container: Client(Init(SocketNotFoundError("/var/run/docker.sock")))
[INFO] [stdout] stack backtrace:
[INFO] [stdout]    0:     0x602d439792e1 - <<std[617be2ca0a6fd877]::sys::backtrace::BacktraceLock>::print::DisplayBacktrace as core[a373ad73a504971]::fmt::Display>::fmt
[INFO] [stdout]    1:     0x602d43991b9a - core[a373ad73a504971]::fmt::write
[INFO] [stdout]    2:     0x602d4397fb3c - <alloc[2e1b2a31b91974c5]::vec::Vec<u8> as core[a373ad73a504971]::io::write::Write>::write_fmt
[INFO] [stdout]    3:     0x602d43952136 - std[617be2ca0a6fd877]::panicking::default_hook::{closure#0}
[INFO] [stdout]    4:     0x602d43970289 - std[617be2ca0a6fd877]::panicking::default_hook
[INFO] [stdout]    5:     0x602d43592dd0 - test[aada8e7e76ba119b]::test_main_inner::{closure#0}
[INFO] [stdout]    6:     0x602d439705b2 - std[617be2ca0a6fd877]::panicking::panic_with_hook
[INFO] [stdout]    7:     0x602d439521e2 - std[617be2ca0a6fd877]::panicking::panic_handler::{closure#0}
[INFO] [stdout]    8:     0x602d4394abe9 - std[617be2ca0a6fd877]::sys::backtrace::__rust_end_short_backtrace::<std[617be2ca0a6fd877]::panicking::panic_handler::{closure#0}, !>
[INFO] [stdout]    9:     0x602d43952fdd - __rustc[ea4f61d10b84890b]::rust_begin_unwind
[INFO] [stdout]   10:     0x602d4399237c - core[a373ad73a504971]::panicking::panic_fmt
[INFO] [stdout]   11:     0x602d43992152 - core[a373ad73a504971]::result::unwrap_failed
[INFO] [stdout]   12:     0x602d43530e0c - <remotefs_ftp[f7a61cbeae20bc17]::test_container::SyncPureFtpRunner>::start
[INFO] [stdout]   13:     0x602d4341948c - <remotefs_ftp[f7a61cbeae20bc17]::client::sync::test::should_not_exec_command::{closure#0} as core[a373ad73a504971]::ops::function::FnOnce<()>>::call_once
[INFO] [stdout]   14:     0x602d4358621b - test[aada8e7e76ba119b]::__rust_begin_short_backtrace::<core[a373ad73a504971]::result::Result<(), alloc[2e1b2a31b91974c5]::string::String>, fn() -> core[a373ad73a504971]::result::Result<(), alloc[2e1b2a31b91974c5]::string::String>>
[INFO] [stdout]   15:     0x602d435933f5 - test[aada8e7e76ba119b]::run_test::{closure#0}
[INFO] [stdout]   16:     0x602d4358cce4 - std[617be2ca0a6fd877]::sys::backtrace::__rust_begin_short_backtrace::<test[aada8e7e76ba119b]::run_test::{closure#1}, ()>
[INFO] [stdout]   17:     0x602d43596482 - <std[617be2ca0a6fd877]::thread::lifecycle::spawn_unchecked<test[aada8e7e76ba119b]::run_test::{closure#1}, ()>::{closure#1} as core[a373ad73a504971]::ops::function::FnOnce<()>>::call_once::{shim:vtable#0}
[INFO] [stdout]   18:     0x602d43977d1f - <std[617be2ca0a6fd877]::sys::thread::unix::Thread>::new::thread_start
[INFO] [stdout]   19:     0x766a5acf5dfa - <unknown>
[INFO] [stdout]   20:     0x766a5ad893d4 - clone
[INFO] [stdout]   21:                0x0 - <unknown>
[INFO] [stdout] 
[INFO] [stdout] ---- client::sync::test::should_not_make_symlink stdout ----
[INFO] [stdout] 
[INFO] [stdout] thread 'client::sync::test::should_not_make_symlink' (2552) panicked at src/test_container.rs:116:14:
[INFO] [stdout] Failed to start container: Client(Init(SocketNotFoundError("/var/run/docker.sock")))
[INFO] [stdout] stack backtrace:
[INFO] [stdout]    0:     0x602d439792e1 - <<std[617be2ca0a6fd877]::sys::backtrace::BacktraceLock>::print::DisplayBacktrace as core[a373ad73a504971]::fmt::Display>::fmt
[INFO] [stdout]    1:     0x602d43991b9a - core[a373ad73a504971]::fmt::write
[INFO] [stdout]    2:     0x602d4397fb3c - <alloc[2e1b2a31b91974c5]::vec::Vec<u8> as core[a373ad73a504971]::io::write::Write>::write_fmt
[INFO] [stdout]    3:     0x602d43952136 - std[617be2ca0a6fd877]::panicking::default_hook::{closure#0}
[INFO] [stdout]    4:     0x602d43970289 - std[617be2ca0a6fd877]::panicking::default_hook
[INFO] [stdout]    5:     0x602d43592dd0 - test[aada8e7e76ba119b]::test_main_inner::{closure#0}
[INFO] [stdout]    6:     0x602d439705b2 - std[617be2ca0a6fd877]::panicking::panic_with_hook
[INFO] [stdout]    7:     0x602d439521e2 - std[617be2ca0a6fd877]::panicking::panic_handler::{closure#0}
[INFO] [stdout]    8:     0x602d4394abe9 - std[617be2ca0a6fd877]::sys::backtrace::__rust_end_short_backtrace::<std[617be2ca0a6fd877]::panicking::panic_handler::{closure#0}, !>
[INFO] [stdout]    9:     0x602d43952fdd - __rustc[ea4f61d10b84890b]::rust_begin_unwind
[INFO] [stdout]   10:     0x602d4399237c - core[a373ad73a504971]::panicking::panic_fmt
[INFO] [stdout]   11:     0x602d43992152 - core[a373ad73a504971]::result::unwrap_failed
[INFO] [stdout]   12:     0x602d43530e0c - <remotefs_ftp[f7a61cbeae20bc17]::test_container::SyncPureFtpRunner>::start
[INFO] [stdout]   13:     0x602d4341979f - <remotefs_ftp[f7a61cbeae20bc17]::client::sync::test::should_not_make_symlink::{closure#0} as core[a373ad73a504971]::ops::function::FnOnce<()>>::call_once
[INFO] [stdout]   14:     0x602d4358621b - test[aada8e7e76ba119b]::__rust_begin_short_backtrace::<core[a373ad73a504971]::result::Result<(), alloc[2e1b2a31b91974c5]::string::String>, fn() -> core[a373ad73a504971]::result::Result<(), alloc[2e1b2a31b91974c5]::string::String>>
[INFO] [stdout]   15:     0x602d435933f5 - test[aada8e7e76ba119b]::run_test::{closure#0}
[INFO] [stdout]   16:     0x602d4358cce4 - std[617be2ca0a6fd877]::sys::backtrace::__rust_begin_short_backtrace::<test[aada8e7e76ba119b]::run_test::{closure#1}, ()>
[INFO] [stdout]   17:     0x602d43596482 - <std[617be2ca0a6fd877]::thread::lifecycle::spawn_unchecked<test[aada8e7e76ba119b]::run_test::{closure#1}, ()>::{closure#1} as core[a373ad73a504971]::ops::function::FnOnce<()>>::call_once::{shim:vtable#0}
[INFO] [stdout]   18:     0x602d43977d1f - <std[617be2ca0a6fd877]::sys::thread::unix::Thread>::new::thread_start
[INFO] [stdout]   19:     0x766a5acf5dfa - <unknown>
[INFO] [stdout]   20:     0x766a5ad893d4 - clone
[INFO] [stdout]   21:                0x0 - <unknown>
[INFO] [stdout] 
[INFO] [stdout] ---- client::sync::test::should_not_connect_twice_and_should_expose_banner stdout ----
[INFO] [stdout] 
[INFO] [stdout] thread 'client::sync::test::should_not_connect_twice_and_should_expose_banner' (2546) panicked at src/test_container.rs:116:14:
[INFO] [stdout] Failed to start container: Client(Init(SocketNotFoundError("/var/run/docker.sock")))
[INFO] [stdout] stack backtrace:
[INFO] [stdout]    0:     0x602d439792e1 - <<std[617be2ca0a6fd877]::sys::backtrace::BacktraceLock>::print::DisplayBacktrace as core[a373ad73a504971]::fmt::Display>::fmt
[INFO] [stdout]    1:     0x602d43991b9a - core[a373ad73a504971]::fmt::write
[INFO] [stdout]    2:     0x602d4397fb3c - <alloc[2e1b2a31b91974c5]::vec::Vec<u8> as core[a373ad73a504971]::io::write::Write>::write_fmt
[INFO] [stdout]    3:     0x602d43952136 - std[617be2ca0a6fd877]::panicking::default_hook::{closure#0}
[INFO] [stdout]    4:     0x602d43970289 - std[617be2ca0a6fd877]::panicking::default_hook
[INFO] [stdout]    5:     0x602d43592dd0 - test[aada8e7e76ba119b]::test_main_inner::{closure#0}
[INFO] [stdout]    6:     0x602d439705b2 - std[617be2ca0a6fd877]::panicking::panic_with_hook
[INFO] [stdout]    7:     0x602d439521e2 - std[617be2ca0a6fd877]::panicking::panic_handler::{closure#0}
[INFO] [stdout]    8:     0x602d4394abe9 - std[617be2ca0a6fd877]::sys::backtrace::__rust_end_short_backtrace::<std[617be2ca0a6fd877]::panicking::panic_handler::{closure#0}, !>
[INFO] [stdout]    9:     0x602d43952fdd - __rustc[ea4f61d10b84890b]::rust_begin_unwind
[INFO] [stdout]   10:     0x602d4399237c - core[a373ad73a504971]::panicking::panic_fmt
[INFO] [stdout]   11:     0x602d43992152 - core[a373ad73a504971]::result::unwrap_failed
[INFO] [stdout]   12:     0x602d43530e0c - <remotefs_ftp[f7a61cbeae20bc17]::test_container::SyncPureFtpRunner>::start
[INFO] [stdout]   13:     0x602d43420ebc - <remotefs_ftp[f7a61cbeae20bc17]::client::sync::test::should_not_connect_twice_and_should_expose_banner::{closure#0} as core[a373ad73a504971]::ops::function::FnOnce<()>>::call_once
[INFO] [stdout]   14:     0x602d4358621b - test[aada8e7e76ba119b]::__rust_begin_short_backtrace::<core[a373ad73a504971]::result::Result<(), alloc[2e1b2a31b91974c5]::string::String>, fn() -> core[a373ad73a504971]::result::Result<(), alloc[2e1b2a31b91974c5]::string::String>>
[INFO] [stdout]   15:     0x602d435933f5 - test[aada8e7e76ba119b]::run_test::{closure#0}
[INFO] [stdout]   16:     0x602d4358cce4 - std[617be2ca0a6fd877]::sys::backtrace::__rust_begin_short_backtrace::<test[aada8e7e76ba119b]::run_test::{closure#1}, ()>
[INFO] [stdout]   17:     0x602d43596482 - <std[617be2ca0a6fd877]::thread::lifecycle::spawn_unchecked<test[aada8e7e76ba119b]::run_test::{closure#1}, ()>::{closure#1} as core[a373ad73a504971]::ops::function::FnOnce<()>>::call_once::{shim:vtable#0}
[INFO] [stdout]   18:     0x602d43977d1f - <std[617be2ca0a6fd877]::sys::thread::unix::Thread>::new::thread_start
[INFO] [stdout]   19:     0x766a5acf5dfa - <unknown>
[INFO] [stdout]   20:     0x766a5ad893d4 - clone
[INFO] [stdout]   21:                0x0 - <unknown>
[INFO] [stdout] 
[INFO] [stdout] ---- client::sync::test::should_not_open_file stdout ----
[INFO] [stdout] 
[INFO] [stdout] thread 'client::sync::test::should_not_open_file' (2553) panicked at src/test_container.rs:116:14:
[INFO] [stderr] error: test failed, to rerun pass `--lib`
[INFO] [stdout] Failed to start container: Client(Init(SocketNotFoundError("/var/run/docker.sock")))
[INFO] [stdout] stack backtrace:
[INFO] [stdout]    0:     0x602d439792e1 - <<std[617be2ca0a6fd877]::sys::backtrace::BacktraceLock>::print::DisplayBacktrace as core[a373ad73a504971]::fmt::Display>::fmt
[INFO] [stdout]    1:     0x602d43991b9a - core[a373ad73a504971]::fmt::write
[INFO] [stdout]    2:     0x602d4397fb3c - <alloc[2e1b2a31b91974c5]::vec::Vec<u8> as core[a373ad73a504971]::io::write::Write>::write_fmt
[INFO] [stdout]    3:     0x602d43952136 - std[617be2ca0a6fd877]::panicking::default_hook::{closure#0}
[INFO] [stdout]    4:     0x602d43970289 - std[617be2ca0a6fd877]::panicking::default_hook
[INFO] [stdout]    5:     0x602d43592dd0 - test[aada8e7e76ba119b]::test_main_inner::{closure#0}
[INFO] [stdout]    6:     0x602d439705b2 - std[617be2ca0a6fd877]::panicking::panic_with_hook
[INFO] [stdout]    7:     0x602d439521e2 - std[617be2ca0a6fd877]::panicking::panic_handler::{closure#0}
[INFO] [stdout]    8:     0x602d4394abe9 - std[617be2ca0a6fd877]::sys::backtrace::__rust_end_short_backtrace::<std[617be2ca0a6fd877]::panicking::panic_handler::{closure#0}, !>
[INFO] [stdout]    9:     0x602d43952fdd - __rustc[ea4f61d10b84890b]::rust_begin_unwind
[INFO] [stdout]   10:     0x602d4399237c - core[a373ad73a504971]::panicking::panic_fmt
[INFO] [stdout]   11:     0x602d43992152 - core[a373ad73a504971]::result::unwrap_failed
[INFO] [stdout]   12:     0x602d43530e0c - <remotefs_ftp[f7a61cbeae20bc17]::test_container::SyncPureFtpRunner>::start
[INFO] [stdout]   13:     0x602d434167bf - <remotefs_ftp[f7a61cbeae20bc17]::client::sync::test::should_not_open_file::{closure#0} as core[a373ad73a504971]::ops::function::FnOnce<()>>::call_once
[INFO] [stdout]   14:     0x602d4358621b - test[aada8e7e76ba119b]::__rust_begin_short_backtrace::<core[a373ad73a504971]::result::Result<(), alloc[2e1b2a31b91974c5]::string::String>, fn() -> core[a373ad73a504971]::result::Result<(), alloc[2e1b2a31b91974c5]::string::String>>
[INFO] [stdout]   15:     0x602d435933f5 - test[aada8e7e76ba119b]::run_test::{closure#0}
[INFO] [stdout]   16:     0x602d4358cce4 - std[617be2ca0a6fd877]::sys::backtrace::__rust_begin_short_backtrace::<test[aada8e7e76ba119b]::run_test::{closure#1}, ()>
[INFO] [stdout]   17:     0x602d43596482 - <std[617be2ca0a6fd877]::thread::lifecycle::spawn_unchecked<test[aada8e7e76ba119b]::run_test::{closure#1}, ()>::{closure#1} as core[a373ad73a504971]::ops::function::FnOnce<()>>::call_once::{shim:vtable#0}
[INFO] [stdout]   18:     0x602d43977d1f - <std[617be2ca0a6fd877]::sys::thread::unix::Thread>::new::thread_start
[INFO] [stdout]   19:     0x766a5acf5dfa - <unknown>
[INFO] [stdout]   20:     0x766a5ad893d4 - clone
[INFO] [stdout]   21:                0x0 - <unknown>
[INFO] [stdout] 
[INFO] [stdout] ---- client::sync::test::should_not_remove_dir stdout ----
[INFO] [stdout] 
[INFO] [stdout] thread 'client::sync::test::should_not_remove_dir' (2554) panicked at src/test_container.rs:116:14:
[INFO] [stdout] Failed to start container: Client(Init(SocketNotFoundError("/var/run/docker.sock")))
[INFO] [stdout] stack backtrace:
[INFO] [stdout]    0:     0x602d439792e1 - <<std[617be2ca0a6fd877]::sys::backtrace::BacktraceLock>::print::DisplayBacktrace as core[a373ad73a504971]::fmt::Display>::fmt
[INFO] [stdout]    1:     0x602d43991b9a - core[a373ad73a504971]::fmt::write
[INFO] [stdout]    2:     0x602d4397fb3c - <alloc[2e1b2a31b91974c5]::vec::Vec<u8> as core[a373ad73a504971]::io::write::Write>::write_fmt
[INFO] [stdout]    3:     0x602d43952136 - std[617be2ca0a6fd877]::panicking::default_hook::{closure#0}
[INFO] [stdout]    4:     0x602d43970289 - std[617be2ca0a6fd877]::panicking::default_hook
[INFO] [stdout]    5:     0x602d43592dd0 - test[aada8e7e76ba119b]::test_main_inner::{closure#0}
[INFO] [stdout]    6:     0x602d439705b2 - std[617be2ca0a6fd877]::panicking::panic_with_hook
[INFO] [stdout]    7:     0x602d439521e2 - std[617be2ca0a6fd877]::panicking::panic_handler::{closure#0}
[INFO] [stdout]    8:     0x602d4394abe9 - std[617be2ca0a6fd877]::sys::backtrace::__rust_end_short_backtrace::<std[617be2ca0a6fd877]::panicking::panic_handler::{closure#0}, !>
[INFO] [stdout]    9:     0x602d43952fdd - __rustc[ea4f61d10b84890b]::rust_begin_unwind
[INFO] [stdout]   10:     0x602d4399237c - core[a373ad73a504971]::panicking::panic_fmt
[INFO] [stdout]   11:     0x602d43992152 - core[a373ad73a504971]::result::unwrap_failed
[INFO] [stdout]   12:     0x602d43530e0c - <remotefs_ftp[f7a61cbeae20bc17]::test_container::SyncPureFtpRunner>::start
[INFO] [stdout]   13:     0x602d434178ff - <remotefs_ftp[f7a61cbeae20bc17]::client::sync::test::should_not_remove_dir::{closure#0} as core[a373ad73a504971]::ops::function::FnOnce<()>>::call_once
[INFO] [stdout]   14:     0x602d4358621b - test[aada8e7e76ba119b]::__rust_begin_short_backtrace::<core[a373ad73a504971]::result::Result<(), alloc[2e1b2a31b91974c5]::string::String>, fn() -> core[a373ad73a504971]::result::Result<(), alloc[2e1b2a31b91974c5]::string::String>>
[INFO] [stdout]   15:     0x602d435933f5 - test[aada8e7e76ba119b]::run_test::{closure#0}
[INFO] [stdout]   16:     0x602d4358cce4 - std[617be2ca0a6fd877]::sys::backtrace::__rust_begin_short_backtrace::<test[aada8e7e76ba119b]::run_test::{closure#1}, ()>
[INFO] [stdout]   17:     0x602d43596482 - <std[617be2ca0a6fd877]::thread::lifecycle::spawn_unchecked<test[aada8e7e76ba119b]::run_test::{closure#1}, ()>::{closure#1} as core[a373ad73a504971]::ops::function::FnOnce<()>>::call_once::{shim:vtable#0}
[INFO] [stdout]   18:     0x602d43977d1f - <std[617be2ca0a6fd877]::sys::thread::unix::Thread>::new::thread_start
[INFO] [stdout]   19:     0x766a5acf5dfa - <unknown>
[INFO] [stdout]   20:     0x766a5ad893d4 - clone
[INFO] [stdout]   21:                0x0 - <unknown>
[INFO] [stdout] 
[INFO] [stdout] ---- client::sync::test::should_not_rename_file stdout ----
[INFO] [stdout] 
[INFO] [stdout] thread 'client::sync::test::should_not_rename_file' (2556) panicked at src/test_container.rs:116:14:
[INFO] [stdout] Failed to start container: Client(Init(SocketNotFoundError("/var/run/docker.sock")))
[INFO] [stdout] stack backtrace:
[INFO] [stdout]    0:     0x602d439792e1 - <<std[617be2ca0a6fd877]::sys::backtrace::BacktraceLock>::print::DisplayBacktrace as core[a373ad73a504971]::fmt::Display>::fmt
[INFO] [stdout]    1:     0x602d43991b9a - core[a373ad73a504971]::fmt::write
[INFO] [stdout]    2:     0x602d4397fb3c - <alloc[2e1b2a31b91974c5]::vec::Vec<u8> as core[a373ad73a504971]::io::write::Write>::write_fmt
[INFO] [stdout]    3:     0x602d43952136 - std[617be2ca0a6fd877]::panicking::default_hook::{closure#0}
[INFO] [stdout]    4:     0x602d43970289 - std[617be2ca0a6fd877]::panicking::default_hook
[INFO] [stdout]    5:     0x602d43592dd0 - test[aada8e7e76ba119b]::test_main_inner::{closure#0}
[INFO] [stdout]    6:     0x602d439705b2 - std[617be2ca0a6fd877]::panicking::panic_with_hook
[INFO] [stdout]    7:     0x602d439521e2 - std[617be2ca0a6fd877]::panicking::panic_handler::{closure#0}
[INFO] [stdout]    8:     0x602d4394abe9 - std[617be2ca0a6fd877]::sys::backtrace::__rust_end_short_backtrace::<std[617be2ca0a6fd877]::panicking::panic_handler::{closure#0}, !>
[INFO] [stdout]    9:     0x602d43952fdd - __rustc[ea4f61d10b84890b]::rust_begin_unwind
[INFO] [stdout]   10:     0x602d4399237c - core[a373ad73a504971]::panicking::panic_fmt
[INFO] [stdout]   11:     0x602d43992152 - core[a373ad73a504971]::result::unwrap_failed
[INFO] [stdout]   12:     0x602d43530e0c - <remotefs_ftp[f7a61cbeae20bc17]::test_container::SyncPureFtpRunner>::start
[INFO] [stdout]   13:     0x602d4341890f - <remotefs_ftp[f7a61cbeae20bc17]::client::sync::test::should_not_rename_file::{closure#0} as core[a373ad73a504971]::ops::function::FnOnce<()>>::call_once
[INFO] [stdout]   14:     0x602d4358621b - test[aada8e7e76ba119b]::__rust_begin_short_backtrace::<core[a373ad73a504971]::result::Result<(), alloc[2e1b2a31b91974c5]::string::String>, fn() -> core[a373ad73a504971]::result::Result<(), alloc[2e1b2a31b91974c5]::string::String>>
[INFO] [stdout]   15:     0x602d435933f5 - test[aada8e7e76ba119b]::run_test::{closure#0}
[INFO] [stdout]   16:     0x602d4358cce4 - std[617be2ca0a6fd877]::sys::backtrace::__rust_begin_short_backtrace::<test[aada8e7e76ba119b]::run_test::{closure#1}, ()>
[INFO] [stdout]   17:     0x602d43596482 - <std[617be2ca0a6fd877]::thread::lifecycle::spawn_unchecked<test[aada8e7e76ba119b]::run_test::{closure#1}, ()>::{closure#1} as core[a373ad73a504971]::ops::function::FnOnce<()>>::call_once::{shim:vtable#0}
[INFO] [stdout]   18:     0x602d43977d1f - <std[617be2ca0a6fd877]::sys::thread::unix::Thread>::new::thread_start
[INFO] [stdout]   19:     0x766a5acf5dfa - <unknown>
[INFO] [stdout]   20:     0x766a5ad893d4 - clone
[INFO] [stdout]   21:                0x0 - <unknown>
[INFO] [stdout] 
[INFO] [stdout] ---- client::sync::test::should_not_set_metadata stdout ----
[INFO] [stdout] 
[INFO] [stdout] thread 'client::sync::test::should_not_set_metadata' (2557) panicked at src/test_container.rs:116:14:
[INFO] [stdout] Failed to start container: Client(Init(SocketNotFoundError("/var/run/docker.sock")))
[INFO] [stdout] stack backtrace:
[INFO] [stdout]    0:     0x602d439792e1 - <<std[617be2ca0a6fd877]::sys::backtrace::BacktraceLock>::print::DisplayBacktrace as core[a373ad73a504971]::fmt::Display>::fmt
[INFO] [stdout]    1:     0x602d43991b9a - core[a373ad73a504971]::fmt::write
[INFO] [stdout]    2:     0x602d4397fb3c - <alloc[2e1b2a31b91974c5]::vec::Vec<u8> as core[a373ad73a504971]::io::write::Write>::write_fmt
[INFO] [stdout]    3:     0x602d43952136 - std[617be2ca0a6fd877]::panicking::default_hook::{closure#0}
[INFO] [stdout]    4:     0x602d43970289 - std[617be2ca0a6fd877]::panicking::default_hook
[INFO] [stdout]    5:     0x602d43592dd0 - test[aada8e7e76ba119b]::test_main_inner::{closure#0}
[INFO] [stdout]    6:     0x602d439705b2 - std[617be2ca0a6fd877]::panicking::panic_with_hook
[INFO] [stdout]    7:     0x602d439521e2 - std[617be2ca0a6fd877]::panicking::panic_handler::{closure#0}
[INFO] [stdout]    8:     0x602d4394abe9 - std[617be2ca0a6fd877]::sys::backtrace::__rust_end_short_backtrace::<std[617be2ca0a6fd877]::panicking::panic_handler::{closure#0}, !>
[INFO] [stdout]    9:     0x602d43952fdd - __rustc[ea4f61d10b84890b]::rust_begin_unwind
[INFO] [stdout]   10:     0x602d4399237c - core[a373ad73a504971]::panicking::panic_fmt
[INFO] [stdout]   11:     0x602d43992152 - core[a373ad73a504971]::result::unwrap_failed
[INFO] [stdout]   12:     0x602d43530e0c - <remotefs_ftp[f7a61cbeae20bc17]::test_container::SyncPureFtpRunner>::start
[INFO] [stdout]   13:     0x602d43419cac - <remotefs_ftp[f7a61cbeae20bc17]::client::sync::test::should_not_set_metadata::{closure#0} as core[a373ad73a504971]::ops::function::FnOnce<()>>::call_once
[INFO] [stdout]   14:     0x602d4358621b - test[aada8e7e76ba119b]::__rust_begin_short_backtrace::<core[a373ad73a504971]::result::Result<(), alloc[2e1b2a31b91974c5]::string::String>, fn() -> core[a373ad73a504971]::result::Result<(), alloc[2e1b2a31b91974c5]::string::String>>
[INFO] [stdout]   15:     0x602d435933f5 - test[aada8e7e76ba119b]::run_test::{closure#0}
[INFO] [stdout]   16:     0x602d4358cce4 - std[617be2ca0a6fd877]::sys::backtrace::__rust_begin_short_backtrace::<test[aada8e7e76ba119b]::run_test::{closure#1}, ()>
[INFO] [stdout]   17:     0x602d43596482 - <std[617be2ca0a6fd877]::thread::lifecycle::spawn_unchecked<test[aada8e7e76ba119b]::run_test::{closure#1}, ()>::{closure#1} as core[a373ad73a504971]::ops::function::FnOnce<()>>::call_once::{shim:vtable#0}
[INFO] [stdout]   18:     0x602d43977d1f - <std[617be2ca0a6fd877]::sys::thread::unix::Thread>::new::thread_start
[INFO] [stdout]   19:     0x766a5acf5dfa - <unknown>
[INFO] [stdout]   20:     0x766a5ad893d4 - clone
[INFO] [stdout]   21:                0x0 - <unknown>
[INFO] [stdout] 
[INFO] [stdout] ---- client::sync::test::should_not_remove_dir_all stdout ----
[INFO] [stdout] 
[INFO] [stdout] thread 'client::sync::test::should_not_remove_dir_all' (2555) panicked at src/test_container.rs:116:14:
[INFO] [stdout] Failed to start container: Client(Init(SocketNotFoundError("/var/run/docker.sock")))
[INFO] [stdout] stack backtrace:
[INFO] [stdout]    0:     0x602d439792e1 - <<std[617be2ca0a6fd877]::sys::backtrace::BacktraceLock>::print::DisplayBacktrace as core[a373ad73a504971]::fmt::Display>::fmt
[INFO] [stdout]    1:     0x602d43991b9a - core[a373ad73a504971]::fmt::write
[INFO] [stdout]    2:     0x602d4397fb3c - <alloc[2e1b2a31b91974c5]::vec::Vec<u8> as core[a373ad73a504971]::io::write::Write>::write_fmt
[INFO] [stdout]    3:     0x602d43952136 - std[617be2ca0a6fd877]::panicking::default_hook::{closure#0}
[INFO] [stdout]    4:     0x602d43970289 - std[617be2ca0a6fd877]::panicking::default_hook
[INFO] [stdout]    5:     0x602d43592dd0 - test[aada8e7e76ba119b]::test_main_inner::{closure#0}
[INFO] [stdout]    6:     0x602d439705b2 - std[617be2ca0a6fd877]::panicking::panic_with_hook
[INFO] [stdout]    7:     0x602d439521e2 - std[617be2ca0a6fd877]::panicking::panic_handler::{closure#0}
[INFO] [stdout]    8:     0x602d4394abe9 - std[617be2ca0a6fd877]::sys::backtrace::__rust_end_short_backtrace::<std[617be2ca0a6fd877]::panicking::panic_handler::{closure#0}, !>
[INFO] [stdout]    9:     0x602d43952fdd - __rustc[ea4f61d10b84890b]::rust_begin_unwind
[INFO] [stdout]   10:     0x602d4399237c - core[a373ad73a504971]::panicking::panic_fmt
[INFO] [stdout]   11:     0x602d43992152 - core[a373ad73a504971]::result::unwrap_failed
[INFO] [stdout]   12:     0x602d43530e0c - <remotefs_ftp[f7a61cbeae20bc17]::test_container::SyncPureFtpRunner>::start
[INFO] [stdout]   13:     0x602d4341a49c - <remotefs_ftp[f7a61cbeae20bc17]::client::sync::test::should_not_remove_dir_all::{closure#0} as core[a373ad73a504971]::ops::function::FnOnce<()>>::call_once
[INFO] [stdout]   14:     0x602d4358621b - test[aada8e7e76ba119b]::__rust_begin_short_backtrace::<core[a373ad73a504971]::result::Result<(), alloc[2e1b2a31b91974c5]::string::String>, fn() -> core[a373ad73a504971]::result::Result<(), alloc[2e1b2a31b91974c5]::string::String>>
[INFO] [stdout]   15:     0x602d435933f5 - test[aada8e7e76ba119b]::run_test::{closure#0}
[INFO] [stdout]   16:     0x602d4358cce4 - std[617be2ca0a6fd877]::sys::backtrace::__rust_begin_short_backtrace::<test[aada8e7e76ba119b]::run_test::{closure#1}, ()>
[INFO] [stdout]   17:     0x602d43596482 - <std[617be2ca0a6fd877]::thread::lifecycle::spawn_unchecked<test[aada8e7e76ba119b]::run_test::{closure#1}, ()>::{closure#1} as core[a373ad73a504971]::ops::function::FnOnce<()>>::call_once::{shim:vtable#0}
[INFO] [stdout]   18:     0x602d43977d1f - <std[617be2ca0a6fd877]::sys::thread::unix::Thread>::new::thread_start
[INFO] [stdout]   19:     0x766a5acf5dfa - <unknown>
[INFO] [stdout]   20:     0x766a5ad893d4 - clone
[INFO] [stdout]   21:                0x0 - <unknown>
[INFO] [stdout] 
[INFO] [stdout] ---- client::sync::test::should_not_stat_file stdout ----
[INFO] [stdout] 
[INFO] [stdout] thread 'client::sync::test::should_not_stat_file' (2558) panicked at src/test_container.rs:116:14:
[INFO] [stdout] Failed to start container: Client(Init(SocketNotFoundError("/var/run/docker.sock")))
[INFO] [stdout] stack backtrace:
[INFO] [stdout]    0:     0x602d439792e1 - <<std[617be2ca0a6fd877]::sys::backtrace::BacktraceLock>::print::DisplayBacktrace as core[a373ad73a504971]::fmt::Display>::fmt
[INFO] [stdout]    1:     0x602d43991b9a - core[a373ad73a504971]::fmt::write
[INFO] [stdout]    2:     0x602d4397fb3c - <alloc[2e1b2a31b91974c5]::vec::Vec<u8> as core[a373ad73a504971]::io::write::Write>::write_fmt
[INFO] [stdout]    3:     0x602d43952136 - std[617be2ca0a6fd877]::panicking::default_hook::{closure#0}
[INFO] [stdout]    4:     0x602d43970289 - std[617be2ca0a6fd877]::panicking::default_hook
[INFO] [stdout]    5:     0x602d43592dd0 - test[aada8e7e76ba119b]::test_main_inner::{closure#0}
[INFO] [stdout]    6:     0x602d439705b2 - std[617be2ca0a6fd877]::panicking::panic_with_hook
[INFO] [stdout]    7:     0x602d439521e2 - std[617be2ca0a6fd877]::panicking::panic_handler::{closure#0}
[INFO] [stdout]    8:     0x602d4394abe9 - std[617be2ca0a6fd877]::sys::backtrace::__rust_end_short_backtrace::<std[617be2ca0a6fd877]::panicking::panic_handler::{closure#0}, !>
[INFO] [stdout]    9:     0x602d43952fdd - __rustc[ea4f61d10b84890b]::rust_begin_unwind
[INFO] [stdout]   10:     0x602d4399237c - core[a373ad73a504971]::panicking::panic_fmt
[INFO] [stdout]   11:     0x602d43992152 - core[a373ad73a504971]::result::unwrap_failed
[INFO] [stdout]   12:     0x602d43530e0c - <remotefs_ftp[f7a61cbeae20bc17]::test_container::SyncPureFtpRunner>::start
[INFO] [stdout]   13:     0x602d43416bff - <remotefs_ftp[f7a61cbeae20bc17]::client::sync::test::should_not_stat_file::{closure#0} as core[a373ad73a504971]::ops::function::FnOnce<()>>::call_once
[INFO] [stdout]   14:     0x602d4358621b - test[aada8e7e76ba119b]::__rust_begin_short_backtrace::<core[a373ad73a504971]::result::Result<(), alloc[2e1b2a31b91974c5]::string::String>, fn() -> core[a373ad73a504971]::result::Result<(), alloc[2e1b2a31b91974c5]::string::String>>
[INFO] [stdout]   15:     0x602d435933f5 - test[aada8e7e76ba119b]::run_test::{closure#0}
[INFO] [stdout]   16:     0x602d4358cce4 - std[617be2ca0a6fd877]::sys::backtrace::__rust_begin_short_backtrace::<test[aada8e7e76ba119b]::run_test::{closure#1}, ()>
[INFO] [stdout]   17:     0x602d43596482 - <std[617be2ca0a6fd877]::thread::lifecycle::spawn_unchecked<test[aada8e7e76ba119b]::run_test::{closure#1}, ()>::{closure#1} as core[a373ad73a504971]::ops::function::FnOnce<()>>::call_once::{shim:vtable#0}
[INFO] [stdout]   18:     0x602d43977d1f - <std[617be2ca0a6fd877]::sys::thread::unix::Thread>::new::thread_start
[INFO] [stdout]   19:     0x766a5acf5dfa - <unknown>
[INFO] [stdout]   20:     0x766a5ad893d4 - clone
[INFO] [stdout]   21:                0x0 - <unknown>
[INFO] [stdout] 
[INFO] [stdout] ---- client::sync::test::should_reject_listing_a_regular_file stdout ----
[INFO] [stdout] 
[INFO] [stdout] thread 'client::sync::test::should_reject_listing_a_regular_file' (2560) panicked at src/test_container.rs:116:14:
[INFO] [stdout] Failed to start container: Client(Init(SocketNotFoundError("/var/run/docker.sock")))
[INFO] [stdout] stack backtrace:
[INFO] [stdout]    0:     0x602d439792e1 - <<std[617be2ca0a6fd877]::sys::backtrace::BacktraceLock>::print::DisplayBacktrace as core[a373ad73a504971]::fmt::Display>::fmt
[INFO] [stdout]    1:     0x602d43991b9a - core[a373ad73a504971]::fmt::write
[INFO] [stdout]    2:     0x602d4397fb3c - <alloc[2e1b2a31b91974c5]::vec::Vec<u8> as core[a373ad73a504971]::io::write::Write>::write_fmt
[INFO] [stdout]    3:     0x602d43952136 - std[617be2ca0a6fd877]::panicking::default_hook::{closure#0}
[INFO] [stdout]    4:     0x602d43970289 - std[617be2ca0a6fd877]::panicking::default_hook
[INFO] [stdout]    5:     0x602d43592dd0 - test[aada8e7e76ba119b]::test_main_inner::{closure#0}
[INFO] [stdout]    6:     0x602d439705b2 - std[617be2ca0a6fd877]::panicking::panic_with_hook
[INFO] [stdout]    7:     0x602d439521e2 - std[617be2ca0a6fd877]::panicking::panic_handler::{closure#0}
[INFO] [stdout]    8:     0x602d4394abe9 - std[617be2ca0a6fd877]::sys::backtrace::__rust_end_short_backtrace::<std[617be2ca0a6fd877]::panicking::panic_handler::{closure#0}, !>
[INFO] [stdout]    9:     0x602d43952fdd - __rustc[ea4f61d10b84890b]::rust_begin_unwind
[INFO] [stdout]   10:     0x602d4399237c - core[a373ad73a504971]::panicking::panic_fmt
[INFO] [stdout]   11:     0x602d43992152 - core[a373ad73a504971]::result::unwrap_failed
[INFO] [stdout]   12:     0x602d43530e0c - <remotefs_ftp[f7a61cbeae20bc17]::test_container::SyncPureFtpRunner>::start
[INFO] [stdout]   13:     0x602d4341dcaf - <remotefs_ftp[f7a61cbeae20bc17]::client::sync::test::should_reject_listing_a_regular_file::{closure#0} as core[a373ad73a504971]::ops::function::FnOnce<()>>::call_once
[INFO] [stdout]   14:     0x602d4358621b - test[aada8e7e76ba119b]::__rust_begin_short_backtrace::<core[a373ad73a504971]::result::Result<(), alloc[2e1b2a31b91974c5]::string::String>, fn() -> core[a373ad73a504971]::result::Result<(), alloc[2e1b2a31b91974c5]::string::String>>
[INFO] [stdout]   15:     0x602d435933f5 - test[aada8e7e76ba119b]::run_test::{closure#0}
[INFO] [stdout]   16:     0x602d4358cce4 - std[617be2ca0a6fd877]::sys::backtrace::__rust_begin_short_backtrace::<test[aada8e7e76ba119b]::run_test::{closure#1}, ()>
[INFO] [stdout]   17:     0x602d43596482 - <std[617be2ca0a6fd877]::thread::lifecycle::spawn_unchecked<test[aada8e7e76ba119b]::run_test::{closure#1}, ()>::{closure#1} as core[a373ad73a504971]::ops::function::FnOnce<()>>::call_once::{shim:vtable#0}
[INFO] [stdout]   18:     0x602d43977d1f - <std[617be2ca0a6fd877]::sys::thread::unix::Thread>::new::thread_start
[INFO] [stdout]   19:     0x766a5acf5dfa - <unknown>
[INFO] [stdout]   20:     0x766a5ad893d4 - clone
[INFO] [stdout]   21:                0x0 - <unknown>
[INFO] [stdout] 
[INFO] [stdout] ---- client::sync::test::should_remove_dir stdout ----
[INFO] [stdout] 
[INFO] [stdout] thread 'client::sync::test::should_remove_dir' (2563) panicked at src/test_container.rs:116:14:
[INFO] [stdout] Failed to start container: Client(Init(SocketNotFoundError("/var/run/docker.sock")))
[INFO] [stdout] stack backtrace:
[INFO] [stdout]    0:     0x602d439792e1 - <<std[617be2ca0a6fd877]::sys::backtrace::BacktraceLock>::print::DisplayBacktrace as core[a373ad73a504971]::fmt::Display>::fmt
[INFO] [stdout]    1:     0x602d43991b9a - core[a373ad73a504971]::fmt::write
[INFO] [stdout]    2:     0x602d4397fb3c - <alloc[2e1b2a31b91974c5]::vec::Vec<u8> as core[a373ad73a504971]::io::write::Write>::write_fmt
[INFO] [stdout]    3:     0x602d43952136 - std[617be2ca0a6fd877]::panicking::default_hook::{closure#0}
[INFO] [stdout]    4:     0x602d43970289 - std[617be2ca0a6fd877]::panicking::default_hook
[INFO] [stdout]    5:     0x602d43592dd0 - test[aada8e7e76ba119b]::test_main_inner::{closure#0}
[INFO] [stdout]    6:     0x602d439705b2 - std[617be2ca0a6fd877]::panicking::panic_with_hook
[INFO] [stdout]    7:     0x602d439521e2 - std[617be2ca0a6fd877]::panicking::panic_handler::{closure#0}
[INFO] [stdout]    8:     0x602d4394abe9 - std[617be2ca0a6fd877]::sys::backtrace::__rust_end_short_backtrace::<std[617be2ca0a6fd877]::panicking::panic_handler::{closure#0}, !>
[INFO] [stdout]    9:     0x602d43952fdd - __rustc[ea4f61d10b84890b]::rust_begin_unwind
[INFO] [stdout]   10:     0x602d4399237c - core[a373ad73a504971]::panicking::panic_fmt
[INFO] [stdout]   11:     0x602d43992152 - core[a373ad73a504971]::result::unwrap_failed
[INFO] [stdout]   12:     0x602d43530e0c - <remotefs_ftp[f7a61cbeae20bc17]::test_container::SyncPureFtpRunner>::start
[INFO] [stdout]   13:     0x602d43414bcf - <remotefs_ftp[f7a61cbeae20bc17]::client::sync::test::should_remove_dir::{closure#0} as core[a373ad73a504971]::ops::function::FnOnce<()>>::call_once
[INFO] [stdout]   14:     0x602d4358621b - test[aada8e7e76ba119b]::__rust_begin_short_backtrace::<core[a373ad73a504971]::result::Result<(), alloc[2e1b2a31b91974c5]::string::String>, fn() -> core[a373ad73a504971]::result::Result<(), alloc[2e1b2a31b91974c5]::string::String>>
[INFO] [stdout]   15:     0x602d435933f5 - test[aada8e7e76ba119b]::run_test::{closure#0}
[INFO] [stdout]   16:     0x602d4358cce4 - std[617be2ca0a6fd877]::sys::backtrace::__rust_begin_short_backtrace::<test[aada8e7e76ba119b]::run_test::{closure#1}, ()>
[INFO] [stdout]   17:     0x602d43596482 - <std[617be2ca0a6fd877]::thread::lifecycle::spawn_unchecked<test[aada8e7e76ba119b]::run_test::{closure#1}, ()>::{closure#1} as core[a373ad73a504971]::ops::function::FnOnce<()>>::call_once::{shim:vtable#0}
[INFO] [stdout]   18:     0x602d43977d1f - <std[617be2ca0a6fd877]::sys::thread::unix::Thread>::new::thread_start
[INFO] [stdout]   19:     0x766a5acf5dfa - <unknown>
[INFO] [stdout]   20:     0x766a5ad893d4 - clone
[INFO] [stdout]   21:                0x0 - <unknown>
[INFO] [stdout] 
[INFO] [stdout] ---- client::sync::test::should_reject_a_second_transfer_while_one_is_alive stdout ----
[INFO] [stdout] 
[INFO] [stdout] thread 'client::sync::test::should_reject_a_second_transfer_while_one_is_alive' (2559) panicked at src/test_container.rs:116:14:
[INFO] [stdout] Failed to start container: Client(Init(SocketNotFoundError("/var/run/docker.sock")))
[INFO] [stdout] stack backtrace:
[INFO] [stdout]    0:     0x602d439792e1 - <<std[617be2ca0a6fd877]::sys::backtrace::BacktraceLock>::print::DisplayBacktrace as core[a373ad73a504971]::fmt::Display>::fmt
[INFO] [stdout]    1:     0x602d43991b9a - core[a373ad73a504971]::fmt::write
[INFO] [stdout]    2:     0x602d4397fb3c - <alloc[2e1b2a31b91974c5]::vec::Vec<u8> as core[a373ad73a504971]::io::write::Write>::write_fmt
[INFO] [stdout]    3:     0x602d43952136 - std[617be2ca0a6fd877]::panicking::default_hook::{closure#0}
[INFO] [stdout]    4:     0x602d43970289 - std[617be2ca0a6fd877]::panicking::default_hook
[INFO] [stdout]    5:     0x602d43592dd0 - test[aada8e7e76ba119b]::test_main_inner::{closure#0}
[INFO] [stdout]    6:     0x602d439705b2 - std[617be2ca0a6fd877]::panicking::panic_with_hook
[INFO] [stdout]    7:     0x602d439521e2 - std[617be2ca0a6fd877]::panicking::panic_handler::{closure#0}
[INFO] [stdout]    8:     0x602d4394abe9 - std[617be2ca0a6fd877]::sys::backtrace::__rust_end_short_backtrace::<std[617be2ca0a6fd877]::panicking::panic_handler::{closure#0}, !>
[INFO] [stdout]    9:     0x602d43952fdd - __rustc[ea4f61d10b84890b]::rust_begin_unwind
[INFO] [stdout]   10:     0x602d4399237c - core[a373ad73a504971]::panicking::panic_fmt
[INFO] [stdout]   11:     0x602d43992152 - core[a373ad73a504971]::result::unwrap_failed
[INFO] [stdout]   12:     0x602d43530e0c - <remotefs_ftp[f7a61cbeae20bc17]::test_container::SyncPureFtpRunner>::start
[INFO] [stdout]   13:     0x602d4342127f - <remotefs_ftp[f7a61cbeae20bc17]::client::sync::test::should_reject_a_second_transfer_while_one_is_alive::{closure#0} as core[a373ad73a504971]::ops::function::FnOnce<()>>::call_once
[INFO] [stdout]   14:     0x602d4358621b - test[aada8e7e76ba119b]::__rust_begin_short_backtrace::<core[a373ad73a504971]::result::Result<(), alloc[2e1b2a31b91974c5]::string::String>, fn() -> core[a373ad73a504971]::result::Result<(), alloc[2e1b2a31b91974c5]::string::String>>
[INFO] [stdout]   15:     0x602d435933f5 - test[aada8e7e76ba119b]::run_test::{closure#0}
[INFO] [stdout]   16:     0x602d4358cce4 - std[617be2ca0a6fd877]::sys::backtrace::__rust_begin_short_backtrace::<test[aada8e7e76ba119b]::run_test::{closure#1}, ()>
[INFO] [stdout]   17:     0x602d43596482 - <std[617be2ca0a6fd877]::thread::lifecycle::spawn_unchecked<test[aada8e7e76ba119b]::run_test::{closure#1}, ()>::{closure#1} as core[a373ad73a504971]::ops::function::FnOnce<()>>::call_once::{shim:vtable#0}
[INFO] [stdout]   18:     0x602d43977d1f - <std[617be2ca0a6fd877]::sys::thread::unix::Thread>::new::thread_start
[INFO] [stdout]   19:     0x766a5acf5dfa - <unknown>
[INFO] [stdout]   20:     0x766a5ad893d4 - clone
[INFO] [stdout]   21:                0x0 - <unknown>
[INFO] [stdout] 
[INFO] [stdout] ---- client::sync::test::should_remove_dir_all stdout ----
[INFO] [stdout] 
[INFO] [stdout] thread 'client::sync::test::should_remove_dir_all' (2564) panicked at src/test_container.rs:116:14:
[INFO] [stdout] Failed to start container: Client(Init(SocketNotFoundError("/var/run/docker.sock")))
[INFO] [stdout] stack backtrace:
[INFO] [stdout]    0:     0x602d439792e1 - <<std[617be2ca0a6fd877]::sys::backtrace::BacktraceLock>::print::DisplayBacktrace as core[a373ad73a504971]::fmt::Display>::fmt
[INFO] [stdout]    1:     0x602d43991b9a - core[a373ad73a504971]::fmt::write
[INFO] [stdout]    2:     0x602d4397fb3c - <alloc[2e1b2a31b91974c5]::vec::Vec<u8> as core[a373ad73a504971]::io::write::Write>::write_fmt
[INFO] [stdout]    3:     0x602d43952136 - std[617be2ca0a6fd877]::panicking::default_hook::{closure#0}
[INFO] [stdout]    4:     0x602d43970289 - std[617be2ca0a6fd877]::panicking::default_hook
[INFO] [stdout]    5:     0x602d43592dd0 - test[aada8e7e76ba119b]::test_main_inner::{closure#0}
[INFO] [stdout]    6:     0x602d439705b2 - std[617be2ca0a6fd877]::panicking::panic_with_hook
[INFO] [stdout]    7:     0x602d439521e2 - std[617be2ca0a6fd877]::panicking::panic_handler::{closure#0}
[INFO] [stdout]    8:     0x602d4394abe9 - std[617be2ca0a6fd877]::sys::backtrace::__rust_end_short_backtrace::<std[617be2ca0a6fd877]::panicking::panic_handler::{closure#0}, !>
[INFO] [stdout]    9:     0x602d43952fdd - __rustc[ea4f61d10b84890b]::rust_begin_unwind
[INFO] [stdout]   10:     0x602d4399237c - core[a373ad73a504971]::panicking::panic_fmt
[INFO] [stdout]   11:     0x602d43992152 - core[a373ad73a504971]::result::unwrap_failed
[INFO] [stdout]   12:     0x602d43530e0c - <remotefs_ftp[f7a61cbeae20bc17]::test_container::SyncPureFtpRunner>::start
[INFO] [stdout]   13:     0x602d43417ecf - <remotefs_ftp[f7a61cbeae20bc17]::client::sync::test::should_remove_dir_all::{closure#0} as core[a373ad73a504971]::ops::function::FnOnce<()>>::call_once
[INFO] [stdout]   14:     0x602d4358621b - test[aada8e7e76ba119b]::__rust_begin_short_backtrace::<core[a373ad73a504971]::result::Result<(), alloc[2e1b2a31b91974c5]::string::String>, fn() -> core[a373ad73a504971]::result::Result<(), alloc[2e1b2a31b91974c5]::string::String>>
[INFO] [stdout]   15:     0x602d435933f5 - test[aada8e7e76ba119b]::run_test::{closure#0}
[INFO] [stdout]   16:     0x602d4358cce4 - std[617be2ca0a6fd877]::sys::backtrace::__rust_begin_short_backtrace::<test[aada8e7e76ba119b]::run_test::{closure#1}, ()>
[INFO] [stdout]   17:     0x602d43596482 - <std[617be2ca0a6fd877]::thread::lifecycle::spawn_unchecked<test[aada8e7e76ba119b]::run_test::{closure#1}, ()>::{closure#1} as core[a373ad73a504971]::ops::function::FnOnce<()>>::call_once::{shim:vtable#0}
[INFO] [stdout]   18:     0x602d43977d1f - <std[617be2ca0a6fd877]::sys::thread::unix::Thread>::new::thread_start
[INFO] [stdout]   19:     0x766a5acf5dfa - <unknown>
[INFO] [stdout]   20:     0x766a5ad893d4 - clone
[INFO] [stdout]   21:                0x0 - <unknown>
[INFO] [stdout] 
[INFO] [stdout] ---- client::sync::test::should_release_the_client_when_a_stream_is_dropped stdout ----
[INFO] [stdout] 
[INFO] [stdout] thread 'client::sync::test::should_release_the_client_when_a_stream_is_dropped' (2562) panicked at src/test_container.rs:116:14:
[INFO] [stdout] Failed to start container: Client(Init(SocketNotFoundError("/var/run/docker.sock")))
[INFO] [stdout] stack backtrace:
[INFO] [stdout]    0:     0x602d439792e1 - <<std[617be2ca0a6fd877]::sys::backtrace::BacktraceLock>::print::DisplayBacktrace as core[a373ad73a504971]::fmt::Display>::fmt
[INFO] [stdout]    1:     0x602d43991b9a - core[a373ad73a504971]::fmt::write
[INFO] [stdout]    2:     0x602d4397fb3c - <alloc[2e1b2a31b91974c5]::vec::Vec<u8> as core[a373ad73a504971]::io::write::Write>::write_fmt
[INFO] [stdout]    3:     0x602d43952136 - std[617be2ca0a6fd877]::panicking::default_hook::{closure#0}
[INFO] [stdout]    4:     0x602d43970289 - std[617be2ca0a6fd877]::panicking::default_hook
[INFO] [stdout]    5:     0x602d43592dd0 - test[aada8e7e76ba119b]::test_main_inner::{closure#0}
[INFO] [stdout]    6:     0x602d439705b2 - std[617be2ca0a6fd877]::panicking::panic_with_hook
[INFO] [stdout]    7:     0x602d439521e2 - std[617be2ca0a6fd877]::panicking::panic_handler::{closure#0}
[INFO] [stdout]    8:     0x602d4394abe9 - std[617be2ca0a6fd877]::sys::backtrace::__rust_end_short_backtrace::<std[617be2ca0a6fd877]::panicking::panic_handler::{closure#0}, !>
[INFO] [stdout]    9:     0x602d43952fdd - __rustc[ea4f61d10b84890b]::rust_begin_unwind
[INFO] [stdout]   10:     0x602d4399237c - core[a373ad73a504971]::panicking::panic_fmt
[INFO] [stdout]   11:     0x602d43992152 - core[a373ad73a504971]::result::unwrap_failed
[INFO] [stdout]   12:     0x602d43530e0c - <remotefs_ftp[f7a61cbeae20bc17]::test_container::SyncPureFtpRunner>::start
[INFO] [stdout]   13:     0x602d4342208f - <remotefs_ftp[f7a61cbeae20bc17]::client::sync::test::should_release_the_client_when_a_stream_is_dropped::{closure#0} as core[a373ad73a504971]::ops::function::FnOnce<()>>::call_once
[INFO] [stdout]   14:     0x602d4358621b - test[aada8e7e76ba119b]::__rust_begin_short_backtrace::<core[a373ad73a504971]::result::Result<(), alloc[2e1b2a31b91974c5]::string::String>, fn() -> core[a373ad73a504971]::result::Result<(), alloc[2e1b2a31b91974c5]::string::String>>
[INFO] [stdout]   15:     0x602d435933f5 - test[aada8e7e76ba119b]::run_test::{closure#0}
[INFO] [stdout]   16:     0x602d4358cce4 - std[617be2ca0a6fd877]::sys::backtrace::__rust_begin_short_backtrace::<test[aada8e7e76ba119b]::run_test::{closure#1}, ()>
[INFO] [stdout]   17:     0x602d43596482 - <std[617be2ca0a6fd877]::thread::lifecycle::spawn_unchecked<test[aada8e7e76ba119b]::run_test::{closure#1}, ()>::{closure#1} as core[a373ad73a504971]::ops::function::FnOnce<()>>::call_once::{shim:vtable#0}
[INFO] [stdout]   18:     0x602d43977d1f - <std[617be2ca0a6fd877]::sys::thread::unix::Thread>::new::thread_start
[INFO] [stdout]   19:     0x766a5acf5dfa - <unknown>
[INFO] [stdout]   20:     0x766a5ad893d4 - clone
[INFO] [stdout]   21:                0x0 - <unknown>
[INFO] [stdout] 
[INFO] [stdout] ---- client::sync::test::should_rename_file stdout ----
[INFO] [stdout] 
[INFO] [stdout] thread 'client::sync::test::should_rename_file' (2566) panicked at src/test_container.rs:116:14:
[INFO] [stdout] Failed to start container: Client(Init(SocketNotFoundError("/var/run/docker.sock")))
[INFO] [stdout] stack backtrace:
[INFO] [stdout]    0:     0x602d439792e1 - <<std[617be2ca0a6fd877]::sys::backtrace::BacktraceLock>::print::DisplayBacktrace as core[a373ad73a504971]::fmt::Display>::fmt
[INFO] [stdout]    1:     0x602d43991b9a - core[a373ad73a504971]::fmt::write
[INFO] [stdout]    2:     0x602d4397fb3c - <alloc[2e1b2a31b91974c5]::vec::Vec<u8> as core[a373ad73a504971]::io::write::Write>::write_fmt
[INFO] [stdout]    3:     0x602d43952136 - std[617be2ca0a6fd877]::panicking::default_hook::{closure#0}
[INFO] [stdout]    4:     0x602d43970289 - std[617be2ca0a6fd877]::panicking::default_hook
[INFO] [stdout]    5:     0x602d43592dd0 - test[aada8e7e76ba119b]::test_main_inner::{closure#0}
[INFO] [stdout]    6:     0x602d439705b2 - std[617be2ca0a6fd877]::panicking::panic_with_hook
[INFO] [stdout]    7:     0x602d439521e2 - std[617be2ca0a6fd877]::panicking::panic_handler::{closure#0}
[INFO] [stdout]    8:     0x602d4394abe9 - std[617be2ca0a6fd877]::sys::backtrace::__rust_end_short_backtrace::<std[617be2ca0a6fd877]::panicking::panic_handler::{closure#0}, !>
[INFO] [stdout]    9:     0x602d43952fdd - __rustc[ea4f61d10b84890b]::rust_begin_unwind
[INFO] [stdout]   10:     0x602d4399237c - core[a373ad73a504971]::panicking::panic_fmt
[INFO] [stdout]   11:     0x602d43992152 - core[a373ad73a504971]::result::unwrap_failed
[INFO] [stdout]   12:     0x602d43530e0c - <remotefs_ftp[f7a61cbeae20bc17]::test_container::SyncPureFtpRunner>::start
[INFO] [stdout]   13:     0x602d4341556f - <remotefs_ftp[f7a61cbeae20bc17]::client::sync::test::should_rename_file::{closure#0} as core[a373ad73a504971]::ops::function::FnOnce<()>>::call_once
[INFO] [stdout]   14:     0x602d4358621b - test[aada8e7e76ba119b]::__rust_begin_short_backtrace::<core[a373ad73a504971]::result::Result<(), alloc[2e1b2a31b91974c5]::string::String>, fn() -> core[a373ad73a504971]::result::Result<(), alloc[2e1b2a31b91974c5]::string::String>>
[INFO] [stdout]   15:     0x602d435933f5 - test[aada8e7e76ba119b]::run_test::{closure#0}
[INFO] [stdout]   16:     0x602d4358cce4 - std[617be2ca0a6fd877]::sys::backtrace::__rust_begin_short_backtrace::<test[aada8e7e76ba119b]::run_test::{closure#1}, ()>
[INFO] [stdout]   17:     0x602d43596482 - <std[617be2ca0a6fd877]::thread::lifecycle::spawn_unchecked<test[aada8e7e76ba119b]::run_test::{closure#1}, ()>::{closure#1} as core[a373ad73a504971]::ops::function::FnOnce<()>>::call_once::{shim:vtable#0}
[INFO] [stdout]   18:     0x602d43977d1f - <std[617be2ca0a6fd877]::sys::thread::unix::Thread>::new::thread_start
[INFO] [stdout]   19:     0x766a5acf5dfa - <unknown>
[INFO] [stdout]   20:     0x766a5ad893d4 - clone
[INFO] [stdout]   21:                0x0 - <unknown>
[INFO] [stdout] 
[INFO] [stdout] ---- client::sync::test::should_report_bad_file_for_wrong_type_operations stdout ----
[INFO] [stdout] 
[INFO] [stdout] thread 'client::sync::test::should_report_bad_file_for_wrong_type_operations' (2567) panicked at src/test_container.rs:116:14:
[INFO] [stdout] Failed to start container: Client(Init(SocketNotFoundError("/var/run/docker.sock")))
[INFO] [stdout] stack backtrace:
[INFO] [stdout]    0:     0x602d439792e1 - <<std[617be2ca0a6fd877]::sys::backtrace::BacktraceLock>::print::DisplayBacktrace as core[a373ad73a504971]::fmt::Display>::fmt
[INFO] [stdout]    1:     0x602d43991b9a - core[a373ad73a504971]::fmt::write
[INFO] [stdout]    2:     0x602d4397fb3c - <alloc[2e1b2a31b91974c5]::vec::Vec<u8> as core[a373ad73a504971]::io::write::Write>::write_fmt
[INFO] [stdout]    3:     0x602d43952136 - std[617be2ca0a6fd877]::panicking::default_hook::{closure#0}
[INFO] [stdout]    4:     0x602d43970289 - std[617be2ca0a6fd877]::panicking::default_hook
[INFO] [stdout]    5:     0x602d43592dd0 - test[aada8e7e76ba119b]::test_main_inner::{closure#0}
[INFO] [stdout]    6:     0x602d439705b2 - std[617be2ca0a6fd877]::panicking::panic_with_hook
[INFO] [stdout]    7:     0x602d439521e2 - std[617be2ca0a6fd877]::panicking::panic_handler::{closure#0}
[INFO] [stdout]    8:     0x602d4394abe9 - std[617be2ca0a6fd877]::sys::backtrace::__rust_end_short_backtrace::<std[617be2ca0a6fd877]::panicking::panic_handler::{closure#0}, !>
[INFO] [stdout]    9:     0x602d43952fdd - __rustc[ea4f61d10b84890b]::rust_begin_unwind
[INFO] [stdout]   10:     0x602d4399237c - core[a373ad73a504971]::panicking::panic_fmt
[INFO] [stdout]   11:     0x602d43992152 - core[a373ad73a504971]::result::unwrap_failed
[INFO] [stdout]   12:     0x602d43530e0c - <remotefs_ftp[f7a61cbeae20bc17]::test_container::SyncPureFtpRunner>::start
[INFO] [stdout]   13:     0x602d4341ff1f - <remotefs_ftp[f7a61cbeae20bc17]::client::sync::test::should_report_bad_file_for_wrong_type_operations::{closure#0} as core[a373ad73a504971]::ops::function::FnOnce<()>>::call_once
[INFO] [stdout]   14:     0x602d4358621b - test[aada8e7e76ba119b]::__rust_begin_short_backtrace::<core[a373ad73a504971]::result::Result<(), alloc[2e1b2a31b91974c5]::string::String>, fn() -> core[a373ad73a504971]::result::Result<(), alloc[2e1b2a31b91974c5]::string::String>>
[INFO] [stdout]   15:     0x602d435933f5 - test[aada8e7e76ba119b]::run_test::{closure#0}
[INFO] [stdout]   16:     0x602d4358cce4 - std[617be2ca0a6fd877]::sys::backtrace::__rust_begin_short_backtrace::<test[aada8e7e76ba119b]::run_test::{closure#1}, ()>
[INFO] [stdout]   17:     0x602d43596482 - <std[617be2ca0a6fd877]::thread::lifecycle::spawn_unchecked<test[aada8e7e76ba119b]::run_test::{closure#1}, ()>::{closure#1} as core[a373ad73a504971]::ops::function::FnOnce<()>>::call_once::{shim:vtable#0}
[INFO] [stdout]   18:     0x602d43977d1f - <std[617be2ca0a6fd877]::sys::thread::unix::Thread>::new::thread_start
[INFO] [stdout]   19:     0x766a5acf5dfa - <unknown>
[INFO] [stdout]   20:     0x766a5ad893d4 - clone
[INFO] [stdout]   21:                0x0 - <unknown>
[INFO] [stdout] 
[INFO] [stdout] ---- client::sync::test::should_reuse_the_passive_builder_after_reconnect stdout ----
[INFO] [stdout] 
[INFO] [stdout] thread 'client::sync::test::should_reuse_the_passive_builder_after_reconnect' (2569) panicked at src/test_container.rs:116:14:
[INFO] [stdout] Failed to start container: Client(Init(SocketNotFoundError("/var/run/docker.sock")))
[INFO] [stdout] stack backtrace:
[INFO] [stdout]    0:     0x602d439792e1 - <<std[617be2ca0a6fd877]::sys::backtrace::BacktraceLock>::print::DisplayBacktrace as core[a373ad73a504971]::fmt::Display>::fmt
[INFO] [stdout]    1:     0x602d43991b9a - core[a373ad73a504971]::fmt::write
[INFO] [stdout]    2:     0x602d4397fb3c - <alloc[2e1b2a31b91974c5]::vec::Vec<u8> as core[a373ad73a504971]::io::write::Write>::write_fmt
[INFO] [stdout]    3:     0x602d43952136 - std[617be2ca0a6fd877]::panicking::default_hook::{closure#0}
[INFO] [stdout]    4:     0x602d43970289 - std[617be2ca0a6fd877]::panicking::default_hook
[INFO] [stdout]    5:     0x602d43592dd0 - test[aada8e7e76ba119b]::test_main_inner::{closure#0}
[INFO] [stdout]    6:     0x602d439705b2 - std[617be2ca0a6fd877]::panicking::panic_with_hook
[INFO] [stdout]    7:     0x602d439521e2 - std[617be2ca0a6fd877]::panicking::panic_handler::{closure#0}
[INFO] [stdout]    8:     0x602d4394abe9 - std[617be2ca0a6fd877]::sys::backtrace::__rust_end_short_backtrace::<std[617be2ca0a6fd877]::panicking::panic_handler::{closure#0}, !>
[INFO] [stdout]    9:     0x602d43952fdd - __rustc[ea4f61d10b84890b]::rust_begin_unwind
[INFO] [stdout]   10:     0x602d4399237c - core[a373ad73a504971]::panicking::panic_fmt
[INFO] [stdout]   11:     0x602d43992152 - core[a373ad73a504971]::result::unwrap_failed
[INFO] [stdout]   12:     0x602d43530e0c - <remotefs_ftp[f7a61cbeae20bc17]::test_container::SyncPureFtpRunner>::start
[INFO] [stdout]   13:     0x602d43420a3c - <remotefs_ftp[f7a61cbeae20bc17]::client::sync::test::should_reuse_the_passive_builder_after_reconnect::{closure#0} as core[a373ad73a504971]::ops::function::FnOnce<()>>::call_once
[INFO] [stdout]   14:     0x602d4358621b - test[aada8e7e76ba119b]::__rust_begin_short_backtrace::<core[a373ad73a504971]::result::Result<(), alloc[2e1b2a31b91974c5]::string::String>, fn() -> core[a373ad73a504971]::result::Result<(), alloc[2e1b2a31b91974c5]::string::String>>
[INFO] [stdout]   15:     0x602d435933f5 - test[aada8e7e76ba119b]::run_test::{closure#0}
[INFO] [stdout]   16:     0x602d4358cce4 - std[617be2ca0a6fd877]::sys::backtrace::__rust_begin_short_backtrace::<test[aada8e7e76ba119b]::run_test::{closure#1}, ()>
[INFO] [stdout]   17:     0x602d43596482 - <std[617be2ca0a6fd877]::thread::lifecycle::spawn_unchecked<test[aada8e7e76ba119b]::run_test::{closure#1}, ()>::{closure#1} as core[a373ad73a504971]::ops::function::FnOnce<()>>::call_once::{shim:vtable#0}
[INFO] [stdout]   18:     0x602d43977d1f - <std[617be2ca0a6fd877]::sys::thread::unix::Thread>::new::thread_start
[INFO] [stdout]   19:     0x766a5acf5dfa - <unknown>
[INFO] [stdout]   20:     0x766a5ad893d4 - clone
[INFO] [stdout]   21:                0x0 - <unknown>
[INFO] [stdout] 
[INFO] [stdout] ---- client::sync::test::should_stat_file stdout ----
[INFO] [stdout] 
[INFO] [stdout] thread 'client::sync::test::should_stat_file' (2570) panicked at src/test_container.rs:116:14:
[INFO] [stdout] Failed to start container: Client(Init(SocketNotFoundError("/var/run/docker.sock")))
[INFO] [stdout] stack backtrace:
[INFO] [stdout]    0:     0x602d439792e1 - <<std[617be2ca0a6fd877]::sys::backtrace::BacktraceLock>::print::DisplayBacktrace as core[a373ad73a504971]::fmt::Display>::fmt
[INFO] [stdout]    1:     0x602d43991b9a - core[a373ad73a504971]::fmt::write
[INFO] [stdout]    2:     0x602d4397fb3c - <alloc[2e1b2a31b91974c5]::vec::Vec<u8> as core[a373ad73a504971]::io::write::Write>::write_fmt
[INFO] [stdout]    3:     0x602d43952136 - std[617be2ca0a6fd877]::panicking::default_hook::{closure#0}
[INFO] [stdout]    4:     0x602d43970289 - std[617be2ca0a6fd877]::panicking::default_hook
[INFO] [stdout]    5:     0x602d43592dd0 - test[aada8e7e76ba119b]::test_main_inner::{closure#0}
[INFO] [stdout]    6:     0x602d439705b2 - std[617be2ca0a6fd877]::panicking::panic_with_hook
[INFO] [stdout]    7:     0x602d439521e2 - std[617be2ca0a6fd877]::panicking::panic_handler::{closure#0}
[INFO] [stdout]    8:     0x602d4394abe9 - std[617be2ca0a6fd877]::sys::backtrace::__rust_end_short_backtrace::<std[617be2ca0a6fd877]::panicking::panic_handler::{closure#0}, !>
[INFO] [stdout]    9:     0x602d43952fdd - __rustc[ea4f61d10b84890b]::rust_begin_unwind
[INFO] [stdout]   10:     0x602d4399237c - core[a373ad73a504971]::panicking::panic_fmt
[INFO] [stdout]   11:     0x602d43992152 - core[a373ad73a504971]::result::unwrap_failed
[INFO] [stdout]   12:     0x602d43530e0c - <remotefs_ftp[f7a61cbeae20bc17]::test_container::SyncPureFtpRunner>::start
[INFO] [stdout]   13:     0x602d43413a1f - <remotefs_ftp[f7a61cbeae20bc17]::client::sync::test::should_stat_file::{closure#0} as core[a373ad73a504971]::ops::function::FnOnce<()>>::call_once
[INFO] [stdout]   14:     0x602d4358621b - test[aada8e7e76ba119b]::__rust_begin_short_backtrace::<core[a373ad73a504971]::result::Result<(), alloc[2e1b2a31b91974c5]::string::String>, fn() -> core[a373ad73a504971]::result::Result<(), alloc[2e1b2a31b91974c5]::string::String>>
[INFO] [stdout]   15:     0x602d435933f5 - test[aada8e7e76ba119b]::run_test::{closure#0}
[INFO] [stdout]   16:     0x602d4358cce4 - std[617be2ca0a6fd877]::sys::backtrace::__rust_begin_short_backtrace::<test[aada8e7e76ba119b]::run_test::{closure#1}, ()>
[INFO] [stdout]   17:     0x602d43596482 - <std[617be2ca0a6fd877]::thread::lifecycle::spawn_unchecked<test[aada8e7e76ba119b]::run_test::{closure#1}, ()>::{closure#1} as core[a373ad73a504971]::ops::function::FnOnce<()>>::call_once::{shim:vtable#0}
[INFO] [stdout]   18:     0x602d43977d1f - <std[617be2ca0a6fd877]::sys::thread::unix::Thread>::new::thread_start
[INFO] [stdout]   19:     0x766a5acf5dfa - <unknown>
[INFO] [stdout]   20:     0x766a5ad893d4 - clone
[INFO] [stdout]   21:                0x0 - <unknown>
[INFO] [stdout] 
[INFO] [stdout] ---- client::sync::test::should_remove_file stdout ----
[INFO] [stdout] 
[INFO] [stdout] thread 'client::sync::test::should_remove_file' (2565) panicked at src/test_container.rs:116:14:
[INFO] [stdout] Failed to start container: Client(Init(SocketNotFoundError("/var/run/docker.sock")))
[INFO] [stdout] stack backtrace:
[INFO] [stdout]    0:     0x602d439792e1 - <<std[617be2ca0a6fd877]::sys::backtrace::BacktraceLock>::print::DisplayBacktrace as core[a373ad73a504971]::fmt::Display>::fmt
[INFO] [stdout]    1:     0x602d43991b9a - core[a373ad73a504971]::fmt::write
[INFO] [stdout]    2:     0x602d4397fb3c - <alloc[2e1b2a31b91974c5]::vec::Vec<u8> as core[a373ad73a504971]::io::write::Write>::write_fmt
[INFO] [stdout]    3:     0x602d43952136 - std[617be2ca0a6fd877]::panicking::default_hook::{closure#0}
[INFO] [stdout]    4:     0x602d43970289 - std[617be2ca0a6fd877]::panicking::default_hook
[INFO] [stdout]    5:     0x602d43592dd0 - test[aada8e7e76ba119b]::test_main_inner::{closure#0}
[INFO] [stdout]    6:     0x602d439705b2 - std[617be2ca0a6fd877]::panicking::panic_with_hook
[INFO] [stdout]    7:     0x602d439521e2 - std[617be2ca0a6fd877]::panicking::panic_handler::{closure#0}
[INFO] [stdout]    8:     0x602d4394abe9 - std[617be2ca0a6fd877]::sys::backtrace::__rust_end_short_backtrace::<std[617be2ca0a6fd877]::panicking::panic_handler::{closure#0}, !>
[INFO] [stdout]    9:     0x602d43952fdd - __rustc[ea4f61d10b84890b]::rust_begin_unwind
[INFO] [stdout]   10:     0x602d4399237c - core[a373ad73a504971]::panicking::panic_fmt
[INFO] [stdout]   11:     0x602d43992152 - core[a373ad73a504971]::result::unwrap_failed
[INFO] [stdout]   12:     0x602d43530e0c - <remotefs_ftp[f7a61cbeae20bc17]::test_container::SyncPureFtpRunner>::start
[INFO] [stdout]   13:     0x602d43414f7f - <remotefs_ftp[f7a61cbeae20bc17]::client::sync::test::should_remove_file::{closure#0} as core[a373ad73a504971]::ops::function::FnOnce<()>>::call_once
[INFO] [stdout]   14:     0x602d4358621b - test[aada8e7e76ba119b]::__rust_begin_short_backtrace::<core[a373ad73a504971]::result::Result<(), alloc[2e1b2a31b91974c5]::string::String>, fn() -> core[a373ad73a504971]::result::Result<(), alloc[2e1b2a31b91974c5]::string::String>>
[INFO] [stdout]   15:     0x602d435933f5 - test[aada8e7e76ba119b]::run_test::{closure#0}
[INFO] [stdout]   16:     0x602d4358cce4 - std[617be2ca0a6fd877]::sys::backtrace::__rust_begin_short_backtrace::<test[aada8e7e76ba119b]::run_test::{closure#1}, ()>
[INFO] [stdout]   17:     0x602d43596482 - <std[617be2ca0a6fd877]::thread::lifecycle::spawn_unchecked<test[aada8e7e76ba119b]::run_test::{closure#1}, ()>::{closure#1} as core[a373ad73a504971]::ops::function::FnOnce<()>>::call_once::{shim:vtable#0}
[INFO] [stdout]   18:     0x602d43977d1f - <std[617be2ca0a6fd877]::sys::thread::unix::Thread>::new::thread_start
[INFO] [stdout]   19:     0x766a5acf5dfa - <unknown>
[INFO] [stdout]   20:     0x766a5ad893d4 - clone
[INFO] [stdout]   21:                0x0 - <unknown>
[INFO] [stdout] 
[INFO] [stdout] ---- client::sync::test::should_stat_root stdout ----
[INFO] [stdout] 
[INFO] [stdout] thread 'client::sync::test::should_stat_root' (2571) panicked at src/test_container.rs:116:14:
[INFO] [stdout] Failed to start container: Client(Init(SocketNotFoundError("/var/run/docker.sock")))
[INFO] [stdout] stack backtrace:
[INFO] [stdout]    0:     0x602d439792e1 - <<std[617be2ca0a6fd877]::sys::backtrace::BacktraceLock>::print::DisplayBacktrace as core[a373ad73a504971]::fmt::Display>::fmt
[INFO] [stdout]    1:     0x602d43991b9a - core[a373ad73a504971]::fmt::write
[INFO] [stdout]    2:     0x602d4397fb3c - <alloc[2e1b2a31b91974c5]::vec::Vec<u8> as core[a373ad73a504971]::io::write::Write>::write_fmt
[INFO] [stdout]    3:     0x602d43952136 - std[617be2ca0a6fd877]::panicking::default_hook::{closure#0}
[INFO] [stdout]    4:     0x602d43970289 - std[617be2ca0a6fd877]::panicking::default_hook
[INFO] [stdout]    5:     0x602d43592dd0 - test[aada8e7e76ba119b]::test_main_inner::{closure#0}
[INFO] [stdout]    6:     0x602d439705b2 - std[617be2ca0a6fd877]::panicking::panic_with_hook
[INFO] [stdout]    7:     0x602d439521e2 - std[617be2ca0a6fd877]::panicking::panic_handler::{closure#0}
[INFO] [stdout]    8:     0x602d4394abe9 - std[617be2ca0a6fd877]::sys::backtrace::__rust_end_short_backtrace::<std[617be2ca0a6fd877]::panicking::panic_handler::{closure#0}, !>
[INFO] [stdout]    9:     0x602d43952fdd - __rustc[ea4f61d10b84890b]::rust_begin_unwind
[INFO] [stdout]   10:     0x602d4399237c - core[a373ad73a504971]::panicking::panic_fmt
[INFO] [stdout]   11:     0x602d43992152 - core[a373ad73a504971]::result::unwrap_failed
[INFO] [stdout]   12:     0x602d43530e0c - <remotefs_ftp[f7a61cbeae20bc17]::test_container::SyncPureFtpRunner>::start
[INFO] [stdout]   13:     0x602d434144bf - <remotefs_ftp[f7a61cbeae20bc17]::client::sync::test::should_stat_root::{closure#0} as core[a373ad73a504971]::ops::function::FnOnce<()>>::call_once
[INFO] [stdout]   14:     0x602d4358621b - test[aada8e7e76ba119b]::__rust_begin_short_backtrace::<core[a373ad73a504971]::result::Result<(), alloc[2e1b2a31b91974c5]::string::String>, fn() -> core[a373ad73a504971]::result::Result<(), alloc[2e1b2a31b91974c5]::string::String>>
[INFO] [stdout]   15:     0x602d435933f5 - test[aada8e7e76ba119b]::run_test::{closure#0}
[INFO] [stdout]   16:     0x602d4358cce4 - std[617be2ca0a6fd877]::sys::backtrace::__rust_begin_short_backtrace::<test[aada8e7e76ba119b]::run_test::{closure#1}, ()>
[INFO] [stdout]   17:     0x602d43596482 - <std[617be2ca0a6fd877]::thread::lifecycle::spawn_unchecked<test[aada8e7e76ba119b]::run_test::{closure#1}, ()>::{closure#1} as core[a373ad73a504971]::ops::function::FnOnce<()>>::call_once::{shim:vtable#0}
[INFO] [stdout]   18:     0x602d43977d1f - <std[617be2ca0a6fd877]::sys::thread::unix::Thread>::new::thread_start
[INFO] [stdout]   19:     0x766a5acf5dfa - <unknown>
[INFO] [stdout]   20:     0x766a5ad893d4 - clone
[INFO] [stdout]   21:                0x0 - <unknown>
[INFO] [stdout] 
[INFO] [stdout] ---- client::sync::test::should_stream_write_flush_and_finish stdout ----
[INFO] [stdout] 
[INFO] [stdout] thread 'client::sync::test::should_stream_write_flush_and_finish' (2572) panicked at src/test_container.rs:116:14:
[INFO] [stdout] Failed to start container: Client(Init(SocketNotFoundError("/var/run/docker.sock")))
[INFO] [stdout] stack backtrace:
[INFO] [stdout]    0:     0x602d439792e1 - <<std[617be2ca0a6fd877]::sys::backtrace::BacktraceLock>::print::DisplayBacktrace as core[a373ad73a504971]::fmt::Display>::fmt
[INFO] [stdout]    1:     0x602d43991b9a - core[a373ad73a504971]::fmt::write
[INFO] [stdout]    2:     0x602d4397fb3c - <alloc[2e1b2a31b91974c5]::vec::Vec<u8> as core[a373ad73a504971]::io::write::Write>::write_fmt
[INFO] [stdout]    3:     0x602d43952136 - std[617be2ca0a6fd877]::panicking::default_hook::{closure#0}
[INFO] [stdout]    4:     0x602d43970289 - std[617be2ca0a6fd877]::panicking::default_hook
[INFO] [stdout]    5:     0x602d43592dd0 - test[aada8e7e76ba119b]::test_main_inner::{closure#0}
[INFO] [stdout]    6:     0x602d439705b2 - std[617be2ca0a6fd877]::panicking::panic_with_hook
[INFO] [stdout]    7:     0x602d439521e2 - std[617be2ca0a6fd877]::panicking::panic_handler::{closure#0}
[INFO] [stdout]    8:     0x602d4394abe9 - std[617be2ca0a6fd877]::sys::backtrace::__rust_end_short_backtrace::<std[617be2ca0a6fd877]::panicking::panic_handler::{closure#0}, !>
[INFO] [stdout]    9:     0x602d43952fdd - __rustc[ea4f61d10b84890b]::rust_begin_unwind
[INFO] [stdout]   10:     0x602d4399237c - core[a373ad73a504971]::panicking::panic_fmt
[INFO] [stdout]   11:     0x602d43992152 - core[a373ad73a504971]::result::unwrap_failed
[INFO] [stdout]   12:     0x602d43530e0c - <remotefs_ftp[f7a61cbeae20bc17]::test_container::SyncPureFtpRunner>::start
[INFO] [stdout]   13:     0x602d4341e26f - <remotefs_ftp[f7a61cbeae20bc17]::client::sync::test::should_stream_write_flush_and_finish::{closure#0} as core[a373ad73a504971]::ops::function::FnOnce<()>>::call_once
[INFO] [stdout]   14:     0x602d4358621b - test[aada8e7e76ba119b]::__rust_begin_short_backtrace::<core[a373ad73a504971]::result::Result<(), alloc[2e1b2a31b91974c5]::string::String>, fn() -> core[a373ad73a504971]::result::Result<(), alloc[2e1b2a31b91974c5]::string::String>>
[INFO] [stdout]   15:     0x602d435933f5 - test[aada8e7e76ba119b]::run_test::{closure#0}
[INFO] [stdout]   16:     0x602d4358cce4 - std[617be2ca0a6fd877]::sys::backtrace::__rust_begin_short_backtrace::<test[aada8e7e76ba119b]::run_test::{closure#1}, ()>
[INFO] [stdout]   17:     0x602d43596482 - <std[617be2ca0a6fd877]::thread::lifecycle::spawn_unchecked<test[aada8e7e76ba119b]::run_test::{closure#1}, ()>::{closure#1} as core[a373ad73a504971]::ops::function::FnOnce<()>>::call_once::{shim:vtable#0}
[INFO] [stdout]   18:     0x602d43977d1f - <std[617be2ca0a6fd877]::sys::thread::unix::Thread>::new::thread_start
[INFO] [stdout]   19:     0x766a5acf5dfa - <unknown>
[INFO] [stdout]   20:     0x766a5ad893d4 - clone
[INFO] [stdout]   21:                0x0 - <unknown>
[INFO] [stdout] 
[INFO] [stdout] ---- client::sync::test::should_tell_whether_file_exists stdout ----
[INFO] [stdout] 
[INFO] [stdout] thread 'client::sync::test::should_tell_whether_file_exists' (2573) panicked at src/test_container.rs:116:14:
[INFO] [stdout] Failed to start container: Client(Init(SocketNotFoundError("/var/run/docker.sock")))
[INFO] [stdout] stack backtrace:
[INFO] [stdout]    0:     0x602d439792e1 - <<std[617be2ca0a6fd877]::sys::backtrace::BacktraceLock>::print::DisplayBacktrace as core[a373ad73a504971]::fmt::Display>::fmt
[INFO] [stdout]    1:     0x602d43991b9a - core[a373ad73a504971]::fmt::write
[INFO] [stdout]    2:     0x602d4397fb3c - <alloc[2e1b2a31b91974c5]::vec::Vec<u8> as core[a373ad73a504971]::io::write::Write>::write_fmt
[INFO] [stdout]    3:     0x602d43952136 - std[617be2ca0a6fd877]::panicking::default_hook::{closure#0}
[INFO] [stdout]    4:     0x602d43970289 - std[617be2ca0a6fd877]::panicking::default_hook
[INFO] [stdout]    5:     0x602d43592dd0 - test[aada8e7e76ba119b]::test_main_inner::{closure#0}
[INFO] [stdout]    6:     0x602d439705b2 - std[617be2ca0a6fd877]::panicking::panic_with_hook
[INFO] [stdout]    7:     0x602d439521e2 - std[617be2ca0a6fd877]::panicking::panic_handler::{closure#0}
[INFO] [stdout]    8:     0x602d4394abe9 - std[617be2ca0a6fd877]::sys::backtrace::__rust_end_short_backtrace::<std[617be2ca0a6fd877]::panicking::panic_handler::{closure#0}, !>
[INFO] [stdout]    9:     0x602d43952fdd - __rustc[ea4f61d10b84890b]::rust_begin_unwind
[INFO] [stdout]   10:     0x602d4399237c - core[a373ad73a504971]::panicking::panic_fmt
[INFO] [stdout]   11:     0x602d43992152 - core[a373ad73a504971]::result::unwrap_failed
[INFO] [stdout]   12:     0x602d43530e0c - <remotefs_ftp[f7a61cbeae20bc17]::test_container::SyncPureFtpRunner>::start
[INFO] [stdout]   13:     0x602d4341b5cf - <remotefs_ftp[f7a61cbeae20bc17]::client::sync::test::should_tell_whether_file_exists::{closure#0} as core[a373ad73a504971]::ops::function::FnOnce<()>>::call_once
[INFO] [stdout]   14:     0x602d4358621b - test[aada8e7e76ba119b]::__rust_begin_short_backtrace::<core[a373ad73a504971]::result::Result<(), alloc[2e1b2a31b91974c5]::string::String>, fn() -> core[a373ad73a504971]::result::Result<(), alloc[2e1b2a31b91974c5]::string::String>>
[INFO] [stdout]   15:     0x602d435933f5 - test[aada8e7e76ba119b]::run_test::{closure#0}
[INFO] [stdout]   16:     0x602d4358cce4 - std[617be2ca0a6fd877]::sys::backtrace::__rust_begin_short_backtrace::<test[aada8e7e76ba119b]::run_test::{closure#1}, ()>
[INFO] [stdout]   17:     0x602d43596482 - <std[617be2ca0a6fd877]::thread::lifecycle::spawn_unchecked<test[aada8e7e76ba119b]::run_test::{closure#1}, ()>::{closure#1} as core[a373ad73a504971]::ops::function::FnOnce<()>>::call_once::{shim:vtable#0}
[INFO] [stdout]   18:     0x602d43977d1f - <std[617be2ca0a6fd877]::sys::thread::unix::Thread>::new::thread_start
[INFO] [stdout]   19:     0x766a5acf5dfa - <unknown>
[INFO] [stdout]   20:     0x766a5ad893d4 - clone
[INFO] [stdout]   21:                0x0 - <unknown>
[INFO] [stdout] 
[INFO] [stdout] ---- client::sync::test::should_honor_read_offset_and_length stdout ----
[INFO] [stdout] 
[INFO] [stdout] thread 'client::sync::test::should_honor_read_offset_and_length' (2539) panicked at src/test_container.rs:116:14:
[INFO] [stdout] Failed to start container: Client(Init(SocketNotFoundError("/var/run/docker.sock")))
[INFO] [stdout] stack backtrace:
[INFO] [stdout]    0:     0x602d439792e1 - <<std[617be2ca0a6fd877]::sys::backtrace::BacktraceLock>::print::DisplayBacktrace as core[a373ad73a504971]::fmt::Display>::fmt
[INFO] [stdout]    1:     0x602d43991b9a - core[a373ad73a504971]::fmt::write
[INFO] [stdout]    2:     0x602d4397fb3c - <alloc[2e1b2a31b91974c5]::vec::Vec<u8> as core[a373ad73a504971]::io::write::Write>::write_fmt
[INFO] [stdout]    3:     0x602d43952136 - std[617be2ca0a6fd877]::panicking::default_hook::{closure#0}
[INFO] [stdout]    4:     0x602d43970289 - std[617be2ca0a6fd877]::panicking::default_hook
[INFO] [stdout]    5:     0x602d43592dd0 - test[aada8e7e76ba119b]::test_main_inner::{closure#0}
[INFO] [stdout]    6:     0x602d439705b2 - std[617be2ca0a6fd877]::panicking::panic_with_hook
[INFO] [stdout]    7:     0x602d439521e2 - std[617be2ca0a6fd877]::panicking::panic_handler::{closure#0}
[INFO] [stdout]    8:     0x602d4394abe9 - std[617be2ca0a6fd877]::sys::backtrace::__rust_end_short_backtrace::<std[617be2ca0a6fd877]::panicking::panic_handler::{closure#0}, !>
[INFO] [stdout]    9:     0x602d43952fdd - __rustc[ea4f61d10b84890b]::rust_begin_unwind
[INFO] [stdout]   10:     0x602d4399237c - core[a373ad73a504971]::panicking::panic_fmt
[INFO] [stdout]   11:     0x602d43992152 - core[a373ad73a504971]::result::unwrap_failed
[INFO] [stdout]   12:     0x602d43530e0c - <remotefs_ftp[f7a61cbeae20bc17]::test_container::SyncPureFtpRunner>::start
[INFO] [stdout]   13:     0x602d4341ce7f - <remotefs_ftp[f7a61cbeae20bc17]::client::sync::test::should_honor_read_offset_and_length::{closure#0} as core[a373ad73a504971]::ops::function::FnOnce<()>>::call_once
[INFO] [stdout]   14:     0x602d4358621b - test[aada8e7e76ba119b]::__rust_begin_short_backtrace::<core[a373ad73a504971]::result::Result<(), alloc[2e1b2a31b91974c5]::string::String>, fn() -> core[a373ad73a504971]::result::Result<(), alloc[2e1b2a31b91974c5]::string::String>>
[INFO] [stdout]   15:     0x602d435933f5 - test[aada8e7e76ba119b]::run_test::{closure#0}
[INFO] [stdout]   16:     0x602d4358cce4 - std[617be2ca0a6fd877]::sys::backtrace::__rust_begin_short_backtrace::<test[aada8e7e76ba119b]::run_test::{closure#1}, ()>
[INFO] [stdout]   17:     0x602d43596482 - <std[617be2ca0a6fd877]::thread::lifecycle::spawn_unchecked<test[aada8e7e76ba119b]::run_test::{closure#1}, ()>::{closure#1} as core[a373ad73a504971]::ops::function::FnOnce<()>>::call_once::{shim:vtable#0}
[INFO] [stdout]   18:     0x602d43977d1f - <std[617be2ca0a6fd877]::sys::thread::unix::Thread>::new::thread_start
[INFO] [stdout]   19:     0x766a5acf5dfa - <unknown>
[INFO] [stdout]   20:     0x766a5ad893d4 - clone
[INFO] [stdout]   21:                0x0 - <unknown>
[INFO] [stdout] 
[INFO] [stdout] ---- client::sync::test::should_classify_missing_rename_destination_parent_as_missing stdout ----
[INFO] [stdout] 
[INFO] [stdout] thread 'client::sync::test::should_classify_missing_rename_destination_parent_as_missing' (2532) panicked at src/test_container.rs:116:14:
[INFO] [stdout] Failed to start container: Client(Init(SocketNotFoundError("/var/run/docker.sock")))
[INFO] [stdout] stack backtrace:
[INFO] [stdout]    0:     0x602d439792e1 - <<std[617be2ca0a6fd877]::sys::backtrace::BacktraceLock>::print::DisplayBacktrace as core[a373ad73a504971]::fmt::Display>::fmt
[INFO] [stdout]    1:     0x602d43991b9a - core[a373ad73a504971]::fmt::write
[INFO] [stdout]    2:     0x602d4397fb3c - <alloc[2e1b2a31b91974c5]::vec::Vec<u8> as core[a373ad73a504971]::io::write::Write>::write_fmt
[INFO] [stdout]    3:     0x602d43952136 - std[617be2ca0a6fd877]::panicking::default_hook::{closure#0}
[INFO] [stdout]    4:     0x602d43970289 - std[617be2ca0a6fd877]::panicking::default_hook
[INFO] [stdout]    5:     0x602d43592dd0 - test[aada8e7e76ba119b]::test_main_inner::{closure#0}
[INFO] [stdout]    6:     0x602d439705b2 - std[617be2ca0a6fd877]::panicking::panic_with_hook
[INFO] [stdout]    7:     0x602d439521e2 - std[617be2ca0a6fd877]::panicking::panic_handler::{closure#0}
[INFO] [stdout]    8:     0x602d4394abe9 - std[617be2ca0a6fd877]::sys::backtrace::__rust_end_short_backtrace::<std[617be2ca0a6fd877]::panicking::panic_handler::{closure#0}, !>
[INFO] [stdout]    9:     0x602d43952fdd - __rustc[ea4f61d10b84890b]::rust_begin_unwind
[INFO] [stdout]   10:     0x602d4399237c - core[a373ad73a504971]::panicking::panic_fmt
[INFO] [stdout]   11:     0x602d43992152 - core[a373ad73a504971]::result::unwrap_failed
[INFO] [stdout]   12:     0x602d43530e0c - <remotefs_ftp[f7a61cbeae20bc17]::test_container::SyncPureFtpRunner>::start
[INFO] [stdout]   13:     0x602d43423adf - <remotefs_ftp[f7a61cbeae20bc17]::client::sync::test::should_classify_missing_rename_destination_parent_as_missing::{closure#0} as core[a373ad73a504971]::ops::function::FnOnce<()>>::call_once
[INFO] [stdout]   14:     0x602d4358621b - test[aada8e7e76ba119b]::__rust_begin_short_backtrace::<core[a373ad73a504971]::result::Result<(), alloc[2e1b2a31b91974c5]::string::String>, fn() -> core[a373ad73a504971]::result::Result<(), alloc[2e1b2a31b91974c5]::string::String>>
[INFO] [stdout]   15:     0x602d435933f5 - test[aada8e7e76ba119b]::run_test::{closure#0}
[INFO] [stdout]   16:     0x602d4358cce4 - std[617be2ca0a6fd877]::sys::backtrace::__rust_begin_short_backtrace::<test[aada8e7e76ba119b]::run_test::{closure#1}, ()>
[INFO] [stdout]   17:     0x602d43596482 - <std[617be2ca0a6fd877]::thread::lifecycle::spawn_unchecked<test[aada8e7e76ba119b]::run_test::{closure#1}, ()>::{closure#1} as core[a373ad73a504971]::ops::function::FnOnce<()>>::call_once::{shim:vtable#0}
[INFO] [stdout]   18:     0x602d43977d1f - <std[617be2ca0a6fd877]::sys::thread::unix::Thread>::new::thread_start
[INFO] [stdout]   19:     0x766a5acf5dfa - <unknown>
[INFO] [stdout]   20:     0x766a5ad893d4 - clone
[INFO] [stdout]   21:                0x0 - <unknown>
[INFO] [stdout] 
[INFO] [stdout] ---- client::sync::test::should_write_and_read_file stdout ----
[INFO] [stdout] 
[INFO] [stdout] thread 'client::sync::test::should_write_and_read_file' (2574) panicked at src/test_container.rs:116:14:
[INFO] [stdout] Failed to start container: Client(Init(SocketNotFoundError("/var/run/docker.sock")))
[INFO] [stdout] stack backtrace:
[INFO] [stdout]    0:     0x602d439792e1 - <<std[617be2ca0a6fd877]::sys::backtrace::BacktraceLock>::print::DisplayBacktrace as core[a373ad73a504971]::fmt::Display>::fmt
[INFO] [stdout]    1:     0x602d43991b9a - core[a373ad73a504971]::fmt::write
[INFO] [stdout]    2:     0x602d4397fb3c - <alloc[2e1b2a31b91974c5]::vec::Vec<u8> as core[a373ad73a504971]::io::write::Write>::write_fmt
[INFO] [stdout]    3:     0x602d43952136 - std[617be2ca0a6fd877]::panicking::default_hook::{closure#0}
[INFO] [stdout]    4:     0x602d43970289 - std[617be2ca0a6fd877]::panicking::default_hook
[INFO] [stdout]    5:     0x602d43592dd0 - test[aada8e7e76ba119b]::test_main_inner::{closure#0}
[INFO] [stdout]    6:     0x602d439705b2 - std[617be2ca0a6fd877]::panicking::panic_with_hook
[INFO] [stdout]    7:     0x602d439521e2 - std[617be2ca0a6fd877]::panicking::panic_handler::{closure#0}
[INFO] [stdout]    8:     0x602d4394abe9 - std[617be2ca0a6fd877]::sys::backtrace::__rust_end_short_backtrace::<std[617be2ca0a6fd877]::panicking::panic_handler::{closure#0}, !>
[INFO] [stdout]    9:     0x602d43952fdd - __rustc[ea4f61d10b84890b]::rust_begin_unwind
[INFO] [stdout]   10:     0x602d4399237c - core[a373ad73a504971]::panicking::panic_fmt
[INFO] [stdout]   11:     0x602d43992152 - core[a373ad73a504971]::result::unwrap_failed
[INFO] [stdout]   12:     0x602d43530e0c - <remotefs_ftp[f7a61cbeae20bc17]::test_container::SyncPureFtpRunner>::start
[INFO] [stdout]   13:     0x602d4341a79f - <remotefs_ftp[f7a61cbeae20bc17]::client::sync::test::should_write_and_read_file::{closure#0} as core[a373ad73a504971]::ops::function::FnOnce<()>>::call_once
[INFO] [stdout]   14:     0x602d4358621b - test[aada8e7e76ba119b]::__rust_begin_short_backtrace::<core[a373ad73a504971]::result::Result<(), alloc[2e1b2a31b91974c5]::string::String>, fn() -> core[a373ad73a504971]::result::Result<(), alloc[2e1b2a31b91974c5]::string::String>>
[INFO] [stdout]   15:     0x602d435933f5 - test[aada8e7e76ba119b]::run_test::{closure#0}
[INFO] [stdout]   16:     0x602d4358cce4 - std[617be2ca0a6fd877]::sys::backtrace::__rust_begin_short_backtrace::<test[aada8e7e76ba119b]::run_test::{closure#1}, ()>
[INFO] [stdout]   17:     0x602d43596482 - <std[617be2ca0a6fd877]::thread::lifecycle::spawn_unchecked<test[aada8e7e76ba119b]::run_test::{closure#1}, ()>::{closure#1} as core[a373ad73a504971]::ops::function::FnOnce<()>>::call_once::{shim:vtable#0}
[INFO] [stdout]   18:     0x602d43977d1f - <std[617be2ca0a6fd877]::sys::thread::unix::Thread>::new::thread_start
[INFO] [stdout]   19:     0x766a5acf5dfa - <unknown>
[INFO] [stdout]   20:     0x766a5ad893d4 - clone
[INFO] [stdout]   21:                0x0 - <unknown>
[INFO] [stdout] 
[INFO] [stdout] 
[INFO] [stdout] failures:
[INFO] [stdout]     client::sync::test::should_append_to_file
[INFO] [stdout]     client::sync::test::should_classify_missing_creation_parents_as_missing
[INFO] [stdout]     client::sync::test::should_classify_missing_rename_destination_parent_as_missing
[INFO] [stdout]     client::sync::test::should_create_directory
[INFO] [stdout]     client::sync::test::should_exec_command
[INFO] [stdout]     client::sync::test::should_find_files_from_an_absolute_root
[INFO] [stdout]     client::sync::test::should_honor_read_offset_and_length
[INFO] [stdout]     client::sync::test::should_list_dir
[INFO] [stdout]     client::sync::test::should_not_append_to_file
[INFO] [stdout]     client::sync::test::should_not_connect_twice_and_should_expose_banner
[INFO] [stdout]     client::sync::test::should_not_copy_file
[INFO] [stdout]     client::sync::test::should_not_create_directory
[INFO] [stdout]     client::sync::test::should_not_create_directory_cause_already_exists
[INFO] [stdout]     client::sync::test::should_not_create_file
[INFO] [stdout]     client::sync::test::should_not_exec_command
[INFO] [stdout]     client::sync::test::should_not_make_symlink
[INFO] [stdout]     client::sync::test::should_not_open_file
[INFO] [stdout]     client::sync::test::should_not_remove_dir
[INFO] [stdout]     client::sync::test::should_not_remove_dir_all
[INFO] [stdout]     client::sync::test::should_not_rename_file
[INFO] [stdout]     client::sync::test::should_not_set_metadata
[INFO] [stdout]     client::sync::test::should_not_stat_file
[INFO] [stdout]     client::sync::test::should_reject_a_second_transfer_while_one_is_alive
[INFO] [stdout]     client::sync::test::should_reject_listing_a_regular_file
[INFO] [stdout]     client::sync::test::should_release_the_client_when_a_stream_is_dropped
[INFO] [stdout]     client::sync::test::should_remove_dir
[INFO] [stdout]     client::sync::test::should_remove_dir_all
[INFO] [stdout]     client::sync::test::should_remove_file
[INFO] [stdout]     client::sync::test::should_rename_file
[INFO] [stdout]     client::sync::test::should_report_bad_file_for_wrong_type_operations
[INFO] [stdout]     client::sync::test::should_reuse_the_passive_builder_after_reconnect
[INFO] [stdout]     client::sync::test::should_stat_file
[INFO] [stdout]     client::sync::test::should_stat_root
[INFO] [stdout]     client::sync::test::should_stream_write_flush_and_finish
[INFO] [stdout]     client::sync::test::should_tell_whether_file_exists
[INFO] [stdout]     client::sync::test::should_write_and_read_file
[INFO] [stdout] 
[INFO] [stdout] test result: FAILED. 60 passed; 36 failed; 0 ignored; 0 measured; 0 filtered out; finished in 0.29s
[INFO] [stdout] 
[INFO] running `Command { std: "docker" "inspect" "32aab84e2b4797bb6dc9013e95bdc6fca4974861161d48024f77b7f2a852570e", kill_on_drop: false }`
[INFO] running `Command { std: "docker" "rm" "-f" "32aab84e2b4797bb6dc9013e95bdc6fca4974861161d48024f77b7f2a852570e", kill_on_drop: false }`
[INFO] [stdout] 32aab84e2b4797bb6dc9013e95bdc6fca4974861161d48024f77b7f2a852570e
