[INFO] fetching crate remi-gridfs 0.10.4...
[INFO] testing remi-gridfs-0.10.4 against 1.99.0-beta.8+cargoflags=--release for beta-release-1.100-2
[INFO] extracting crate remi-gridfs 0.10.4 into /workspace/builds/worker-7-tc1/source
[INFO] started tweaking crates.io crate remi-gridfs 0.10.4
[INFO] finished tweaking crates.io crate remi-gridfs 0.10.4
[INFO] tweaked toml for crates.io crate remi-gridfs 0.10.4 written to /workspace/builds/worker-7-tc1/source/Cargo.toml
[INFO] validating manifest of crates.io crate remi-gridfs 0.10.4 on toolchain 1.99.0-beta.8
[INFO] running `Command { std: CARGO_HOME="/workspace/cargo-home" RUSTUP_HOME="/workspace/rustup-home" "/workspace/cargo-home/bin/cargo" "+1.99.0-beta.8" "metadata" "--manifest-path" "Cargo.toml" "--no-deps", kill_on_drop: false }`
[INFO] crate crates.io crate remi-gridfs 0.10.4 already has a lockfile, it will not be regenerated
[INFO] running `Command { std: CARGO_HOME="/workspace/cargo-home" RUSTUP_HOME="/workspace/rustup-home" "/workspace/cargo-home/bin/cargo" "+1.99.0-beta.8" "fetch" "--manifest-path" "Cargo.toml", kill_on_drop: false }`
[INFO] [stderr]     Updating crates.io index
[INFO] [stderr]  Downloading crates ...
[INFO] [stderr]   Downloaded mongodb-internal-macros v3.7.0
[INFO] [stderr]   Downloaded typed-builder v0.22.0
[INFO] [stderr]   Downloaded remi v0.10.4
[INFO] [stderr]   Downloaded typed-builder-macro v0.22.0
[INFO] [stderr]   Downloaded mongocrypt v0.3.2
[INFO] [stderr]   Downloaded mongocrypt-sys v0.1.5+1.15.1
[INFO] [stderr]   Downloaded bson v2.15.0
[INFO] [stderr]   Downloaded mongodb v3.7.0
[INFO] running `Command { std: "docker" "create" "-v" "/var/lib/crater-agent-workspace/builds/worker-7-tc1/source:/opt/rustwide/workdir:ro,Z" "-v" "/var/lib/crater-agent-workspace/builds/worker-7-tc1/target:/opt/rustwide/target:rw,Z" "-v" "/var/lib/crater-agent-workspace/cargo-home:/opt/rustwide/cargo-home:ro,Z" "-v" "/var/lib/crater-agent-workspace/rustup-home:/opt/rustwide/rustup-home:ro,Z" "-m" "1610612736" "--network" "none" "ghcr.io/rust-lang/crates-build-env/linux@sha256:77db811e55d90add9212f6832c23229e3de5f1c1f9905e8cb07319ea15df73ac" "sleep" "infinity", kill_on_drop: false }`
[INFO] [stdout] a95a423984cb450d27102e23f30131a8e421eb4bff8508ea38a43f65738085e7
[INFO] running `Command { std: "docker" "start" "a95a423984cb450d27102e23f30131a8e421eb4bff8508ea38a43f65738085e7", kill_on_drop: false }`
[INFO] running `Command { std: "docker" "inspect" "a95a423984cb450d27102e23f30131a8e421eb4bff8508ea38a43f65738085e7", kill_on_drop: false }`
[INFO] running `Command { std: "docker" "exec" "-e" "SOURCE_DIR=/opt/rustwide/workdir" "-e" "CARGO_HOME=/opt/rustwide/cargo-home" "-e" "RUSTUP_HOME=/opt/rustwide/rustup-home" "-e" "CARGO_TARGET_DIR=/opt/rustwide/target" "-w" "/opt/rustwide/workdir" "--user" "0:0" "a95a423984cb450d27102e23f30131a8e421eb4bff8508ea38a43f65738085e7" "/opt/rustwide/cargo-home/bin/cargo" "+1.99.0-beta.8" "metadata" "--no-deps" "--format-version=1", kill_on_drop: false }`
[INFO] running `Command { std: "docker" "inspect" "a95a423984cb450d27102e23f30131a8e421eb4bff8508ea38a43f65738085e7", kill_on_drop: false }`
[INFO] running `Command { std: "docker" "exec" "-e" "SOURCE_DIR=/opt/rustwide/workdir" "-e" "CARGO_HOME=/opt/rustwide/cargo-home" "-e" "RUSTUP_HOME=/opt/rustwide/rustup-home" "-e" "CARGO_TARGET_DIR=/opt/rustwide/target" "-e" "CARGO_INCREMENTAL=0" "-e" "RUST_BACKTRACE=full" "-e" "RUSTFLAGS=--cap-lints=warn" "-e" "RUSTDOCFLAGS=--cap-lints=warn" "-w" "/opt/rustwide/workdir" "--user" "0:0" "a95a423984cb450d27102e23f30131a8e421eb4bff8508ea38a43f65738085e7" "/opt/rustwide/cargo-home/bin/cargo" "+1.99.0-beta.8" "build" "--frozen" "--message-format=json" "--release", kill_on_drop: false }`
[INFO] [stderr]    Compiling zerofrom-derive v0.1.7
[INFO] [stderr]    Compiling yoke-derive v0.8.2
[INFO] [stderr]    Compiling zerovec-derive v0.11.3
[INFO] [stderr]    Compiling once_cell v1.21.4
[INFO] [stderr]    Compiling libc v0.2.186
[INFO] [stderr]    Compiling typenum v1.20.0
[INFO] [stderr]    Compiling getrandom v0.4.2
[INFO] [stderr]    Compiling tiny-keccak v2.0.2
[INFO] [stderr]    Compiling cc v1.2.62
[INFO] [stderr]    Compiling zerocopy v0.8.48
[INFO] [stderr]    Compiling serde v1.0.228
[INFO] [stderr]    Compiling tinyvec v1.11.0
[INFO] [stderr]    Compiling getrandom v0.2.17
[INFO] [stderr]    Compiling generic-array v0.14.7
[INFO] [stderr]    Compiling const-random-macro v0.1.16
[INFO] [stderr]    Compiling getrandom v0.3.4
[INFO] [stderr]    Compiling const-random v0.1.18
[INFO] [stderr]    Compiling zerofrom v0.1.8
[INFO] [stderr]    Compiling macro_magic_core_macros v0.5.1
[INFO] [stderr]    Compiling yoke v0.8.2
[INFO] [stderr]    Compiling derive-syn-parse v0.2.0
[INFO] [stderr]    Compiling tokio-macros v2.7.0
[INFO] [stderr]    Compiling chacha20 v0.10.0
[INFO] [stderr]    Compiling zerovec v0.11.6
[INFO] [stderr]    Compiling zerotrie v0.2.4
[INFO] [stderr]    Compiling block-buffer v0.10.4
[INFO] [stderr]    Compiling ring v0.17.14
[INFO] [stderr]    Compiling crypto-common v0.1.7
[INFO] [stderr]    Compiling darling_core v0.23.0
[INFO] [stderr]    Compiling digest v0.10.7
[INFO] [stderr]    Compiling rustls-pki-types v1.14.1
[INFO] [stderr]    Compiling macro_magic_core v0.5.1
[INFO] [stderr]    Compiling tokio v1.52.3
[INFO] [stderr]    Compiling ipnet v2.12.0
[INFO] [stderr]    Compiling tinystr v0.8.3
[INFO] [stderr]    Compiling potential_utf v0.1.5
[INFO] [stderr]    Compiling icu_locale_core v2.2.0
[INFO] [stderr]    Compiling icu_collections v2.2.0
[INFO] [stderr]    Compiling tracing-core v0.1.36
[INFO] [stderr]    Compiling futures-macro v0.3.32
[INFO] [stderr]    Compiling radium v0.7.0
[INFO] [stderr]    Compiling icu_provider v2.2.0
[INFO] [stderr]    Compiling either v1.16.0
[INFO] [stderr]    Compiling icu_properties v2.2.0
[INFO] [stderr]    Compiling icu_normalizer v2.2.0
[INFO] [stderr]    Compiling futures-io v0.3.32
[INFO] [stderr]    Compiling futures-util v0.3.32
[INFO] [stderr]    Compiling darling_macro v0.23.0
[INFO] [stderr]    Compiling prefix-trie v0.8.4
[INFO] [stderr]    Compiling idna_adapter v1.2.2
[INFO] [stderr]    Compiling tracing v0.1.44
[INFO] [stderr]    Compiling idna v1.1.0
[INFO] [stderr]    Compiling macro_magic_macros v0.5.1
[INFO] [stderr]    Compiling url v2.5.8
[INFO] [stderr]    Compiling ppv-lite86 v0.2.21
[INFO] [stderr]    Compiling parking_lot_core v0.9.12
[INFO] [stderr]    Compiling rand v0.10.1
[INFO] [stderr]    Compiling rand_core v0.9.5
[INFO] [stderr]    Compiling uuid v1.23.1
[INFO] [stderr]    Compiling ahash v0.8.12
[INFO] [stderr]    Compiling async-trait v0.1.89
[INFO] [stderr]    Compiling rustls v0.23.40
[INFO] [stderr]    Compiling serde_json v1.0.150
[INFO] [stderr]    Compiling data-encoding v2.11.0
[INFO] [stderr]    Compiling wyz v0.5.1
[INFO] [stderr]    Compiling time-macros v0.2.27
[INFO] [stderr]    Compiling rand_chacha v0.9.0
[INFO] [stderr]    Compiling parking_lot v0.12.5
[INFO] [stderr]    Compiling hickory-proto v0.26.1
[INFO] [stderr]    Compiling rustc_version_runtime v0.3.0
[INFO] [stderr]    Compiling darling v0.23.0
[INFO] [stderr]    Compiling crossbeam-epoch v0.9.18
[INFO] [stderr]    Compiling futures-channel v0.3.32
[INFO] [stderr]    Compiling time-core v0.1.8
[INFO] [stderr]    Compiling tagptr v0.2.0
[INFO] [stderr]    Compiling funty v2.0.0
[INFO] [stderr]    Compiling derive_more-impl v2.1.1
[INFO] [stderr]    Compiling moka v0.12.15
[INFO] [stderr]    Compiling time v0.3.47
[INFO] [stderr]    Compiling bitvec v1.0.1
[INFO] [stderr]    Compiling rustc_version v0.4.1
[INFO] [stderr]    Compiling hickory-net v0.26.1
[INFO] [stderr]    Compiling serde_with_macros v3.20.0
[INFO] [stderr]    Compiling rand v0.9.4
[INFO] [stderr]    Compiling macro_magic v0.5.1
[INFO] [stderr]    Compiling unicode-normalization v0.1.25
[INFO] [stderr]    Compiling serde_bytes v0.11.19
[INFO] [stderr]    Compiling typed-builder-macro v0.22.0
[INFO] [stderr]    Compiling unicode-properties v0.1.4
[INFO] [stderr]    Compiling resolv-conf v0.7.6
[INFO] [stderr]    Compiling stringprep v0.1.5
[INFO] [stderr]    Compiling bson v2.15.0
[INFO] [stderr]    Compiling hickory-resolver v0.26.1
[INFO] [stderr]    Compiling rustls-webpki v0.103.13
[INFO] [stderr]    Compiling typed-builder v0.22.0
[INFO] [stderr]    Compiling tokio-util v0.7.18
[INFO] [stderr]    Compiling mongodb-internal-macros v3.7.0
[INFO] [stderr]    Compiling serde_with v3.20.0
[INFO] [stderr]    Compiling derive_more v2.1.1
[INFO] [stderr]    Compiling sha1 v0.10.6
[INFO] [stderr]    Compiling sha2 v0.10.9
[INFO] [stderr]    Compiling webpki-roots v1.0.7
[INFO] [stderr]    Compiling pbkdf2 v0.12.2
[INFO] [stderr]    Compiling md-5 v0.10.6
[INFO] [stderr]    Compiling hmac v0.12.1
[INFO] [stderr]    Compiling derive-where v1.6.1
[INFO] [stderr]    Compiling take_mut v0.2.2
[INFO] [stderr]    Compiling bitflags v2.11.1
[INFO] [stderr]    Compiling remi v0.10.4
[INFO] [stderr]    Compiling tokio-rustls v0.26.4
[INFO] [stderr]    Compiling mongodb v3.7.0
[INFO] [stderr]    Compiling remi-gridfs v0.10.4 (/opt/rustwide/workdir)
[INFO] [stderr]     Finished `release` profile [optimized] target(s) in 5m 30s
[INFO] running `Command { std: "docker" "inspect" "a95a423984cb450d27102e23f30131a8e421eb4bff8508ea38a43f65738085e7", kill_on_drop: false }`
[INFO] running `Command { std: "docker" "exec" "-e" "SOURCE_DIR=/opt/rustwide/workdir" "-e" "CARGO_HOME=/opt/rustwide/cargo-home" "-e" "RUSTUP_HOME=/opt/rustwide/rustup-home" "-e" "CARGO_TARGET_DIR=/opt/rustwide/target" "-e" "CARGO_INCREMENTAL=0" "-e" "RUST_BACKTRACE=full" "-e" "RUSTFLAGS=--cap-lints=warn" "-e" "RUSTDOCFLAGS=--cap-lints=warn" "-w" "/opt/rustwide/workdir" "--user" "0:0" "a95a423984cb450d27102e23f30131a8e421eb4bff8508ea38a43f65738085e7" "/opt/rustwide/cargo-home/bin/cargo" "+1.99.0-beta.8" "test" "--frozen" "--no-run" "--message-format=json" "--release", kill_on_drop: false }`
[INFO] [stderr]    Compiling tracing-core v0.1.36
[INFO] [stderr]    Compiling rustls v0.23.40
[INFO] [stderr]    Compiling tracing v0.1.44
[INFO] [stderr]    Compiling tracing-log v0.2.0
[INFO] [stderr]    Compiling tracing-subscriber v0.3.23
[INFO] [stderr]    Compiling hickory-proto v0.26.1
[INFO] [stderr]    Compiling hickory-net v0.26.1
[INFO] [stderr]    Compiling hickory-resolver v0.26.1
[INFO] [stderr]    Compiling tokio-rustls v0.26.4
[INFO] [stderr]    Compiling mongodb v3.7.0
[INFO] [stderr]    Compiling remi-gridfs v0.10.4 (/opt/rustwide/workdir)
[INFO] [stderr]     Finished `release` profile [optimized] target(s) in 3m 23s
[INFO] running `Command { std: "docker" "inspect" "a95a423984cb450d27102e23f30131a8e421eb4bff8508ea38a43f65738085e7", kill_on_drop: false }`
[INFO] running `Command { std: "docker" "exec" "-e" "SOURCE_DIR=/opt/rustwide/workdir" "-e" "CARGO_HOME=/opt/rustwide/cargo-home" "-e" "RUSTUP_HOME=/opt/rustwide/rustup-home" "-e" "CARGO_TARGET_DIR=/opt/rustwide/target" "-e" "CARGO_INCREMENTAL=0" "-e" "RUST_BACKTRACE=full" "-e" "RUSTFLAGS=--cap-lints=warn" "-e" "RUSTDOCFLAGS=--cap-lints=warn" "-w" "/opt/rustwide/workdir" "--user" "0:0" "a95a423984cb450d27102e23f30131a8e421eb4bff8508ea38a43f65738085e7" "/opt/rustwide/cargo-home/bin/cargo" "+1.99.0-beta.8" "test" "--frozen" "--release", kill_on_drop: false }`
[INFO] [stderr]     Finished `release` profile [optimized] target(s) in 0.35s
[INFO] [stdout] 
[INFO] [stderr]      Running unittests src/lib.rs (/opt/rustwide/target/release/deps/remi_gridfs-58c5ba9d8d8959e3)
[INFO] [stdout] running 0 tests
[INFO] [stdout] 
[INFO] [stdout] test result: ok. 0 passed; 0 failed; 0 ignored; 0 measured; 0 filtered out; finished in 0.00s
[INFO] [stdout] 
[INFO] [stderr]    Doc-tests remi_gridfs
[INFO] [stdout] 
[INFO] [stdout] running 1 test
[INFO] [stdout] test src/lib.rs - (line 30) - compile ... FAILED
[INFO] [stdout] 
[INFO] [stdout] failures:
[INFO] [stdout] 
[INFO] [stdout] ---- src/lib.rs - (line 30) stdout ----
[INFO] [stdout] error[E0432]: unresolved import `remi_gridfs::mongodb`
[INFO] [stdout]   --> src/lib.rs:39:50
[INFO] [stdout]    |
[INFO] [stdout] 39 | use remi_gridfs::{StorageService, StorageConfig, mongodb};
[INFO] [stdout]    |                                                  ^^^^^^^ no `mongodb` in the root
[INFO] [stdout]    |
[INFO] [stdout] note: found an item that was configured out
[INFO] [stdout]   --> src/lib.rs:98:9
[INFO] [stdout]    |
[INFO] [stdout] 96 | #[cfg(feature = "export-crates")]
[INFO] [stdout]    |       ------------------------- the item is gated behind the `export-crates` feature
[INFO] [stdout] 97 | #[cfg_attr(any(noeldoc, docsrs), doc(cfg(feature = "export-crates")))]
[INFO] [stdout] 98 | pub use mongodb;
[INFO] [stdout]    |         ^^^^^^^
[INFO] [stdout] 
[INFO] [stdout] error: aborting due to 1 previous error
[INFO] [stdout] 
[INFO] [stdout] For more information about this error, try `rustc --explain E0432`.
[INFO] [stdout] Couldn't compile the test.
[INFO] [stdout] 
[INFO] [stdout] failures:
[INFO] [stdout]     src/lib.rs - (line 30)
[INFO] [stdout] 
[INFO] [stdout] test result: FAILED. 0 passed; 1 failed; 0 ignored; 0 measured; 0 filtered out; finished in 0.19s
[INFO] [stdout] 
[INFO] [stdout] all doctests ran in 0.45s; merged doctests compilation took 0.25s
[INFO] [stderr] error: doctest failed, to rerun pass `--doc`
[INFO] running `Command { std: "docker" "inspect" "a95a423984cb450d27102e23f30131a8e421eb4bff8508ea38a43f65738085e7", kill_on_drop: false }`
[INFO] running `Command { std: "docker" "rm" "-f" "a95a423984cb450d27102e23f30131a8e421eb4bff8508ea38a43f65738085e7", kill_on_drop: false }`
[INFO] [stdout] a95a423984cb450d27102e23f30131a8e421eb4bff8508ea38a43f65738085e7
