[INFO] fetching crate remedian 0.1.0...
[INFO] testing remedian-0.1.0 against 1.99.0-beta.8+cargoflags=--release for beta-release-1.100-2
[INFO] extracting crate remedian 0.1.0 into /workspace/builds/worker-3-tc1/source
[INFO] started tweaking crates.io crate remedian 0.1.0
[INFO] removed 0 missing examples
[INFO] finished tweaking crates.io crate remedian 0.1.0
[INFO] tweaked toml for crates.io crate remedian 0.1.0 written to /workspace/builds/worker-3-tc1/source/Cargo.toml
[INFO] validating manifest of crates.io crate remedian 0.1.0 on toolchain 1.99.0-beta.8
[INFO] running `Command { std: CARGO_HOME="/workspace/cargo-home" RUSTUP_HOME="/workspace/rustup-home" "/workspace/cargo-home/bin/cargo" "+1.99.0-beta.8" "metadata" "--manifest-path" "Cargo.toml" "--no-deps", kill_on_drop: false }`
[INFO] crate crates.io crate remedian 0.1.0 already has a lockfile, it will not be regenerated
[INFO] running `Command { std: CARGO_HOME="/workspace/cargo-home" RUSTUP_HOME="/workspace/rustup-home" "/workspace/cargo-home/bin/cargo" "+1.99.0-beta.8" "fetch" "--manifest-path" "Cargo.toml", kill_on_drop: false }`
[INFO] [stderr]  Downloading crates ...
[INFO] [stderr]   Downloaded serde v1.0.210
[INFO] [stderr]   Downloaded serde_derive v1.0.210
[INFO] [stderr]   Downloaded wasm-bindgen-macro v0.2.94
[INFO] [stderr]   Downloaded wasm-bindgen-shared v0.2.94
[INFO] [stderr]   Downloaded hermit-abi v0.4.0
[INFO] [stderr]   Downloaded oorandom v11.1.4
[INFO] [stderr]   Downloaded is-terminal v0.4.13
[INFO] [stderr]   Downloaded wasm-bindgen-backend v0.2.94
[INFO] [stderr]   Downloaded wasm-bindgen v0.2.94
[INFO] [stderr]   Downloaded wasm-bindgen-macro-support v0.2.94
[INFO] [stderr]   Downloaded js-sys v0.3.71
[INFO] [stderr]   Downloaded serde_json v1.0.128
[INFO] [stderr]   Downloaded regex v1.11.0
[INFO] [stderr]   Downloaded web-sys v0.3.71
[INFO] [stderr]   Downloaded libc v0.2.159
[INFO] running `Command { std: "docker" "create" "-v" "/var/lib/crater-agent-workspace/builds/worker-3-tc1/source:/opt/rustwide/workdir:ro,Z" "-v" "/var/lib/crater-agent-workspace/builds/worker-3-tc1/target:/opt/rustwide/target:rw,Z" "-v" "/var/lib/crater-agent-workspace/cargo-home:/opt/rustwide/cargo-home:ro,Z" "-v" "/var/lib/crater-agent-workspace/rustup-home:/opt/rustwide/rustup-home:ro,Z" "-m" "1610612736" "--network" "none" "ghcr.io/rust-lang/crates-build-env/linux@sha256:77db811e55d90add9212f6832c23229e3de5f1c1f9905e8cb07319ea15df73ac" "sleep" "infinity", kill_on_drop: false }`
[INFO] [stdout] a420b577d1c0ffe171d590b98e892be39d927b68d19defb94f0d6a7f4ef7325f
[INFO] running `Command { std: "docker" "start" "a420b577d1c0ffe171d590b98e892be39d927b68d19defb94f0d6a7f4ef7325f", kill_on_drop: false }`
[INFO] running `Command { std: "docker" "inspect" "a420b577d1c0ffe171d590b98e892be39d927b68d19defb94f0d6a7f4ef7325f", kill_on_drop: false }`
[INFO] running `Command { std: "docker" "exec" "-e" "SOURCE_DIR=/opt/rustwide/workdir" "-e" "CARGO_HOME=/opt/rustwide/cargo-home" "-e" "RUSTUP_HOME=/opt/rustwide/rustup-home" "-e" "CARGO_TARGET_DIR=/opt/rustwide/target" "-w" "/opt/rustwide/workdir" "--user" "0:0" "a420b577d1c0ffe171d590b98e892be39d927b68d19defb94f0d6a7f4ef7325f" "/opt/rustwide/cargo-home/bin/cargo" "+1.99.0-beta.8" "metadata" "--no-deps" "--format-version=1", kill_on_drop: false }`
[INFO] running `Command { std: "docker" "inspect" "a420b577d1c0ffe171d590b98e892be39d927b68d19defb94f0d6a7f4ef7325f", kill_on_drop: false }`
[INFO] running `Command { std: "docker" "exec" "-e" "SOURCE_DIR=/opt/rustwide/workdir" "-e" "CARGO_HOME=/opt/rustwide/cargo-home" "-e" "RUSTUP_HOME=/opt/rustwide/rustup-home" "-e" "CARGO_TARGET_DIR=/opt/rustwide/target" "-e" "CARGO_INCREMENTAL=0" "-e" "RUST_BACKTRACE=full" "-e" "RUSTFLAGS=--cap-lints=warn" "-e" "RUSTDOCFLAGS=--cap-lints=warn" "-w" "/opt/rustwide/workdir" "--user" "0:0" "a420b577d1c0ffe171d590b98e892be39d927b68d19defb94f0d6a7f4ef7325f" "/opt/rustwide/cargo-home/bin/cargo" "+1.99.0-beta.8" "build" "--frozen" "--message-format=json" "--release", kill_on_drop: false }`
[INFO] [stderr]    Compiling log v0.4.22
[INFO] [stderr]    Compiling remedian v0.1.0 (/opt/rustwide/workdir)
[INFO] [stderr]     Finished `release` profile [optimized] target(s) in 0.51s
[INFO] running `Command { std: "docker" "inspect" "a420b577d1c0ffe171d590b98e892be39d927b68d19defb94f0d6a7f4ef7325f", kill_on_drop: false }`
[INFO] running `Command { std: "docker" "exec" "-e" "SOURCE_DIR=/opt/rustwide/workdir" "-e" "CARGO_HOME=/opt/rustwide/cargo-home" "-e" "RUSTUP_HOME=/opt/rustwide/rustup-home" "-e" "CARGO_TARGET_DIR=/opt/rustwide/target" "-e" "CARGO_INCREMENTAL=0" "-e" "RUST_BACKTRACE=full" "-e" "RUSTFLAGS=--cap-lints=warn" "-e" "RUSTDOCFLAGS=--cap-lints=warn" "-w" "/opt/rustwide/workdir" "--user" "0:0" "a420b577d1c0ffe171d590b98e892be39d927b68d19defb94f0d6a7f4ef7325f" "/opt/rustwide/cargo-home/bin/cargo" "+1.99.0-beta.8" "test" "--frozen" "--no-run" "--message-format=json" "--release", kill_on_drop: false }`
[INFO] [stderr]    Compiling proc-macro2 v1.0.87
[INFO] [stderr]    Compiling unicode-ident v1.0.13
[INFO] [stderr]    Compiling crossbeam-utils v0.8.20
[INFO] [stderr]    Compiling serde v1.0.210
[INFO] [stderr]    Compiling autocfg v1.4.0
[INFO] [stderr]    Compiling serde_json v1.0.128
[INFO] [stderr]    Compiling libc v0.2.159
[INFO] [stderr]    Compiling cfg-if v1.0.0
[INFO] [stderr]    Compiling rayon-core v1.12.1
[INFO] [stderr]    Compiling either v1.13.0
[INFO] [stderr]    Compiling half v2.4.1
[INFO] [stderr]    Compiling anstyle v1.0.8
[INFO] [stderr]    Compiling plotters-backend v0.3.7
[INFO] [stderr]    Compiling itoa v1.0.11
[INFO] [stderr]    Compiling ryu v1.0.18
[INFO] [stderr]    Compiling memchr v2.7.4
[INFO] [stderr]    Compiling clap_lex v0.7.2
[INFO] [stderr]    Compiling num-traits v0.2.19
[INFO] [stderr]    Compiling regex-syntax v0.8.5
[INFO] [stderr]    Compiling ciborium-io v0.2.2
[INFO] [stderr]    Compiling ciborium-ll v0.2.2
[INFO] [stderr]    Compiling plotters-svg v0.3.7
[INFO] [stderr]    Compiling clap_builder v4.5.20
[INFO] [stderr]    Compiling itertools v0.10.5
[INFO] [stderr]    Compiling quote v1.0.37
[INFO] [stderr]    Compiling syn v2.0.79
[INFO] [stderr]    Compiling crossbeam-epoch v0.9.18
[INFO] [stderr]    Compiling crossbeam-deque v0.8.5
[INFO] [stderr]    Compiling same-file v1.0.6
[INFO] [stderr]    Compiling cast v0.3.0
[INFO] [stderr]    Compiling walkdir v2.5.0
[INFO] [stderr]    Compiling is-terminal v0.4.13
[INFO] [stderr]    Compiling plotters v0.3.7
[INFO] [stderr]    Compiling oorandom v11.1.4
[INFO] [stderr]    Compiling once_cell v1.20.2
[INFO] [stderr]    Compiling anes v0.1.6
[INFO] [stderr]    Compiling rayon v1.10.0
[INFO] [stderr]    Compiling regex-automata v0.4.8
[INFO] [stderr]    Compiling criterion-plot v0.5.0
[INFO] [stderr]    Compiling clap v4.5.20
[INFO] [stderr]    Compiling serde_derive v1.0.210
[INFO] [stderr]    Compiling regex v1.11.0
[INFO] [stderr]    Compiling ciborium v0.2.2
[INFO] [stderr]    Compiling tinytemplate v1.2.1
[INFO] [stderr]    Compiling criterion v0.5.1
[INFO] [stderr]    Compiling remedian v0.1.0 (/opt/rustwide/workdir)
[INFO] [stderr]     Finished `release` profile [optimized] target(s) in 1m 19s
[INFO] running `Command { std: "docker" "inspect" "a420b577d1c0ffe171d590b98e892be39d927b68d19defb94f0d6a7f4ef7325f", kill_on_drop: false }`
[INFO] running `Command { std: "docker" "exec" "-e" "SOURCE_DIR=/opt/rustwide/workdir" "-e" "CARGO_HOME=/opt/rustwide/cargo-home" "-e" "RUSTUP_HOME=/opt/rustwide/rustup-home" "-e" "CARGO_TARGET_DIR=/opt/rustwide/target" "-e" "CARGO_INCREMENTAL=0" "-e" "RUST_BACKTRACE=full" "-e" "RUSTFLAGS=--cap-lints=warn" "-e" "RUSTDOCFLAGS=--cap-lints=warn" "-w" "/opt/rustwide/workdir" "--user" "0:0" "a420b577d1c0ffe171d590b98e892be39d927b68d19defb94f0d6a7f4ef7325f" "/opt/rustwide/cargo-home/bin/cargo" "+1.99.0-beta.8" "test" "--frozen" "--release", kill_on_drop: false }`
[INFO] [stderr]     Finished `release` profile [optimized] target(s) in 0.09s
[INFO] [stderr]      Running unittests src/lib.rs (/opt/rustwide/target/release/deps/remedian-84add0c30d42e935)
[INFO] [stdout] 
[INFO] [stdout] running 8 tests
[INFO] [stdout] test tests::no_data ... ok
[INFO] [stdout] test tests::locked_full ... FAILED
[INFO] [stdout] test tests::one_data ... ok
[INFO] [stdout] test tests::count_not_full ... FAILED
[INFO] [stdout] test tests::locked_not_full ... FAILED
[INFO] [stdout] test tests::median_full ... FAILED
[INFO] [stderr] error: test failed, to rerun pass `--lib`
[INFO] [stdout] test tests::count_full ... FAILED
[INFO] [stdout] test tests::median_not_full ... FAILED
[INFO] [stdout] 
[INFO] [stdout] failures:
[INFO] [stdout] 
[INFO] [stdout] ---- tests::locked_full stdout ----
[INFO] [stdout] 
[INFO] [stdout] thread 'tests::locked_full' (723) panicked at src/lib.rs:207:74:
[INFO] [stdout] called `Result::unwrap()` on an `Err` value: Os { code: 2, kind: NotFound, message: "No such file or directory" }
[INFO] [stdout] stack backtrace:
[INFO] [stdout]    0:     0x5692eed7a827 - <<std[70759c8f55707aa4]::sys::backtrace::BacktraceLock>::print::DisplayBacktrace as core[df12db4294e9bfd3]::fmt::Display>::fmt
[INFO] [stdout]    1:     0x5692eed60eea - core[df12db4294e9bfd3]::fmt::write
[INFO] [stdout]    2:     0x5692eed79ddb - <alloc[2182bb758b4b3781]::vec::Vec<u8> as core[df12db4294e9bfd3]::io::write::Write>::write_fmt
[INFO] [stdout]    3:     0x5692eed798bf - std[70759c8f55707aa4]::panicking::default_hook::{closure#0}
[INFO] [stdout]    4:     0x5692eed794ea - std[70759c8f55707aa4]::panicking::default_hook
[INFO] [stdout]    5:     0x5692eed79022 - std[70759c8f55707aa4]::panicking::panic_with_hook
[INFO] [stdout]    6:     0x5692eeda0391 - std[70759c8f55707aa4]::panicking::panic_handler::{closure#0}
[INFO] [stdout]    7:     0x5692eeda0349 - std[70759c8f55707aa4]::sys::backtrace::__rust_end_short_backtrace::<std[70759c8f55707aa4]::panicking::panic_handler::{closure#0}, !>
[INFO] [stdout]    8:     0x5692eeda085c - __rustc[8fa7c3cbc660c2b3]::rust_begin_unwind
[INFO] [stdout]    9:     0x5692eed60d7b - core[df12db4294e9bfd3]::panicking::panic_fmt
[INFO] [stdout]   10:     0x5692eed64571 - core[df12db4294e9bfd3]::result::unwrap_failed
[INFO] [stdout]   11:     0x5692eed5d583 - remedian[5e3e5c85585b0e67]::tests::load_test_data
[INFO] [stdout]   12:     0x5692eed5deea - <remedian[5e3e5c85585b0e67]::tests::locked_full::{closure#0} as core[df12db4294e9bfd3]::ops::function::FnOnce<()>>::call_once
[INFO] [stdout]   13:     0x5692eedb839b - test[9d35eded1c95d3be]::__rust_begin_short_backtrace::<core[df12db4294e9bfd3]::result::Result<(), alloc[2182bb758b4b3781]::string::String>, fn() -> core[df12db4294e9bfd3]::result::Result<(), alloc[2182bb758b4b3781]::string::String>>
[INFO] [stdout]   14:     0x5692eedb39af - test[9d35eded1c95d3be]::run_test::{closure#0}
[INFO] [stdout]   15:     0x5692eedb342c - std[70759c8f55707aa4]::sys::backtrace::__rust_begin_short_backtrace::<test[9d35eded1c95d3be]::run_test::{closure#1}, ()>
[INFO] [stdout]   16:     0x5692eedd05ec - <std[70759c8f55707aa4]::thread::lifecycle::spawn_unchecked<test[9d35eded1c95d3be]::run_test::{closure#1}, ()>::{closure#1} as core[df12db4294e9bfd3]::ops::function::FnOnce<()>>::call_once::{shim:vtable#0}
[INFO] [stdout]   17:     0x5692eeda1c12 - <std[70759c8f55707aa4]::sys::thread::unix::Thread>::new::thread_start
[INFO] [stdout]   18:     0x768497a1ddfa - <unknown>
[INFO] [stdout]   19:     0x768497ab13d4 - clone
[INFO] [stdout]   20:                0x0 - <unknown>
[INFO] [stdout] 
[INFO] [stdout] ---- tests::count_not_full stdout ----
[INFO] [stdout] 
[INFO] [stdout] thread 'tests::count_not_full' (722) panicked at src/lib.rs:207:74:
[INFO] [stdout] called `Result::unwrap()` on an `Err` value: Os { code: 2, kind: NotFound, message: "No such file or directory" }
[INFO] [stdout] stack backtrace:
[INFO] [stdout]    0:     0x5692eed7a827 - <<std[70759c8f55707aa4]::sys::backtrace::BacktraceLock>::print::DisplayBacktrace as core[df12db4294e9bfd3]::fmt::Display>::fmt
[INFO] [stdout]    1:     0x5692eed60eea - core[df12db4294e9bfd3]::fmt::write
[INFO] [stdout]    2:     0x5692eed79ddb - <alloc[2182bb758b4b3781]::vec::Vec<u8> as core[df12db4294e9bfd3]::io::write::Write>::write_fmt
[INFO] [stdout]    3:     0x5692eed798bf - std[70759c8f55707aa4]::panicking::default_hook::{closure#0}
[INFO] [stdout]    4:     0x5692eed794ea - std[70759c8f55707aa4]::panicking::default_hook
[INFO] [stdout]    5:     0x5692eed79022 - std[70759c8f55707aa4]::panicking::panic_with_hook
[INFO] [stdout]    6:     0x5692eeda0391 - std[70759c8f55707aa4]::panicking::panic_handler::{closure#0}
[INFO] [stdout]    7:     0x5692eeda0349 - std[70759c8f55707aa4]::sys::backtrace::__rust_end_short_backtrace::<std[70759c8f55707aa4]::panicking::panic_handler::{closure#0}, !>
[INFO] [stdout]    8:     0x5692eeda085c - __rustc[8fa7c3cbc660c2b3]::rust_begin_unwind
[INFO] [stdout]    9:     0x5692eed60d7b - core[df12db4294e9bfd3]::panicking::panic_fmt
[INFO] [stdout]   10:     0x5692eed64571 - core[df12db4294e9bfd3]::result::unwrap_failed
[INFO] [stdout]   11:     0x5692eed5d583 - remedian[5e3e5c85585b0e67]::tests::load_test_data
[INFO] [stdout]   12:     0x5692eed5e18a - <remedian[5e3e5c85585b0e67]::tests::count_not_full::{closure#0} as core[df12db4294e9bfd3]::ops::function::FnOnce<()>>::call_once
[INFO] [stdout]   13:     0x5692eedb839b - test[9d35eded1c95d3be]::__rust_begin_short_backtrace::<core[df12db4294e9bfd3]::result::Result<(), alloc[2182bb758b4b3781]::string::String>, fn() -> core[df12db4294e9bfd3]::result::Result<(), alloc[2182bb758b4b3781]::string::String>>
[INFO] [stdout]   14:     0x5692eedb39af - test[9d35eded1c95d3be]::run_test::{closure#0}
[INFO] [stdout]   15:     0x5692eedb342c - std[70759c8f55707aa4]::sys::backtrace::__rust_begin_short_backtrace::<test[9d35eded1c95d3be]::run_test::{closure#1}, ()>
[INFO] [stdout]   16:     0x5692eedd05ec - <std[70759c8f55707aa4]::thread::lifecycle::spawn_unchecked<test[9d35eded1c95d3be]::run_test::{closure#1}, ()>::{closure#1} as core[df12db4294e9bfd3]::ops::function::FnOnce<()>>::call_once::{shim:vtable#0}
[INFO] [stdout]   17:     0x5692eeda1c12 - <std[70759c8f55707aa4]::sys::thread::unix::Thread>::new::thread_start
[INFO] [stdout]   18:     0x768497a1ddfa - <unknown>
[INFO] [stdout]   19:     0x768497ab13d4 - clone
[INFO] [stdout]   20:                0x0 - <unknown>
[INFO] [stdout] 
[INFO] [stdout] ---- tests::locked_not_full stdout ----
[INFO] [stdout] 
[INFO] [stdout] thread 'tests::locked_not_full' (724) panicked at src/lib.rs:207:74:
[INFO] [stdout] called `Result::unwrap()` on an `Err` value: Os { code: 2, kind: NotFound, message: "No such file or directory" }
[INFO] [stdout] stack backtrace:
[INFO] [stdout]    0:     0x5692eed7a827 - <<std[70759c8f55707aa4]::sys::backtrace::BacktraceLock>::print::DisplayBacktrace as core[df12db4294e9bfd3]::fmt::Display>::fmt
[INFO] [stdout]    1:     0x5692eed60eea - core[df12db4294e9bfd3]::fmt::write
[INFO] [stdout]    2:     0x5692eed79ddb - <alloc[2182bb758b4b3781]::vec::Vec<u8> as core[df12db4294e9bfd3]::io::write::Write>::write_fmt
[INFO] [stdout]    3:     0x5692eed798bf - std[70759c8f55707aa4]::panicking::default_hook::{closure#0}
[INFO] [stdout]    4:     0x5692eed794ea - std[70759c8f55707aa4]::panicking::default_hook
[INFO] [stdout]    5:     0x5692eed79022 - std[70759c8f55707aa4]::panicking::panic_with_hook
[INFO] [stdout]    6:     0x5692eeda0391 - std[70759c8f55707aa4]::panicking::panic_handler::{closure#0}
[INFO] [stdout]    7:     0x5692eeda0349 - std[70759c8f55707aa4]::sys::backtrace::__rust_end_short_backtrace::<std[70759c8f55707aa4]::panicking::panic_handler::{closure#0}, !>
[INFO] [stdout]    8:     0x5692eeda085c - __rustc[8fa7c3cbc660c2b3]::rust_begin_unwind
[INFO] [stdout]    9:     0x5692eed60d7b - core[df12db4294e9bfd3]::panicking::panic_fmt
[INFO] [stdout]   10:     0x5692eed64571 - core[df12db4294e9bfd3]::result::unwrap_failed
[INFO] [stdout]   11:     0x5692eed5d583 - remedian[5e3e5c85585b0e67]::tests::load_test_data
[INFO] [stdout]   12:     0x5692eed5e2da - <remedian[5e3e5c85585b0e67]::tests::locked_not_full::{closure#0} as core[df12db4294e9bfd3]::ops::function::FnOnce<()>>::call_once
[INFO] [stdout]   13:     0x5692eedb839b - test[9d35eded1c95d3be]::__rust_begin_short_backtrace::<core[df12db4294e9bfd3]::result::Result<(), alloc[2182bb758b4b3781]::string::String>, fn() -> core[df12db4294e9bfd3]::result::Result<(), alloc[2182bb758b4b3781]::string::String>>
[INFO] [stdout]   14:     0x5692eedb39af - test[9d35eded1c95d3be]::run_test::{closure#0}
[INFO] [stdout]   15:     0x5692eedb342c - std[70759c8f55707aa4]::sys::backtrace::__rust_begin_short_backtrace::<test[9d35eded1c95d3be]::run_test::{closure#1}, ()>
[INFO] [stdout]   16:     0x5692eedd05ec - <std[70759c8f55707aa4]::thread::lifecycle::spawn_unchecked<test[9d35eded1c95d3be]::run_test::{closure#1}, ()>::{closure#1} as core[df12db4294e9bfd3]::ops::function::FnOnce<()>>::call_once::{shim:vtable#0}
[INFO] [stdout]   17:     0x5692eeda1c12 - <std[70759c8f55707aa4]::sys::thread::unix::Thread>::new::thread_start
[INFO] [stdout]   18:     0x768497a1ddfa - <unknown>
[INFO] [stdout]   19:     0x768497ab13d4 - clone
[INFO] [stdout]   20:                0x0 - <unknown>
[INFO] [stdout] 
[INFO] [stdout] ---- tests::median_full stdout ----
[INFO] [stdout] 
[INFO] [stdout] thread 'tests::median_full' (725) panicked at src/lib.rs:207:74:
[INFO] [stdout] called `Result::unwrap()` on an `Err` value: Os { code: 2, kind: NotFound, message: "No such file or directory" }
[INFO] [stdout] stack backtrace:
[INFO] [stdout]    0:     0x5692eed7a827 - <<std[70759c8f55707aa4]::sys::backtrace::BacktraceLock>::print::DisplayBacktrace as core[df12db4294e9bfd3]::fmt::Display>::fmt
[INFO] [stdout]    1:     0x5692eed60eea - core[df12db4294e9bfd3]::fmt::write
[INFO] [stdout]    2:     0x5692eed79ddb - <alloc[2182bb758b4b3781]::vec::Vec<u8> as core[df12db4294e9bfd3]::io::write::Write>::write_fmt
[INFO] [stdout]    3:     0x5692eed798bf - std[70759c8f55707aa4]::panicking::default_hook::{closure#0}
[INFO] [stdout]    4:     0x5692eed794ea - std[70759c8f55707aa4]::panicking::default_hook
[INFO] [stdout]    5:     0x5692eed79022 - std[70759c8f55707aa4]::panicking::panic_with_hook
[INFO] [stdout]    6:     0x5692eeda0391 - std[70759c8f55707aa4]::panicking::panic_handler::{closure#0}
[INFO] [stdout]    7:     0x5692eeda0349 - std[70759c8f55707aa4]::sys::backtrace::__rust_end_short_backtrace::<std[70759c8f55707aa4]::panicking::panic_handler::{closure#0}, !>
[INFO] [stdout]    8:     0x5692eeda085c - __rustc[8fa7c3cbc660c2b3]::rust_begin_unwind
[INFO] [stdout]    9:     0x5692eed60d7b - core[df12db4294e9bfd3]::panicking::panic_fmt
[INFO] [stdout]   10:     0x5692eed64571 - core[df12db4294e9bfd3]::result::unwrap_failed
[INFO] [stdout]   11:     0x5692eed5d583 - remedian[5e3e5c85585b0e67]::tests::load_test_data
[INFO] [stdout]   12:     0x5692eed5e02a - <remedian[5e3e5c85585b0e67]::tests::median_full::{closure#0} as core[df12db4294e9bfd3]::ops::function::FnOnce<()>>::call_once
[INFO] [stdout]   13:     0x5692eedb839b - test[9d35eded1c95d3be]::__rust_begin_short_backtrace::<core[df12db4294e9bfd3]::result::Result<(), alloc[2182bb758b4b3781]::string::String>, fn() -> core[df12db4294e9bfd3]::result::Result<(), alloc[2182bb758b4b3781]::string::String>>
[INFO] [stdout]   14:     0x5692eedb39af - test[9d35eded1c95d3be]::run_test::{closure#0}
[INFO] [stdout]   15:     0x5692eedb342c - std[70759c8f55707aa4]::sys::backtrace::__rust_begin_short_backtrace::<test[9d35eded1c95d3be]::run_test::{closure#1}, ()>
[INFO] [stdout]   16:     0x5692eedd05ec - <std[70759c8f55707aa4]::thread::lifecycle::spawn_unchecked<test[9d35eded1c95d3be]::run_test::{closure#1}, ()>::{closure#1} as core[df12db4294e9bfd3]::ops::function::FnOnce<()>>::call_once::{shim:vtable#0}
[INFO] [stdout]   17:     0x5692eeda1c12 - <std[70759c8f55707aa4]::sys::thread::unix::Thread>::new::thread_start
[INFO] [stdout]   18:     0x768497a1ddfa - <unknown>
[INFO] [stdout]   19:     0x768497ab13d4 - clone
[INFO] [stdout]   20:                0x0 - <unknown>
[INFO] [stdout] 
[INFO] [stdout] ---- tests::count_full stdout ----
[INFO] [stdout] 
[INFO] [stdout] thread 'tests::count_full' (721) panicked at src/lib.rs:207:74:
[INFO] [stdout] called `Result::unwrap()` on an `Err` value: Os { code: 2, kind: NotFound, message: "No such file or directory" }
[INFO] [stdout] stack backtrace:
[INFO] [stdout]    0:     0x5692eed7a827 - <<std[70759c8f55707aa4]::sys::backtrace::BacktraceLock>::print::DisplayBacktrace as core[df12db4294e9bfd3]::fmt::Display>::fmt
[INFO] [stdout]    1:     0x5692eed60eea - core[df12db4294e9bfd3]::fmt::write
[INFO] [stdout]    2:     0x5692eed79ddb - <alloc[2182bb758b4b3781]::vec::Vec<u8> as core[df12db4294e9bfd3]::io::write::Write>::write_fmt
[INFO] [stdout]    3:     0x5692eed798bf - std[70759c8f55707aa4]::panicking::default_hook::{closure#0}
[INFO] [stdout]    4:     0x5692eed794ea - std[70759c8f55707aa4]::panicking::default_hook
[INFO] [stdout]    5:     0x5692eed79022 - std[70759c8f55707aa4]::panicking::panic_with_hook
[INFO] [stdout]    6:     0x5692eeda0391 - std[70759c8f55707aa4]::panicking::panic_handler::{closure#0}
[INFO] [stdout]    7:     0x5692eeda0349 - std[70759c8f55707aa4]::sys::backtrace::__rust_end_short_backtrace::<std[70759c8f55707aa4]::panicking::panic_handler::{closure#0}, !>
[INFO] [stdout]    8:     0x5692eeda085c - __rustc[8fa7c3cbc660c2b3]::rust_begin_unwind
[INFO] [stdout]    9:     0x5692eed60d7b - core[df12db4294e9bfd3]::panicking::panic_fmt
[INFO] [stdout]   10:     0x5692eed64571 - core[df12db4294e9bfd3]::result::unwrap_failed
[INFO] [stdout]   11:     0x5692eed5d583 - remedian[5e3e5c85585b0e67]::tests::load_test_data
[INFO] [stdout]   12:     0x5692eed5dd9a - <remedian[5e3e5c85585b0e67]::tests::count_full::{closure#0} as core[df12db4294e9bfd3]::ops::function::FnOnce<()>>::call_once
[INFO] [stdout]   13:     0x5692eedb839b - test[9d35eded1c95d3be]::__rust_begin_short_backtrace::<core[df12db4294e9bfd3]::result::Result<(), alloc[2182bb758b4b3781]::string::String>, fn() -> core[df12db4294e9bfd3]::result::Result<(), alloc[2182bb758b4b3781]::string::String>>
[INFO] [stdout]   14:     0x5692eedb39af - test[9d35eded1c95d3be]::run_test::{closure#0}
[INFO] [stdout]   15:     0x5692eedb342c - std[70759c8f55707aa4]::sys::backtrace::__rust_begin_short_backtrace::<test[9d35eded1c95d3be]::run_test::{closure#1}, ()>
[INFO] [stdout]   16:     0x5692eedd05ec - <std[70759c8f55707aa4]::thread::lifecycle::spawn_unchecked<test[9d35eded1c95d3be]::run_test::{closure#1}, ()>::{closure#1} as core[df12db4294e9bfd3]::ops::function::FnOnce<()>>::call_once::{shim:vtable#0}
[INFO] [stdout]   17:     0x5692eeda1c12 - <std[70759c8f55707aa4]::sys::thread::unix::Thread>::new::thread_start
[INFO] [stdout]   18:     0x768497a1ddfa - <unknown>
[INFO] [stdout]   19:     0x768497ab13d4 - clone
[INFO] [stdout]   20:                0x0 - <unknown>
[INFO] [stdout] 
[INFO] [stdout] ---- tests::median_not_full stdout ----
[INFO] [stdout] 
[INFO] [stdout] thread 'tests::median_not_full' (726) panicked at src/lib.rs:207:74:
[INFO] [stdout] called `Result::unwrap()` on an `Err` value: Os { code: 2, kind: NotFound, message: "No such file or directory" }
[INFO] [stdout] stack backtrace:
[INFO] [stdout]    0:     0x5692eed7a827 - <<std[70759c8f55707aa4]::sys::backtrace::BacktraceLock>::print::DisplayBacktrace as core[df12db4294e9bfd3]::fmt::Display>::fmt
[INFO] [stdout]    1:     0x5692eed60eea - core[df12db4294e9bfd3]::fmt::write
[INFO] [stdout]    2:     0x5692eed79ddb - <alloc[2182bb758b4b3781]::vec::Vec<u8> as core[df12db4294e9bfd3]::io::write::Write>::write_fmt
[INFO] [stdout]    3:     0x5692eed798bf - std[70759c8f55707aa4]::panicking::default_hook::{closure#0}
[INFO] [stdout]    4:     0x5692eed794ea - std[70759c8f55707aa4]::panicking::default_hook
[INFO] [stdout]    5:     0x5692eed79022 - std[70759c8f55707aa4]::panicking::panic_with_hook
[INFO] [stdout]    6:     0x5692eeda0391 - std[70759c8f55707aa4]::panicking::panic_handler::{closure#0}
[INFO] [stdout]    7:     0x5692eeda0349 - std[70759c8f55707aa4]::sys::backtrace::__rust_end_short_backtrace::<std[70759c8f55707aa4]::panicking::panic_handler::{closure#0}, !>
[INFO] [stdout]    8:     0x5692eeda085c - __rustc[8fa7c3cbc660c2b3]::rust_begin_unwind
[INFO] [stdout]    9:     0x5692eed60d7b - core[df12db4294e9bfd3]::panicking::panic_fmt
[INFO] [stdout]   10:     0x5692eed64571 - core[df12db4294e9bfd3]::result::unwrap_failed
[INFO] [stdout]   11:     0x5692eed5d583 - remedian[5e3e5c85585b0e67]::tests::load_test_data
[INFO] [stdout]   12:     0x5692eed5e41a - <remedian[5e3e5c85585b0e67]::tests::median_not_full::{closure#0} as core[df12db4294e9bfd3]::ops::function::FnOnce<()>>::call_once
[INFO] [stdout]   13:     0x5692eedb839b - test[9d35eded1c95d3be]::__rust_begin_short_backtrace::<core[df12db4294e9bfd3]::result::Result<(), alloc[2182bb758b4b3781]::string::String>, fn() -> core[df12db4294e9bfd3]::result::Result<(), alloc[2182bb758b4b3781]::string::String>>
[INFO] [stdout]   14:     0x5692eedb39af - test[9d35eded1c95d3be]::run_test::{closure#0}
[INFO] [stdout]   15:     0x5692eedb342c - std[70759c8f55707aa4]::sys::backtrace::__rust_begin_short_backtrace::<test[9d35eded1c95d3be]::run_test::{closure#1}, ()>
[INFO] [stdout]   16:     0x5692eedd05ec - <std[70759c8f55707aa4]::thread::lifecycle::spawn_unchecked<test[9d35eded1c95d3be]::run_test::{closure#1}, ()>::{closure#1} as core[df12db4294e9bfd3]::ops::function::FnOnce<()>>::call_once::{shim:vtable#0}
[INFO] [stdout]   17:     0x5692eeda1c12 - <std[70759c8f55707aa4]::sys::thread::unix::Thread>::new::thread_start
[INFO] [stdout]   18:     0x768497a1ddfa - <unknown>
[INFO] [stdout]   19:     0x768497ab13d4 - clone
[INFO] [stdout]   20:                0x0 - <unknown>
[INFO] [stdout] 
[INFO] [stdout] 
[INFO] [stdout] failures:
[INFO] [stdout]     tests::count_full
[INFO] [stdout]     tests::count_not_full
[INFO] [stdout]     tests::locked_full
[INFO] [stdout]     tests::locked_not_full
[INFO] [stdout]     tests::median_full
[INFO] [stdout]     tests::median_not_full
[INFO] [stdout] 
[INFO] [stdout] test result: FAILED. 2 passed; 6 failed; 0 ignored; 0 measured; 0 filtered out; finished in 0.01s
[INFO] [stdout] 
[INFO] running `Command { std: "docker" "inspect" "a420b577d1c0ffe171d590b98e892be39d927b68d19defb94f0d6a7f4ef7325f", kill_on_drop: false }`
[INFO] running `Command { std: "docker" "rm" "-f" "a420b577d1c0ffe171d590b98e892be39d927b68d19defb94f0d6a7f4ef7325f", kill_on_drop: false }`
[INFO] [stdout] a420b577d1c0ffe171d590b98e892be39d927b68d19defb94f0d6a7f4ef7325f
