[INFO] fetching crate rem-exec-vault 0.4.0...
[INFO] testing rem-exec-vault-0.4.0 against 1.100.0-beta.1+cargoflags=--release for beta-release-1.100-2
[INFO] extracting crate rem-exec-vault 0.4.0 into /workspace/builds/worker-7-tc2/source
[INFO] started tweaking crates.io crate rem-exec-vault 0.4.0
[INFO] removed 0 missing tests
[INFO] finished tweaking crates.io crate rem-exec-vault 0.4.0
[INFO] tweaked toml for crates.io crate rem-exec-vault 0.4.0 written to /workspace/builds/worker-7-tc2/source/Cargo.toml
[INFO] validating manifest of crates.io crate rem-exec-vault 0.4.0 on toolchain 1.100.0-beta.1
[INFO] running `Command { std: CARGO_HOME="/workspace/cargo-home" RUSTUP_HOME="/workspace/rustup-home" "/workspace/cargo-home/bin/cargo" "+1.100.0-beta.1" "metadata" "--manifest-path" "Cargo.toml" "--no-deps", kill_on_drop: false }`
[INFO] crate crates.io crate rem-exec-vault 0.4.0 already has a lockfile, it will not be regenerated
[INFO] running `Command { std: CARGO_HOME="/workspace/cargo-home" RUSTUP_HOME="/workspace/rustup-home" "/workspace/cargo-home/bin/cargo" "+1.100.0-beta.1" "fetch" "--manifest-path" "Cargo.toml", kill_on_drop: false }`
[INFO] running `Command { std: "docker" "create" "-v" "/var/lib/crater-agent-workspace/builds/worker-7-tc2/source:/opt/rustwide/workdir:ro,Z" "-v" "/var/lib/crater-agent-workspace/builds/worker-7-tc2/target:/opt/rustwide/target:rw,Z" "-v" "/var/lib/crater-agent-workspace/cargo-home:/opt/rustwide/cargo-home:ro,Z" "-v" "/var/lib/crater-agent-workspace/rustup-home:/opt/rustwide/rustup-home:ro,Z" "-m" "1610612736" "--network" "none" "ghcr.io/rust-lang/crates-build-env/linux@sha256:77db811e55d90add9212f6832c23229e3de5f1c1f9905e8cb07319ea15df73ac" "sleep" "infinity", kill_on_drop: false }`
[INFO] [stdout] f5f439017991c7d01f9e3e680230254e20ccc9bfa6a0bb88512b1a1b6307c8cf
[INFO] running `Command { std: "docker" "start" "f5f439017991c7d01f9e3e680230254e20ccc9bfa6a0bb88512b1a1b6307c8cf", kill_on_drop: false }`
[INFO] running `Command { std: "docker" "inspect" "f5f439017991c7d01f9e3e680230254e20ccc9bfa6a0bb88512b1a1b6307c8cf", kill_on_drop: false }`
[INFO] running `Command { std: "docker" "exec" "-e" "SOURCE_DIR=/opt/rustwide/workdir" "-e" "CARGO_HOME=/opt/rustwide/cargo-home" "-e" "RUSTUP_HOME=/opt/rustwide/rustup-home" "-e" "CARGO_TARGET_DIR=/opt/rustwide/target" "-w" "/opt/rustwide/workdir" "--user" "0:0" "f5f439017991c7d01f9e3e680230254e20ccc9bfa6a0bb88512b1a1b6307c8cf" "/opt/rustwide/cargo-home/bin/cargo" "+1.100.0-beta.1" "metadata" "--no-deps" "--format-version=1", kill_on_drop: false }`
[INFO] running `Command { std: "docker" "inspect" "f5f439017991c7d01f9e3e680230254e20ccc9bfa6a0bb88512b1a1b6307c8cf", kill_on_drop: false }`
[INFO] running `Command { std: "docker" "exec" "-e" "SOURCE_DIR=/opt/rustwide/workdir" "-e" "CARGO_HOME=/opt/rustwide/cargo-home" "-e" "RUSTUP_HOME=/opt/rustwide/rustup-home" "-e" "CARGO_TARGET_DIR=/opt/rustwide/target" "-e" "CARGO_INCREMENTAL=0" "-e" "RUST_BACKTRACE=full" "-e" "RUSTFLAGS=--cap-lints=warn" "-e" "RUSTDOCFLAGS=--cap-lints=warn" "-w" "/opt/rustwide/workdir" "--user" "0:0" "f5f439017991c7d01f9e3e680230254e20ccc9bfa6a0bb88512b1a1b6307c8cf" "/opt/rustwide/cargo-home/bin/cargo" "+1.100.0-beta.1" "build" "--frozen" "--message-format=json" "--release", kill_on_drop: false }`
[INFO] [stderr]    Compiling quote v1.0.45
[INFO] [stderr]    Compiling libc v0.2.186
[INFO] [stderr]    Compiling cfg-if v1.0.4
[INFO] [stderr]    Compiling typenum v1.20.1
[INFO] [stderr]    Compiling serde_core v1.0.228
[INFO] [stderr]    Compiling generic-array v0.14.7
[INFO] [stderr]    Compiling subtle v2.6.1
[INFO] [stderr]    Compiling serde v1.0.228
[INFO] [stderr]    Compiling cpufeatures v0.2.17
[INFO] [stderr]    Compiling memchr v2.8.0
[INFO] [stderr]    Compiling const-oid v0.10.2
[INFO] [stderr]    Compiling thiserror v1.0.69
[INFO] [stderr]    Compiling syn v2.0.117
[INFO] [stderr]    Compiling mime_guess v2.0.5
[INFO] [stderr]    Compiling cpufeatures v0.3.0
[INFO] [stderr]    Compiling rustversion v1.0.23
[INFO] [stderr]    Compiling mime v0.3.17
[INFO] [stderr]    Compiling opaque-debug v0.3.1
[INFO] [stderr]    Compiling const-oid v0.9.6
[INFO] [stderr]    Compiling thiserror v2.0.18
[INFO] [stderr]    Compiling futures-core v0.3.33
[INFO] [stderr]    Compiling base16ct v0.2.0
[INFO] [stderr]    Compiling futures-sink v0.3.33
[INFO] [stderr]    Compiling rustc-hash v2.1.3
[INFO] [stderr]    Compiling zerocopy v0.8.55
[INFO] [stderr]    Compiling smallvec v1.15.2
[INFO] [stderr]    Compiling type-map v0.5.1
[INFO] [stderr]    Compiling hybrid-array v0.4.13
[INFO] [stderr]    Compiling futures-channel v0.3.33
[INFO] [stderr]    Compiling getrandom v0.2.17
[INFO] [stderr]    Compiling rand_core v0.6.4
[INFO] [stderr]    Compiling crypto-common v0.2.2
[INFO] [stderr]    Compiling block-buffer v0.12.1
[INFO] [stderr]    Compiling ff v0.13.1
[INFO] [stderr]    Compiling log v0.4.33
[INFO] [stderr]    Compiling group v0.13.0
[INFO] [stderr]    Compiling futures-task v0.3.33
[INFO] [stderr]    Compiling pin-project-lite v0.2.17
[INFO] [stderr]    Compiling semver v1.0.28
[INFO] [stderr]    Compiling futures-io v0.3.33
[INFO] [stderr]    Compiling slab v0.4.12
[INFO] [stderr]    Compiling rustc_version v0.4.1
[INFO] [stderr]    Compiling digest v0.11.3
[INFO] [stderr]    Compiling sha2 v0.11.0
[INFO] [stderr]    Compiling parking_lot_core v0.9.12
[INFO] [stderr]    Compiling scopeguard v1.2.0
[INFO] [stderr]    Compiling same-file v1.0.6
[INFO] [stderr]    Compiling self_cell v1.3.0
[INFO] [stderr]    Compiling walkdir v2.5.0
[INFO] [stderr]    Compiling rust-embed-utils v8.12.0
[INFO] [stderr]    Compiling lock_api v0.4.14
[INFO] [stderr]    Compiling curve25519-dalek v4.1.3
[INFO] [stderr]    Compiling utf8parse v0.2.2
[INFO] [stderr]    Compiling equivalent v1.0.2
[INFO] [stderr]    Compiling hashbrown v0.17.1
[INFO] [stderr]    Compiling anstyle-parse v1.0.0
[INFO] [stderr]    Compiling parking_lot v0.12.5
[INFO] [stderr]    Compiling arc-swap v1.9.2
[INFO] [stderr]    Compiling proc-macro-error-attr3 v3.0.3
[INFO] [stderr]    Compiling keccak v0.1.6
[INFO] [stderr]    Compiling is_terminal_polyfill v1.70.2
[INFO] [stderr]    Compiling anstyle v1.0.14
[INFO] [stderr]    Compiling anstyle-query v1.1.5
[INFO] [stderr]    Compiling colorchoice v1.0.5
[INFO] [stderr]    Compiling proc-macro-error3 v3.0.3
[INFO] [stderr]    Compiling anstream v1.0.0
[INFO] [stderr]    Compiling hybrid-array v0.2.3
[INFO] [stderr]    Compiling nom v8.0.0
[INFO] [stderr]    Compiling indexmap v2.14.0
[INFO] [stderr]    Compiling winnow v0.7.15
[INFO] [stderr]    Compiling bech32 v0.11.1
[INFO] [stderr]    Compiling option-ext v0.2.0
[INFO] [stderr]    Compiling toml_write v0.1.2
[INFO] [stderr]    Compiling serde_json v1.0.149
[INFO] [stderr]    Compiling base64 v0.22.1
[INFO] [stderr]    Compiling io_tee v0.1.1
[INFO] [stderr]    Compiling clap_lex v1.1.0
[INFO] [stderr]    Compiling strsim v0.11.1
[INFO] [stderr]    Compiling dirs-sys v0.5.0
[INFO] [stderr]    Compiling zmij v1.0.21
[INFO] [stderr]    Compiling itoa v1.0.18
[INFO] [stderr]    Compiling clap_builder v4.6.0
[INFO] [stderr]    Compiling lazy_static v1.5.0
[INFO] [stderr]    Compiling zeroize_derive v1.5.0
[INFO] [stderr]    Compiling displaydoc v0.2.6
[INFO] [stderr]    Compiling serde_derive v1.0.228
[INFO] [stderr]    Compiling thiserror-impl v2.0.18
[INFO] [stderr]    Compiling zeroize v1.9.0
[INFO] [stderr]    Compiling tinystr v0.8.3
[INFO] [stderr]    Compiling unic-langid-impl v0.9.6
[INFO] [stderr]    Compiling crypto-common v0.1.7
[INFO] [stderr]    Compiling block-buffer v0.10.4
[INFO] [stderr]    Compiling inout v0.1.4
[INFO] [stderr]    Compiling digest v0.10.7
[INFO] [stderr]    Compiling cipher v0.4.4
[INFO] [stderr]    Compiling universal-hash v0.5.1
[INFO] [stderr]    Compiling thiserror-impl v1.0.69
[INFO] [stderr]    Compiling unic-langid v0.9.6
[INFO] [stderr]    Compiling der v0.7.10
[INFO] [stderr]    Compiling crypto-bigint v0.5.5
[INFO] [stderr]    Compiling hmac v0.12.1
[INFO] [stderr]    Compiling rust-embed-impl v8.12.0
[INFO] [stderr]    Compiling hkdf v0.12.4
[INFO] [stderr]    Compiling futures-macro v0.3.33
[INFO] [stderr]    Compiling fluent-syntax v0.12.0
[INFO] [stderr]    Compiling sec1 v0.7.3
[INFO] [stderr]    Compiling futures-util v0.3.33
[INFO] [stderr]    Compiling polyval v0.6.2
[INFO] [stderr]    Compiling aead v0.5.2
[INFO] [stderr]    Compiling ghash v0.5.1
[INFO] [stderr]    Compiling chacha20 v0.9.1
[INFO] [stderr]    Compiling aes v0.8.4
[INFO] [stderr]    Compiling ctr v0.9.2
[INFO] [stderr]    Compiling elliptic-curve v0.13.8
[INFO] [stderr]    Compiling sha2 v0.10.9
[INFO] [stderr]    Compiling intl_pluralrules v7.0.2
[INFO] [stderr]    Compiling primeorder v0.13.6
[INFO] [stderr]    Compiling intl-memoizer v0.5.3
[INFO] [stderr]    Compiling fluent-langneg v0.13.1
[INFO] [stderr]    Compiling toml v0.5.11
[INFO] [stderr]    Compiling basic-toml v0.1.10
[INFO] [stderr]    Compiling poly1305 v0.8.0
[INFO] [stderr]    Compiling i18n-config v0.4.8
[INFO] [stderr]    Compiling ppv-lite86 v0.2.21
[INFO] [stderr]    Compiling chacha20poly1305 v0.10.1
[INFO] [stderr]    Compiling fluent-bundle v0.16.0
[INFO] [stderr]    Compiling p256 v0.13.2
[INFO] [stderr]    Compiling rand_chacha v0.3.1
[INFO] [stderr]    Compiling find-crate v0.6.3
[INFO] [stderr]    Compiling fluent v0.17.0
[INFO] [stderr]    Compiling aes-gcm v0.10.3
[INFO] [stderr]    Compiling rust-embed v8.12.0
[INFO] [stderr]    Compiling curve25519-dalek-derive v0.1.1
[INFO] [stderr]    Compiling rand v0.8.7
[INFO] [stderr]    Compiling serde_spanned v0.6.9
[INFO] [stderr]    Compiling i18n-embed-impl v0.8.4
[INFO] [stderr]    Compiling hpke v0.12.0
[INFO] [stderr]    Compiling toml_datetime v0.6.11
[INFO] [stderr]    Compiling i18n-embed v0.16.0
[INFO] [stderr]    Compiling pbkdf2 v0.12.2
[INFO] [stderr]    Compiling salsa20 v0.10.2
[INFO] [stderr]    Compiling sha3 v0.10.9
[INFO] [stderr]    Compiling secrecy v0.10.3
[INFO] [stderr]    Compiling futures-executor v0.3.33
[INFO] [stderr]    Compiling kem v0.3.0-pre.0
[INFO] [stderr]    Compiling pin-project-internal v1.1.13
[INFO] [stderr]    Compiling futures v0.3.33
[INFO] [stderr]    Compiling cookie-factory v0.3.3
[INFO] [stderr]    Compiling ml-kem v0.2.3
[INFO] [stderr]    Compiling scrypt v0.11.0
[INFO] [stderr]    Compiling toml_edit v0.22.27
[INFO] [stderr]    Compiling age-core v0.12.0
[INFO] [stderr]    Compiling i18n-embed-fl v0.10.1
[INFO] [stderr]    Compiling clap_derive v4.6.1
[INFO] [stderr]    Compiling pin-project v1.1.13
[INFO] [stderr]    Compiling x25519-dalek v2.0.1
[INFO] [stderr]    Compiling bitflags v2.13.1
[INFO] [stderr]    Compiling linux-keyutils v0.2.5
[INFO] [stderr]    Compiling dirs v6.0.0
[INFO] [stderr]    Compiling age v0.12.1
[INFO] [stderr]    Compiling clap v4.6.1
[INFO] [stderr]    Compiling toml v0.8.23
[INFO] [stderr]    Compiling rem-exec-vault v0.4.0 (/opt/rustwide/workdir)
[INFO] [stderr]     Finished `release` profile [optimized] target(s) in 2m 18s
[INFO] running `Command { std: "docker" "inspect" "f5f439017991c7d01f9e3e680230254e20ccc9bfa6a0bb88512b1a1b6307c8cf", kill_on_drop: false }`
[INFO] running `Command { std: "docker" "exec" "-e" "SOURCE_DIR=/opt/rustwide/workdir" "-e" "CARGO_HOME=/opt/rustwide/cargo-home" "-e" "RUSTUP_HOME=/opt/rustwide/rustup-home" "-e" "CARGO_TARGET_DIR=/opt/rustwide/target" "-e" "CARGO_INCREMENTAL=0" "-e" "RUST_BACKTRACE=full" "-e" "RUSTFLAGS=--cap-lints=warn" "-e" "RUSTDOCFLAGS=--cap-lints=warn" "-w" "/opt/rustwide/workdir" "--user" "0:0" "f5f439017991c7d01f9e3e680230254e20ccc9bfa6a0bb88512b1a1b6307c8cf" "/opt/rustwide/cargo-home/bin/cargo" "+1.100.0-beta.1" "test" "--frozen" "--no-run" "--message-format=json" "--release", kill_on_drop: false }`
[INFO] [stderr]    Compiling bitflags v2.13.1
[INFO] [stderr]    Compiling getrandom v0.4.3
[INFO] [stderr]    Compiling linux-raw-sys v0.12.1
[INFO] [stderr]    Compiling fastrand v2.5.0
[INFO] [stderr]    Compiling once_cell v1.21.4
[INFO] [stderr]    Compiling linux-keyutils v0.2.5
[INFO] [stderr]    Compiling rustix v1.1.4
[INFO] [stderr]    Compiling rem-exec-vault v0.4.0 (/opt/rustwide/workdir)
[INFO] [stderr]    Compiling tempfile v3.27.0
[INFO] [stderr]     Finished `release` profile [optimized] target(s) in 58.33s
[INFO] running `Command { std: "docker" "inspect" "f5f439017991c7d01f9e3e680230254e20ccc9bfa6a0bb88512b1a1b6307c8cf", kill_on_drop: false }`
[INFO] running `Command { std: "docker" "exec" "-e" "SOURCE_DIR=/opt/rustwide/workdir" "-e" "CARGO_HOME=/opt/rustwide/cargo-home" "-e" "RUSTUP_HOME=/opt/rustwide/rustup-home" "-e" "CARGO_TARGET_DIR=/opt/rustwide/target" "-e" "CARGO_INCREMENTAL=0" "-e" "RUST_BACKTRACE=full" "-e" "RUSTFLAGS=--cap-lints=warn" "-e" "RUSTDOCFLAGS=--cap-lints=warn" "-w" "/opt/rustwide/workdir" "--user" "0:0" "f5f439017991c7d01f9e3e680230254e20ccc9bfa6a0bb88512b1a1b6307c8cf" "/opt/rustwide/cargo-home/bin/cargo" "+1.100.0-beta.1" "test" "--frozen" "--release", kill_on_drop: false }`
[INFO] [stderr]     Finished `release` profile [optimized] target(s) in 0.23s
[INFO] [stderr]      Running unittests src/main.rs (/opt/rustwide/target/release/build/rem-exec-vault/98bbee6682156c5a/out/rxv-98bbee6682156c5a)
[INFO] [stdout] 
[INFO] [stdout] running 49 tests
[INFO] [stdout] test error::tests::plain_messages_become_internal_failures ... ok
[INFO] [stdout] test error::tests::the_object_carries_code_retryable_and_optional_hint ... ok
[INFO] [stdout] test tests::a_foreign_identity_in_the_slot_is_reported_as_mismatch ... ignored
[INFO] [stdout] test tests::a_completed_staging_tree_suspends_binding_a_partial_does_not ... ok
[INFO] [stdout] test error::tests::nothing_is_both_malformed_and_retryable ... ok
[INFO] [stdout] test tests::age_encrypt_decrypt_roundtrip ... ok
[INFO] [stdout] test tests::config_parses ... ok
[INFO] [stdout] test error::tests::exit_two_is_exactly_the_unusable_call ... ok
[INFO] [stdout] test tests::decrypt_rejects_wrong_identity ... ok
[INFO] [stdout] test tests::config_rejects_unknown_keys ... ok
[INFO] [stdout] test tests::an_explicit_name_is_honored_verbatim ... ok
[INFO] [stdout] test tests::find_key_treats_expired_as_absent ... ignored
[INFO] [stdout] test tests::a_leftover_partial_is_always_discarded_on_rekey ... ok
[INFO] [stdout] test tests::init_config_escapes_special_characters_in_ref ... ok
[INFO] [stdout] test tests::ensure_scope_dir_creates_and_tightens_0700 ... ok
[INFO] [stdout] test error::tests::retryable_is_limited_to_transient_failures ... ok
[INFO] [stdout] test tests::invalid_secret_paths_rejected ... ok
[INFO] [stdout] test tests::keyring_add_read_unlink_roundtrip ... ignored
[INFO] [stdout] test tests::public_key_of_matches_the_generated_pair ... ok
[INFO] [stdout] test tests::only_this_vaults_identity_opens_the_store ... ok
[INFO] [stdout] test tests::each_store_gets_its_own_keyring_slot ... ok
[INFO] [stdout] test tests::encrypt_rejects_bad_public_key ... ok
[INFO] [stdout] test tests::provider_output_accepts_a_commented_identity_file ... ok
[INFO] [stdout] test tests::provider_output_without_an_age_key_is_config_invalid_not_retryable ... ok
[INFO] [stdout] test tests::revoking_one_vault_leaves_the_other_usable ... ignored
[INFO] [stdout] test tests::store_path_expands_tilde ... ok
[INFO] [stdout] test tests::the_derived_name_is_deterministic ... ok
[INFO] [stdout] test tests::the_profile_names_the_slot ... ok
[INFO] [stdout] test tests::set_public_key_refuses_ambiguous_config ... ok
[INFO] [stdout] test tests::unlock_refuses_a_provider_identity_that_cannot_open_the_store ... ok
[INFO] [stdout] test tests::valid_secret_paths_accepted ... ok
[INFO] [stdout] test tests::walk_store_empty_store_is_ok_not_error ... ok
[INFO] [stdout] test tests::set_public_key_rewrites_only_that_line ... ok
[INFO] [stdout] test tests::resume_rekey_refuses_an_empty_staging_tree ... ok
[INFO] [stdout] test tests::walk_store_missing_store_errors ... ok
[INFO] [stdout] test tests::walk_store_ignores_non_age_and_temp_files ... ok
[INFO] [stdout] test tests::walk_store_ignores_wrong_depth ... ok
[INFO] [stdout] test tests::commit_staged_moves_everything_and_clears_staging ... ok
[INFO] [stdout] test tests::commit_staged_aborts_before_moving_when_verification_fails ... ok
[INFO] [stdout] test tests::write_atomic_preserves_old_file_when_write_fails ... ok
[INFO] [stdout] test tests::walk_store_scope_filter ... ok
[INFO] [stdout] test tests::write_atomic_creates_0600 ... ok
[INFO] [stdout] test tests::resume_rekey_leaves_config_untouched_when_staging_targets_another_key ... ok
[INFO] [stdout] test tests::write_atomic_leaves_no_temp_residue ... ok
[INFO] [stdout] test tests::resume_rekey_commits_and_repoints_config_for_the_staged_key ... ok
[INFO] [stdout] test tests::walk_store_sorted_with_mtime ... ok
[INFO] [stdout] test tests::writes_are_refused_while_a_rekey_is_in_flight ... ok
[INFO] [stdout] test tests::walk_store_ignores_rekey_staging ... ok
[INFO] [stdout] test tests::write_atomic_replaces_existing_content ... ok
[INFO] [stdout] 
[INFO] [stdout] test result: ok. 45 passed; 0 failed; 4 ignored; 0 measured; 0 filtered out; finished in 0.07s
[INFO] [stdout] 
[INFO] [stderr]      Running tests/cli_contract.rs (/opt/rustwide/target/release/build/rem-exec-vault/de4de2962af791d8/out/cli_contract-de4de2962af791d8)
[INFO] [stdout] 
[INFO] [stdout] running 10 tests
[INFO] [stdout] test skill_is_discovery_too ... ok
[INFO] [stdout] test a_bare_invocation_prints_help_without_an_object_or_effects ... ok
[INFO] [stdout] test init_rejects_unknown_provider_before_writing_config_or_key ... ok
[INFO] [stdout] test the_parser_object_keeps_claps_own_wording ... ok
[INFO] [stdout] test init_writes_private_config_and_escapes_ref ... FAILED
[INFO] [stdout] test the_parser_object_splits_the_diagnosis_from_the_fix ... ok
[INFO] [stdout] test parser_rejections_are_typed_objects_on_stderr ... ok
[INFO] [stdout] test discovery_prints_for_a_reader_and_emits_no_object ... ok
[INFO] [stdout] test an_unusable_argument_exits_two_wherever_it_was_caught ... ok
[INFO] [stdout] test no_parse_failure_can_ever_write_to_stdout ... ok
[INFO] [stdout] 
[INFO] [stdout] failures:
[INFO] [stdout] 
[INFO] [stdout] ---- init_writes_private_config_and_escapes_ref stdout ----
[INFO] [stdout] 
[INFO] [stdout] thread 'init_writes_private_config_and_escapes_ref' (2392) panicked at tests/cli_contract.rs:244:5:
[INFO] [stdout] status must load the written config: {"type":"error","code":"internal","message":"open session keyring: PermissionDenied","retryable":true}
[INFO] [stdout] 
[INFO] [stdout] stack backtrace:
[INFO] [stdout]    0:     0x56519a3e6a45 - <unknown>
[INFO] [stdout]    1:     0x56519a3c8d0a - <unknown>
[INFO] [stdout]    2:     0x56519a3e60db - <unknown>
[INFO] [stdout]    3:     0x56519a3e5bbf - <unknown>
[INFO] [stdout]    4:     0x56519a3e57ea - <unknown>
[INFO] [stdout]    5:     0x56519a3e5325 - <unknown>
[INFO] [stdout]    6:     0x56519a40c161 - <unknown>
[INFO] [stdout]    7:     0x56519a40c119 - <unknown>
[INFO] [stdout]    8:     0x56519a40c61c - <unknown>
[INFO] [stdout]    9:     0x56519a3c8b9b - <unknown>
[INFO] [stdout]   10:     0x56519a3bfd16 - <unknown>
[INFO] [stdout]   11:     0x56519a426f3b - <unknown>
[INFO] [stdout]   12:     0x56519a422f01 - <unknown>
[INFO] [stdout]   13:     0x56519a4226ec - <unknown>
[INFO] [stdout]   14:     0x56519a44238c - <unknown>
[INFO] [stdout]   15:     0x56519a40de94 - <unknown>
[INFO] [stdout]   16:     0x7137b5402dfa - <unknown>
[INFO] [stdout]   17:     0x7137b54963d4 - clone
[INFO] [stdout]   18:                0x0 - <unknown>
[INFO] [stdout] 
[INFO] [stdout] 
[INFO] [stdout] failures:
[INFO] [stdout]     init_writes_private_config_and_escapes_ref
[INFO] [stdout] 
[INFO] [stdout] test result: FAILED. 9 passed; 1 failed; 0 ignored; 0 measured; 0 filtered out; finished in 0.03s
[INFO] [stdout] 
[INFO] [stderr] error: test failed, to rerun pass `--test cli_contract`
[INFO] running `Command { std: "docker" "inspect" "f5f439017991c7d01f9e3e680230254e20ccc9bfa6a0bb88512b1a1b6307c8cf", kill_on_drop: false }`
[INFO] running `Command { std: "docker" "rm" "-f" "f5f439017991c7d01f9e3e680230254e20ccc9bfa6a0bb88512b1a1b6307c8cf", kill_on_drop: false }`
[INFO] [stdout] f5f439017991c7d01f9e3e680230254e20ccc9bfa6a0bb88512b1a1b6307c8cf
