[INFO] fetching crate reliq 0.3.7...
[INFO] testing reliq-0.3.7 against 1.99.0-beta.8+cargoflags=--release for beta-release-1.100-2
[INFO] extracting crate reliq 0.3.7 into /workspace/builds/worker-3-tc1/source
[INFO] started tweaking crates.io crate reliq 0.3.7
[INFO] finished tweaking crates.io crate reliq 0.3.7
[INFO] tweaked toml for crates.io crate reliq 0.3.7 written to /workspace/builds/worker-3-tc1/source/Cargo.toml
[INFO] validating manifest of crates.io crate reliq 0.3.7 on toolchain 1.99.0-beta.8
[INFO] running `Command { std: CARGO_HOME="/workspace/cargo-home" RUSTUP_HOME="/workspace/rustup-home" "/workspace/cargo-home/bin/cargo" "+1.99.0-beta.8" "metadata" "--manifest-path" "Cargo.toml" "--no-deps", kill_on_drop: false }`
[INFO] crate crates.io crate reliq 0.3.7 already has a lockfile, it will not be regenerated
[INFO] running `Command { std: CARGO_HOME="/workspace/cargo-home" RUSTUP_HOME="/workspace/rustup-home" "/workspace/cargo-home/bin/cargo" "+1.99.0-beta.8" "fetch" "--manifest-path" "Cargo.toml", kill_on_drop: false }`
[INFO] [stderr]     Updating crates.io index
[INFO] [stderr]  Downloading crates ...
[INFO] [stderr]   Downloaded criterion v0.7.0
[INFO] [stderr]   Downloaded modwire v0.1.0
[INFO] [stderr]   Downloaded criterion-plot v0.6.0
[INFO] [stderr]   Downloaded winapi-util v0.1.10
[INFO] [stderr]   Downloaded clap v4.5.45
[INFO] [stderr]   Downloaded winnow v0.7.12
[INFO] [stderr]   Downloaded clap_builder v4.5.44
[INFO] running `Command { std: "docker" "create" "-v" "/var/lib/crater-agent-workspace/builds/worker-3-tc1/source:/opt/rustwide/workdir:ro,Z" "-v" "/var/lib/crater-agent-workspace/builds/worker-3-tc1/target:/opt/rustwide/target:rw,Z" "-v" "/var/lib/crater-agent-workspace/cargo-home:/opt/rustwide/cargo-home:ro,Z" "-v" "/var/lib/crater-agent-workspace/rustup-home:/opt/rustwide/rustup-home:ro,Z" "-m" "1610612736" "--network" "none" "ghcr.io/rust-lang/crates-build-env/linux@sha256:77db811e55d90add9212f6832c23229e3de5f1c1f9905e8cb07319ea15df73ac" "sleep" "infinity", kill_on_drop: false }`
[INFO] [stdout] a94444c76b9a517239c57fe42843b1ab7f62db43240703ebcacf2078ed9772af
[INFO] running `Command { std: "docker" "start" "a94444c76b9a517239c57fe42843b1ab7f62db43240703ebcacf2078ed9772af", kill_on_drop: false }`
[INFO] running `Command { std: "docker" "inspect" "a94444c76b9a517239c57fe42843b1ab7f62db43240703ebcacf2078ed9772af", kill_on_drop: false }`
[INFO] running `Command { std: "docker" "exec" "-e" "SOURCE_DIR=/opt/rustwide/workdir" "-e" "CARGO_HOME=/opt/rustwide/cargo-home" "-e" "RUSTUP_HOME=/opt/rustwide/rustup-home" "-e" "CARGO_TARGET_DIR=/opt/rustwide/target" "-w" "/opt/rustwide/workdir" "--user" "0:0" "a94444c76b9a517239c57fe42843b1ab7f62db43240703ebcacf2078ed9772af" "/opt/rustwide/cargo-home/bin/cargo" "+1.99.0-beta.8" "metadata" "--no-deps" "--format-version=1", kill_on_drop: false }`
[INFO] running `Command { std: "docker" "inspect" "a94444c76b9a517239c57fe42843b1ab7f62db43240703ebcacf2078ed9772af", kill_on_drop: false }`
[INFO] running `Command { std: "docker" "exec" "-e" "SOURCE_DIR=/opt/rustwide/workdir" "-e" "CARGO_HOME=/opt/rustwide/cargo-home" "-e" "RUSTUP_HOME=/opt/rustwide/rustup-home" "-e" "CARGO_TARGET_DIR=/opt/rustwide/target" "-e" "CARGO_INCREMENTAL=0" "-e" "RUST_BACKTRACE=full" "-e" "RUSTFLAGS=--cap-lints=warn" "-e" "RUSTDOCFLAGS=--cap-lints=warn" "-w" "/opt/rustwide/workdir" "--user" "0:0" "a94444c76b9a517239c57fe42843b1ab7f62db43240703ebcacf2078ed9772af" "/opt/rustwide/cargo-home/bin/cargo" "+1.99.0-beta.8" "build" "--frozen" "--message-format=json" "--release", kill_on_drop: false }`
[INFO] [stderr]    Compiling thiserror v2.0.16
[INFO] [stderr]    Compiling modwire v0.1.0
[INFO] [stderr]    Compiling strum v0.27.2
[INFO] [stderr]    Compiling syn v2.0.106
[INFO] [stderr]    Compiling serde_derive v1.0.219
[INFO] [stderr]    Compiling thiserror-impl v2.0.16
[INFO] [stderr]    Compiling strum_macros v0.27.2
[INFO] [stderr]    Compiling serde v1.0.219
[INFO] [stderr]    Compiling reliq v0.3.7 (/opt/rustwide/workdir)
[INFO] [stdout] warning: unused import: `Deserializer`
[INFO] [stdout]    --> src/array/mod.rs:366:31
[INFO] [stdout]     |
[INFO] [stdout] 366 |         use serde::de::{self, Deserializer, SeqAccess, Visitor};
[INFO] [stdout]     |                               ^^^^^^^^^^^^
[INFO] [stdout]     |
[INFO] [stdout]     = note: `#[warn(unused_imports)]` (part of `#[warn(unused)]`) on by default
[INFO] [stdout] 
[INFO] [stdout] 
[INFO] [stdout] warning: type alias `Rad` is never used
[INFO] [stdout]   --> src/q/rad_mode.rs:6:22
[INFO] [stdout]    |
[INFO] [stdout]  6 |               pub type Rad<const A: u8, B> = Q<A, B, RadMode>;
[INFO] [stdout]    |                        ^^^
[INFO] [stdout] ...
[INFO] [stdout] 14 | / ty!(
[INFO] [stdout] 15 | |     0 1 2 3 4 5 6 7 8 9
[INFO] [stdout] 16 | |     10 11 12 13 14 15 16 17 18 19
[INFO] [stdout] 17 | |     20 21 22 23 24 25 26 27 28 29
[INFO] [stdout] 18 | |     30 31 32 33 34 35 36 37
[INFO] [stdout] 19 | | );
[INFO] [stdout]    | |_- in this macro invocation
[INFO] [stdout]    |
[INFO] [stdout]    = note: `#[warn(dead_code)]` (part of `#[warn(unused)]`) on by default
[INFO] [stdout]    = note: this warning originates in the macro `ty` (in Nightly builds, run with -Z macro-backtrace for more info)
[INFO] [stdout] 
[INFO] [stdout] 
[INFO] [stderr]     Finished `release` profile [optimized] target(s) in 12.36s
[INFO] running `Command { std: "docker" "inspect" "a94444c76b9a517239c57fe42843b1ab7f62db43240703ebcacf2078ed9772af", kill_on_drop: false }`
[INFO] running `Command { std: "docker" "exec" "-e" "SOURCE_DIR=/opt/rustwide/workdir" "-e" "CARGO_HOME=/opt/rustwide/cargo-home" "-e" "RUSTUP_HOME=/opt/rustwide/rustup-home" "-e" "CARGO_TARGET_DIR=/opt/rustwide/target" "-e" "CARGO_INCREMENTAL=0" "-e" "RUST_BACKTRACE=full" "-e" "RUSTFLAGS=--cap-lints=warn" "-e" "RUSTDOCFLAGS=--cap-lints=warn" "-w" "/opt/rustwide/workdir" "--user" "0:0" "a94444c76b9a517239c57fe42843b1ab7f62db43240703ebcacf2078ed9772af" "/opt/rustwide/cargo-home/bin/cargo" "+1.99.0-beta.8" "test" "--frozen" "--no-run" "--message-format=json" "--release", kill_on_drop: false }`
[INFO] [stderr]    Compiling syn v2.0.106
[INFO] [stderr]    Compiling serde v1.0.219
[INFO] [stderr]    Compiling semver v1.0.26
[INFO] [stderr]    Compiling memchr v2.7.5
[INFO] [stderr]    Compiling winnow v0.7.12
[INFO] [stderr]    Compiling toml_datetime v0.6.11
[INFO] [stderr]    Compiling serde_json v1.0.143
[INFO] [stderr]    Compiling regex-syntax v0.8.5
[INFO] [stderr]    Compiling indexmap v2.10.0
[INFO] [stderr]    Compiling half v2.6.0
[INFO] [stderr]    Compiling plotters-backend v0.3.7
[INFO] [stderr]    Compiling clap_builder v4.5.44
[INFO] [stderr]    Compiling itertools v0.13.0
[INFO] [stderr]    Compiling glob v0.3.3
[INFO] [stderr]    Compiling relative-path v1.9.3
[INFO] [stderr]    Compiling rayon v1.11.0
[INFO] [stderr]    Compiling ciborium-ll v0.2.2
[INFO] [stderr]    Compiling rustc_version v0.4.1
[INFO] [stderr]    Compiling plotters-svg v0.3.7
[INFO] [stderr]    Compiling aho-corasick v1.1.3
[INFO] [stderr]    Compiling rstest_macros v0.26.1
[INFO] [stderr]    Compiling plotters v0.3.7
[INFO] [stderr]    Compiling regex-automata v0.4.9
[INFO] [stderr]    Compiling toml_edit v0.22.27
[INFO] [stderr]    Compiling criterion-plot v0.6.0
[INFO] [stderr]    Compiling clap v4.5.45
[INFO] [stderr]    Compiling proc-macro-crate v3.3.0
[INFO] [stderr]    Compiling regex v1.11.1
[INFO] [stderr]    Compiling serde_derive v1.0.219
[INFO] [stderr]    Compiling thiserror-impl v2.0.16
[INFO] [stderr]    Compiling futures-macro v0.3.31
[INFO] [stderr]    Compiling strum_macros v0.27.2
[INFO] [stderr]    Compiling futures-util v0.3.31
[INFO] [stderr]    Compiling thiserror v2.0.16
[INFO] [stderr]    Compiling rstest v0.26.1
[INFO] [stderr]    Compiling ciborium v0.2.2
[INFO] [stderr]    Compiling reliq v0.3.7 (/opt/rustwide/workdir)
[INFO] [stdout] warning: unused import: `Deserializer`
[INFO] [stdout]    --> src/array/mod.rs:366:31
[INFO] [stdout]     |
[INFO] [stdout] 366 |         use serde::de::{self, Deserializer, SeqAccess, Visitor};
[INFO] [stdout]     |                               ^^^^^^^^^^^^
[INFO] [stdout]     |
[INFO] [stdout]     = note: `#[warn(unused_imports)]` (part of `#[warn(unused)]`) on by default
[INFO] [stdout] 
[INFO] [stdout] 
[INFO] [stdout] warning: type alias `Rad` is never used
[INFO] [stdout]   --> src/q/rad_mode.rs:6:22
[INFO] [stdout]    |
[INFO] [stdout]  6 |               pub type Rad<const A: u8, B> = Q<A, B, RadMode>;
[INFO] [stdout]    |                        ^^^
[INFO] [stdout] ...
[INFO] [stdout] 14 | / ty!(
[INFO] [stdout] 15 | |     0 1 2 3 4 5 6 7 8 9
[INFO] [stdout] 16 | |     10 11 12 13 14 15 16 17 18 19
[INFO] [stdout] 17 | |     20 21 22 23 24 25 26 27 28 29
[INFO] [stdout] 18 | |     30 31 32 33 34 35 36 37
[INFO] [stdout] 19 | | );
[INFO] [stdout]    | |_- in this macro invocation
[INFO] [stdout]    |
[INFO] [stdout]    = note: `#[warn(dead_code)]` (part of `#[warn(unused)]`) on by default
[INFO] [stdout]    = note: this warning originates in the macro `ty` (in Nightly builds, run with -Z macro-backtrace for more info)
[INFO] [stdout] 
[INFO] [stdout] 
[INFO] [stderr]    Compiling tinytemplate v1.2.1
[INFO] [stderr]    Compiling criterion v0.7.0
[INFO] [stdout] warning: unused import: `Deserializer`
[INFO] [stdout]    --> src/array/mod.rs:366:31
[INFO] [stdout]     |
[INFO] [stdout] 366 |         use serde::de::{self, Deserializer, SeqAccess, Visitor};
[INFO] [stdout]     |                               ^^^^^^^^^^^^
[INFO] [stdout]     |
[INFO] [stdout]     = note: `#[warn(unused_imports)]` (part of `#[warn(unused)]`) on by default
[INFO] [stdout] 
[INFO] [stdout] 
[INFO] [stdout] warning: type alias `Rad` is never used
[INFO] [stdout]   --> src/q/rad_mode.rs:6:22
[INFO] [stdout]    |
[INFO] [stdout]  6 |               pub type Rad<const A: u8, B> = Q<A, B, RadMode>;
[INFO] [stdout]    |                        ^^^
[INFO] [stdout] ...
[INFO] [stdout] 14 | / ty!(
[INFO] [stdout] 15 | |     0 1 2 3 4 5 6 7 8 9
[INFO] [stdout] 16 | |     10 11 12 13 14 15 16 17 18 19
[INFO] [stdout] 17 | |     20 21 22 23 24 25 26 27 28 29
[INFO] [stdout] 18 | |     30 31 32 33 34 35 36 37
[INFO] [stdout] 19 | | );
[INFO] [stdout]    | |_- in this macro invocation
[INFO] [stdout]    |
[INFO] [stdout]    = note: `#[warn(dead_code)]` (part of `#[warn(unused)]`) on by default
[INFO] [stdout]    = note: this warning originates in the macro `ty` (in Nightly builds, run with -Z macro-backtrace for more info)
[INFO] [stdout] 
[INFO] [stdout] 
[INFO] [stderr]     Finished `release` profile [optimized] target(s) in 1m 02s
[INFO] running `Command { std: "docker" "inspect" "a94444c76b9a517239c57fe42843b1ab7f62db43240703ebcacf2078ed9772af", kill_on_drop: false }`
[INFO] running `Command { std: "docker" "exec" "-e" "SOURCE_DIR=/opt/rustwide/workdir" "-e" "CARGO_HOME=/opt/rustwide/cargo-home" "-e" "RUSTUP_HOME=/opt/rustwide/rustup-home" "-e" "CARGO_TARGET_DIR=/opt/rustwide/target" "-e" "CARGO_INCREMENTAL=0" "-e" "RUST_BACKTRACE=full" "-e" "RUSTFLAGS=--cap-lints=warn" "-e" "RUSTDOCFLAGS=--cap-lints=warn" "-w" "/opt/rustwide/workdir" "--user" "0:0" "a94444c76b9a517239c57fe42843b1ab7f62db43240703ebcacf2078ed9772af" "/opt/rustwide/cargo-home/bin/cargo" "+1.99.0-beta.8" "test" "--frozen" "--release", kill_on_drop: false }`
[INFO] [stderr] warning: unused import: `Deserializer`
[INFO] [stderr]    --> src/array/mod.rs:366:31
[INFO] [stderr]     |
[INFO] [stderr] 366 |         use serde::de::{self, Deserializer, SeqAccess, Visitor};
[INFO] [stderr]     |                               ^^^^^^^^^^^^
[INFO] [stderr]     |
[INFO] [stderr]     = note: `#[warn(unused_imports)]` (part of `#[warn(unused)]`) on by default
[INFO] [stderr] 
[INFO] [stderr] warning: type alias `Rad` is never used
[INFO] [stderr]   --> src/q/rad_mode.rs:6:22
[INFO] [stderr]    |
[INFO] [stderr]  6 |               pub type Rad<const A: u8, B> = Q<A, B, RadMode>;
[INFO] [stderr]    |                        ^^^
[INFO] [stderr] ...
[INFO] [stderr] 14 | / ty!(
[INFO] [stderr] 15 | |     0 1 2 3 4 5 6 7 8 9
[INFO] [stderr] 16 | |     10 11 12 13 14 15 16 17 18 19
[INFO] [stderr] 17 | |     20 21 22 23 24 25 26 27 28 29
[INFO] [stderr] 18 | |     30 31 32 33 34 35 36 37
[INFO] [stderr] 19 | | );
[INFO] [stderr]    | |_- in this macro invocation
[INFO] [stderr]    |
[INFO] [stderr]    = note: `#[warn(dead_code)]` (part of `#[warn(unused)]`) on by default
[INFO] [stderr]    = note: this warning originates in the macro `ty` (in Nightly builds, run with -Z macro-backtrace for more info)
[INFO] [stderr] 
[INFO] [stderr] warning: `reliq` (lib) generated 2 warnings
[INFO] [stderr] warning: `reliq` (lib test) generated 2 warnings (2 duplicates)
[INFO] [stderr]     Finished `release` profile [optimized] target(s) in 0.12s
[INFO] [stderr]      Running unittests src/lib.rs (/opt/rustwide/target/release/deps/reliq-1c9fe6ece75bfc47)
[INFO] [stdout] 
[INFO] [stdout] running 25 tests
[INFO] [stdout] test array::test_iter ... ok
[INFO] [stdout] test array::test_insert_remove_ordered ... ok
[INFO] [stdout] test array::test_push_pop ... ok
[INFO] [stdout] test point::set::test_next_linear ... ok
[INFO] [stdout] test q::deg_mode::test::sin::case_1 ... ok
[INFO] [stdout] test q::deg_mode::test::tan::case_1 ... ok
[INFO] [stdout] test q::rad_mode::test_cos::case_1 ... ok
[INFO] [stdout] test q::test_div::case_1 ... ok
[INFO] [stdout] test q::rad_mode::test_sin::case_1 ... ok
[INFO] [stdout] test q::test_int_conversion::case_1 ... ok
[INFO] [stdout] test q::test_add::case_1 ... ok
[INFO] [stdout] test q::test_mul::case_1 ... ok
[INFO] [stdout] test q::test_mul::case_2 ... ok
[INFO] [stdout] test q::deg_mode::test::cos::case_1 ... ok
[INFO] [stdout] test utf8::test ... ok
[INFO] [stdout] test q::test_float_conversion::case_1 ... ok
[INFO] [stdout] test array::test_swap_insert_remove_unordered ... ok
[INFO] [stdout] test color::test_interpolation::case_4 ... FAILED
[INFO] [stdout] test color::test_interpolation::case_1 ... FAILED
[INFO] [stdout] test color::test_interpolation::case_5 ... FAILED
[INFO] [stdout] test color::test_interpolation::case_3 ... FAILED
[INFO] [stdout] test color::test_interpolation::case_2 ... FAILED
[INFO] [stdout] test q::test_sub::case_1 ... ok
[INFO] [stdout] test color::test_interpolation::case_6 ... FAILED
[INFO] [stdout] test color::test_interpolation::case_7 ... FAILED
[INFO] [stdout] 
[INFO] [stdout] failures:
[INFO] [stdout] 
[INFO] [stdout] ---- color::test_interpolation::case_4 stdout ----
[INFO] [stdout] 
[INFO] [stdout] thread 'color::test_interpolation::case_4' (1217) panicked at src/color/mod.rs:408:5:
[INFO] [stdout] assertion `left == right` failed
[INFO] [stdout]   left: Rgb(24, 22, 20)
[INFO] [stdout]  right: Rgb(125, 120, 115)
[INFO] [stdout] stack backtrace:
[INFO] [stdout]    0:     0x6257afc09eb1 - <<std[70759c8f55707aa4]::sys::backtrace::BacktraceLock>::print::DisplayBacktrace as core[df12db4294e9bfd3]::fmt::Display>::fmt
[INFO] [stdout]    1:     0x6257afc1eaba - core[df12db4294e9bfd3]::fmt::write
[INFO] [stdout]    2:     0x6257afc0e34c - <alloc[2182bb758b4b3781]::vec::Vec<u8> as core[df12db4294e9bfd3]::io::write::Write>::write_fmt
[INFO] [stdout]    3:     0x6257afbe64a6 - std[70759c8f55707aa4]::panicking::default_hook::{closure#0}
[INFO] [stdout]    4:     0x6257afc02619 - std[70759c8f55707aa4]::panicking::default_hook
[INFO] [stdout]    5:     0x6257afb9eaa0 - test[9d35eded1c95d3be]::test_main_inner::<test[9d35eded1c95d3be]::test_main_static::{closure#0}>::{closure#0}
[INFO] [stdout]    6:     0x6257afc027d2 - std[70759c8f55707aa4]::panicking::panic_with_hook
[INFO] [stdout]    7:     0x6257afbe6552 - std[70759c8f55707aa4]::panicking::panic_handler::{closure#0}
[INFO] [stdout]    8:     0x6257afbdf2d9 - std[70759c8f55707aa4]::sys::backtrace::__rust_end_short_backtrace::<std[70759c8f55707aa4]::panicking::panic_handler::{closure#0}, !>
[INFO] [stdout]    9:     0x6257afbe714d - __rustc[8fa7c3cbc660c2b3]::rust_begin_unwind
[INFO] [stdout]   10:     0x6257afc1f1ec - core[df12db4294e9bfd3]::panicking::panic_fmt
[INFO] [stdout]   11:     0x6257afc1f103 - core[df12db4294e9bfd3]::panicking::assert_failed_inner
[INFO] [stdout]   12:     0x6257afb91707 - core[df12db4294e9bfd3]::panicking::assert_failed::<reliq[932006bf14d351bd]::color::Color<2u8, i128>, reliq[932006bf14d351bd]::color::Color<2u8, i128>>
[INFO] [stdout]   13:     0x6257afb91b50 - <reliq[932006bf14d351bd]::color::test_interpolation::case_4::{closure#0} as core[df12db4294e9bfd3]::ops::function::FnOnce<()>>::call_once
[INFO] [stdout]   14:     0x6257afb91d8b - test[9d35eded1c95d3be]::__rust_begin_short_backtrace::<core[df12db4294e9bfd3]::result::Result<(), alloc[2182bb758b4b3781]::string::String>, fn() -> core[df12db4294e9bfd3]::result::Result<(), alloc[2182bb758b4b3781]::string::String>>
[INFO] [stdout]   15:     0x6257afb9f3f5 - test[9d35eded1c95d3be]::run_test::{closure#0}
[INFO] [stdout]   16:     0x6257afb98cb4 - std[70759c8f55707aa4]::sys::backtrace::__rust_begin_short_backtrace::<test[9d35eded1c95d3be]::run_test::{closure#1}, ()>
[INFO] [stdout]   17:     0x6257afba2552 - <std[70759c8f55707aa4]::thread::lifecycle::spawn_unchecked<test[9d35eded1c95d3be]::run_test::{closure#1}, ()>::{closure#1} as core[df12db4294e9bfd3]::ops::function::FnOnce<()>>::call_once::{shim:vtable#0}
[INFO] [stdout]   18:     0x6257afc09789 - <std[70759c8f55707aa4]::sys::thread::unix::Thread>::new::thread_start
[INFO] [stdout]   19:     0x786c109d0dfa - <unknown>
[INFO] [stdout]   20:     0x786c10a643d4 - clone
[INFO] [stdout]   21:                0x0 - <unknown>
[INFO] [stdout] 
[INFO] [stdout] ---- color::test_interpolation::case_1 stdout ----
[INFO] [stdout] 
[INFO] [stdout] thread 'color::test_interpolation::case_1' (1214) panicked at src/color/mod.rs:408:5:
[INFO] [stdout] assertion `left == right` failed
[INFO] [stdout]   left: Rgb(5, 5, 5)
[INFO] [stdout]  right: Rgb(25, 25, 25)
[INFO] [stdout] stack backtrace:
[INFO] [stdout]    0:     0x6257afc09eb1 - <<std[70759c8f55707aa4]::sys::backtrace::BacktraceLock>::print::DisplayBacktrace as core[df12db4294e9bfd3]::fmt::Display>::fmt
[INFO] [stdout]    1:     0x6257afc1eaba - core[df12db4294e9bfd3]::fmt::write
[INFO] [stdout]    2:     0x6257afc0e34c - <alloc[2182bb758b4b3781]::vec::Vec<u8> as core[df12db4294e9bfd3]::io::write::Write>::write_fmt
[INFO] [stdout]    3:     0x6257afbe64a6 - std[70759c8f55707aa4]::panicking::default_hook::{closure#0}
[INFO] [stdout]    4:     0x6257afc02619 - std[70759c8f55707aa4]::panicking::default_hook
[INFO] [stdout]    5:     0x6257afb9eaa0 - test[9d35eded1c95d3be]::test_main_inner::<test[9d35eded1c95d3be]::test_main_static::{closure#0}>::{closure#0}
[INFO] [stdout]    6:     0x6257afc027d2 - std[70759c8f55707aa4]::panicking::panic_with_hook
[INFO] [stdout]    7:     0x6257afbe6552 - std[70759c8f55707aa4]::panicking::panic_handler::{closure#0}
[INFO] [stdout]    8:     0x6257afbdf2d9 - std[70759c8f55707aa4]::sys::backtrace::__rust_end_short_backtrace::<std[70759c8f55707aa4]::panicking::panic_handler::{closure#0}, !>
[INFO] [stdout]    9:     0x6257afbe714d - __rustc[8fa7c3cbc660c2b3]::rust_begin_unwind
[INFO] [stdout]   10:     0x6257afc1f1ec - core[df12db4294e9bfd3]::panicking::panic_fmt
[INFO] [stdout]   11:     0x6257afc1f103 - core[df12db4294e9bfd3]::panicking::assert_failed_inner
[INFO] [stdout]   12:     0x6257afb91707 - core[df12db4294e9bfd3]::panicking::assert_failed::<reliq[932006bf14d351bd]::color::Color<2u8, i128>, reliq[932006bf14d351bd]::color::Color<2u8, i128>>
[INFO] [stdout]   13:     0x6257afb91a60 - <reliq[932006bf14d351bd]::color::test_interpolation::case_1::{closure#0} as core[df12db4294e9bfd3]::ops::function::FnOnce<()>>::call_once
[INFO] [stdout]   14:     0x6257afb91d8b - test[9d35eded1c95d3be]::__rust_begin_short_backtrace::<core[df12db4294e9bfd3]::result::Result<(), alloc[2182bb758b4b3781]::string::String>, fn() -> core[df12db4294e9bfd3]::result::Result<(), alloc[2182bb758b4b3781]::string::String>>
[INFO] [stdout]   15:     0x6257afb9f3f5 - test[9d35eded1c95d3be]::run_test::{closure#0}
[INFO] [stdout]   16:     0x6257afb98cb4 - std[70759c8f55707aa4]::sys::backtrace::__rust_begin_short_backtrace::<test[9d35eded1c95d3be]::run_test::{closure#1}, ()>
[INFO] [stdout]   17:     0x6257afba2552 - <std[70759c8f55707aa4]::thread::lifecycle::spawn_unchecked<test[9d35eded1c95d3be]::run_test::{closure#1}, ()>::{closure#1} as core[df12db4294e9bfd3]::ops::function::FnOnce<()>>::call_once::{shim:vtable#0}
[INFO] [stdout]   18:     0x6257afc09789 - <std[70759c8f55707aa4]::sys::thread::unix::Thread>::new::thread_start
[INFO] [stdout]   19:     0x786c109d0dfa - <unknown>
[INFO] [stdout]   20:     0x786c10a643d4 - clone
[INFO] [stdout]   21:                0x0 - <unknown>
[INFO] [stdout] 
[INFO] [stdout] ---- color::test_interpolation::case_5 stdout ----
[INFO] [stdout] 
[INFO] [stdout] thread 'color::test_interpolation::case_5' (1218) panicked at src/color/mod.rs:408:5:
[INFO] [stdout] assertion `left == right` failed
[INFO] [stdout]   left: Rgb(0, 25, 0)
[INFO] [stdout]  right: Rgb(128, 128, 0)
[INFO] [stdout] stack backtrace:
[INFO] [stdout]    0:     0x6257afc09eb1 - <<std[70759c8f55707aa4]::sys::backtrace::BacktraceLock>::print::DisplayBacktrace as core[df12db4294e9bfd3]::fmt::Display>::fmt
[INFO] [stdout]    1:     0x6257afc1eaba - core[df12db4294e9bfd3]::fmt::write
[INFO] [stdout]    2:     0x6257afc0e34c - <alloc[2182bb758b4b3781]::vec::Vec<u8> as core[df12db4294e9bfd3]::io::write::Write>::write_fmt
[INFO] [stdout]    3:     0x6257afbe64a6 - std[70759c8f55707aa4]::panicking::default_hook::{closure#0}
[INFO] [stdout]    4:     0x6257afc02619 - std[70759c8f55707aa4]::panicking::default_hook
[INFO] [stdout]    5:     0x6257afb9eaa0 - test[9d35eded1c95d3be]::test_main_inner::<test[9d35eded1c95d3be]::test_main_static::{closure#0}>::{closure#0}
[INFO] [stdout]    6:     0x6257afc027d2 - std[70759c8f55707aa4]::panicking::panic_with_hook
[INFO] [stdout]    7:     0x6257afbe6552 - std[70759c8f55707aa4]::panicking::panic_handler::{closure#0}
[INFO] [stdout]    8:     0x6257afbdf2d9 - std[70759c8f55707aa4]::sys::backtrace::__rust_end_short_backtrace::<std[70759c8f55707aa4]::panicking::panic_handler::{closure#0}, !>
[INFO] [stdout]    9:     0x6257afbe714d - __rustc[8fa7c3cbc660c2b3]::rust_begin_unwind
[INFO] [stdout]   10:     0x6257afc1f1ec - core[df12db4294e9bfd3]::panicking::panic_fmt
[INFO] [stdout]   11:     0x6257afc1f103 - core[df12db4294e9bfd3]::panicking::assert_failed_inner
[INFO] [stdout]   12:     0x6257afb91707 - core[df12db4294e9bfd3]::panicking::assert_failed::<reliq[932006bf14d351bd]::color::Color<2u8, i128>, reliq[932006bf14d351bd]::color::Color<2u8, i128>>
[INFO] [stdout]   13:     0x6257afb91ba0 - <reliq[932006bf14d351bd]::color::test_interpolation::case_5::{closure#0} as core[df12db4294e9bfd3]::ops::function::FnOnce<()>>::call_once
[INFO] [stdout]   14:     0x6257afb91d8b - test[9d35eded1c95d3be]::__rust_begin_short_backtrace::<core[df12db4294e9bfd3]::result::Result<(), alloc[2182bb758b4b3781]::string::String>, fn() -> core[df12db4294e9bfd3]::result::Result<(), alloc[2182bb758b4b3781]::string::String>>
[INFO] [stdout]   15:     0x6257afb9f3f5 - test[9d35eded1c95d3be]::run_test::{closure#0}
[INFO] [stdout]   16:     0x6257afb98cb4 - std[70759c8f55707aa4]::sys::backtrace::__rust_begin_short_backtrace::<test[9d35eded1c95d3be]::run_test::{closure#1}, ()>
[INFO] [stdout]   17:     0x6257afba2552 - <std[70759c8f55707aa4]::thread::lifecycle::spawn_unchecked<test[9d35eded1c95d3be]::run_test::{closure#1}, ()>::{closure#1} as core[df12db4294e9bfd3]::ops::function::FnOnce<()>>::call_once::{shim:vtable#0}
[INFO] [stdout]   18:     0x6257afc09789 - <std[70759c8f55707aa4]::sys::thread::unix::Thread>::new::thread_start
[INFO] [stdout]   19:     0x786c109d0dfa - <unknown>
[INFO] [stdout]   20:     0x786c10a643d4 - clone
[INFO] [stdout]   21:                0x0 - <unknown>
[INFO] [stdout] 
[INFO] [stdout] ---- color::test_interpolation::case_3 stdout ----
[INFO] [stdout] 
[INFO] [stdout] thread 'color::test_interpolation::case_3' (1216) panicked at src/color/mod.rs:408:5:
[INFO] [stdout] assertion `left == right` failed
[INFO] [stdout]   left: Rgb(5, 7, 10)
[INFO] [stdout]  right: Rgb(75, 112, 150)
[INFO] [stdout] stack backtrace:
[INFO] [stdout]    0:     0x6257afc09eb1 - <<std[70759c8f55707aa4]::sys::backtrace::BacktraceLock>::print::DisplayBacktrace as core[df12db4294e9bfd3]::fmt::Display>::fmt
[INFO] [stdout]    1:     0x6257afc1eaba - core[df12db4294e9bfd3]::fmt::write
[INFO] [stdout]    2:     0x6257afc0e34c - <alloc[2182bb758b4b3781]::vec::Vec<u8> as core[df12db4294e9bfd3]::io::write::Write>::write_fmt
[INFO] [stdout]    3:     0x6257afbe64a6 - std[70759c8f55707aa4]::panicking::default_hook::{closure#0}
[INFO] [stdout]    4:     0x6257afc02619 - std[70759c8f55707aa4]::panicking::default_hook
[INFO] [stdout]    5:     0x6257afb9eaa0 - test[9d35eded1c95d3be]::test_main_inner::<test[9d35eded1c95d3be]::test_main_static::{closure#0}>::{closure#0}
[INFO] [stdout]    6:     0x6257afc027d2 - std[70759c8f55707aa4]::panicking::panic_with_hook
[INFO] [stdout]    7:     0x6257afbe6552 - std[70759c8f55707aa4]::panicking::panic_handler::{closure#0}
[INFO] [stdout]    8:     0x6257afbdf2d9 - std[70759c8f55707aa4]::sys::backtrace::__rust_end_short_backtrace::<std[70759c8f55707aa4]::panicking::panic_handler::{closure#0}, !>
[INFO] [stdout]    9:     0x6257afbe714d - __rustc[8fa7c3cbc660c2b3]::rust_begin_unwind
[INFO] [stdout]   10:     0x6257afc1f1ec - core[df12db4294e9bfd3]::panicking::panic_fmt
[INFO] [stdout]   11:     0x6257afc1f103 - core[df12db4294e9bfd3]::panicking::assert_failed_inner
[INFO] [stdout]   12:     0x6257afb91707 - core[df12db4294e9bfd3]::panicking::assert_failed::<reliq[932006bf14d351bd]::color::Color<2u8, i128>, reliq[932006bf14d351bd]::color::Color<2u8, i128>>
[INFO] [stdout]   13:     0x6257afb91b00 - <reliq[932006bf14d351bd]::color::test_interpolation::case_3::{closure#0} as core[df12db4294e9bfd3]::ops::function::FnOnce<()>>::call_once
[INFO] [stdout]   14:     0x6257afb91d8b - test[9d35eded1c95d3be]::__rust_begin_short_backtrace::<core[df12db4294e9bfd3]::result::Result<(), alloc[2182bb758b4b3781]::string::String>, fn() -> core[df12db4294e9bfd3]::result::Result<(), alloc[2182bb758b4b3781]::string::String>>
[INFO] [stdout]   15:     0x6257afb9f3f5 - test[9d35eded1c95d3be]::run_test::{closure#0}
[INFO] [stdout]   16:     0x6257afb98cb4 - std[70759c8f55707aa4]::sys::backtrace::__rust_begin_short_backtrace::<test[9d35eded1c95d3be]::run_test::{closure#1}, ()>
[INFO] [stdout]   17:     0x6257afba2552 - <std[70759c8f55707aa4]::thread::lifecycle::spawn_unchecked<test[9d35eded1c95d3be]::run_test::{closure#1}, ()>::{closure#1} as core[df12db4294e9bfd3]::ops::function::FnOnce<()>>::call_once::{shim:vtable#0}
[INFO] [stdout]   18:     0x6257afc09789 - <std[70759c8f55707aa4]::sys::thread::unix::Thread>::new::thread_start
[INFO] [stdout]   19:     0x786c109d0dfa - <unknown>
[INFO] [stdout]   20:     0x786c10a643d4 - clone
[INFO] [stdout]   21:                0x0 - <unknown>
[INFO] [stdout] 
[INFO] [stdout] ---- color::test_interpolation::case_2 stdout ----
[INFO] [stdout] 
[INFO] [stdout] thread 'color::test_interpolation::case_2' (1215) panicked at src/color/mod.rs:408:5:
[INFO] [stdout] assertion `left == right` failed
[INFO] [stdout]   left: Rgb(25, 25, 25)
[INFO] [stdout]  right: Rgb(127, 127, 127)
[INFO] [stdout] stack backtrace:
[INFO] [stdout]    0:     0x6257afc09eb1 - <<std[70759c8f55707aa4]::sys::backtrace::BacktraceLock>::print::DisplayBacktrace as core[df12db4294e9bfd3]::fmt::Display>::fmt
[INFO] [stdout]    1:     0x6257afc1eaba - core[df12db4294e9bfd3]::fmt::write
[INFO] [stdout]    2:     0x6257afc0e34c - <alloc[2182bb758b4b3781]::vec::Vec<u8> as core[df12db4294e9bfd3]::io::write::Write>::write_fmt
[INFO] [stdout]    3:     0x6257afbe64a6 - std[70759c8f55707aa4]::panicking::default_hook::{closure#0}
[INFO] [stdout]    4:     0x6257afc02619 - std[70759c8f55707aa4]::panicking::default_hook
[INFO] [stdout]    5:     0x6257afb9eaa0 - test[9d35eded1c95d3be]::test_main_inner::<test[9d35eded1c95d3be]::test_main_static::{closure#0}>::{closure#0}
[INFO] [stdout]    6:     0x6257afc027d2 - std[70759c8f55707aa4]::panicking::panic_with_hook
[INFO] [stdout]    7:     0x6257afbe6552 - std[70759c8f55707aa4]::panicking::panic_handler::{closure#0}
[INFO] [stdout]    8:     0x6257afbdf2d9 - std[70759c8f55707aa4]::sys::backtrace::__rust_end_short_backtrace::<std[70759c8f55707aa4]::panicking::panic_handler::{closure#0}, !>
[INFO] [stdout]    9:     0x6257afbe714d - __rustc[8fa7c3cbc660c2b3]::rust_begin_unwind
[INFO] [stdout]   10:     0x6257afc1f1ec - core[df12db4294e9bfd3]::panicking::panic_fmt
[INFO] [stdout]   11:     0x6257afc1f103 - core[df12db4294e9bfd3]::panicking::assert_failed_inner
[INFO] [stdout]   12:     0x6257afb91707 - core[df12db4294e9bfd3]::panicking::assert_failed::<reliq[932006bf14d351bd]::color::Color<2u8, i128>, reliq[932006bf14d351bd]::color::Color<2u8, i128>>
[INFO] [stdout]   13:     0x6257afb91ab0 - <reliq[932006bf14d351bd]::color::test_interpolation::case_2::{closure#0} as core[df12db4294e9bfd3]::ops::function::FnOnce<()>>::call_once
[INFO] [stdout]   14:     0x6257afb91d8b - test[9d35eded1c95d3be]::__rust_begin_short_backtrace::<core[df12db4294e9bfd3]::result::Result<(), alloc[2182bb758b4b3781]::string::String>, fn() -> core[df12db4294e9bfd3]::result::Result<(), alloc[2182bb758b4b3781]::string::String>>
[INFO] [stdout]   15:     0x6257afb9f3f5 - test[9d35eded1c95d3be]::run_test::{closure#0}
[INFO] [stderr] error: test failed, to rerun pass `--lib`
[INFO] [stdout]   16:     0x6257afb98cb4 - std[70759c8f55707aa4]::sys::backtrace::__rust_begin_short_backtrace::<test[9d35eded1c95d3be]::run_test::{closure#1}, ()>
[INFO] [stdout]   17:     0x6257afba2552 - <std[70759c8f55707aa4]::thread::lifecycle::spawn_unchecked<test[9d35eded1c95d3be]::run_test::{closure#1}, ()>::{closure#1} as core[df12db4294e9bfd3]::ops::function::FnOnce<()>>::call_once::{shim:vtable#0}
[INFO] [stdout]   18:     0x6257afc09789 - <std[70759c8f55707aa4]::sys::thread::unix::Thread>::new::thread_start
[INFO] [stdout]   19:     0x786c109d0dfa - <unknown>
[INFO] [stdout]   20:     0x786c10a643d4 - clone
[INFO] [stdout]   21:                0x0 - <unknown>
[INFO] [stdout] 
[INFO] [stdout] ---- color::test_interpolation::case_6 stdout ----
[INFO] [stdout] 
[INFO] [stdout] thread 'color::test_interpolation::case_6' (1219) panicked at src/color/mod.rs:408:5:
[INFO] [stdout] assertion `left == right` failed
[INFO] [stdout]   left: Rgb(0, 0, 0)
[INFO] [stdout]  right: Rgb(128, 128, 128)
[INFO] [stdout] stack backtrace:
[INFO] [stdout]    0:     0x6257afc09eb1 - <<std[70759c8f55707aa4]::sys::backtrace::BacktraceLock>::print::DisplayBacktrace as core[df12db4294e9bfd3]::fmt::Display>::fmt
[INFO] [stdout]    1:     0x6257afc1eaba - core[df12db4294e9bfd3]::fmt::write
[INFO] [stdout]    2:     0x6257afc0e34c - <alloc[2182bb758b4b3781]::vec::Vec<u8> as core[df12db4294e9bfd3]::io::write::Write>::write_fmt
[INFO] [stdout]    3:     0x6257afbe64a6 - std[70759c8f55707aa4]::panicking::default_hook::{closure#0}
[INFO] [stdout]    4:     0x6257afc02619 - std[70759c8f55707aa4]::panicking::default_hook
[INFO] [stdout]    5:     0x6257afb9eaa0 - test[9d35eded1c95d3be]::test_main_inner::<test[9d35eded1c95d3be]::test_main_static::{closure#0}>::{closure#0}
[INFO] [stdout]    6:     0x6257afc027d2 - std[70759c8f55707aa4]::panicking::panic_with_hook
[INFO] [stdout]    7:     0x6257afbe6552 - std[70759c8f55707aa4]::panicking::panic_handler::{closure#0}
[INFO] [stdout]    8:     0x6257afbdf2d9 - std[70759c8f55707aa4]::sys::backtrace::__rust_end_short_backtrace::<std[70759c8f55707aa4]::panicking::panic_handler::{closure#0}, !>
[INFO] [stdout]    9:     0x6257afbe714d - __rustc[8fa7c3cbc660c2b3]::rust_begin_unwind
[INFO] [stdout]   10:     0x6257afc1f1ec - core[df12db4294e9bfd3]::panicking::panic_fmt
[INFO] [stdout]   11:     0x6257afc1f103 - core[df12db4294e9bfd3]::panicking::assert_failed_inner
[INFO] [stdout]   12:     0x6257afb91707 - core[df12db4294e9bfd3]::panicking::assert_failed::<reliq[932006bf14d351bd]::color::Color<2u8, i128>, reliq[932006bf14d351bd]::color::Color<2u8, i128>>
[INFO] [stdout]   13:     0x6257afb91bf0 - <reliq[932006bf14d351bd]::color::test_interpolation::case_6::{closure#0} as core[df12db4294e9bfd3]::ops::function::FnOnce<()>>::call_once
[INFO] [stdout]   14:     0x6257afb91d8b - test[9d35eded1c95d3be]::__rust_begin_short_backtrace::<core[df12db4294e9bfd3]::result::Result<(), alloc[2182bb758b4b3781]::string::String>, fn() -> core[df12db4294e9bfd3]::result::Result<(), alloc[2182bb758b4b3781]::string::String>>
[INFO] [stdout]   15:     0x6257afb9f3f5 - test[9d35eded1c95d3be]::run_test::{closure#0}
[INFO] [stdout]   16:     0x6257afb98cb4 - std[70759c8f55707aa4]::sys::backtrace::__rust_begin_short_backtrace::<test[9d35eded1c95d3be]::run_test::{closure#1}, ()>
[INFO] [stdout]   17:     0x6257afba2552 - <std[70759c8f55707aa4]::thread::lifecycle::spawn_unchecked<test[9d35eded1c95d3be]::run_test::{closure#1}, ()>::{closure#1} as core[df12db4294e9bfd3]::ops::function::FnOnce<()>>::call_once::{shim:vtable#0}
[INFO] [stdout]   18:     0x6257afc09789 - <std[70759c8f55707aa4]::sys::thread::unix::Thread>::new::thread_start
[INFO] [stdout]   19:     0x786c109d0dfa - <unknown>
[INFO] [stdout]   20:     0x786c10a643d4 - clone
[INFO] [stdout]   21:                0x0 - <unknown>
[INFO] [stdout] 
[INFO] [stdout] ---- color::test_interpolation::case_7 stdout ----
[INFO] [stdout] 
[INFO] [stdout] thread 'color::test_interpolation::case_7' (1220) panicked at src/color/mod.rs:408:5:
[INFO] [stdout] assertion `left == right` failed
[INFO] [stdout]   left: Rgb(10, 15, 20)
[INFO] [stdout]  right: Rgb(55, 100, 150)
[INFO] [stdout] stack backtrace:
[INFO] [stdout]    0:     0x6257afc09eb1 - <<std[70759c8f55707aa4]::sys::backtrace::BacktraceLock>::print::DisplayBacktrace as core[df12db4294e9bfd3]::fmt::Display>::fmt
[INFO] [stdout]    1:     0x6257afc1eaba - core[df12db4294e9bfd3]::fmt::write
[INFO] [stdout]    2:     0x6257afc0e34c - <alloc[2182bb758b4b3781]::vec::Vec<u8> as core[df12db4294e9bfd3]::io::write::Write>::write_fmt
[INFO] [stdout]    3:     0x6257afbe64a6 - std[70759c8f55707aa4]::panicking::default_hook::{closure#0}
[INFO] [stdout]    4:     0x6257afc02619 - std[70759c8f55707aa4]::panicking::default_hook
[INFO] [stdout]    5:     0x6257afb9eaa0 - test[9d35eded1c95d3be]::test_main_inner::<test[9d35eded1c95d3be]::test_main_static::{closure#0}>::{closure#0}
[INFO] [stdout]    6:     0x6257afc027d2 - std[70759c8f55707aa4]::panicking::panic_with_hook
[INFO] [stdout]    7:     0x6257afbe6552 - std[70759c8f55707aa4]::panicking::panic_handler::{closure#0}
[INFO] [stdout]    8:     0x6257afbdf2d9 - std[70759c8f55707aa4]::sys::backtrace::__rust_end_short_backtrace::<std[70759c8f55707aa4]::panicking::panic_handler::{closure#0}, !>
[INFO] [stdout]    9:     0x6257afbe714d - __rustc[8fa7c3cbc660c2b3]::rust_begin_unwind
[INFO] [stdout]   10:     0x6257afc1f1ec - core[df12db4294e9bfd3]::panicking::panic_fmt
[INFO] [stdout]   11:     0x6257afc1f103 - core[df12db4294e9bfd3]::panicking::assert_failed_inner
[INFO] [stdout]   12:     0x6257afb91707 - core[df12db4294e9bfd3]::panicking::assert_failed::<reliq[932006bf14d351bd]::color::Color<2u8, i128>, reliq[932006bf14d351bd]::color::Color<2u8, i128>>
[INFO] [stdout]   13:     0x6257afb91c40 - <reliq[932006bf14d351bd]::color::test_interpolation::case_7::{closure#0} as core[df12db4294e9bfd3]::ops::function::FnOnce<()>>::call_once
[INFO] [stdout]   14:     0x6257afb91d8b - test[9d35eded1c95d3be]::__rust_begin_short_backtrace::<core[df12db4294e9bfd3]::result::Result<(), alloc[2182bb758b4b3781]::string::String>, fn() -> core[df12db4294e9bfd3]::result::Result<(), alloc[2182bb758b4b3781]::string::String>>
[INFO] [stdout]   15:     0x6257afb9f3f5 - test[9d35eded1c95d3be]::run_test::{closure#0}
[INFO] [stdout]   16:     0x6257afb98cb4 - std[70759c8f55707aa4]::sys::backtrace::__rust_begin_short_backtrace::<test[9d35eded1c95d3be]::run_test::{closure#1}, ()>
[INFO] [stdout]   17:     0x6257afba2552 - <std[70759c8f55707aa4]::thread::lifecycle::spawn_unchecked<test[9d35eded1c95d3be]::run_test::{closure#1}, ()>::{closure#1} as core[df12db4294e9bfd3]::ops::function::FnOnce<()>>::call_once::{shim:vtable#0}
[INFO] [stdout]   18:     0x6257afc09789 - <std[70759c8f55707aa4]::sys::thread::unix::Thread>::new::thread_start
[INFO] [stdout]   19:     0x786c109d0dfa - <unknown>
[INFO] [stdout]   20:     0x786c10a643d4 - clone
[INFO] [stdout]   21:                0x0 - <unknown>
[INFO] [stdout] 
[INFO] [stdout] 
[INFO] [stdout] failures:
[INFO] [stdout]     color::test_interpolation::case_1
[INFO] [stdout]     color::test_interpolation::case_2
[INFO] [stdout]     color::test_interpolation::case_3
[INFO] [stdout]     color::test_interpolation::case_4
[INFO] [stdout]     color::test_interpolation::case_5
[INFO] [stdout]     color::test_interpolation::case_6
[INFO] [stdout]     color::test_interpolation::case_7
[INFO] [stdout] 
[INFO] [stdout] test result: FAILED. 18 passed; 7 failed; 0 ignored; 0 measured; 0 filtered out; finished in 0.02s
[INFO] [stdout] 
[INFO] running `Command { std: "docker" "inspect" "a94444c76b9a517239c57fe42843b1ab7f62db43240703ebcacf2078ed9772af", kill_on_drop: false }`
[INFO] running `Command { std: "docker" "rm" "-f" "a94444c76b9a517239c57fe42843b1ab7f62db43240703ebcacf2078ed9772af", kill_on_drop: false }`
[INFO] [stdout] a94444c76b9a517239c57fe42843b1ab7f62db43240703ebcacf2078ed9772af
