[INFO] fetching crate releasor 2.0.0...
[INFO] testing releasor-2.0.0 against 1.100.0-beta.1+cargoflags=--release for beta-release-1.100-2
[INFO] extracting crate releasor 2.0.0 into /workspace/builds/worker-6-tc2/source
[INFO] removed /workspace/builds/worker-6-tc2/source/.cargo/config.toml
[INFO] removed /workspace/builds/worker-6-tc2/source/rust-toolchain.toml
[INFO] started tweaking crates.io crate releasor 2.0.0
[INFO] removed 0 missing tests
[INFO] finished tweaking crates.io crate releasor 2.0.0
[INFO] tweaked toml for crates.io crate releasor 2.0.0 written to /workspace/builds/worker-6-tc2/source/Cargo.toml
[INFO] validating manifest of crates.io crate releasor 2.0.0 on toolchain 1.100.0-beta.1
[INFO] running `Command { std: CARGO_HOME="/workspace/cargo-home" RUSTUP_HOME="/workspace/rustup-home" "/workspace/cargo-home/bin/cargo" "+1.100.0-beta.1" "metadata" "--manifest-path" "Cargo.toml" "--no-deps", kill_on_drop: false }`
[INFO] crate crates.io crate releasor 2.0.0 already has a lockfile, it will not be regenerated
[INFO] running `Command { std: CARGO_HOME="/workspace/cargo-home" RUSTUP_HOME="/workspace/rustup-home" "/workspace/cargo-home/bin/cargo" "+1.100.0-beta.1" "fetch" "--manifest-path" "Cargo.toml", kill_on_drop: false }`
[INFO] running `Command { std: "docker" "create" "-v" "/var/lib/crater-agent-workspace/builds/worker-6-tc2/source:/opt/rustwide/workdir:ro,Z" "-v" "/var/lib/crater-agent-workspace/builds/worker-6-tc2/target:/opt/rustwide/target:rw,Z" "-v" "/var/lib/crater-agent-workspace/cargo-home:/opt/rustwide/cargo-home:ro,Z" "-v" "/var/lib/crater-agent-workspace/rustup-home:/opt/rustwide/rustup-home:ro,Z" "-m" "1610612736" "--network" "none" "ghcr.io/rust-lang/crates-build-env/linux@sha256:77db811e55d90add9212f6832c23229e3de5f1c1f9905e8cb07319ea15df73ac" "sleep" "infinity", kill_on_drop: false }`
[INFO] [stdout] 99075d53c196a059486d1a6e8e1cb9e7d1c1c4e7c050304489d2bd55d1a5fbb4
[INFO] running `Command { std: "docker" "start" "99075d53c196a059486d1a6e8e1cb9e7d1c1c4e7c050304489d2bd55d1a5fbb4", kill_on_drop: false }`
[INFO] running `Command { std: "docker" "inspect" "99075d53c196a059486d1a6e8e1cb9e7d1c1c4e7c050304489d2bd55d1a5fbb4", kill_on_drop: false }`
[INFO] running `Command { std: "docker" "exec" "-e" "SOURCE_DIR=/opt/rustwide/workdir" "-e" "CARGO_HOME=/opt/rustwide/cargo-home" "-e" "RUSTUP_HOME=/opt/rustwide/rustup-home" "-e" "CARGO_TARGET_DIR=/opt/rustwide/target" "-w" "/opt/rustwide/workdir" "--user" "0:0" "99075d53c196a059486d1a6e8e1cb9e7d1c1c4e7c050304489d2bd55d1a5fbb4" "/opt/rustwide/cargo-home/bin/cargo" "+1.100.0-beta.1" "metadata" "--no-deps" "--format-version=1", kill_on_drop: false }`
[INFO] running `Command { std: "docker" "inspect" "99075d53c196a059486d1a6e8e1cb9e7d1c1c4e7c050304489d2bd55d1a5fbb4", kill_on_drop: false }`
[INFO] running `Command { std: "docker" "exec" "-e" "SOURCE_DIR=/opt/rustwide/workdir" "-e" "CARGO_HOME=/opt/rustwide/cargo-home" "-e" "RUSTUP_HOME=/opt/rustwide/rustup-home" "-e" "CARGO_TARGET_DIR=/opt/rustwide/target" "-e" "CARGO_INCREMENTAL=0" "-e" "RUST_BACKTRACE=full" "-e" "RUSTFLAGS=--cap-lints=warn" "-e" "RUSTDOCFLAGS=--cap-lints=warn" "-w" "/opt/rustwide/workdir" "--user" "0:0" "99075d53c196a059486d1a6e8e1cb9e7d1c1c4e7c050304489d2bd55d1a5fbb4" "/opt/rustwide/cargo-home/bin/cargo" "+1.100.0-beta.1" "build" "--frozen" "--message-format=json" "--release", kill_on_drop: false }`
[INFO] [stderr]    Compiling libc v0.2.172
[INFO] [stderr]    Compiling bitflags v2.10.0
[INFO] [stderr]    Compiling num-traits v0.2.19
[INFO] [stderr]    Compiling simd-adler32 v0.3.7
[INFO] [stderr]    Compiling rustix v1.1.2
[INFO] [stderr]    Compiling quote v1.0.45
[INFO] [stderr]    Compiling nix v0.30.1
[INFO] [stderr]    Compiling rand_core v0.10.0
[INFO] [stderr]    Compiling linux-raw-sys v0.11.0
[INFO] [stderr]    Compiling syn v2.0.117
[INFO] [stderr]    Compiling miniz_oxide v0.8.9
[INFO] [stderr]    Compiling fdeflate v0.3.7
[INFO] [stderr]    Compiling chacha20 v0.10.0
[INFO] [stderr]    Compiling anstream v1.0.0
[INFO] [stderr]    Compiling x11rb-protocol v0.13.2
[INFO] [stderr]    Compiling flate2 v1.1.5
[INFO] [stderr]    Compiling pxfm v0.1.25
[INFO] [stderr]    Compiling byteorder-lite v0.1.0
[INFO] [stderr]    Compiling png v0.18.0
[INFO] [stderr]    Compiling log v0.4.28
[INFO] [stderr]    Compiling bytemuck v1.24.0
[INFO] [stderr]    Compiling clap_builder v4.6.0
[INFO] [stderr]    Compiling errno v0.3.14
[INFO] [stderr]    Compiling signal-hook-registry v1.4.8
[INFO] [stderr]    Compiling signal-hook v0.3.18
[INFO] [stderr]    Compiling os_pipe v1.2.3
[INFO] [stderr]    Compiling parking_lot_core v0.9.12
[INFO] [stderr]    Compiling sigchld v0.2.4
[INFO] [stderr]    Compiling shared_child v1.1.1
[INFO] [stderr]    Compiling getrandom v0.4.2
[INFO] [stderr]    Compiling rand v0.10.0
[INFO] [stderr]    Compiling homedir v0.3.6
[INFO] [stderr]    Compiling duct v1.1.1
[INFO] [stderr]    Compiling parking_lot v0.12.5
[INFO] [stderr]    Compiling miette-derive v7.6.0
[INFO] [stderr]    Compiling thiserror-impl v2.0.18
[INFO] [stderr]    Compiling moxcms v0.7.9
[INFO] [stderr]    Compiling gethostname v1.1.0
[INFO] [stderr]    Compiling x11rb v0.13.2
[INFO] [stderr]    Compiling miette v7.6.0
[INFO] [stderr]    Compiling thiserror v2.0.18
[INFO] [stderr]    Compiling clap_derive v4.6.1
[INFO] [stderr]    Compiling filetime v0.2.27
[INFO] [stderr]    Compiling xx v2.6.1
[INFO] [stderr]    Compiling clap v4.6.1
[INFO] [stderr]    Compiling image v0.25.9
[INFO] [stderr]    Compiling arboard v3.6.1
[INFO] [stderr]    Compiling releasor v2.0.0 (/opt/rustwide/workdir)
[INFO] [stderr]     Finished `release` profile [optimized] target(s) in 2m 32s
[INFO] [stderr] warning: the following packages contain code that will be rejected by a future version of Rust: nix v0.30.1
[INFO] [stderr] note: to see what the problems were, use the option `--future-incompat-report`, or run `cargo report future-incompatibilities --id 6`
[INFO] running `Command { std: "docker" "inspect" "99075d53c196a059486d1a6e8e1cb9e7d1c1c4e7c050304489d2bd55d1a5fbb4", kill_on_drop: false }`
[INFO] running `Command { std: "docker" "exec" "-e" "SOURCE_DIR=/opt/rustwide/workdir" "-e" "CARGO_HOME=/opt/rustwide/cargo-home" "-e" "RUSTUP_HOME=/opt/rustwide/rustup-home" "-e" "CARGO_TARGET_DIR=/opt/rustwide/target" "-e" "CARGO_INCREMENTAL=0" "-e" "RUST_BACKTRACE=full" "-e" "RUSTFLAGS=--cap-lints=warn" "-e" "RUSTDOCFLAGS=--cap-lints=warn" "-w" "/opt/rustwide/workdir" "--user" "0:0" "99075d53c196a059486d1a6e8e1cb9e7d1c1c4e7c050304489d2bd55d1a5fbb4" "/opt/rustwide/cargo-home/bin/cargo" "+1.100.0-beta.1" "test" "--frozen" "--no-run" "--message-format=json" "--release", kill_on_drop: false }`
[INFO] [stderr]    Compiling releasor v2.0.0 (/opt/rustwide/workdir)
[INFO] [stderr]     Finished `release` profile [optimized] target(s) in 1.57s
[INFO] [stderr] warning: the following packages contain code that will be rejected by a future version of Rust: nix v0.30.1
[INFO] [stderr] note: to see what the problems were, use the option `--future-incompat-report`, or run `cargo report future-incompatibilities --id 6`
[INFO] running `Command { std: "docker" "inspect" "99075d53c196a059486d1a6e8e1cb9e7d1c1c4e7c050304489d2bd55d1a5fbb4", kill_on_drop: false }`
[INFO] running `Command { std: "docker" "exec" "-e" "SOURCE_DIR=/opt/rustwide/workdir" "-e" "CARGO_HOME=/opt/rustwide/cargo-home" "-e" "RUSTUP_HOME=/opt/rustwide/rustup-home" "-e" "CARGO_TARGET_DIR=/opt/rustwide/target" "-e" "CARGO_INCREMENTAL=0" "-e" "RUST_BACKTRACE=full" "-e" "RUSTFLAGS=--cap-lints=warn" "-e" "RUSTDOCFLAGS=--cap-lints=warn" "-w" "/opt/rustwide/workdir" "--user" "0:0" "99075d53c196a059486d1a6e8e1cb9e7d1c1c4e7c050304489d2bd55d1a5fbb4" "/opt/rustwide/cargo-home/bin/cargo" "+1.100.0-beta.1" "test" "--frozen" "--release", kill_on_drop: false }`
[INFO] [stderr]     Finished `release` profile [optimized] target(s) in 0.16s
[INFO] [stderr] warning: the following packages contain code that will be rejected by a future version of Rust: nix v0.30.1
[INFO] [stderr] note: to see what the problems were, use the option `--future-incompat-report`, or run `cargo report future-incompatibilities --id 6`
[INFO] [stderr]      Running unittests src/lib.rs (/opt/rustwide/target/release/build/releasor/1e3572dc900254f9/out/releasor-1e3572dc900254f9)
[INFO] [stdout] 
[INFO] [stdout] running 0 tests
[INFO] [stdout] 
[INFO] [stdout] test result: ok. 0 passed; 0 failed; 0 ignored; 0 measured; 0 filtered out; finished in 0.00s
[INFO] [stdout] 
[INFO] [stderr]      Running unittests src/main.rs (/opt/rustwide/target/release/build/releasor/b4b2711113bb821f/out/releasor-b4b2711113bb821f)
[INFO] [stderr]      Running tests/cli_tests.rs (/opt/rustwide/target/release/build/releasor/fb1871aa8b40be2a/out/cli_tests-fb1871aa8b40be2a)
[INFO] [stdout] 
[INFO] [stdout] running 0 tests
[INFO] [stdout] 
[INFO] [stdout] test result: ok. 0 passed; 0 failed; 0 ignored; 0 measured; 0 filtered out; finished in 0.00s
[INFO] [stdout] 
[INFO] [stdout] 
[INFO] [stdout] running 9 tests
[INFO] [stdout] test setup_copy_shasum_quiet_handles_single_line ... ok
[INFO] [stdout] test tar_file_name_format ... ok
[INFO] [stdout] test validate_project_name_valid ... ok
[INFO] [stdout] test validate_project_name_whitespace_only ... ok
[INFO] [stdout] test validate_project_name_contains_slash ... ok
[INFO] [stdout] test setup_copy_shasum_quiet_parses_first_token ... ok
[INFO] [stdout] test validate_project_name_empty ... ok
[INFO] [stdout] test validate_project_name_contains_backslash ... ok
[INFO] [stdout] test setup_copy_shasum_quiet_handles_empty_stdout ... ok
[INFO] [stdout] 
[INFO] [stdout] test result: ok. 9 passed; 0 failed; 0 ignored; 0 measured; 0 filtered out; finished in 0.00s
[INFO] [stdout] 
[INFO] [stderr]      Running tests/output_command_tests.rs (/opt/rustwide/target/release/build/releasor/b3bcd39b520cadf8/out/output_command_tests-b3bcd39b520cadf8)
[INFO] [stdout] 
[INFO] [stdout] running 1 test
[INFO] [stdout] test test_release_tar_and_shasum_flow ... FAILED
[INFO] [stdout] 
[INFO] [stdout] failures:
[INFO] [stdout] 
[INFO] [stdout] ---- test_release_tar_and_shasum_flow stdout ----
[INFO] [stdout] 
[INFO] [stdout] thread 'test_release_tar_and_shasum_flow' (1100) panicked at tests/output_command_tests.rs:8:55:
[INFO] [stdout] tar failed: Error("tar: target/release: Cannot open: No such file or directory\ntar: Error is not recoverable: exiting now\ntar (child): releasor.tar.gz: Cannot open: Read-only file system\ntar (child): Error is not recoverable: exiting now\n")
[INFO] [stdout] stack backtrace:
[INFO] [stdout]    0:     0x5f5a8ea25801 - <<std[617be2ca0a6fd877]::sys::backtrace::BacktraceLock>::print::DisplayBacktrace as core[a373ad73a504971]::fmt::Display>::fmt
[INFO] [stdout]    1:     0x5f5a8ea39dea - core[a373ad73a504971]::fmt::write
[INFO] [stdout]    2:     0x5f5a8ea29d8c - <alloc[2e1b2a31b91974c5]::vec::Vec<u8> as core[a373ad73a504971]::io::write::Write>::write_fmt
[INFO] [stdout]    3:     0x5f5a8ea00976 - std[617be2ca0a6fd877]::panicking::default_hook::{closure#0}
[INFO] [stdout]    4:     0x5f5a8ea1d5e9 - std[617be2ca0a6fd877]::panicking::default_hook
[INFO] [stdout]    5:     0x5f5a8e99f260 - test[aada8e7e76ba119b]::test_main_inner::{closure#0}
[INFO] [stdout]    6:     0x5f5a8ea1d912 - std[617be2ca0a6fd877]::panicking::panic_with_hook
[INFO] [stdout]    7:     0x5f5a8ea00a22 - std[617be2ca0a6fd877]::panicking::panic_handler::{closure#0}
[INFO] [stdout]    8:     0x5f5a8e9f9609 - std[617be2ca0a6fd877]::sys::backtrace::__rust_end_short_backtrace::<std[617be2ca0a6fd877]::panicking::panic_handler::{closure#0}, !>
[INFO] [stdout]    9:     0x5f5a8ea016ad - __rustc[ea4f61d10b84890b]::rust_begin_unwind
[INFO] [stdout]   10:     0x5f5a8ea3a51c - core[a373ad73a504971]::panicking::panic_fmt
[INFO] [stdout]   11:     0x5f5a8ea3a2f2 - core[a373ad73a504971]::result::unwrap_failed
[INFO] [stdout]   12:     0x5f5a8e992543 - <output_command_tests[1a670b164be6638a]::test_release_tar_and_shasum_flow::{closure#0} as core[a373ad73a504971]::ops::function::FnOnce<()>>::call_once
[INFO] [stdout]   13:     0x5f5a8e9926ab - test[aada8e7e76ba119b]::__rust_begin_short_backtrace::<core[a373ad73a504971]::result::Result<(), alloc[2e1b2a31b91974c5]::string::String>, fn() -> core[a373ad73a504971]::result::Result<(), alloc[2e1b2a31b91974c5]::string::String>>
[INFO] [stdout]   14:     0x5f5a8e99f885 - test[aada8e7e76ba119b]::run_test::{closure#0}
[INFO] [stdout]   15:     0x5f5a8e999174 - std[617be2ca0a6fd877]::sys::backtrace::__rust_begin_short_backtrace::<test[aada8e7e76ba119b]::run_test::{closure#1}, ()>
[INFO] [stdout]   16:     0x5f5a8e9a2912 - <std[617be2ca0a6fd877]::thread::lifecycle::spawn_unchecked<test[aada8e7e76ba119b]::run_test::{closure#1}, ()>::{closure#1} as core[a373ad73a504971]::ops::function::FnOnce<()>>::call_once::{shim:vtable#0}
[INFO] [stdout]   17:     0x5f5a8ea2504f - <std[617be2ca0a6fd877]::sys::thread::unix::Thread>::new::thread_start
[INFO] [stdout]   18:     0x7e79a5a81dfa - <unknown>
[INFO] [stdout]   19:     0x7e79a5b153d4 - clone
[INFO] [stdout]   20:                0x0 - <unknown>
[INFO] [stdout] 
[INFO] [stdout] 
[INFO] [stdout] failures:
[INFO] [stdout]     test_release_tar_and_shasum_flow
[INFO] [stdout] 
[INFO] [stdout] test result: FAILED. 0 passed; 1 failed; 0 ignored; 0 measured; 0 filtered out; finished in 0.26s
[INFO] [stdout] 
[INFO] [stderr] error: test failed, to rerun pass `--test output_command_tests`
[INFO] running `Command { std: "docker" "inspect" "99075d53c196a059486d1a6e8e1cb9e7d1c1c4e7c050304489d2bd55d1a5fbb4", kill_on_drop: false }`
[INFO] running `Command { std: "docker" "rm" "-f" "99075d53c196a059486d1a6e8e1cb9e7d1c1c4e7c050304489d2bd55d1a5fbb4", kill_on_drop: false }`
[INFO] [stdout] 99075d53c196a059486d1a6e8e1cb9e7d1c1c4e7c050304489d2bd55d1a5fbb4
