[INFO] fetching crate relayburn-cli 4.1.0...
[INFO] testing relayburn-cli-4.1.0 against 1.99.0-beta.8+cargoflags=--release for beta-release-1.100-2
[INFO] extracting crate relayburn-cli 4.1.0 into /workspace/builds/worker-3-tc1/source
[INFO] started tweaking crates.io crate relayburn-cli 4.1.0
[INFO] removed 0 missing tests
[INFO] finished tweaking crates.io crate relayburn-cli 4.1.0
[INFO] tweaked toml for crates.io crate relayburn-cli 4.1.0 written to /workspace/builds/worker-3-tc1/source/Cargo.toml
[INFO] validating manifest of crates.io crate relayburn-cli 4.1.0 on toolchain 1.99.0-beta.8
[INFO] running `Command { std: CARGO_HOME="/workspace/cargo-home" RUSTUP_HOME="/workspace/rustup-home" "/workspace/cargo-home/bin/cargo" "+1.99.0-beta.8" "metadata" "--manifest-path" "Cargo.toml" "--no-deps", kill_on_drop: false }`
[INFO] crate crates.io crate relayburn-cli 4.1.0 already has a lockfile, it will not be regenerated
[INFO] running `Command { std: CARGO_HOME="/workspace/cargo-home" RUSTUP_HOME="/workspace/rustup-home" "/workspace/cargo-home/bin/cargo" "+1.99.0-beta.8" "fetch" "--manifest-path" "Cargo.toml", kill_on_drop: false }`
[INFO] [stderr]     Updating crates.io index
[INFO] [stderr]  Downloading crates ...
[INFO] [stderr]   Downloaded assert_cmd v2.2.1
[INFO] [stderr]   Downloaded relayburn-sdk v4.1.0
[INFO] running `Command { std: "docker" "create" "-v" "/var/lib/crater-agent-workspace/builds/worker-3-tc1/source:/opt/rustwide/workdir:ro,Z" "-v" "/var/lib/crater-agent-workspace/builds/worker-3-tc1/target:/opt/rustwide/target:rw,Z" "-v" "/var/lib/crater-agent-workspace/cargo-home:/opt/rustwide/cargo-home:ro,Z" "-v" "/var/lib/crater-agent-workspace/rustup-home:/opt/rustwide/rustup-home:ro,Z" "-m" "1610612736" "--network" "none" "ghcr.io/rust-lang/crates-build-env/linux@sha256:77db811e55d90add9212f6832c23229e3de5f1c1f9905e8cb07319ea15df73ac" "sleep" "infinity", kill_on_drop: false }`
[INFO] [stdout] 25c35c8f2321aa4d4565640eb0989aa62c09afb405f9cca603e3ed193e23de32
[INFO] running `Command { std: "docker" "start" "25c35c8f2321aa4d4565640eb0989aa62c09afb405f9cca603e3ed193e23de32", kill_on_drop: false }`
[INFO] running `Command { std: "docker" "inspect" "25c35c8f2321aa4d4565640eb0989aa62c09afb405f9cca603e3ed193e23de32", kill_on_drop: false }`
[INFO] running `Command { std: "docker" "exec" "-e" "SOURCE_DIR=/opt/rustwide/workdir" "-e" "CARGO_HOME=/opt/rustwide/cargo-home" "-e" "RUSTUP_HOME=/opt/rustwide/rustup-home" "-e" "CARGO_TARGET_DIR=/opt/rustwide/target" "-w" "/opt/rustwide/workdir" "--user" "0:0" "25c35c8f2321aa4d4565640eb0989aa62c09afb405f9cca603e3ed193e23de32" "/opt/rustwide/cargo-home/bin/cargo" "+1.99.0-beta.8" "metadata" "--no-deps" "--format-version=1", kill_on_drop: false }`
[INFO] running `Command { std: "docker" "inspect" "25c35c8f2321aa4d4565640eb0989aa62c09afb405f9cca603e3ed193e23de32", kill_on_drop: false }`
[INFO] running `Command { std: "docker" "exec" "-e" "SOURCE_DIR=/opt/rustwide/workdir" "-e" "CARGO_HOME=/opt/rustwide/cargo-home" "-e" "RUSTUP_HOME=/opt/rustwide/rustup-home" "-e" "CARGO_TARGET_DIR=/opt/rustwide/target" "-e" "CARGO_INCREMENTAL=0" "-e" "RUST_BACKTRACE=full" "-e" "RUSTFLAGS=--cap-lints=warn" "-e" "RUSTDOCFLAGS=--cap-lints=warn" "-w" "/opt/rustwide/workdir" "--user" "0:0" "25c35c8f2321aa4d4565640eb0989aa62c09afb405f9cca603e3ed193e23de32" "/opt/rustwide/cargo-home/bin/cargo" "+1.99.0-beta.8" "build" "--frozen" "--message-format=json" "--release", kill_on_drop: false }`
[INFO] [stderr]    Compiling cc v1.2.61
[INFO] [stderr]    Compiling displaydoc v0.2.6
[INFO] [stderr]    Compiling rustix v1.1.4
[INFO] [stderr]    Compiling aho-corasick v1.1.4
[INFO] [stderr]    Compiling zerofrom v0.1.8
[INFO] [stderr]    Compiling rand_core v0.6.4
[INFO] [stderr]    Compiling getrandom v0.2.17
[INFO] [stderr]    Compiling phf_shared v0.11.3
[INFO] [stderr]    Compiling serde_json v1.0.149
[INFO] [stderr]    Compiling mio v1.2.0
[INFO] [stderr]    Compiling inotify-sys v0.1.5
[INFO] [stderr]    Compiling rustls v0.23.40
[INFO] [stderr]    Compiling simd-adler32 v0.3.9
[INFO] [stderr]    Compiling time-macros v0.2.27
[INFO] [stderr]    Compiling deranged v0.5.8
[INFO] [stderr]    Compiling inotify v0.11.1
[INFO] [stderr]    Compiling yoke v0.8.2
[INFO] [stderr]    Compiling tracing-attributes v0.1.31
[INFO] [stderr]    Compiling rand v0.8.6
[INFO] [stderr]    Compiling thiserror-impl v1.0.69
[INFO] [stderr]    Compiling miniz_oxide v0.8.9
[INFO] [stderr]    Compiling notify-types v2.1.0
[INFO] [stderr]    Compiling zerovec v0.11.6
[INFO] [stderr]    Compiling phf_generator v0.11.3
[INFO] [stderr]    Compiling zerotrie v0.2.4
[INFO] [stderr]    Compiling phf_macros v0.11.3
[INFO] [stderr]    Compiling sha2 v0.10.9
[INFO] [stderr]    Compiling clap_derive v4.6.1
[INFO] [stderr]    Compiling tokio v1.52.2
[INFO] [stderr]    Compiling notify v8.2.0
[INFO] [stderr]    Compiling phf v0.11.3
[INFO] [stderr]    Compiling thiserror v1.0.69
[INFO] [stderr]    Compiling flate2 v1.1.9
[INFO] [stderr]    Compiling webpki-roots v0.26.11
[INFO] [stderr]    Compiling uuid v1.23.1
[INFO] [stderr]    Compiling tinystr v0.8.3
[INFO] [stderr]    Compiling potential_utf v0.1.5
[INFO] [stderr]    Compiling icu_collections v2.2.0
[INFO] [stderr]    Compiling icu_locale_core v2.2.0
[INFO] [stderr]    Compiling unicode-segmentation v1.13.2
[INFO] [stderr]    Compiling tracing v0.1.44
[INFO] [stderr]    Compiling ring v0.17.14
[INFO] [stderr]    Compiling libsqlite3-sys v0.30.1
[INFO] [stderr]    Compiling regex-automata v0.4.14
[INFO] [stderr]    Compiling time v0.3.47
[INFO] [stderr]    Compiling icu_provider v2.2.0
[INFO] [stderr]    Compiling clap v4.6.1
[INFO] [stderr]    Compiling icu_normalizer v2.2.0
[INFO] [stderr]    Compiling icu_properties v2.2.0
[INFO] [stderr]    Compiling crossterm v0.29.0
[INFO] [stderr]    Compiling tempfile v3.27.0
[INFO] [stderr]    Compiling dialoguer v0.11.0
[INFO] [stderr]    Compiling comfy-table v7.2.2
[INFO] [stderr]    Compiling idna_adapter v1.2.2
[INFO] [stderr]    Compiling idna v1.1.0
[INFO] [stderr]    Compiling url v2.5.8
[INFO] [stderr]    Compiling matchers v0.2.0
[INFO] [stderr]    Compiling regex v1.12.3
[INFO] [stderr]    Compiling tracing-subscriber v0.3.23
[INFO] [stderr]    Compiling rustls-webpki v0.103.13
[INFO] [stderr]    Compiling ureq v2.12.1
[INFO] [stderr]    Compiling rusqlite v0.32.1
[INFO] [stderr]    Compiling relayburn-sdk v4.1.0
[INFO] [stderr]    Compiling relayburn-cli v4.1.0 (/opt/rustwide/workdir)
[INFO] [stderr]     Finished `release` profile [optimized] target(s) in 3m 05s
[INFO] running `Command { std: "docker" "inspect" "25c35c8f2321aa4d4565640eb0989aa62c09afb405f9cca603e3ed193e23de32", kill_on_drop: false }`
[INFO] running `Command { std: "docker" "exec" "-e" "SOURCE_DIR=/opt/rustwide/workdir" "-e" "CARGO_HOME=/opt/rustwide/cargo-home" "-e" "RUSTUP_HOME=/opt/rustwide/rustup-home" "-e" "CARGO_TARGET_DIR=/opt/rustwide/target" "-e" "CARGO_INCREMENTAL=0" "-e" "RUST_BACKTRACE=full" "-e" "RUSTFLAGS=--cap-lints=warn" "-e" "RUSTDOCFLAGS=--cap-lints=warn" "-w" "/opt/rustwide/workdir" "--user" "0:0" "25c35c8f2321aa4d4565640eb0989aa62c09afb405f9cca603e3ed193e23de32" "/opt/rustwide/cargo-home/bin/cargo" "+1.99.0-beta.8" "test" "--frozen" "--no-run" "--message-format=json" "--release", kill_on_drop: false }`
[INFO] [stderr]    Compiling predicates-core v1.0.10
[INFO] [stderr]    Compiling float-cmp v0.10.0
[INFO] [stderr]    Compiling assert_cmd v2.2.1
[INFO] [stderr]    Compiling normalize-line-endings v0.3.0
[INFO] [stderr]    Compiling wait-timeout v0.2.1
[INFO] [stderr]    Compiling bstr v1.12.1
[INFO] [stderr]    Compiling predicates-tree v1.0.13
[INFO] [stderr]    Compiling predicates v3.1.4
[INFO] [stderr]    Compiling relayburn-cli v4.1.0 (/opt/rustwide/workdir)
[INFO] [stderr]     Finished `release` profile [optimized] target(s) in 17.28s
[INFO] running `Command { std: "docker" "inspect" "25c35c8f2321aa4d4565640eb0989aa62c09afb405f9cca603e3ed193e23de32", kill_on_drop: false }`
[INFO] running `Command { std: "docker" "exec" "-e" "SOURCE_DIR=/opt/rustwide/workdir" "-e" "CARGO_HOME=/opt/rustwide/cargo-home" "-e" "RUSTUP_HOME=/opt/rustwide/rustup-home" "-e" "CARGO_TARGET_DIR=/opt/rustwide/target" "-e" "CARGO_INCREMENTAL=0" "-e" "RUST_BACKTRACE=full" "-e" "RUSTFLAGS=--cap-lints=warn" "-e" "RUSTDOCFLAGS=--cap-lints=warn" "-w" "/opt/rustwide/workdir" "--user" "0:0" "25c35c8f2321aa4d4565640eb0989aa62c09afb405f9cca603e3ed193e23de32" "/opt/rustwide/cargo-home/bin/cargo" "+1.99.0-beta.8" "test" "--frozen" "--release", kill_on_drop: false }`
[INFO] [stderr]     Finished `release` profile [optimized] target(s) in 0.18s
[INFO] [stderr]      Running unittests src/lib.rs (/opt/rustwide/target/release/deps/relayburn_cli-8cc2369bdc5d3bde)
[INFO] [stdout] 
[INFO] [stdout] running 23 tests
[INFO] [stdout] test harnesses::claude::tests::iso_now_is_zulu_iso8601 ... ok
[INFO] [stdout] test harnesses::claude::tests::session_root_lands_under_dot_claude_projects ... ok
[INFO] [stdout] test harnesses::pending_stamp::tests::opencode_factory_round_trip ... ok
[INFO] [stdout] test harnesses::claude::tests::plan_mints_session_id_and_prepends_session_id_arg ... ok
[INFO] [stdout] test harnesses::claude::tests::name_is_claude_lowercase ... ok
[INFO] [stdout] test harnesses::claude::tests::mint_session_id_round_trips_a_v4_uuid_shape ... ok
[INFO] [stdout] test harnesses::codex::tests::adapter_round_trip ... ok
[INFO] [stdout] test harnesses::pending_stamp::tests::before_spawn_writes_pending_stamp_under_context_ledger_home ... ok
[INFO] [stdout] test harnesses::pending_stamp::tests::codex_factory_round_trip ... ok
[INFO] [stdout] test harnesses::opencode::tests::adapter_round_trip ... ok
[INFO] [stdout] test harnesses::registry::tests::runtime_adapter_names_match_runtime_adapters ... ok
[INFO] [stdout] test harnesses::pending_stamp::tests::after_exit_invokes_supplied_ingest_fn ... ok
[INFO] [stdout] test harnesses::tests::fake_adapter_round_trip ... ok
[INFO] [stdout] test harnesses::registry::tests::list_harness_names_is_deterministic ... ok
[INFO] [stdout] test util::time::tests::civil_from_days_round_trips_known_dates ... ok
[INFO] [stdout] test harnesses::tests::spawn_plan_new_minimal_shape ... ok
[INFO] [stdout] test harnesses::registry::tests::lookup_unknown_returns_none ... ok
[INFO] [stdout] test harnesses::registry::tests::pending_stamp_adapter_static_fits_runtime_registry ... ok
[INFO] [stdout] test harnesses::registry::tests::dyn_adapter_round_trip_by_name ... ok
[INFO] [stdout] test util::time::tests::iso_from_system_time_uses_unix_epoch ... ok
[INFO] [stdout] test util::time::tests::iso_now_is_zulu_iso8601_shape ... ok
[INFO] [stdout] test util::time::tests::optional_epoch_ms_formats_value_and_missing ... ok
[INFO] [stdout] test harnesses::pending_stamp::tests::unknown_name_panics - should panic ... ok
[INFO] [stderr]      Running unittests src/main.rs (/opt/rustwide/target/release/deps/burn-5890dd815a642838)
[INFO] [stdout] 
[INFO] [stdout] test result: ok. 23 passed; 0 failed; 0 ignored; 0 measured; 0 filtered out; finished in 0.02s
[INFO] [stdout] 
[INFO] [stdout] 
[INFO] [stdout] running 91 tests
[INFO] [stdout] test commands::compare::tests::format_pct_rounds_to_int ... ok
[INFO] [stdout] test commands::compare::tests::display_model_name_strips_provider_prefix ... ok
[INFO] [stdout] test commands::compare::tests::format_model_total_cost_marks_unpriced_instead_of_zero ... ok
[INFO] [stdout] test commands::compare::tests::unpriced_compare_totals_follow_model_order ... ok
[INFO] [stdout] test commands::flow::tests::mermaid_label_strips_quotes_and_brackets ... ok
[INFO] [stdout] test commands::flow::tests::svg_truncated_label_uses_ellipsis ... ok
[INFO] [stdout] test commands::flow::tests::mermaid_renders_a_minimal_graph ... ok
[INFO] [stdout] test commands::flow::tests::svg_starts_with_xml_declaration_and_self_contains ... ok
[INFO] [stdout] test commands::mcp_server::tests::error_envelope_carries_code_and_message ... ok
[INFO] [stdout] test commands::flow::tests::svg_width_exceeds_legend_minimum_on_wide_graphs ... ok
[INFO] [stdout] test commands::flow::tests::svg_width_honors_legend_minimum_on_small_graphs ... ok
[INFO] [stdout] test commands::compare::tests::parse_fidelity_known_classes ... ok
[INFO] [stdout] test commands::compare::tests::round_json_matches_js_to_fixed ... ok
[INFO] [stdout] test commands::compare::tests::render_tty_uses_cell_priced_turns_for_model_totals ... ok
[INFO] [stdout] test commands::flow::tests::mermaid_id_sanitizes_special_chars ... ok
[INFO] [stdout] test commands::overhead::tests::format_signed_tokens_handles_positive_and_zero ... ok
[INFO] [stdout] test commands::compare::tests::parse_provider_filter_trims_lowercases_and_drops_empties ... ok
[INFO] [stdout] test commands::overhead::tests::short_turn_label_trims_msg_prefix ... ok
[INFO] [stdout] test commands::sessions::tests::display_project_falls_back_to_dash_when_missing ... ok
[INFO] [stdout] test commands::flow::tests::mermaid_dispatch_edge_carries_label ... ok
[INFO] [stdout] test commands::ingest::tests::render_ingest_line_pluralizes_consistently ... ok
[INFO] [stdout] test commands::compare::tests::parse_provider_filter_rejects_all_empty_input ... ok
[INFO] [stdout] test commands::flow::tests::escape_xml_handles_all_five_predefined_entities ... ok
[INFO] [stdout] test commands::compare::tests::parse_provider_filter_returns_none_when_flag_absent ... ok
[INFO] [stdout] test commands::sessions::tests::display_project_truncates_long_paths_from_the_start ... ok
[INFO] [stdout] test commands::mcp_server::tests::tools_list_catalog_contains_all_seven_tools_and_mirrors_numeric_caps ... ok
[INFO] [stdout] test commands::overhead::tests::driver_summary_singles_out_compaction ... ok
[INFO] [stdout] test commands::overhead::tests::driver_summary_picks_largest_step ... ok
[INFO] [stdout] test commands::overhead::tests::format_line_range_pads_to_four ... ok
[INFO] [stdout] test commands::sessions::tests::format_last_seen_handles_midnight_noon_and_invalid_input ... ok
[INFO] [stdout] test commands::sessions::tests::session_table_rows_keep_full_session_id_and_one_human_date_column ... ok
[INFO] [stdout] test commands::state::tests::cutoff_is_lex_comparable_against_writer_rows ... ok
[INFO] [stderr] burn: broken pipe
[INFO] [stdout] test commands::state::tests::rel_to_home_rejects_byte_prefix_siblings ... ok
[INFO] [stderr] burn: failed to write export file
[INFO] [stdout] test commands::state::tests::rel_to_home_rewrites_paths_inside_home ... ok
[INFO] [stdout] test commands::summary::tests::bucket_cost_marks_unpriced_turns ... ok
[INFO] [stdout] test commands::summary::tests::grouped_cost_cell_marks_unpriced_model ... ok
[INFO] [stdout] test commands::summary::tests::grouped_json_includes_quality_when_report_has_it ... ok
[INFO] [stdout] test commands::state::tests::cutoff_matches_writer_format_byte_for_byte ... ok
[INFO] [stdout] test commands::state::tests::rel_to_home_normalizes_trailing_slash_on_home ... ok
[INFO] [stdout] test commands::summary::tests::grouped_json_surfaces_unpriced_turns_and_models ... ok
[INFO] [stdout] test commands::state::tests::rel_to_home_handles_degenerate_home_inputs ... ok
[INFO] [stdout] test commands::summary::tests::parse_tag_filters_requires_kv_with_non_empty_key ... ok
[INFO] [stdout] test commands::summary::tests::parse_provider_filter_trims_and_lowercases_csv ... ok
[INFO] [stdout] test commands::state::tests::cutoff_padding_widths_are_stable ... ok
[INFO] [stdout] test commands::summary::tests::partial_footer_names_gap_and_says_totals_include_all_turns ... ok
[INFO] [stderr] burn: burn summary: not yet implemented
[INFO] [stdout] test commands::state::tests::rel_to_home_path_equals_home ... ok
[INFO] [stderr] burn: ledger boom
[INFO] [stdout] {"error":"burn summary: not yet implemented"}
[INFO] [stdout] test commands::summary::tests::subagents_json_payload_includes_total_and_omits_when_empty ... ok
[INFO] [stdout] test render::error::tests::non_stdout_broken_pipe_remains_an_error ... ok
[INFO] [stdout] test render::error::tests::unimplemented_returns_exit_one ... ok
[INFO] [stdout] test render::format::tests::format_uint_thousands ... ok
[INFO] [stdout] test render::format::tests::format_usd_above_one_dollar ... ok
[INFO] [stdout] test render::error::tests::ledger_error_uses_exit_three ... ok
[INFO] [stdout] test render::format::tests::format_tokens_collapses_kilos ... ok
[INFO] [stderr] burn: boom
[INFO] [stdout] test render::format::tests::render_table_pads_columns_and_trims_trailing_space ... ok
[INFO] [stdout] test render::format::tests::format_usd_under_one_cent ... ok
[INFO] [stdout] test render::format::tests::render_table_returns_empty_for_empty_rows ... ok
[INFO] [stdout] test render::format::tests::format_usd_under_one_dollar ... ok
[INFO] [stdout] test render::error::tests::generic_error_uses_exit_two ... ok
[INFO] [stdout] {
[INFO] [stdout]   "ok": true,
[INFO] [stdout]   "rows": [
[INFO] [stdout]     1,
[INFO] [stdout]     2,
[INFO] [stdout]     3
[INFO] [stdout]   ]
[INFO] [stdout] }
[INFO] [stdout] test render::format::tests::format_usd_zero ... ok
[INFO] [stdout] test render::format::tests::render_table_handles_em_dash_as_single_char_width ... ok
[INFO] [stdout] test commands::summary::tests::subagents_line_renders_only_when_counts_nonzero ... ok
[INFO] [stdout] test render::json::tests::render_json_accepts_arbitrary_serialize_input ... ok
[INFO] [stdout] test render::pricing::tests::override_path_is_absolute_and_adjacent_to_ledger ... ok
[INFO] [stdout] test render::error::tests::broken_pipe_exits_zero_without_reporting ... ok
[INFO] [stdout] test commands::summary::tests::ingest_prelude_text_matches_human_banner ... ok
[INFO] [stdout] test render::table::tests::pads_short_rows ... ok
[INFO] [stdout] test render::table::tests::renders_header_and_rows ... ok
[INFO] [stdout] test render::json::tests::json_writer_preserves_broken_pipe_kind ... ok
[INFO] [stdout] test render::pricing::tests::relative_override_path_resolves_against_cwd ... ok
[INFO] [stdout] test render::ux::tests::non_tty_error_keeps_scriptable_prefix ... ok
[INFO] [stdout] test render::ux::tests::non_tty_warning_keeps_scriptable_prefix ... ok
[INFO] [stdout] test selfupdate::tests::channel_from_path_recognizes_cargo ... ok
[INFO] [stdout] test selfupdate::tests::channel_from_path_recognizes_npm ... ok
[INFO] [stdout] ┌───────────────────┬───────┐
[INFO] [stdout] │ model             ┆ turns │
[INFO] [stdout] ╞═══════════════════╪═══════╡
[INFO] [stdout] │ claude-sonnet-4-6 ┆ 12    │
[INFO] [stdout] └───────────────────┴───────┘
[INFO] [stdout] test render::table::tests::print_table_returns_ok_on_happy_path ... ok
[INFO] [stdout] test render::pricing::tests::warning_omitted_when_all_turns_priced ... ok
[INFO] [stdout] test selfupdate::tests::channel_from_path_unknown_for_handcopied ... ok
[INFO] [stdout] test render::progress::tests::warning_formatter_reframes_gap_warning ... ok
[INFO] [stdout] test render::pricing::tests::warning_prints_resolved_override_path ... ok
[INFO] [stdout] test render::table::tests::no_color_strips_pre_styled_cell_ansi ... ok
[INFO] [stdout] test render::table::tests::no_color_preserves_non_ascii_cell_contents ... ok
[INFO] [stdout] test selfupdate::tests::malformed_state_falls_back_to_default ... ok
[INFO] [stdout] test selfupdate::tests::state_roundtrips_and_defaults ... ok
[INFO] [stdout] test selfupdate::tests::extract_version_errors_on_missing_field ... ok
[INFO] [stdout] test selfupdate::tests::extract_version_reads_crates_shape ... ok
[INFO] [stdout] test selfupdate::tests::extract_version_reads_npm_shape ... ok
[INFO] [stdout] test selfupdate::tests::partial_state_keeps_auto_update_default_on ... ok
[INFO] [stdout] test commands::mcp_server::tests::integral_json_floats_match_integer_schema_and_npm_validation ... ok
[INFO] [stdout] test commands::mcp_server::tests::invalid_inputs_are_tool_errors_without_structured_content_and_server_continues ... ok
[INFO] [stdout] test commands::mcp_server::tests::new_tools_invoke_sdk_verbs_against_fixture_ledger ... ok
[INFO] [stdout] test commands::mcp_server::tests::freshness_errors_preserve_successful_tool_results ... ok
[INFO] [stdout] test commands::mcp_server::tests::new_tools_return_valid_shapes_on_an_empty_ledger ... ok
[INFO] [stdout] 
[INFO] [stdout] test result: ok. 91 passed; 0 failed; 0 ignored; 0 measured; 0 filtered out; finished in 0.10s
[INFO] [stdout] 
[INFO] [stderr]      Running tests/flow_svg.rs (/opt/rustwide/target/release/deps/flow_svg-1bf7e7014f615915)
[INFO] [stdout] 
[INFO] [stdout] running 1 test
[INFO] [stderr] error: test failed, to rerun pass `--test flow_svg`
[INFO] [stdout] test flow_svg_matches_snapshot_for_claude_3turn_fixture ... FAILED
[INFO] [stdout] 
[INFO] [stdout] failures:
[INFO] [stdout] 
[INFO] [stdout] ---- flow_svg_matches_snapshot_for_claude_3turn_fixture stdout ----
[INFO] [stdout] 
[INFO] [stdout] thread 'flow_svg_matches_snapshot_for_claude_3turn_fixture' (2143) panicked at tests/flow_svg.rs:86:9:
[INFO] [stdout] snapshot missing at /opt/crates/relayburn-cli/tests/fixtures/flow-svg/flow-session-claude-3turn.svg (No such file or directory (os error 2)); rerun with BURN_FLOW_SVG_REGEN=1 to create
[INFO] [stdout] stack backtrace:
[INFO] [stdout]    0:     0x5ee1de26eb21 - <<std[70759c8f55707aa4]::sys::backtrace::BacktraceLock>::print::DisplayBacktrace as core[df12db4294e9bfd3]::fmt::Display>::fmt
[INFO] [stdout]    1:     0x5ee1de2836da - core[df12db4294e9bfd3]::fmt::write
[INFO] [stdout]    2:     0x5ee1de27342c - <alloc[2182bb758b4b3781]::vec::Vec<u8> as core[df12db4294e9bfd3]::io::write::Write>::write_fmt
[INFO] [stdout]    3:     0x5ee1de249256 - std[70759c8f55707aa4]::panicking::default_hook::{closure#0}
[INFO] [stdout]    4:     0x5ee1de266339 - std[70759c8f55707aa4]::panicking::default_hook
[INFO] [stdout]    5:     0x5ee1de2010c0 - test[9d35eded1c95d3be]::test_main_inner::<test[9d35eded1c95d3be]::test_main_static::{closure#0}>::{closure#0}
[INFO] [stdout]    6:     0x5ee1de2664f2 - std[70759c8f55707aa4]::panicking::panic_with_hook
[INFO] [stdout]    7:     0x5ee1de249302 - std[70759c8f55707aa4]::panicking::panic_handler::{closure#0}
[INFO] [stdout]    8:     0x5ee1de241dd9 - std[70759c8f55707aa4]::sys::backtrace::__rust_end_short_backtrace::<std[70759c8f55707aa4]::panicking::panic_handler::{closure#0}, !>
[INFO] [stdout]    9:     0x5ee1de249efd - __rustc[8fa7c3cbc660c2b3]::rust_begin_unwind
[INFO] [stdout]   10:     0x5ee1de283e0c - core[df12db4294e9bfd3]::panicking::panic_fmt
[INFO] [stdout]   11:     0x5ee1de1f2bd9 - flow_svg[6d8f26e0cc5f64af]::flow_svg_matches_snapshot_for_claude_3turn_fixture::{closure#0}
[INFO] [stdout]   12:     0x5ee1de1f4007 - <flow_svg[6d8f26e0cc5f64af]::flow_svg_matches_snapshot_for_claude_3turn_fixture::{closure#0} as core[df12db4294e9bfd3]::ops::function::FnOnce<()>>::call_once
[INFO] [stdout]   13:     0x5ee1de1f43ab - test[9d35eded1c95d3be]::__rust_begin_short_backtrace::<core[df12db4294e9bfd3]::result::Result<(), alloc[2182bb758b4b3781]::string::String>, fn() -> core[df12db4294e9bfd3]::result::Result<(), alloc[2182bb758b4b3781]::string::String>>
[INFO] [stdout]   14:     0x5ee1de201a15 - test[9d35eded1c95d3be]::run_test::{closure#0}
[INFO] [stdout]   15:     0x5ee1de1fb2d4 - std[70759c8f55707aa4]::sys::backtrace::__rust_begin_short_backtrace::<test[9d35eded1c95d3be]::run_test::{closure#1}, ()>
[INFO] [stdout]   16:     0x5ee1de204b72 - <std[70759c8f55707aa4]::thread::lifecycle::spawn_unchecked<test[9d35eded1c95d3be]::run_test::{closure#1}, ()>::{closure#1} as core[df12db4294e9bfd3]::ops::function::FnOnce<()>>::call_once::{shim:vtable#0}
[INFO] [stdout]   17:     0x5ee1de26db79 - <std[70759c8f55707aa4]::sys::thread::unix::Thread>::new::thread_start
[INFO] [stdout]   18:     0x74858ca28dfa - <unknown>
[INFO] [stdout]   19:     0x74858cabc3d4 - clone
[INFO] [stdout]   20:                0x0 - <unknown>
[INFO] [stdout] 
[INFO] [stdout] 
[INFO] [stdout] failures:
[INFO] [stdout]     flow_svg_matches_snapshot_for_claude_3turn_fixture
[INFO] [stdout] 
[INFO] [stdout] test result: FAILED. 0 passed; 1 failed; 0 ignored; 0 measured; 0 filtered out; finished in 0.08s
[INFO] [stdout] 
[INFO] running `Command { std: "docker" "inspect" "25c35c8f2321aa4d4565640eb0989aa62c09afb405f9cca603e3ed193e23de32", kill_on_drop: false }`
[INFO] running `Command { std: "docker" "rm" "-f" "25c35c8f2321aa4d4565640eb0989aa62c09afb405f9cca603e3ed193e23de32", kill_on_drop: false }`
[INFO] [stdout] 25c35c8f2321aa4d4565640eb0989aa62c09afb405f9cca603e3ed193e23de32
