[INFO] fetching crate relay-core-storage 0.14.0...
[INFO] testing relay-core-storage-0.14.0 against 1.100.0-beta.1+cargoflags=--release for beta-release-1.100-2
[INFO] extracting crate relay-core-storage 0.14.0 into /workspace/builds/worker-3-tc2/source
[INFO] started tweaking crates.io crate relay-core-storage 0.14.0
[INFO] removed 0 missing tests
[INFO] finished tweaking crates.io crate relay-core-storage 0.14.0
[INFO] tweaked toml for crates.io crate relay-core-storage 0.14.0 written to /workspace/builds/worker-3-tc2/source/Cargo.toml
[INFO] validating manifest of crates.io crate relay-core-storage 0.14.0 on toolchain 1.100.0-beta.1
[INFO] running `Command { std: CARGO_HOME="/workspace/cargo-home" RUSTUP_HOME="/workspace/rustup-home" "/workspace/cargo-home/bin/cargo" "+1.100.0-beta.1" "metadata" "--manifest-path" "Cargo.toml" "--no-deps", kill_on_drop: false }`
[INFO] crate crates.io crate relay-core-storage 0.14.0 already has a lockfile, it will not be regenerated
[INFO] running `Command { std: CARGO_HOME="/workspace/cargo-home" RUSTUP_HOME="/workspace/rustup-home" "/workspace/cargo-home/bin/cargo" "+1.100.0-beta.1" "fetch" "--manifest-path" "Cargo.toml", kill_on_drop: false }`
[INFO] running `Command { std: "docker" "create" "-v" "/var/lib/crater-agent-workspace/builds/worker-3-tc2/source:/opt/rustwide/workdir:ro,Z" "-v" "/var/lib/crater-agent-workspace/builds/worker-3-tc2/target:/opt/rustwide/target:rw,Z" "-v" "/var/lib/crater-agent-workspace/cargo-home:/opt/rustwide/cargo-home:ro,Z" "-v" "/var/lib/crater-agent-workspace/rustup-home:/opt/rustwide/rustup-home:ro,Z" "-m" "1610612736" "--network" "none" "ghcr.io/rust-lang/crates-build-env/linux@sha256:77db811e55d90add9212f6832c23229e3de5f1c1f9905e8cb07319ea15df73ac" "sleep" "infinity", kill_on_drop: false }`
[INFO] [stdout] 443a065d428e9c088b8d7a2b4ccd181661fdf697c41b856964763681d6241777
[INFO] running `Command { std: "docker" "start" "443a065d428e9c088b8d7a2b4ccd181661fdf697c41b856964763681d6241777", kill_on_drop: false }`
[INFO] running `Command { std: "docker" "inspect" "443a065d428e9c088b8d7a2b4ccd181661fdf697c41b856964763681d6241777", kill_on_drop: false }`
[INFO] running `Command { std: "docker" "exec" "-e" "SOURCE_DIR=/opt/rustwide/workdir" "-e" "CARGO_HOME=/opt/rustwide/cargo-home" "-e" "RUSTUP_HOME=/opt/rustwide/rustup-home" "-e" "CARGO_TARGET_DIR=/opt/rustwide/target" "-w" "/opt/rustwide/workdir" "--user" "0:0" "443a065d428e9c088b8d7a2b4ccd181661fdf697c41b856964763681d6241777" "/opt/rustwide/cargo-home/bin/cargo" "+1.100.0-beta.1" "metadata" "--no-deps" "--format-version=1", kill_on_drop: false }`
[INFO] running `Command { std: "docker" "inspect" "443a065d428e9c088b8d7a2b4ccd181661fdf697c41b856964763681d6241777", kill_on_drop: false }`
[INFO] running `Command { std: "docker" "exec" "-e" "SOURCE_DIR=/opt/rustwide/workdir" "-e" "CARGO_HOME=/opt/rustwide/cargo-home" "-e" "RUSTUP_HOME=/opt/rustwide/rustup-home" "-e" "CARGO_TARGET_DIR=/opt/rustwide/target" "-e" "CARGO_INCREMENTAL=0" "-e" "RUST_BACKTRACE=full" "-e" "RUSTFLAGS=--cap-lints=warn" "-e" "RUSTDOCFLAGS=--cap-lints=warn" "-w" "/opt/rustwide/workdir" "--user" "0:0" "443a065d428e9c088b8d7a2b4ccd181661fdf697c41b856964763681d6241777" "/opt/rustwide/cargo-home/bin/cargo" "+1.100.0-beta.1" "build" "--frozen" "--message-format=json" "--release", kill_on_drop: false }`
[INFO] [stderr]    Compiling quote v1.0.46
[INFO] [stderr]    Compiling cc v1.2.65
[INFO] [stderr]    Compiling stable_deref_trait v1.2.1
[INFO] [stderr]    Compiling getrandom v0.3.4
[INFO] [stderr]    Compiling zerocopy v0.8.52
[INFO] [stderr]    Compiling ahash v0.8.12
[INFO] [stderr]    Compiling smallvec v1.15.2
[INFO] [stderr]    Compiling crossbeam-utils v0.8.21
[INFO] [stderr]    Compiling writeable v0.6.3
[INFO] [stderr]    Compiling serde_json v1.0.150
[INFO] [stderr]    Compiling litemap v0.8.2
[INFO] [stderr]    Compiling vcpkg v0.2.15
[INFO] [stderr]    Compiling utf8_iter v1.0.4
[INFO] [stderr]    Compiling futures-core v0.3.32
[INFO] [stderr]    Compiling rustls v0.21.12
[INFO] [stderr]    Compiling generic-array v0.14.7
[INFO] [stderr]    Compiling icu_properties_data v2.2.0
[INFO] [stderr]    Compiling icu_normalizer_data v2.2.0
[INFO] [stderr]    Compiling scopeguard v1.2.0
[INFO] [stderr]    Compiling pin-project-lite v0.2.17
[INFO] [stderr]    Compiling typenum v1.20.1
[INFO] [stderr]    Compiling memchr v2.8.2
[INFO] [stderr]    Compiling syn v2.0.118
[INFO] [stderr]    Compiling lock_api v0.4.14
[INFO] [stderr]    Compiling getrandom v0.2.17
[INFO] [stderr]    Compiling serde_core v1.0.228
[INFO] [stderr]    Compiling futures-sink v0.3.32
[INFO] [stderr]    Compiling untrusted v0.9.0
[INFO] [stderr]    Compiling parking_lot_core v0.9.12
[INFO] [stderr]    Compiling zmij v1.0.21
[INFO] [stderr]    Compiling num-traits v0.2.19
[INFO] [stderr]    Compiling serde v1.0.228
[INFO] [stderr]    Compiling mio v1.2.1
[INFO] [stderr]    Compiling socket2 v0.6.4
[INFO] [stderr]    Compiling crypto-common v0.1.7
[INFO] [stderr]    Compiling ring v0.17.14
[INFO] [stderr]    Compiling block-buffer v0.10.4
[INFO] [stderr]    Compiling slab v0.4.12
[INFO] [stderr]    Compiling percent-encoding v2.3.2
[INFO] [stderr]    Compiling allocator-api2 v0.2.21
[INFO] [stderr]    Compiling futures-task v0.3.32
[INFO] [stderr]    Compiling bytes v1.12.0
[INFO] [stderr]    Compiling futures-io v0.3.32
[INFO] [stderr]    Compiling minimal-lexical v0.2.1
[INFO] [stderr]    Compiling nom v7.1.3
[INFO] [stderr]    Compiling tokio v1.52.3
[INFO] [stderr]    Compiling futures-util v0.3.32
[INFO] [stderr]    Compiling form_urlencoded v1.2.2
[INFO] [stderr]    Compiling digest v0.10.7
[INFO] [stderr]    Compiling libsqlite3-sys v0.27.0
[INFO] [stderr]    Compiling parking_lot v0.12.5
[INFO] [stderr]    Compiling synstructure v0.13.2
[INFO] [stderr]    Compiling tracing-core v0.1.36
[INFO] [stderr]    Compiling hashbrown v0.14.5
[INFO] [stderr]    Compiling thiserror v1.0.69
[INFO] [stderr]    Compiling cpufeatures v0.2.17
[INFO] [stderr]    Compiling unicode_categories v0.1.1
[INFO] [stderr]    Compiling crc-catalog v2.5.0
[INFO] [stderr]    Compiling itoa v1.0.18
[INFO] [stderr]    Compiling base64 v0.21.7
[INFO] [stderr]    Compiling zerofrom-derive v0.1.7
[INFO] [stderr]    Compiling yoke-derive v0.8.2
[INFO] [stderr]    Compiling zerovec-derive v0.11.3
[INFO] [stderr]    Compiling displaydoc v0.2.6
[INFO] [stderr]    Compiling serde_derive v1.0.228
[INFO] [stderr]    Compiling thiserror-impl v1.0.69
[INFO] [stderr]    Compiling tracing-attributes v0.1.31
[INFO] [stderr]    Compiling zerofrom v0.1.8
[INFO] [stderr]    Compiling yoke v0.8.3
[INFO] [stderr]    Compiling zerovec v0.11.6
[INFO] [stderr]    Compiling zerotrie v0.2.4
[INFO] [stderr]    Compiling rustls-webpki v0.101.7
[INFO] [stderr]    Compiling tinystr v0.8.3
[INFO] [stderr]    Compiling icu_locale_core v2.2.0
[INFO] [stderr]    Compiling potential_utf v0.1.5
[INFO] [stderr]    Compiling icu_collections v2.2.0
[INFO] [stderr]    Compiling sct v0.7.1
[INFO] [stderr]    Compiling tracing v0.1.44
[INFO] [stderr]    Compiling icu_provider v2.2.0
[INFO] [stderr]    Compiling tokio-stream v0.1.18
[INFO] [stderr]    Compiling icu_normalizer v2.2.0
[INFO] [stderr]    Compiling icu_properties v2.2.0
[INFO] [stderr]    Compiling rustls-pemfile v1.0.4
[INFO] [stderr]    Compiling hashlink v0.8.4
[INFO] [stderr]    Compiling idna_adapter v1.2.2
[INFO] [stderr]    Compiling either v1.16.0
[INFO] [stderr]    Compiling idna v1.1.0
[INFO] [stderr]    Compiling tokio-macros v2.7.0
[INFO] [stderr]    Compiling url v2.5.8
[INFO] [stderr]    Compiling crc v3.4.0
[INFO] [stderr]    Compiling sqlformat v0.2.6
[INFO] [stderr]    Compiling sha2 v0.10.9
[INFO] [stderr]    Compiling futures-intrusive v0.5.0
[INFO] [stderr]    Compiling crossbeam-queue v0.3.12
[INFO] [stderr]    Compiling atoi v2.0.0
[INFO] [stderr]    Compiling futures-channel v0.3.32
[INFO] [stderr]    Compiling spin v0.9.8
[INFO] [stderr]    Compiling getrandom v0.4.3
[INFO] [stderr]    Compiling event-listener v2.5.3
[INFO] [stderr]    Compiling bitflags v2.13.0
[INFO] [stderr]    Compiling hex v0.4.3
[INFO] [stderr]    Compiling syn v1.0.109
[INFO] [stderr]    Compiling webpki-roots v0.25.4
[INFO] [stderr]    Compiling rustix v1.1.4
[INFO] [stderr]    Compiling sqlx-core v0.7.4
[INFO] [stderr]    Compiling flume v0.11.1
[INFO] [stderr]    Compiling futures-executor v0.3.32
[INFO] [stderr]    Compiling fastrand v2.4.1
[INFO] [stderr]    Compiling urlencoding v2.1.3
[INFO] [stderr]    Compiling heck v0.4.1
[INFO] [stderr]    Compiling tempfile v3.27.0
[INFO] [stderr]    Compiling dotenvy v0.15.7
[INFO] [stderr]    Compiling zeroize v1.9.0
[INFO] [stderr]    Compiling sqlx-sqlite v0.7.4
[INFO] [stderr]    Compiling secrecy v0.10.3
[INFO] [stderr]    Compiling chrono v0.4.45
[INFO] [stderr]    Compiling sqlx-macros-core v0.7.4
[INFO] [stderr]    Compiling uuid v1.23.4
[INFO] [stderr]    Compiling http v1.4.2
[INFO] [stderr]    Compiling serde_path_to_error v0.1.20
[INFO] [stderr]    Compiling sqlx-macros v0.7.4
[INFO] [stderr]    Compiling relay-core-api v0.14.0
[INFO] [stderr]    Compiling sqlx v0.7.4
[INFO] [stderr]    Compiling relay-core-storage v0.14.0 (/opt/rustwide/workdir)
[INFO] [stderr]     Finished `release` profile [optimized] target(s) in 5m 27s
[INFO] running `Command { std: "docker" "inspect" "443a065d428e9c088b8d7a2b4ccd181661fdf697c41b856964763681d6241777", kill_on_drop: false }`
[INFO] running `Command { std: "docker" "exec" "-e" "SOURCE_DIR=/opt/rustwide/workdir" "-e" "CARGO_HOME=/opt/rustwide/cargo-home" "-e" "RUSTUP_HOME=/opt/rustwide/rustup-home" "-e" "CARGO_TARGET_DIR=/opt/rustwide/target" "-e" "CARGO_INCREMENTAL=0" "-e" "RUST_BACKTRACE=full" "-e" "RUSTFLAGS=--cap-lints=warn" "-e" "RUSTDOCFLAGS=--cap-lints=warn" "-w" "/opt/rustwide/workdir" "--user" "0:0" "443a065d428e9c088b8d7a2b4ccd181661fdf697c41b856964763681d6241777" "/opt/rustwide/cargo-home/bin/cargo" "+1.100.0-beta.1" "test" "--frozen" "--no-run" "--message-format=json" "--release", kill_on_drop: false }`
[INFO] [stderr]    Compiling relay-core-storage v0.14.0 (/opt/rustwide/workdir)
[INFO] [stderr]     Finished `release` profile [optimized] target(s) in 12.32s
[INFO] running `Command { std: "docker" "inspect" "443a065d428e9c088b8d7a2b4ccd181661fdf697c41b856964763681d6241777", kill_on_drop: false }`
[INFO] running `Command { std: "docker" "exec" "-e" "SOURCE_DIR=/opt/rustwide/workdir" "-e" "CARGO_HOME=/opt/rustwide/cargo-home" "-e" "RUSTUP_HOME=/opt/rustwide/rustup-home" "-e" "CARGO_TARGET_DIR=/opt/rustwide/target" "-e" "CARGO_INCREMENTAL=0" "-e" "RUST_BACKTRACE=full" "-e" "RUSTFLAGS=--cap-lints=warn" "-e" "RUSTDOCFLAGS=--cap-lints=warn" "-w" "/opt/rustwide/workdir" "--user" "0:0" "443a065d428e9c088b8d7a2b4ccd181661fdf697c41b856964763681d6241777" "/opt/rustwide/cargo-home/bin/cargo" "+1.100.0-beta.1" "test" "--frozen" "--release", kill_on_drop: false }`
[INFO] [stderr]     Finished `release` profile [optimized] target(s) in 0.24s
[INFO] [stderr]      Running unittests src/lib.rs (/opt/rustwide/target/release/build/relay-core-storage/f9650d19a5e8fd5f/out/relay_core_storage-f9650d19a5e8fd5f)
[INFO] [stdout] 
[INFO] [stdout] running 2 tests
[INFO] [stdout] test retention_tests::default_policy_is_unbounded_and_says_so ... ok
[INFO] [stderr]      Running tests/store_tests.rs (/opt/rustwide/target/release/build/relay-core-storage/bf169138accd1e17/out/store_tests-bf169138accd1e17)
[INFO] [stdout] test retention_tests::any_bound_makes_the_policy_bounded ... ok
[INFO] [stdout] 
[INFO] [stdout] test result: ok. 2 passed; 0 failed; 0 ignored; 0 measured; 0 filtered out; finished in 0.00s
[INFO] [stdout] 
[INFO] [stdout] 
[INFO] [stdout] running 20 tests
[INFO] [stdout] test test_audit_event_save_and_query_with_filters ... FAILED
[INFO] [stdout] test test_fresh_database_reports_the_current_schema_version ... FAILED
[INFO] [stdout] test test_flow_summary_query_with_offset_and_filters ... FAILED
[INFO] [stdout] test test_audit_retention_is_bounded_separately_from_traffic ... FAILED
[INFO] [stdout] test test_future_schema_version_is_refused ... FAILED
[INFO] [stdout] test test_max_age_evicts_expired_flows_only ... FAILED
[INFO] [stdout] test test_delete_rule_nonexistent_is_idempotent ... FAILED
[INFO] [stdout] test test_concurrent_save_flow_same_id_only_one_succeeds ... FAILED
[INFO] [stdout] test test_max_flows_keeps_the_newest ... FAILED
[INFO] [stdout] test test_migration_is_idempotent ... FAILED
[INFO] [stdout] test test_rule_crud_and_replace ... FAILED
[INFO] [stdout] test test_concurrent_upsert_same_rule_id_keeps_single_record ... FAILED
[INFO] [stdout] test test_flow_upsert_and_load_roundtrip ... FAILED
[INFO] [stdout] test test_replace_rules_with_empty_clears_table ... FAILED
[INFO] [stdout] test test_replace_rules_failure_rolls_back_previous_data ... FAILED
[INFO] [stdout] test test_save_flow_conflict_behavior ... FAILED
[INFO] [stdout] test test_save_rule_upsert_updates_existing_row ... FAILED
[INFO] [stdout] test test_unbounded_policy_deletes_nothing ... FAILED
[INFO] [stdout] test test_unversioned_database_is_migrated_forward ... FAILED
[INFO] [stdout] test test_concurrent_rule_writes ... FAILED
[INFO] [stdout] 
[INFO] [stdout] failures:
[INFO] [stdout] 
[INFO] [stdout] ---- test_audit_event_save_and_query_with_filters stdout ----
[INFO] [stdout] 
[INFO] [stdout] thread 'test_audit_event_save_and_query_with_filters' (2850) panicked at tests/store_tests.rs:19:38:
[INFO] [stdout] create test db dir: Os { code: 30, kind: ReadOnlyFilesystem, message: "Read-only file system" }
[INFO] [stdout] stack backtrace:
[INFO] [stdout]    0:     0x56954a6c8a21 - <<std[617be2ca0a6fd877]::sys::backtrace::BacktraceLock>::print::DisplayBacktrace as core[a373ad73a504971]::fmt::Display>::fmt
[INFO] [stdout]    1:     0x56954a6df75a - core[a373ad73a504971]::fmt::write
[INFO] [stdout]    2:     0x56954a6cceac - <alloc[2e1b2a31b91974c5]::vec::Vec<u8> as core[a373ad73a504971]::io::write::Write>::write_fmt
[INFO] [stdout]    3:     0x56954a6a3c36 - std[617be2ca0a6fd877]::panicking::default_hook::{closure#0}
[INFO] [stdout]    4:     0x56954a6c0c39 - std[617be2ca0a6fd877]::panicking::default_hook
[INFO] [stdout]    5:     0x56954a440d60 - test[aada8e7e76ba119b]::test_main_inner::{closure#0}
[INFO] [stdout]    6:     0x56954a6c0f62 - std[617be2ca0a6fd877]::panicking::panic_with_hook
[INFO] [stdout]    7:     0x56954a6a3ce2 - std[617be2ca0a6fd877]::panicking::panic_handler::{closure#0}
[INFO] [stdout]    8:     0x56954a69c8a9 - std[617be2ca0a6fd877]::sys::backtrace::__rust_end_short_backtrace::<std[617be2ca0a6fd877]::panicking::panic_handler::{closure#0}, !>
[INFO] [stdout]    9:     0x56954a6a48ed - __rustc[ea4f61d10b84890b]::rust_begin_unwind
[INFO] [stdout]   10:     0x56954a6dfebc - core[a373ad73a504971]::panicking::panic_fmt
[INFO] [stdout]   11:     0x56954a6dfc92 - core[a373ad73a504971]::result::unwrap_failed
[INFO] [stdout]   12:     0x56954a3f142a - store_tests[78abf4ba00fa5402]::sqlite_url
[INFO] [stdout]   13:     0x56954a3e32e4 - store_tests[78abf4ba00fa5402]::test_audit_event_save_and_query_with_filters::{closure#0}
[INFO] [stdout]   14:     0x56954a424f6b - <tokio[7d739bec6c475513]::runtime::runtime::Runtime>::block_on::<core[a373ad73a504971]::pin::Pin<&mut dyn core[a373ad73a504971]::future::future::Future<Output = ()>>>
[INFO] [stdout]   15:     0x56954a3f2dde - <store_tests[78abf4ba00fa5402]::test_audit_event_save_and_query_with_filters::{closure#0} as core[a373ad73a504971]::ops::function::FnOnce<()>>::call_once
[INFO] [stdout]   16:     0x56954a4341ab - test[aada8e7e76ba119b]::__rust_begin_short_backtrace::<core[a373ad73a504971]::result::Result<(), alloc[2e1b2a31b91974c5]::string::String>, fn() -> core[a373ad73a504971]::result::Result<(), alloc[2e1b2a31b91974c5]::string::String>>
[INFO] [stdout]   17:     0x56954a441385 - test[aada8e7e76ba119b]::run_test::{closure#0}
[INFO] [stdout]   18:     0x56954a43ac74 - std[617be2ca0a6fd877]::sys::backtrace::__rust_begin_short_backtrace::<test[aada8e7e76ba119b]::run_test::{closure#1}, ()>
[INFO] [stdout]   19:     0x56954a444412 - <std[617be2ca0a6fd877]::thread::lifecycle::spawn_unchecked<test[aada8e7e76ba119b]::run_test::{closure#1}, ()>::{closure#1} as core[a373ad73a504971]::ops::function::FnOnce<()>>::call_once::{shim:vtable#0}
[INFO] [stdout]   20:     0x56954a6c823f - <std[617be2ca0a6fd877]::sys::thread::unix::Thread>::new::thread_start
[INFO] [stdout]   21:     0x76d054735dfa - <unknown>
[INFO] [stdout]   22:     0x76d0547c93d4 - clone
[INFO] [stdout]   23:                0x0 - <unknown>
[INFO] [stdout] 
[INFO] [stdout] ---- test_fresh_database_reports_the_current_schema_version stdout ----
[INFO] [stdout] 
[INFO] [stdout] thread 'test_fresh_database_reports_the_current_schema_version' (2858) panicked at tests/store_tests.rs:19:38:
[INFO] [stdout] create test db dir: Os { code: 30, kind: ReadOnlyFilesystem, message: "Read-only file system" }
[INFO] [stdout] stack backtrace:
[INFO] [stdout]    0:     0x56954a6c8a21 - <<std[617be2ca0a6fd877]::sys::backtrace::BacktraceLock>::print::DisplayBacktrace as core[a373ad73a504971]::fmt::Display>::fmt
[INFO] [stdout]    1:     0x56954a6df75a - core[a373ad73a504971]::fmt::write
[INFO] [stdout]    2:     0x56954a6cceac - <alloc[2e1b2a31b91974c5]::vec::Vec<u8> as core[a373ad73a504971]::io::write::Write>::write_fmt
[INFO] [stdout]    3:     0x56954a6a3c36 - std[617be2ca0a6fd877]::panicking::default_hook::{closure#0}
[INFO] [stdout]    4:     0x56954a6c0c39 - std[617be2ca0a6fd877]::panicking::default_hook
[INFO] [stdout]    5:     0x56954a440d60 - test[aada8e7e76ba119b]::test_main_inner::{closure#0}
[INFO] [stdout]    6:     0x56954a6c0f62 - std[617be2ca0a6fd877]::panicking::panic_with_hook
[INFO] [stdout]    7:     0x56954a6a3ce2 - std[617be2ca0a6fd877]::panicking::panic_handler::{closure#0}
[INFO] [stdout]    8:     0x56954a69c8a9 - std[617be2ca0a6fd877]::sys::backtrace::__rust_end_short_backtrace::<std[617be2ca0a6fd877]::panicking::panic_handler::{closure#0}, !>
[INFO] [stdout]    9:     0x56954a6a48ed - __rustc[ea4f61d10b84890b]::rust_begin_unwind
[INFO] [stdout]   10:     0x56954a6dfebc - core[a373ad73a504971]::panicking::panic_fmt
[INFO] [stdout]   11:     0x56954a6dfc92 - core[a373ad73a504971]::result::unwrap_failed
[INFO] [stdout]   12:     0x56954a3f142a - store_tests[78abf4ba00fa5402]::sqlite_url
[INFO] [stdout]   13:     0x56954a3e8344 - store_tests[78abf4ba00fa5402]::test_fresh_database_reports_the_current_schema_version::{closure#0}
[INFO] [stdout]   14:     0x56954a424f6b - <tokio[7d739bec6c475513]::runtime::runtime::Runtime>::block_on::<core[a373ad73a504971]::pin::Pin<&mut dyn core[a373ad73a504971]::future::future::Future<Output = ()>>>
[INFO] [stdout]   15:     0x56954a3f34be - <store_tests[78abf4ba00fa5402]::test_fresh_database_reports_the_current_schema_version::{closure#0} as core[a373ad73a504971]::ops::function::FnOnce<()>>::call_once
[INFO] [stdout]   16:     0x56954a4341ab - test[aada8e7e76ba119b]::__rust_begin_short_backtrace::<core[a373ad73a504971]::result::Result<(), alloc[2e1b2a31b91974c5]::string::String>, fn() -> core[a373ad73a504971]::result::Result<(), alloc[2e1b2a31b91974c5]::string::String>>
[INFO] [stdout]   17:     0x56954a441385 - test[aada8e7e76ba119b]::run_test::{closure#0}
[INFO] [stdout]   18:     0x56954a43ac74 - std[617be2ca0a6fd877]::sys::backtrace::__rust_begin_short_backtrace::<test[aada8e7e76ba119b]::run_test::{closure#1}, ()>
[INFO] [stdout]   19:     0x56954a444412 - <std[617be2ca0a6fd877]::thread::lifecycle::spawn_unchecked<test[aada8e7e76ba119b]::run_test::{closure#1}, ()>::{closure#1} as core[a373ad73a504971]::ops::function::FnOnce<()>>::call_once::{shim:vtable#0}
[INFO] [stdout]   20:     0x56954a6c823f - <std[617be2ca0a6fd877]::sys::thread::unix::Thread>::new::thread_start
[INFO] [stdout]   21:     0x76d054735dfa - <unknown>
[INFO] [stdout]   22:     0x76d0547c93d4 - clone
[INFO] [stdout]   23:                0x0 - <unknown>
[INFO] [stdout] 
[INFO] [stdout] ---- test_flow_summary_query_with_offset_and_filters stdout ----
[INFO] [stdout] 
[INFO] [stdout] thread 'test_flow_summary_query_with_offset_and_filters' (2856) panicked at tests/store_tests.rs:19:38:
[INFO] [stdout] create test db dir: Os { code: 30, kind: ReadOnlyFilesystem, message: "Read-only file system" }
[INFO] [stdout] stack backtrace:
[INFO] [stdout]    0:     0x56954a6c8a21 - <<std[617be2ca0a6fd877]::sys::backtrace::BacktraceLock>::print::DisplayBacktrace as core[a373ad73a504971]::fmt::Display>::fmt
[INFO] [stdout]    1:     0x56954a6df75a - core[a373ad73a504971]::fmt::write
[INFO] [stdout]    2:     0x56954a6cceac - <alloc[2e1b2a31b91974c5]::vec::Vec<u8> as core[a373ad73a504971]::io::write::Write>::write_fmt
[INFO] [stdout]    3:     0x56954a6a3c36 - std[617be2ca0a6fd877]::panicking::default_hook::{closure#0}
[INFO] [stdout]    4:     0x56954a6c0c39 - std[617be2ca0a6fd877]::panicking::default_hook
[INFO] [stdout]    5:     0x56954a440d60 - test[aada8e7e76ba119b]::test_main_inner::{closure#0}
[INFO] [stdout]    6:     0x56954a6c0f62 - std[617be2ca0a6fd877]::panicking::panic_with_hook
[INFO] [stdout]    7:     0x56954a6a3ce2 - std[617be2ca0a6fd877]::panicking::panic_handler::{closure#0}
[INFO] [stdout]    8:     0x56954a69c8a9 - std[617be2ca0a6fd877]::sys::backtrace::__rust_end_short_backtrace::<std[617be2ca0a6fd877]::panicking::panic_handler::{closure#0}, !>
[INFO] [stdout]    9:     0x56954a6a48ed - __rustc[ea4f61d10b84890b]::rust_begin_unwind
[INFO] [stdout]   10:     0x56954a6dfebc - core[a373ad73a504971]::panicking::panic_fmt
[INFO] [stdout]   11:     0x56954a6dfc92 - core[a373ad73a504971]::result::unwrap_failed
[INFO] [stdout]   12:     0x56954a3f142a - store_tests[78abf4ba00fa5402]::sqlite_url
[INFO] [stdout]   13:     0x56954a3e55e4 - store_tests[78abf4ba00fa5402]::test_flow_summary_query_with_offset_and_filters::{closure#0}
[INFO] [stdout]   14:     0x56954a424f6b - <tokio[7d739bec6c475513]::runtime::runtime::Runtime>::block_on::<core[a373ad73a504971]::pin::Pin<&mut dyn core[a373ad73a504971]::future::future::Future<Output = ()>>>
[INFO] [stdout]   15:     0x56954a3f309e - <store_tests[78abf4ba00fa5402]::test_flow_summary_query_with_offset_and_filters::{closure#0} as core[a373ad73a504971]::ops::function::FnOnce<()>>::call_once
[INFO] [stdout]   16:     0x56954a4341ab - test[aada8e7e76ba119b]::__rust_begin_short_backtrace::<core[a373ad73a504971]::result::Result<(), alloc[2e1b2a31b91974c5]::string::String>, fn() -> core[a373ad73a504971]::result::Result<(), alloc[2e1b2a31b91974c5]::string::String>>
[INFO] [stdout]   17:     0x56954a441385 - test[aada8e7e76ba119b]::run_test::{closure#0}
[INFO] [stdout]   18:     0x56954a43ac74 - std[617be2ca0a6fd877]::sys::backtrace::__rust_begin_short_backtrace::<test[aada8e7e76ba119b]::run_test::{closure#1}, ()>
[INFO] [stdout]   19:     0x56954a444412 - <std[617be2ca0a6fd877]::thread::lifecycle::spawn_unchecked<test[aada8e7e76ba119b]::run_test::{closure#1}, ()>::{closure#1} as core[a373ad73a504971]::ops::function::FnOnce<()>>::call_once::{shim:vtable#0}
[INFO] [stdout]   20:     0x56954a6c823f - <std[617be2ca0a6fd877]::sys::thread::unix::Thread>::new::thread_start
[INFO] [stdout]   21:     0x76d054735dfa - <unknown>
[INFO] [stdout]   22:     0x76d0547c93d4 - clone
[INFO] [stdout]   23:                0x0 - <unknown>
[INFO] [stdout] 
[INFO] [stdout] ---- test_audit_retention_is_bounded_separately_from_traffic stdout ----
[INFO] [stdout] 
[INFO] [stdout] thread 'test_audit_retention_is_bounded_separately_from_traffic' (2851) panicked at tests/store_tests.rs:19:38:
[INFO] [stdout] create test db dir: Os { code: 30, kind: ReadOnlyFilesystem, message: "Read-only file system" }
[INFO] [stdout] stack backtrace:
[INFO] [stdout]    0:     0x56954a6c8a21 - <<std[617be2ca0a6fd877]::sys::backtrace::BacktraceLock>::print::DisplayBacktrace as core[a373ad73a504971]::fmt::Display>::fmt
[INFO] [stdout]    1:     0x56954a6df75a - core[a373ad73a504971]::fmt::write
[INFO] [stdout]    2:     0x56954a6cceac - <alloc[2e1b2a31b91974c5]::vec::Vec<u8> as core[a373ad73a504971]::io::write::Write>::write_fmt
[INFO] [stdout]    3:     0x56954a6a3c36 - std[617be2ca0a6fd877]::panicking::default_hook::{closure#0}
[INFO] [stdout]    4:     0x56954a6c0c39 - std[617be2ca0a6fd877]::panicking::default_hook
[INFO] [stdout]    5:     0x56954a440d60 - test[aada8e7e76ba119b]::test_main_inner::{closure#0}
[INFO] [stdout]    6:     0x56954a6c0f62 - std[617be2ca0a6fd877]::panicking::panic_with_hook
[INFO] [stdout]    7:     0x56954a6a3ce2 - std[617be2ca0a6fd877]::panicking::panic_handler::{closure#0}
[INFO] [stdout]    8:     0x56954a69c8a9 - std[617be2ca0a6fd877]::sys::backtrace::__rust_end_short_backtrace::<std[617be2ca0a6fd877]::panicking::panic_handler::{closure#0}, !>
[INFO] [stdout]    9:     0x56954a6a48ed - __rustc[ea4f61d10b84890b]::rust_begin_unwind
[INFO] [stdout]   10:     0x56954a6dfebc - core[a373ad73a504971]::panicking::panic_fmt
[INFO] [stdout]   11:     0x56954a6dfc92 - core[a373ad73a504971]::result::unwrap_failed
[INFO] [stdout]   12:     0x56954a3f142a - store_tests[78abf4ba00fa5402]::sqlite_url
[INFO] [stdout]   13:     0x56954a3e8764 - store_tests[78abf4ba00fa5402]::test_audit_retention_is_bounded_separately_from_traffic::{closure#0}
[INFO] [stdout]   14:     0x56954a424f6b - <tokio[7d739bec6c475513]::runtime::runtime::Runtime>::block_on::<core[a373ad73a504971]::pin::Pin<&mut dyn core[a373ad73a504971]::future::future::Future<Output = ()>>>
[INFO] [stdout]   15:     0x56954a3f361e - <store_tests[78abf4ba00fa5402]::test_audit_retention_is_bounded_separately_from_traffic::{closure#0} as core[a373ad73a504971]::ops::function::FnOnce<()>>::call_once
[INFO] [stdout]   16:     0x56954a4341ab - test[aada8e7e76ba119b]::__rust_begin_short_backtrace::<core[a373ad73a504971]::result::Result<(), alloc[2e1b2a31b91974c5]::string::String>, fn() -> core[a373ad73a504971]::result::Result<(), alloc[2e1b2a31b91974c5]::string::String>>
[INFO] [stdout]   17:     0x56954a441385 - test[aada8e7e76ba119b]::run_test::{closure#0}
[INFO] [stdout]   18:     0x56954a43ac74 - std[617be2ca0a6fd877]::sys::backtrace::__rust_begin_short_backtrace::<test[aada8e7e76ba119b]::run_test::{closure#1}, ()>
[INFO] [stdout]   19:     0x56954a444412 - <std[617be2ca0a6fd877]::thread::lifecycle::spawn_unchecked<test[aada8e7e76ba119b]::run_test::{closure#1}, ()>::{closure#1} as core[a373ad73a504971]::ops::function::FnOnce<()>>::call_once::{shim:vtable#0}
[INFO] [stdout]   20:     0x56954a6c823f - <std[617be2ca0a6fd877]::sys::thread::unix::Thread>::new::thread_start
[INFO] [stdout]   21:     0x76d054735dfa - <unknown>
[INFO] [stdout]   22:     0x76d0547c93d4 - clone
[INFO] [stdout]   23:                0x0 - <unknown>
[INFO] [stdout] 
[INFO] [stdout] ---- test_future_schema_version_is_refused stdout ----
[INFO] [stdout] 
[INFO] [stdout] thread 'test_future_schema_version_is_refused' (2859) panicked at tests/store_tests.rs:19:38:
[INFO] [stdout] create test db dir: Os { code: 30, kind: ReadOnlyFilesystem, message: "Read-only file system" }
[INFO] [stdout] stack backtrace:
[INFO] [stdout]    0:     0x56954a6c8a21 - <<std[617be2ca0a6fd877]::sys::backtrace::BacktraceLock>::print::DisplayBacktrace as core[a373ad73a504971]::fmt::Display>::fmt
[INFO] [stdout]    1:     0x56954a6df75a - core[a373ad73a504971]::fmt::write
[INFO] [stdout]    2:     0x56954a6cceac - <alloc[2e1b2a31b91974c5]::vec::Vec<u8> as core[a373ad73a504971]::io::write::Write>::write_fmt
[INFO] [stdout]    3:     0x56954a6a3c36 - std[617be2ca0a6fd877]::panicking::default_hook::{closure#0}
[INFO] [stdout]    4:     0x56954a6c0c39 - std[617be2ca0a6fd877]::panicking::default_hook
[INFO] [stdout]    5:     0x56954a440d60 - test[aada8e7e76ba119b]::test_main_inner::{closure#0}
[INFO] [stdout]    6:     0x56954a6c0f62 - std[617be2ca0a6fd877]::panicking::panic_with_hook
[INFO] [stdout]    7:     0x56954a6a3ce2 - std[617be2ca0a6fd877]::panicking::panic_handler::{closure#0}
[INFO] [stdout]    8:     0x56954a69c8a9 - std[617be2ca0a6fd877]::sys::backtrace::__rust_end_short_backtrace::<std[617be2ca0a6fd877]::panicking::panic_handler::{closure#0}, !>
[INFO] [stdout]    9:     0x56954a6a48ed - __rustc[ea4f61d10b84890b]::rust_begin_unwind
[INFO] [stdout]   10:     0x56954a6dfebc - core[a373ad73a504971]::panicking::panic_fmt
[INFO] [stdout]   11:     0x56954a6dfc92 - core[a373ad73a504971]::result::unwrap_failed
[INFO] [stdout]   12:     0x56954a3f142a - store_tests[78abf4ba00fa5402]::sqlite_url
[INFO] [stdout]   13:     0x56954a3e0093 - store_tests[78abf4ba00fa5402]::test_future_schema_version_is_refused::{closure#0}
[INFO] [stdout]   14:     0x56954a424f6b - <tokio[7d739bec6c475513]::runtime::runtime::Runtime>::block_on::<core[a373ad73a504971]::pin::Pin<&mut dyn core[a373ad73a504971]::future::future::Future<Output = ()>>>
[INFO] [stdout]   15:     0x56954a3f259e - <store_tests[78abf4ba00fa5402]::test_future_schema_version_is_refused::{closure#0} as core[a373ad73a504971]::ops::function::FnOnce<()>>::call_once
[INFO] [stdout]   16:     0x56954a4341ab - test[aada8e7e76ba119b]::__rust_begin_short_backtrace::<core[a373ad73a504971]::result::Result<(), alloc[2e1b2a31b91974c5]::string::String>, fn() -> core[a373ad73a504971]::result::Result<(), alloc[2e1b2a31b91974c5]::string::String>>
[INFO] [stdout]   17:     0x56954a441385 - test[aada8e7e76ba119b]::run_test::{closure#0}
[INFO] [stdout]   18:     0x56954a43ac74 - std[617be2ca0a6fd877]::sys::backtrace::__rust_begin_short_backtrace::<test[aada8e7e76ba119b]::run_test::{closure#1}, ()>
[INFO] [stdout]   19:     0x56954a444412 - <std[617be2ca0a6fd877]::thread::lifecycle::spawn_unchecked<test[aada8e7e76ba119b]::run_test::{closure#1}, ()>::{closure#1} as core[a373ad73a504971]::ops::function::FnOnce<()>>::call_once::{shim:vtable#0}
[INFO] [stdout]   20:     0x56954a6c823f - <std[617be2ca0a6fd877]::sys::thread::unix::Thread>::new::thread_start
[INFO] [stdout]   21:     0x76d054735dfa - <unknown>
[INFO] [stdout]   22:     0x76d0547c93d4 - clone
[INFO] [stdout]   23:                0x0 - <unknown>
[INFO] [stdout] 
[INFO] [stdout] ---- test_max_age_evicts_expired_flows_only stdout ----
[INFO] [stdout] 
[INFO] [stdout] thread 'test_max_age_evicts_expired_flows_only' (2860) panicked at tests/store_tests.rs:19:38:
[INFO] [stdout] create test db dir: Os { code: 30, kind: ReadOnlyFilesystem, message: "Read-only file system" }
[INFO] [stdout] stack backtrace:
[INFO] [stdout]    0:     0x56954a6c8a21 - <<std[617be2ca0a6fd877]::sys::backtrace::BacktraceLock>::print::DisplayBacktrace as core[a373ad73a504971]::fmt::Display>::fmt
[INFO] [stdout]    1:     0x56954a6df75a - core[a373ad73a504971]::fmt::write
[INFO] [stdout]    2:     0x56954a6cceac - <alloc[2e1b2a31b91974c5]::vec::Vec<u8> as core[a373ad73a504971]::io::write::Write>::write_fmt
[INFO] [stdout]    3:     0x56954a6a3c36 - std[617be2ca0a6fd877]::panicking::default_hook::{closure#0}
[INFO] [stdout]    4:     0x56954a6c0c39 - std[617be2ca0a6fd877]::panicking::default_hook
[INFO] [stdout]    5:     0x56954a440d60 - test[aada8e7e76ba119b]::test_main_inner::{closure#0}
[INFO] [stdout]    6:     0x56954a6c0f62 - std[617be2ca0a6fd877]::panicking::panic_with_hook
[INFO] [stdout]    7:     0x56954a6a3ce2 - std[617be2ca0a6fd877]::panicking::panic_handler::{closure#0}
[INFO] [stdout]    8:     0x56954a69c8a9 - std[617be2ca0a6fd877]::sys::backtrace::__rust_end_short_backtrace::<std[617be2ca0a6fd877]::panicking::panic_handler::{closure#0}, !>
[INFO] [stdout]    9:     0x56954a6a48ed - __rustc[ea4f61d10b84890b]::rust_begin_unwind
[INFO] [stdout]   10:     0x56954a6dfebc - core[a373ad73a504971]::panicking::panic_fmt
[INFO] [stdout]   11:     0x56954a6dfc92 - core[a373ad73a504971]::result::unwrap_failed
[INFO] [stdout]   12:     0x56954a3f142a - store_tests[78abf4ba00fa5402]::sqlite_url
[INFO] [stdout]   13:     0x56954a3e1184 - store_tests[78abf4ba00fa5402]::test_max_age_evicts_expired_flows_only::{closure#0}
[INFO] [stdout]   14:     0x56954a424f6b - <tokio[7d739bec6c475513]::runtime::runtime::Runtime>::block_on::<core[a373ad73a504971]::pin::Pin<&mut dyn core[a373ad73a504971]::future::future::Future<Output = ()>>>
[INFO] [stdout]   15:     0x56954a3f285e - <store_tests[78abf4ba00fa5402]::test_max_age_evicts_expired_flows_only::{closure#0} as core[a373ad73a504971]::ops::function::FnOnce<()>>::call_once
[INFO] [stdout]   16:     0x56954a4341ab - test[aada8e7e76ba119b]::__rust_begin_short_backtrace::<core[a373ad73a504971]::result::Result<(), alloc[2e1b2a31b91974c5]::string::String>, fn() -> core[a373ad73a504971]::result::Result<(), alloc[2e1b2a31b91974c5]::string::String>>
[INFO] [stdout]   17:     0x56954a441385 - test[aada8e7e76ba119b]::run_test::{closure#0}
[INFO] [stdout]   18:     0x56954a43ac74 - std[617be2ca0a6fd877]::sys::backtrace::__rust_begin_short_backtrace::<test[aada8e7e76ba119b]::run_test::{closure#1}, ()>
[INFO] [stdout]   19:     0x56954a444412 - <std[617be2ca0a6fd877]::thread::lifecycle::spawn_unchecked<test[aada8e7e76ba119b]::run_test::{closure#1}, ()>::{closure#1} as core[a373ad73a504971]::ops::function::FnOnce<()>>::call_once::{shim:vtable#0}
[INFO] [stdout]   20:     0x56954a6c823f - <std[617be2ca0a6fd877]::sys::thread::unix::Thread>::new::thread_start
[INFO] [stdout]   21:     0x76d054735dfa - <unknown>
[INFO] [stdout]   22:     0x76d0547c93d4 - clone
[INFO] [stdout]   23:                0x0 - <unknown>
[INFO] [stdout] 
[INFO] [stdout] ---- test_delete_rule_nonexistent_is_idempotent stdout ----
[INFO] [stdout] 
[INFO] [stdout] thread 'test_delete_rule_nonexistent_is_idempotent' (2855) panicked at tests/store_tests.rs:19:38:
[INFO] [stdout] create test db dir: Os { code: 30, kind: ReadOnlyFilesystem, message: "Read-only file system" }
[INFO] [stdout] stack backtrace:
[INFO] [stdout]    0:     0x56954a6c8a21 - <<std[617be2ca0a6fd877]::sys::backtrace::BacktraceLock>::print::DisplayBacktrace as core[a373ad73a504971]::fmt::Display>::fmt
[INFO] [stdout]    1:     0x56954a6df75a - core[a373ad73a504971]::fmt::write
[INFO] [stdout]    2:     0x56954a6cceac - <alloc[2e1b2a31b91974c5]::vec::Vec<u8> as core[a373ad73a504971]::io::write::Write>::write_fmt
[INFO] [stdout]    3:     0x56954a6a3c36 - std[617be2ca0a6fd877]::panicking::default_hook::{closure#0}
[INFO] [stdout]    4:     0x56954a6c0c39 - std[617be2ca0a6fd877]::panicking::default_hook
[INFO] [stdout]    5:     0x56954a440d60 - test[aada8e7e76ba119b]::test_main_inner::{closure#0}
[INFO] [stdout]    6:     0x56954a6c0f62 - std[617be2ca0a6fd877]::panicking::panic_with_hook
[INFO] [stdout]    7:     0x56954a6a3ce2 - std[617be2ca0a6fd877]::panicking::panic_handler::{closure#0}
[INFO] [stdout]    8:     0x56954a69c8a9 - std[617be2ca0a6fd877]::sys::backtrace::__rust_end_short_backtrace::<std[617be2ca0a6fd877]::panicking::panic_handler::{closure#0}, !>
[INFO] [stdout]    9:     0x56954a6a48ed - __rustc[ea4f61d10b84890b]::rust_begin_unwind
[INFO] [stdout]   10:     0x56954a6dfebc - core[a373ad73a504971]::panicking::panic_fmt
[INFO] [stdout]   11:     0x56954a6dfc92 - core[a373ad73a504971]::result::unwrap_failed
[INFO] [stdout]   12:     0x56954a3f142a - store_tests[78abf4ba00fa5402]::sqlite_url
[INFO] [stdout]   13:     0x56954a3e1994 - store_tests[78abf4ba00fa5402]::test_delete_rule_nonexistent_is_idempotent::{closure#0}
[INFO] [stdout]   14:     0x56954a424f6b - <tokio[7d739bec6c475513]::runtime::runtime::Runtime>::block_on::<core[a373ad73a504971]::pin::Pin<&mut dyn core[a373ad73a504971]::future::future::Future<Output = ()>>>
[INFO] [stdout]   15:     0x56954a3f29be - <store_tests[78abf4ba00fa5402]::test_delete_rule_nonexistent_is_idempotent::{closure#0} as core[a373ad73a504971]::ops::function::FnOnce<()>>::call_once
[INFO] [stdout]   16:     0x56954a4341ab - test[aada8e7e76ba119b]::__rust_begin_short_backtrace::<core[a373ad73a504971]::result::Result<(), alloc[2e1b2a31b91974c5]::string::String>, fn() -> core[a373ad73a504971]::result::Result<(), alloc[2e1b2a31b91974c5]::string::String>>
[INFO] [stdout]   17:     0x56954a441385 - test[aada8e7e76ba119b]::run_test::{closure#0}
[INFO] [stdout]   18:     0x56954a43ac74 - std[617be2ca0a6fd877]::sys::backtrace::__rust_begin_short_backtrace::<test[aada8e7e76ba119b]::run_test::{closure#1}, ()>
[INFO] [stdout]   19:     0x56954a444412 - <std[617be2ca0a6fd877]::thread::lifecycle::spawn_unchecked<test[aada8e7e76ba119b]::run_test::{closure#1}, ()>::{closure#1} as core[a373ad73a504971]::ops::function::FnOnce<()>>::call_once::{shim:vtable#0}
[INFO] [stdout]   20:     0x56954a6c823f - <std[617be2ca0a6fd877]::sys::thread::unix::Thread>::new::thread_start
[INFO] [stdout]   21:     0x76d054735dfa - <unknown>
[INFO] [stdout]   22:     0x76d0547c93d4 - clone
[INFO] [stdout]   23:                0x0 - <unknown>
[INFO] [stdout] 
[INFO] [stdout] ---- test_concurrent_save_flow_same_id_only_one_succeeds stdout ----
[INFO] [stdout] 
[INFO] [stdout] thread 'test_concurrent_save_flow_same_id_only_one_succeeds' (2853) panicked at tests/store_tests.rs:19:38:
[INFO] [stdout] create test db dir: Os { code: 30, kind: ReadOnlyFilesystem, message: "Read-only file system" }
[INFO] [stdout] stack backtrace:
[INFO] [stdout]    0:     0x56954a6c8a21 - <<std[617be2ca0a6fd877]::sys::backtrace::BacktraceLock>::print::DisplayBacktrace as core[a373ad73a504971]::fmt::Display>::fmt
[INFO] [stdout]    1:     0x56954a6df75a - core[a373ad73a504971]::fmt::write
[INFO] [stdout]    2:     0x56954a6cceac - <alloc[2e1b2a31b91974c5]::vec::Vec<u8> as core[a373ad73a504971]::io::write::Write>::write_fmt
[INFO] [stdout]    3:     0x56954a6a3c36 - std[617be2ca0a6fd877]::panicking::default_hook::{closure#0}
[INFO] [stdout]    4:     0x56954a6c0c39 - std[617be2ca0a6fd877]::panicking::default_hook
[INFO] [stdout]    5:     0x56954a440d60 - test[aada8e7e76ba119b]::test_main_inner::{closure#0}
[INFO] [stdout]    6:     0x56954a6c0f62 - std[617be2ca0a6fd877]::panicking::panic_with_hook
[INFO] [stdout]    7:     0x56954a6a3ce2 - std[617be2ca0a6fd877]::panicking::panic_handler::{closure#0}
[INFO] [stdout]    8:     0x56954a69c8a9 - std[617be2ca0a6fd877]::sys::backtrace::__rust_end_short_backtrace::<std[617be2ca0a6fd877]::panicking::panic_handler::{closure#0}, !>
[INFO] [stdout]    9:     0x56954a6a48ed - __rustc[ea4f61d10b84890b]::rust_begin_unwind
[INFO] [stdout]   10:     0x56954a6dfebc - core[a373ad73a504971]::panicking::panic_fmt
[INFO] [stdout]   11:     0x56954a6dfc92 - core[a373ad73a504971]::result::unwrap_failed
[INFO] [stdout]   12:     0x56954a3f142a - store_tests[78abf4ba00fa5402]::sqlite_url
[INFO] [stdout]   13:     0x56954a3e6ba8 - store_tests[78abf4ba00fa5402]::test_concurrent_save_flow_same_id_only_one_succeeds::{closure#0}
[INFO] [stdout]   14:     0x56954a424f6b - <tokio[7d739bec6c475513]::runtime::runtime::Runtime>::block_on::<core[a373ad73a504971]::pin::Pin<&mut dyn core[a373ad73a504971]::future::future::Future<Output = ()>>>
[INFO] [stdout]   15:     0x56954a3f31fe - <store_tests[78abf4ba00fa5402]::test_concurrent_save_flow_same_id_only_one_succeeds::{closure#0} as core[a373ad73a504971]::ops::function::FnOnce<()>>::call_once
[INFO] [stdout]   16:     0x56954a4341ab - test[aada8e7e76ba119b]::__rust_begin_short_backtrace::<core[a373ad73a504971]::result::Result<(), alloc[2e1b2a31b91974c5]::string::String>, fn() -> core[a373ad73a504971]::result::Result<(), alloc[2e1b2a31b91974c5]::string::String>>
[INFO] [stdout]   17:     0x56954a441385 - test[aada8e7e76ba119b]::run_test::{closure#0}
[INFO] [stdout]   18:     0x56954a43ac74 - std[617be2ca0a6fd877]::sys::backtrace::__rust_begin_short_backtrace::<test[aada8e7e76ba119b]::run_test::{closure#1}, ()>
[INFO] [stdout]   19:     0x56954a444412 - <std[617be2ca0a6fd877]::thread::lifecycle::spawn_unchecked<test[aada8e7e76ba119b]::run_test::{closure#1}, ()>::{closure#1} as core[a373ad73a504971]::ops::function::FnOnce<()>>::call_once::{shim:vtable#0}
[INFO] [stdout]   20:     0x56954a6c823f - <std[617be2ca0a6fd877]::sys::thread::unix::Thread>::new::thread_start
[INFO] [stdout]   21:     0x76d054735dfa - <unknown>
[INFO] [stdout]   22:     0x76d0547c93d4 - clone
[INFO] [stdout]   23:                0x0 - <unknown>
[INFO] [stdout] 
[INFO] [stdout] ---- test_max_flows_keeps_the_newest stdout ----
[INFO] [stdout] 
[INFO] [stdout] thread 'test_max_flows_keeps_the_newest' (2861) panicked at tests/store_tests.rs:19:38:
[INFO] [stdout] create test db dir: Os { code: 30, kind: ReadOnlyFilesystem, message: "Read-only file system" }
[INFO] [stdout] stack backtrace:
[INFO] [stdout]    0:     0x56954a6c8a21 - <<std[617be2ca0a6fd877]::sys::backtrace::BacktraceLock>::print::DisplayBacktrace as core[a373ad73a504971]::fmt::Display>::fmt
[INFO] [stdout]    1:     0x56954a6df75a - core[a373ad73a504971]::fmt::write
[INFO] [stdout]    2:     0x56954a6cceac - <alloc[2e1b2a31b91974c5]::vec::Vec<u8> as core[a373ad73a504971]::io::write::Write>::write_fmt
[INFO] [stdout]    3:     0x56954a6a3c36 - std[617be2ca0a6fd877]::panicking::default_hook::{closure#0}
[INFO] [stdout]    4:     0x56954a6c0c39 - std[617be2ca0a6fd877]::panicking::default_hook
[INFO] [stdout]    5:     0x56954a440d60 - test[aada8e7e76ba119b]::test_main_inner::{closure#0}
[INFO] [stdout]    6:     0x56954a6c0f62 - std[617be2ca0a6fd877]::panicking::panic_with_hook
[INFO] [stdout]    7:     0x56954a6a3ce2 - std[617be2ca0a6fd877]::panicking::panic_handler::{closure#0}
[INFO] [stdout]    8:     0x56954a69c8a9 - std[617be2ca0a6fd877]::sys::backtrace::__rust_end_short_backtrace::<std[617be2ca0a6fd877]::panicking::panic_handler::{closure#0}, !>
[INFO] [stdout]    9:     0x56954a6a48ed - __rustc[ea4f61d10b84890b]::rust_begin_unwind
[INFO] [stdout]   10:     0x56954a6dfebc - core[a373ad73a504971]::panicking::panic_fmt
[INFO] [stdout]   11:     0x56954a6dfc92 - core[a373ad73a504971]::result::unwrap_failed
[INFO] [stdout]   12:     0x56954a3f142a - store_tests[78abf4ba00fa5402]::sqlite_url
[INFO] [stdout]   13:     0x56954a3de564 - store_tests[78abf4ba00fa5402]::test_max_flows_keeps_the_newest::{closure#0}
[INFO] [stdout]   14:     0x56954a424f6b - <tokio[7d739bec6c475513]::runtime::runtime::Runtime>::block_on::<core[a373ad73a504971]::pin::Pin<&mut dyn core[a373ad73a504971]::future::future::Future<Output = ()>>>
[INFO] [stdout]   15:     0x56954a3f217e - <store_tests[78abf4ba00fa5402]::test_max_flows_keeps_the_newest::{closure#0} as core[a373ad73a504971]::ops::function::FnOnce<()>>::call_once
[INFO] [stdout]   16:     0x56954a4341ab - test[aada8e7e76ba119b]::__rust_begin_short_backtrace::<core[a373ad73a504971]::result::Result<(), alloc[2e1b2a31b91974c5]::string::String>, fn() -> core[a373ad73a504971]::result::Result<(), alloc[2e1b2a31b91974c5]::string::String>>
[INFO] [stdout]   17:     0x56954a441385 - test[aada8e7e76ba119b]::run_test::{closure#0}
[INFO] [stdout]   18:     0x56954a43ac74 - std[617be2ca0a6fd877]::sys::backtrace::__rust_begin_short_backtrace::<test[aada8e7e76ba119b]::run_test::{closure#1}, ()>
[INFO] [stdout]   19:     0x56954a444412 - <std[617be2ca0a6fd877]::thread::lifecycle::spawn_unchecked<test[aada8e7e76ba119b]::run_test::{closure#1}, ()>::{closure#1} as core[a373ad73a504971]::ops::function::FnOnce<()>>::call_once::{shim:vtable#0}
[INFO] [stdout]   20:     0x56954a6c823f - <std[617be2ca0a6fd877]::sys::thread::unix::Thread>::new::thread_start
[INFO] [stdout]   21:     0x76d054735dfa - <unknown>
[INFO] [stdout]   22:     0x76d0547c93d4 - clone
[INFO] [stdout]   23:                0x0 - <unknown>
[INFO] [stdout] 
[INFO] [stdout] ---- test_migration_is_idempotent stdout ----
[INFO] [stdout] 
[INFO] [stdout] thread 'test_migration_is_idempotent' (2862) panicked at tests/store_tests.rs:19:38:
[INFO] [stdout] create test db dir: Os { code: 30, kind: ReadOnlyFilesystem, message: "Read-only file system" }
[INFO] [stdout] stack backtrace:
[INFO] [stdout]    0:     0x56954a6c8a21 - <<std[617be2ca0a6fd877]::sys::backtrace::BacktraceLock>::print::DisplayBacktrace as core[a373ad73a504971]::fmt::Display>::fmt
[INFO] [stdout]    1:     0x56954a6df75a - core[a373ad73a504971]::fmt::write
[INFO] [stdout]    2:     0x56954a6cceac - <alloc[2e1b2a31b91974c5]::vec::Vec<u8> as core[a373ad73a504971]::io::write::Write>::write_fmt
[INFO] [stdout]    3:     0x56954a6a3c36 - std[617be2ca0a6fd877]::panicking::default_hook::{closure#0}
[INFO] [stdout]    4:     0x56954a6c0c39 - std[617be2ca0a6fd877]::panicking::default_hook
[INFO] [stdout]    5:     0x56954a440d60 - test[aada8e7e76ba119b]::test_main_inner::{closure#0}
[INFO] [stdout]    6:     0x56954a6c0f62 - std[617be2ca0a6fd877]::panicking::panic_with_hook
[INFO] [stdout]    7:     0x56954a6a3ce2 - std[617be2ca0a6fd877]::panicking::panic_handler::{closure#0}
[INFO] [stdout]    8:     0x56954a69c8a9 - std[617be2ca0a6fd877]::sys::backtrace::__rust_end_short_backtrace::<std[617be2ca0a6fd877]::panicking::panic_handler::{closure#0}, !>
[INFO] [stdout]    9:     0x56954a6a48ed - __rustc[ea4f61d10b84890b]::rust_begin_unwind
[INFO] [stdout]   10:     0x56954a6dfebc - core[a373ad73a504971]::panicking::panic_fmt
[INFO] [stdout]   11:     0x56954a6dfc92 - core[a373ad73a504971]::result::unwrap_failed
[INFO] [stdout]   12:     0x56954a3f142a - store_tests[78abf4ba00fa5402]::sqlite_url
[INFO] [stdout]   13:     0x56954a3dded4 - store_tests[78abf4ba00fa5402]::test_migration_is_idempotent::{closure#0}
[INFO] [stdout]   14:     0x56954a424f6b - <tokio[7d739bec6c475513]::runtime::runtime::Runtime>::block_on::<core[a373ad73a504971]::pin::Pin<&mut dyn core[a373ad73a504971]::future::future::Future<Output = ()>>>
[INFO] [stdout]   15:     0x56954a3f201e - <store_tests[78abf4ba00fa5402]::test_migration_is_idempotent::{closure#0} as core[a373ad73a504971]::ops::function::FnOnce<()>>::call_once
[INFO] [stdout]   16:     0x56954a4341ab - test[aada8e7e76ba119b]::__rust_begin_short_backtrace::<core[a373ad73a504971]::result::Result<(), alloc[2e1b2a31b91974c5]::string::String>, fn() -> core[a373ad73a504971]::result::Result<(), alloc[2e1b2a31b91974c5]::string::String>>
[INFO] [stdout]   17:     0x56954a441385 - test[aada8e7e76ba119b]::run_test::{closure#0}
[INFO] [stdout]   18:     0x56954a43ac74 - std[617be2ca0a6fd877]::sys::backtrace::__rust_begin_short_backtrace::<test[aada8e7e76ba119b]::run_test::{closure#1}, ()>
[INFO] [stdout]   19:     0x56954a444412 - <std[617be2ca0a6fd877]::thread::lifecycle::spawn_unchecked<test[aada8e7e76ba119b]::run_test::{closure#1}, ()>::{closure#1} as core[a373ad73a504971]::ops::function::FnOnce<()>>::call_once::{shim:vtable#0}
[INFO] [stdout]   20:     0x56954a6c823f - <std[617be2ca0a6fd877]::sys::thread::unix::Thread>::new::thread_start
[INFO] [stdout]   21:     0x76d054735dfa - <unknown>
[INFO] [stdout]   22:     0x76d0547c93d4 - clone
[INFO] [stdout]   23:                0x0 - <unknown>
[INFO] [stdout] 
[INFO] [stdout] ---- test_rule_crud_and_replace stdout ----
[INFO] [stdout] 
[INFO] [stdout] thread 'test_rule_crud_and_replace' (2865) panicked at tests/store_tests.rs:19:38:
[INFO] [stdout] create test db dir: Os { code: 30, kind: ReadOnlyFilesystem, message: "Read-only file system" }
[INFO] [stdout] stack backtrace:
[INFO] [stdout]    0:     0x56954a6c8a21 - <<std[617be2ca0a6fd877]::sys::backtrace::BacktraceLock>::print::DisplayBacktrace as core[a373ad73a504971]::fmt::Display>::fmt
[INFO] [stdout]    1:     0x56954a6df75a - core[a373ad73a504971]::fmt::write
[INFO] [stdout]    2:     0x56954a6cceac - <alloc[2e1b2a31b91974c5]::vec::Vec<u8> as core[a373ad73a504971]::io::write::Write>::write_fmt
[INFO] [stdout]    3:     0x56954a6a3c36 - std[617be2ca0a6fd877]::panicking::default_hook::{closure#0}
[INFO] [stdout]    4:     0x56954a6c0c39 - std[617be2ca0a6fd877]::panicking::default_hook
[INFO] [stdout]    5:     0x56954a440d60 - test[aada8e7e76ba119b]::test_main_inner::{closure#0}
[INFO] [stdout]    6:     0x56954a6c0f62 - std[617be2ca0a6fd877]::panicking::panic_with_hook
[INFO] [stdout]    7:     0x56954a6a3ce2 - std[617be2ca0a6fd877]::panicking::panic_handler::{closure#0}
[INFO] [stdout]    8:     0x56954a69c8a9 - std[617be2ca0a6fd877]::sys::backtrace::__rust_end_short_backtrace::<std[617be2ca0a6fd877]::panicking::panic_handler::{closure#0}, !>
[INFO] [stdout]    9:     0x56954a6a48ed - __rustc[ea4f61d10b84890b]::rust_begin_unwind
[INFO] [stdout]   10:     0x56954a6dfebc - core[a373ad73a504971]::panicking::panic_fmt
[INFO] [stdout]   11:     0x56954a6dfc92 - core[a373ad73a504971]::result::unwrap_failed
[INFO] [stdout]   12:     0x56954a3f142a - store_tests[78abf4ba00fa5402]::sqlite_url
[INFO] [stdout]   13:     0x56954a3dbd74 - store_tests[78abf4ba00fa5402]::test_rule_crud_and_replace::{closure#0}
[INFO] [stdout]   14:     0x56954a424f6b - <tokio[7d739bec6c475513]::runtime::runtime::Runtime>::block_on::<core[a373ad73a504971]::pin::Pin<&mut dyn core[a373ad73a504971]::future::future::Future<Output = ()>>>
[INFO] [stdout]   15:     0x56954a3f1d5e - <store_tests[78abf4ba00fa5402]::test_rule_crud_and_replace::{closure#0} as core[a373ad73a504971]::ops::function::FnOnce<()>>::call_once
[INFO] [stdout]   16:     0x56954a4341ab - test[aada8e7e76ba119b]::__rust_begin_short_backtrace::<core[a373ad73a504971]::result::Result<(), alloc[2e1b2a31b91974c5]::string::String>, fn() -> core[a373ad73a504971]::result::Result<(), alloc[2e1b2a31b91974c5]::string::String>>
[INFO] [stdout]   17:     0x56954a441385 - test[aada8e7e76ba119b]::run_test::{closure#0}
[INFO] [stdout]   18:     0x56954a43ac74 - std[617be2ca0a6fd877]::sys::backtrace::__rust_begin_short_backtrace::<test[aada8e7e76ba119b]::run_test::{closure#1}, ()>
[INFO] [stdout]   19:     0x56954a444412 - <std[617be2ca0a6fd877]::thread::lifecycle::spawn_unchecked<test[aada8e7e76ba119b]::run_test::{closure#1}, ()>::{closure#1} as core[a373ad73a504971]::ops::function::FnOnce<()>>::call_once::{shim:vtable#0}
[INFO] [stdout]   20:     0x56954a6c823f - <std[617be2ca0a6fd877]::sys::thread::unix::Thread>::new::thread_start
[INFO] [stdout]   21:     0x76d054735dfa - <unknown>
[INFO] [stdout]   22:     0x76d0547c93d4 - clone
[INFO] [stdout]   23:                0x0 - <unknown>
[INFO] [stdout] 
[INFO] [stdout] ---- test_concurrent_upsert_same_rule_id_keeps_single_record stdout ----
[INFO] [stdout] 
[INFO] [stdout] thread 'test_concurrent_upsert_same_rule_id_keeps_single_record' (2854) panicked at tests/store_tests.rs:19:38:
[INFO] [stdout] create test db dir: Os { code: 30, kind: ReadOnlyFilesystem, message: "Read-only file system" }
[INFO] [stdout] stack backtrace:
[INFO] [stdout]    0:     0x56954a6c8a21 - <<std[617be2ca0a6fd877]::sys::backtrace::BacktraceLock>::print::DisplayBacktrace as core[a373ad73a504971]::fmt::Display>::fmt
[INFO] [stdout]    1:     0x56954a6df75a - core[a373ad73a504971]::fmt::write
[INFO] [stdout]    2:     0x56954a6cceac - <alloc[2e1b2a31b91974c5]::vec::Vec<u8> as core[a373ad73a504971]::io::write::Write>::write_fmt
[INFO] [stdout]    3:     0x56954a6a3c36 - std[617be2ca0a6fd877]::panicking::default_hook::{closure#0}
[INFO] [stdout]    4:     0x56954a6c0c39 - std[617be2ca0a6fd877]::panicking::default_hook
[INFO] [stdout]    5:     0x56954a440d60 - test[aada8e7e76ba119b]::test_main_inner::{closure#0}
[INFO] [stdout]    6:     0x56954a6c0f62 - std[617be2ca0a6fd877]::panicking::panic_with_hook
[INFO] [stdout]    7:     0x56954a6a3ce2 - std[617be2ca0a6fd877]::panicking::panic_handler::{closure#0}
[INFO] [stdout]    8:     0x56954a69c8a9 - std[617be2ca0a6fd877]::sys::backtrace::__rust_end_short_backtrace::<std[617be2ca0a6fd877]::panicking::panic_handler::{closure#0}, !>
[INFO] [stdout]    9:     0x56954a6a48ed - __rustc[ea4f61d10b84890b]::rust_begin_unwind
[INFO] [stdout]   10:     0x56954a6dfebc - core[a373ad73a504971]::panicking::panic_fmt
[INFO] [stdout]   11:     0x56954a6dfc92 - core[a373ad73a504971]::result::unwrap_failed
[INFO] [stdout]   12:     0x56954a3f142a - store_tests[78abf4ba00fa5402]::sqlite_url
[INFO] [stdout]   13:     0x56954a3e9218 - store_tests[78abf4ba00fa5402]::test_concurrent_upsert_same_rule_id_keeps_single_record::{closure#0}
[INFO] [stdout]   14:     0x56954a424f6b - <tokio[7d739bec6c475513]::runtime::runtime::Runtime>::block_on::<core[a373ad73a504971]::pin::Pin<&mut dyn core[a373ad73a504971]::future::future::Future<Output = ()>>>
[INFO] [stdout]   15:     0x56954a3f377e - <store_tests[78abf4ba00fa5402]::test_concurrent_upsert_same_rule_id_keeps_single_record::{closure#0} as core[a373ad73a504971]::ops::function::FnOnce<()>>::call_once
[INFO] [stdout]   16:     0x56954a4341ab - test[aada8e7e76ba119b]::__rust_begin_short_backtrace::<core[a373ad73a504971]::result::Result<(), alloc[2e1b2a31b91974c5]::string::String>, fn() -> core[a373ad73a504971]::result::Result<(), alloc[2e1b2a31b91974c5]::string::String>>
[INFO] [stdout]   17:     0x56954a441385 - test[aada8e7e76ba119b]::run_test::{closure#0}
[INFO] [stdout]   18:     0x56954a43ac74 - std[617be2ca0a6fd877]::sys::backtrace::__rust_begin_short_backtrace::<test[aada8e7e76ba119b]::run_test::{closure#1}, ()>
[INFO] [stdout]   19:     0x56954a444412 - <std[617be2ca0a6fd877]::thread::lifecycle::spawn_unchecked<test[aada8e7e76ba119b]::run_test::{closure#1}, ()>::{closure#1} as core[a373ad73a504971]::ops::function::FnOnce<()>>::call_once::{shim:vtable#0}
[INFO] [stdout]   20:     0x56954a6c823f - <std[617be2ca0a6fd877]::sys::thread::unix::Thread>::new::thread_start
[INFO] [stdout]   21:     0x76d054735dfa - <unknown>
[INFO] [stdout]   22:     0x76d0547c93d4 - clone
[INFO] [stdout]   23:                0x0 - <unknown>
[INFO] [stdout] 
[INFO] [stdout] ---- test_flow_upsert_and_load_roundtrip stdout ----
[INFO] [stdout] 
[INFO] [stdout] thread 'test_flow_upsert_and_load_roundtrip' (2857) panicked at tests/store_tests.rs:19:38:
[INFO] [stdout] create test db dir: Os { code: 30, kind: ReadOnlyFilesystem, message: "Read-only file system" }
[INFO] [stdout] stack backtrace:
[INFO] [stdout]    0:     0x56954a6c8a21 - <<std[617be2ca0a6fd877]::sys::backtrace::BacktraceLock>::print::DisplayBacktrace as core[a373ad73a504971]::fmt::Display>::fmt
[INFO] [stdout]    1:     0x56954a6df75a - core[a373ad73a504971]::fmt::write
[INFO] [stdout]    2:     0x56954a6cceac - <alloc[2e1b2a31b91974c5]::vec::Vec<u8> as core[a373ad73a504971]::io::write::Write>::write_fmt
[INFO] [stdout]    3:     0x56954a6a3c36 - std[617be2ca0a6fd877]::panicking::default_hook::{closure#0}
[INFO] [stdout]    4:     0x56954a6c0c39 - std[617be2ca0a6fd877]::panicking::default_hook
[INFO] [stdout]    5:     0x56954a440d60 - test[aada8e7e76ba119b]::test_main_inner::{closure#0}
[INFO] [stdout]    6:     0x56954a6c0f62 - std[617be2ca0a6fd877]::panicking::panic_with_hook
[INFO] [stdout]    7:     0x56954a6a3ce2 - std[617be2ca0a6fd877]::panicking::panic_handler::{closure#0}
[INFO] [stdout]    8:     0x56954a69c8a9 - std[617be2ca0a6fd877]::sys::backtrace::__rust_end_short_backtrace::<std[617be2ca0a6fd877]::panicking::panic_handler::{closure#0}, !>
[INFO] [stdout]    9:     0x56954a6a48ed - __rustc[ea4f61d10b84890b]::rust_begin_unwind
[INFO] [stdout]   10:     0x56954a6dfebc - core[a373ad73a504971]::panicking::panic_fmt
[INFO] [stdout]   11:     0x56954a6dfc92 - core[a373ad73a504971]::result::unwrap_failed
[INFO] [stdout]   12:     0x56954a3f142a - store_tests[78abf4ba00fa5402]::sqlite_url
[INFO] [stdout]   13:     0x56954a3df614 - store_tests[78abf4ba00fa5402]::test_flow_upsert_and_load_roundtrip::{closure#0}
[INFO] [stdout]   14:     0x56954a424f6b - <tokio[7d739bec6c475513]::runtime::runtime::Runtime>::block_on::<core[a373ad73a504971]::pin::Pin<&mut dyn core[a373ad73a504971]::future::future::Future<Output = ()>>>
[INFO] [stdout]   15:     0x56954a3f243e - <store_tests[78abf4ba00fa5402]::test_flow_upsert_and_load_roundtrip::{closure#0} as core[a373ad73a504971]::ops::function::FnOnce<()>>::call_once
[INFO] [stdout]   16:     0x56954a4341ab - test[aada8e7e76ba119b]::__rust_begin_short_backtrace::<core[a373ad73a504971]::result::Result<(), alloc[2e1b2a31b91974c5]::string::String>, fn() -> core[a373ad73a504971]::result::Result<(), alloc[2e1b2a31b91974c5]::string::String>>
[INFO] [stdout]   17:     0x56954a441385 - test[aada8e7e76ba119b]::run_test::{closure#0}
[INFO] [stdout]   18:     0x56954a43ac74 - std[617be2ca0a6fd877]::sys::backtrace::__rust_begin_short_backtrace::<test[aada8e7e76ba119b]::run_test::{closure#1}, ()>
[INFO] [stdout]   19:     0x56954a444412 - <std[617be2ca0a6fd877]::thread::lifecycle::spawn_unchecked<test[aada8e7e76ba119b]::run_test::{closure#1}, ()>::{closure#1} as core[a373ad73a504971]::ops::function::FnOnce<()>>::call_once::{shim:vtable#0}
[INFO] [stdout]   20:     0x56954a6c823f - <std[617be2ca0a6fd877]::sys::thread::unix::Thread>::new::thread_start
[INFO] [stdout]   21:     0x76d054735dfa - <unknown>
[INFO] [stdout]   22:     0x76d0547c93d4 - clone
[INFO] [stdout]   23:                0x0 - <unknown>
[INFO] [stdout] 
[INFO] [stdout] ---- test_replace_rules_with_empty_clears_table stdout ----
[INFO] [stdout] 
[INFO] [stdout] thread 'test_replace_rules_with_empty_clears_table' (2864) panicked at tests/store_tests.rs:19:38:
[INFO] [stdout] create test db dir: Os { code: 30, kind: ReadOnlyFilesystem, message: "Read-only file system" }
[INFO] [stdout] stack backtrace:
[INFO] [stdout]    0:     0x56954a6c8a21 - <<std[617be2ca0a6fd877]::sys::backtrace::BacktraceLock>::print::DisplayBacktrace as core[a373ad73a504971]::fmt::Display>::fmt
[INFO] [stdout]    1:     0x56954a6df75a - core[a373ad73a504971]::fmt::write
[INFO] [stdout]    2:     0x56954a6cceac - <alloc[2e1b2a31b91974c5]::vec::Vec<u8> as core[a373ad73a504971]::io::write::Write>::write_fmt
[INFO] [stdout]    3:     0x56954a6a3c36 - std[617be2ca0a6fd877]::panicking::default_hook::{closure#0}
[INFO] [stdout]    4:     0x56954a6c0c39 - std[617be2ca0a6fd877]::panicking::default_hook
[INFO] [stdout]    5:     0x56954a440d60 - test[aada8e7e76ba119b]::test_main_inner::{closure#0}
[INFO] [stdout]    6:     0x56954a6c0f62 - std[617be2ca0a6fd877]::panicking::panic_with_hook
[INFO] [stdout]    7:     0x56954a6a3ce2 - std[617be2ca0a6fd877]::panicking::panic_handler::{closure#0}
[INFO] [stdout]    8:     0x56954a69c8a9 - std[617be2ca0a6fd877]::sys::backtrace::__rust_end_short_backtrace::<std[617be2ca0a6fd877]::panicking::panic_handler::{closure#0}, !>
[INFO] [stdout]    9:     0x56954a6a48ed - __rustc[ea4f61d10b84890b]::rust_begin_unwind
[INFO] [stdout]   10:     0x56954a6dfebc - core[a373ad73a504971]::panicking::panic_fmt
[INFO] [stdout]   11:     0x56954a6dfc92 - core[a373ad73a504971]::result::unwrap_failed
[INFO] [stdout]   12:     0x56954a3f142a - store_tests[78abf4ba00fa5402]::sqlite_url
[INFO] [stdout]   13:     0x56954a3e1e34 - store_tests[78abf4ba00fa5402]::test_replace_rules_with_empty_clears_table::{closure#0}
[INFO] [stdout]   14:     0x56954a424f6b - <tokio[7d739bec6c475513]::runtime::runtime::Runtime>::block_on::<core[a373ad73a504971]::pin::Pin<&mut dyn core[a373ad73a504971]::future::future::Future<Output = ()>>>
[INFO] [stdout]   15:     0x56954a3f2b1e - <store_tests[78abf4ba00fa5402]::test_replace_rules_with_empty_clears_table::{closure#0} as core[a373ad73a504971]::ops::function::FnOnce<()>>::call_once
[INFO] [stdout]   16:     0x56954a4341ab - test[aada8e7e76ba119b]::__rust_begin_short_backtrace::<core[a373ad73a504971]::result::Result<(), alloc[2e1b2a31b91974c5]::string::String>, fn() -> core[a373ad73a504971]::result::Result<(), alloc[2e1b2a31b91974c5]::string::String>>
[INFO] [stdout]   17:     0x56954a441385 - test[aada8e7e76ba119b]::run_test::{closure#0}
[INFO] [stdout]   18:     0x56954a43ac74 - std[617be2ca0a6fd877]::sys::backtrace::__rust_begin_short_backtrace::<test[aada8e7e76ba119b]::run_test::{closure#1}, ()>
[INFO] [stdout]   19:     0x56954a444412 - <std[617be2ca0a6fd877]::thread::lifecycle::spawn_unchecked<test[aada8e7e76ba119b]::run_test::{closure#1}, ()>::{closure#1} as core[a373ad73a504971]::ops::function::FnOnce<()>>::call_once::{shim:vtable#0}
[INFO] [stdout]   20:     0x56954a6c823f - <std[617be2ca0a6fd877]::sys::thread::unix::Thread>::new::thread_start
[INFO] [stdout]   21:     0x76d054735dfa - <unknown>
[INFO] [stdout]   22:     0x76d0547c93d4 - clone
[INFO] [stdout]   23:                0x0 - <unknown>
[INFO] [stdout] 
[INFO] [stdout] ---- test_replace_rules_failure_rolls_back_previous_data stdout ----
[INFO] [stdout] 
[INFO] [stdout] thread 'test_replace_rules_failure_rolls_back_previous_data' (2863) panicked at tests/store_tests.rs:19:38:
[INFO] [stdout] create test db dir: Os { code: 30, kind: ReadOnlyFilesystem, message: "Read-only file system" }
[INFO] [stdout] stack backtrace:
[INFO] [stdout]    0:     0x56954a6c8a21 - <<std[617be2ca0a6fd877]::sys::backtrace::BacktraceLock>::print::DisplayBacktrace as core[a373ad73a504971]::fmt::Display>::fmt
[INFO] [stdout]    1:     0x56954a6df75a - core[a373ad73a504971]::fmt::write
[INFO] [stdout]    2:     0x56954a6cceac - <alloc[2e1b2a31b91974c5]::vec::Vec<u8> as core[a373ad73a504971]::io::write::Write>::write_fmt
[INFO] [stdout]    3:     0x56954a6a3c36 - std[617be2ca0a6fd877]::panicking::default_hook::{closure#0}
[INFO] [stdout]    4:     0x56954a6c0c39 - std[617be2ca0a6fd877]::panicking::default_hook
[INFO] [stdout]    5:     0x56954a440d60 - test[aada8e7e76ba119b]::test_main_inner::{closure#0}
[INFO] [stdout]    6:     0x56954a6c0f62 - std[617be2ca0a6fd877]::panicking::panic_with_hook
[INFO] [stdout]    7:     0x56954a6a3ce2 - std[617be2ca0a6fd877]::panicking::panic_handler::{closure#0}
[INFO] [stdout]    8:     0x56954a69c8a9 - std[617be2ca0a6fd877]::sys::backtrace::__rust_end_short_backtrace::<std[617be2ca0a6fd877]::panicking::panic_handler::{closure#0}, !>
[INFO] [stdout]    9:     0x56954a6a48ed - __rustc[ea4f61d10b84890b]::rust_begin_unwind
[INFO] [stdout]   10:     0x56954a6dfebc - core[a373ad73a504971]::panicking::panic_fmt
[INFO] [stdout]   11:     0x56954a6dfc92 - core[a373ad73a504971]::result::unwrap_failed
[INFO] [stdout]   12:     0x56954a3f142a - store_tests[78abf4ba00fa5402]::sqlite_url
[INFO] [stdout]   13:     0x56954a3e7584 - store_tests[78abf4ba00fa5402]::test_replace_rules_failure_rolls_back_previous_data::{closure#0}
[INFO] [stdout]   14:     0x56954a424f6b - <tokio[7d739bec6c475513]::runtime::runtime::Runtime>::block_on::<core[a373ad73a504971]::pin::Pin<&mut dyn core[a373ad73a504971]::future::future::Future<Output = ()>>>
[INFO] [stdout]   15:     0x56954a3f335e - <store_tests[78abf4ba00fa5402]::test_replace_rules_failure_rolls_back_previous_data::{closure#0} as core[a373ad73a504971]::ops::function::FnOnce<()>>::call_once
[INFO] [stdout]   16:     0x56954a4341ab - test[aada8e7e76ba119b]::__rust_begin_short_backtrace::<core[a373ad73a504971]::result::Result<(), alloc[2e1b2a31b91974c5]::string::String>, fn() -> core[a373ad73a504971]::result::Result<(), alloc[2e1b2a31b91974c5]::string::String>>
[INFO] [stdout]   17:     0x56954a441385 - test[aada8e7e76ba119b]::run_test::{closure#0}
[INFO] [stdout]   18:     0x56954a43ac74 - std[617be2ca0a6fd877]::sys::backtrace::__rust_begin_short_backtrace::<test[aada8e7e76ba119b]::run_test::{closure#1}, ()>
[INFO] [stdout]   19:     0x56954a444412 - <std[617be2ca0a6fd877]::thread::lifecycle::spawn_unchecked<test[aada8e7e76ba119b]::run_test::{closure#1}, ()>::{closure#1} as core[a373ad73a504971]::ops::function::FnOnce<()>>::call_once::{shim:vtable#0}
[INFO] [stdout]   20:     0x56954a6c823f - <std[617be2ca0a6fd877]::sys::thread::unix::Thread>::new::thread_start
[INFO] [stdout]   21:     0x76d054735dfa - <unknown>
[INFO] [stdout]   22:     0x76d0547c93d4 - clone
[INFO] [stdout]   23:                0x0 - <unknown>
[INFO] [stdout] 
[INFO] [stdout] ---- test_save_flow_conflict_behavior stdout ----
[INFO] [stdout] 
[INFO] [stdout] thread 'test_save_flow_conflict_behavior' (2866) panicked at tests/store_tests.rs:19:38:
[INFO] [stdout] create test db dir: Os { code: 30, kind: ReadOnlyFilesystem, message: "Read-only file system" }
[INFO] [stdout] stack backtrace:
[INFO] [stdout]    0:     0x56954a6c8a21 - <<std[617be2ca0a6fd877]::sys::backtrace::BacktraceLock>::print::DisplayBacktrace as core[a373ad73a504971]::fmt::Display>::fmt
[INFO] [stdout]    1:     0x56954a6df75a - core[a373ad73a504971]::fmt::write
[INFO] [stdout]    2:     0x56954a6cceac - <alloc[2e1b2a31b91974c5]::vec::Vec<u8> as core[a373ad73a504971]::io::write::Write>::write_fmt
[INFO] [stdout]    3:     0x56954a6a3c36 - std[617be2ca0a6fd877]::panicking::default_hook::{closure#0}
[INFO] [stdout]    4:     0x56954a6c0c39 - std[617be2ca0a6fd877]::panicking::default_hook
[INFO] [stdout]    5:     0x56954a440d60 - test[aada8e7e76ba119b]::test_main_inner::{closure#0}
[INFO] [stdout]    6:     0x56954a6c0f62 - std[617be2ca0a6fd877]::panicking::panic_with_hook
[INFO] [stdout]    7:     0x56954a6a3ce2 - std[617be2ca0a6fd877]::panicking::panic_handler::{closure#0}
[INFO] [stdout]    8:     0x56954a69c8a9 - std[617be2ca0a6fd877]::sys::backtrace::__rust_end_short_backtrace::<std[617be2ca0a6fd877]::panicking::panic_handler::{closure#0}, !>
[INFO] [stdout]    9:     0x56954a6a48ed - __rustc[ea4f61d10b84890b]::rust_begin_unwind
[INFO] [stdout]   10:     0x56954a6dfebc - core[a373ad73a504971]::panicking::panic_fmt
[INFO] [stdout]   11:     0x56954a6dfc92 - core[a373ad73a504971]::result::unwrap_failed
[INFO] [stdout]   12:     0x56954a3f142a - store_tests[78abf4ba00fa5402]::sqlite_url
[INFO] [stdout]   13:     0x56954a3dee84 - store_tests[78abf4ba00fa5402]::test_save_flow_conflict_behavior::{closure#0}
[INFO] [stdout]   14:     0x56954a424f6b - <tokio[7d739bec6c475513]::runtime::runtime::Runtime>::block_on::<core[a373ad73a504971]::pin::Pin<&mut dyn core[a373ad73a504971]::future::future::Future<Output = ()>>>
[INFO] [stdout]   15:     0x56954a3f22de - <store_tests[78abf4ba00fa5402]::test_save_flow_conflict_behavior::{closure#0} as core[a373ad73a504971]::ops::function::FnOnce<()>>::call_once
[INFO] [stdout]   16:     0x56954a4341ab - test[aada8e7e76ba119b]::__rust_begin_short_backtrace::<core[a373ad73a504971]::result::Result<(), alloc[2e1b2a31b91974c5]::string::String>, fn() -> core[a373ad73a504971]::result::Result<(), alloc[2e1b2a31b91974c5]::string::String>>
[INFO] [stdout]   17:     0x56954a441385 - test[aada8e7e76ba119b]::run_test::{closure#0}
[INFO] [stdout]   18:     0x56954a43ac74 - std[617be2ca0a6fd877]::sys::backtrace::__rust_begin_short_backtrace::<test[aada8e7e76ba119b]::run_test::{closure#1}, ()>
[INFO] [stdout]   19:     0x56954a444412 - <std[617be2ca0a6fd877]::thread::lifecycle::spawn_unchecked<test[aada8e7e76ba119b]::run_test::{closure#1}, ()>::{closure#1} as core[a373ad73a504971]::ops::function::FnOnce<()>>::call_once::{shim:vtable#0}
[INFO] [stdout]   20:     0x56954a6c823f - <std[617be2ca0a6fd877]::sys::thread::unix::Thread>::new::thread_start
[INFO] [stdout]   21:     0x76d054735dfa - <unknown>
[INFO] [stdout]   22:     0x76d0547c93d4 - clone
[INFO] [stdout]   23:                0x0 - <unknown>
[INFO] [stdout] 
[INFO] [stdout] ---- test_save_rule_upsert_updates_existing_row stdout ----
[INFO] [stdout] 
[INFO] [stdout] thread 'test_save_rule_upsert_updates_existing_row' (2867) panicked at tests/store_tests.rs:19:38:
[INFO] [stdout] create test db dir: Os { code: 30, kind: ReadOnlyFilesystem, message: "Read-only file system" }
[INFO] [stdout] stack backtrace:
[INFO] [stdout]    0:     0x56954a6c8a21 - <<std[617be2ca0a6fd877]::sys::backtrace::BacktraceLock>::print::DisplayBacktrace as core[a373ad73a504971]::fmt::Display>::fmt
[INFO] [stdout]    1:     0x56954a6df75a - core[a373ad73a504971]::fmt::write
[INFO] [stdout]    2:     0x56954a6cceac - <alloc[2e1b2a31b91974c5]::vec::Vec<u8> as core[a373ad73a504971]::io::write::Write>::write_fmt
[INFO] [stdout]    3:     0x56954a6a3c36 - std[617be2ca0a6fd877]::panicking::default_hook::{closure#0}
[INFO] [stdout]    4:     0x56954a6c0c39 - std[617be2ca0a6fd877]::panicking::default_hook
[INFO] [stdout]    5:     0x56954a440d60 - test[aada8e7e76ba119b]::test_main_inner::{closure#0}
[INFO] [stdout]    6:     0x56954a6c0f62 - std[617be2ca0a6fd877]::panicking::panic_with_hook
[INFO] [stdout]    7:     0x56954a6a3ce2 - std[617be2ca0a6fd877]::panicking::panic_handler::{closure#0}
[INFO] [stdout]    8:     0x56954a69c8a9 - std[617be2ca0a6fd877]::sys::backtrace::__rust_end_short_backtrace::<std[617be2ca0a6fd877]::panicking::panic_handler::{closure#0}, !>
[INFO] [stdout]    9:     0x56954a6a48ed - __rustc[ea4f61d10b84890b]::rust_begin_unwind
[INFO] [stdout]   10:     0x56954a6dfebc - core[a373ad73a504971]::panicking::panic_fmt
[INFO] [stdout]   11:     0x56954a6dfc92 - core[a373ad73a504971]::result::unwrap_failed
[INFO] [stdout]   12:     0x56954a3f142a - store_tests[78abf4ba00fa5402]::sqlite_url
[INFO] [stdout]   13:     0x56954a3e2764 - store_tests[78abf4ba00fa5402]::test_save_rule_upsert_updates_existing_row::{closure#0}
[INFO] [stdout]   14:     0x56954a424f6b - <tokio[7d739bec6c475513]::runtime::runtime::Runtime>::block_on::<core[a373ad73a504971]::pin::Pin<&mut dyn core[a373ad73a504971]::future::future::Future<Output = ()>>>
[INFO] [stdout]   15:     0x56954a3f2c7e - <store_tests[78abf4ba00fa5402]::test_save_rule_upsert_updates_existing_row::{closure#0} as core[a373ad73a504971]::ops::function::FnOnce<()>>::call_once
[INFO] [stdout]   16:     0x56954a4341ab - test[aada8e7e76ba119b]::__rust_begin_short_backtrace::<core[a373ad73a504971]::result::Result<(), alloc[2e1b2a31b91974c5]::string::String>, fn() -> core[a373ad73a504971]::result::Result<(), alloc[2e1b2a31b91974c5]::string::String>>
[INFO] [stdout]   17:     0x56954a441385 - test[aada8e7e76ba119b]::run_test::{closure#0}
[INFO] [stdout]   18:     0x56954a43ac74 - std[617be2ca0a6fd877]::sys::backtrace::__rust_begin_short_backtrace::<test[aada8e7e76ba119b]::run_test::{closure#1}, ()>
[INFO] [stdout]   19:     0x56954a444412 - <std[617be2ca0a6fd877]::thread::lifecycle::spawn_unchecked<test[aada8e7e76ba119b]::run_test::{closure#1}, ()>::{closure#1} as core[a373ad73a504971]::ops::function::FnOnce<()>>::call_once::{shim:vtable#0}
[INFO] [stdout]   20:     0x56954a6c823f - <std[617be2ca0a6fd877]::sys::thread::unix::Thread>::new::thread_start
[INFO] [stdout]   21:     0x76d054735dfa - <unknown>
[INFO] [stdout]   22:     0x76d0547c93d4 - clone
[INFO] [stdout]   23:                0x0 - <unknown>
[INFO] [stdout] 
[INFO] [stdout] ---- test_unbounded_policy_deletes_nothing stdout ----
[INFO] [stdout] 
[INFO] [stdout] thread 'test_unbounded_policy_deletes_nothing' (2868) panicked at tests/store_tests.rs:19:38:
[INFO] [stdout] create test db dir: Os { code: 30, kind: ReadOnlyFilesystem, message: "Read-only file system" }
[INFO] [stdout] stack backtrace:
[INFO] [stdout]    0:     0x56954a6c8a21 - <<std[617be2ca0a6fd877]::sys::backtrace::BacktraceLock>::print::DisplayBacktrace as core[a373ad73a504971]::fmt::Display>::fmt
[INFO] [stdout]    1:     0x56954a6df75a - core[a373ad73a504971]::fmt::write
[INFO] [stdout]    2:     0x56954a6cceac - <alloc[2e1b2a31b91974c5]::vec::Vec<u8> as core[a373ad73a504971]::io::write::Write>::write_fmt
[INFO] [stdout]    3:     0x56954a6a3c36 - std[617be2ca0a6fd877]::panicking::default_hook::{closure#0}
[INFO] [stdout]    4:     0x56954a6c0c39 - std[617be2ca0a6fd877]::panicking::default_hook
[INFO] [stdout]    5:     0x56954a440d60 - test[aada8e7e76ba119b]::test_main_inner::{closure#0}
[INFO] [stdout]    6:     0x56954a6c0f62 - std[617be2ca0a6fd877]::panicking::panic_with_hook
[INFO] [stdout]    7:     0x56954a6a3ce2 - std[617be2ca0a6fd877]::panicking::panic_handler::{closure#0}
[INFO] [stdout]    8:     0x56954a69c8a9 - std[617be2ca0a6fd877]::sys::backtrace::__rust_end_short_backtrace::<std[617be2ca0a6fd877]::panicking::panic_handler::{closure#0}, !>
[INFO] [stdout]    9:     0x56954a6a48ed - __rustc[ea4f61d10b84890b]::rust_begin_unwind
[INFO] [stdout]   10:     0x56954a6dfebc - core[a373ad73a504971]::panicking::panic_fmt
[INFO] [stdout]   11:     0x56954a6dfc92 - core[a373ad73a504971]::result::unwrap_failed
[INFO] [stdout]   12:     0x56954a3f142a - store_tests[78abf4ba00fa5402]::sqlite_url
[INFO] [stdout]   13:     0x56954a3e0ad4 - store_tests[78abf4ba00fa5402]::test_unbounded_policy_deletes_nothing::{closure#0}
[INFO] [stdout]   14:     0x56954a424f6b - <tokio[7d739bec6c475513]::runtime::runtime::Runtime>::block_on::<core[a373ad73a504971]::pin::Pin<&mut dyn core[a373ad73a504971]::future::future::Future<Output = ()>>>
[INFO] [stdout]   15:     0x56954a3f26fe - <store_tests[78abf4ba00fa5402]::test_unbounded_policy_deletes_nothing::{closure#0} as core[a373ad73a504971]::ops::function::FnOnce<()>>::call_once
[INFO] [stdout]   16:     0x56954a4341ab - test[aada8e7e76ba119b]::__rust_begin_short_backtrace::<core[a373ad73a504971]::result::Result<(), alloc[2e1b2a31b91974c5]::string::String>, fn() -> core[a373ad73a504971]::result::Result<(), alloc[2e1b2a31b91974c5]::string::String>>
[INFO] [stdout]   17:     0x56954a441385 - test[aada8e7e76ba119b]::run_test::{closure#0}
[INFO] [stdout]   18:     0x56954a43ac74 - std[617be2ca0a6fd877]::sys::backtrace::__rust_begin_short_backtrace::<test[aada8e7e76ba119b]::run_test::{closure#1}, ()>
[INFO] [stdout]   19:     0x56954a444412 - <std[617be2ca0a6fd877]::thread::lifecycle::spawn_unchecked<test[aada8e7e76ba119b]::run_test::{closure#1}, ()>::{closure#1} as core[a373ad73a504971]::ops::function::FnOnce<()>>::call_once::{shim:vtable#0}
[INFO] [stdout]   20:     0x56954a6c823f - <std[617be2ca0a6fd877]::sys::thread::unix::Thread>::new::thread_start
[INFO] [stdout]   21:     0x76d054735dfa - <unknown>
[INFO] [stdout]   22:     0x76d0547c93d4 - clone
[INFO] [stdout]   23:                0x0 - <unknown>
[INFO] [stdout] 
[INFO] [stdout] ---- test_unversioned_database_is_migrated_forward stdout ----
[INFO] [stdout] 
[INFO] [stdout] thread 'test_unversioned_database_is_migrated_forward' (2869) panicked at tests/store_tests.rs:19:38:
[INFO] [stdout] create test db dir: Os { code: 30, kind: ReadOnlyFilesystem, message: "Read-only file system" }
[INFO] [stdout] stack backtrace:
[INFO] [stdout]    0:     0x56954a6c8a21 - <<std[617be2ca0a6fd877]::sys::backtrace::BacktraceLock>::print::DisplayBacktrace as core[a373ad73a504971]::fmt::Display>::fmt
[INFO] [stdout]    1:     0x56954a6df75a - core[a373ad73a504971]::fmt::write
[INFO] [stdout]    2:     0x56954a6cceac - <alloc[2e1b2a31b91974c5]::vec::Vec<u8> as core[a373ad73a504971]::io::write::Write>::write_fmt
[INFO] [stdout]    3:     0x56954a6a3c36 - std[617be2ca0a6fd877]::panicking::default_hook::{closure#0}
[INFO] [stdout]    4:     0x56954a6c0c39 - std[617be2ca0a6fd877]::panicking::default_hook
[INFO] [stdout]    5:     0x56954a440d60 - test[aada8e7e76ba119b]::test_main_inner::{closure#0}
[INFO] [stdout]    6:     0x56954a6c0f62 - std[617be2ca0a6fd877]::panicking::panic_with_hook
[INFO] [stdout]    7:     0x56954a6a3ce2 - std[617be2ca0a6fd877]::panicking::panic_handler::{closure#0}
[INFO] [stdout]    8:     0x56954a69c8a9 - std[617be2ca0a6fd877]::sys::backtrace::__rust_end_short_backtrace::<std[617be2ca0a6fd877]::panicking::panic_handler::{closure#0}, !>
[INFO] [stdout]    9:     0x56954a6a48ed - __rustc[ea4f61d10b84890b]::rust_begin_unwind
[INFO] [stdout]   10:     0x56954a6dfebc - core[a373ad73a504971]::panicking::panic_fmt
[INFO] [stdout]   11:     0x56954a6dfc92 - core[a373ad73a504971]::result::unwrap_failed
[INFO] [stdout]   12:     0x56954a3f142a - store_tests[78abf4ba00fa5402]::sqlite_url
[INFO] [stdout]   13:     0x56954a3e4db3 - store_tests[78abf4ba00fa5402]::test_unversioned_database_is_migrated_forward::{closure#0}
[INFO] [stdout]   14:     0x56954a424f6b - <tokio[7d739bec6c475513]::runtime::runtime::Runtime>::block_on::<core[a373ad73a504971]::pin::Pin<&mut dyn core[a373ad73a504971]::future::future::Future<Output = ()>>>
[INFO] [stdout]   15:     0x56954a3f2f3e - <store_tests[78abf4ba00fa5402]::test_unversioned_database_is_migrated_forward::{closure#0} as core[a373ad73a504971]::ops::function::FnOnce<()>>::call_once
[INFO] [stdout]   16:     0x56954a4341ab - test[aada8e7e76ba119b]::__rust_begin_short_backtrace::<core[a373ad73a504971]::result::Result<(), alloc[2e1b2a31b91974c5]::string::String>, fn() -> core[a373ad73a504971]::result::Result<(), alloc[2e1b2a31b91974c5]::string::String>>
[INFO] [stdout]   17:     0x56954a441385 - test[aada8e7e76ba119b]::run_test::{closure#0}
[INFO] [stdout]   18:     0x56954a43ac74 - std[617be2ca0a6fd877]::sys::backtrace::__rust_begin_short_backtrace::<test[aada8e7e76ba119b]::run_test::{closure#1}, ()>
[INFO] [stdout]   19:     0x56954a444412 - <std[617be2ca0a6fd877]::thread::lifecycle::spawn_unchecked<test[aada8e7e76ba119b]::run_test::{closure#1}, ()>::{closure#1} as core[a373ad73a504971]::ops::function::FnOnce<()>>::call_once::{shim:vtable#0}
[INFO] [stdout]   20:     0x56954a6c823f - <std[617be2ca0a6fd877]::sys::thread::unix::Thread>::new::thread_start
[INFO] [stdout]   21:     0x76d054735dfa - <unknown>
[INFO] [stdout]   22:     0x76d0547c93d4 - clone
[INFO] [stdout]   23:                0x0 - <unknown>
[INFO] [stdout] 
[INFO] [stdout] ---- test_concurrent_rule_writes stdout ----
[INFO] [stdout] 
[INFO] [stdout] thread 'test_concurrent_rule_writes' (2852) panicked at tests/store_tests.rs:19:38:
[INFO] [stdout] create test db dir: Os { code: 30, kind: ReadOnlyFilesystem, message: "Read-only file system" }
[INFO] [stdout] stack backtrace:
[INFO] [stdout]    0:     0x56954a6c8a21 - <<std[617be2ca0a6fd877]::sys::backtrace::BacktraceLock>::print::DisplayBacktrace as core[a373ad73a504971]::fmt::Display>::fmt
[INFO] [stdout]    1:     0x56954a6df75a - core[a373ad73a504971]::fmt::write
[INFO] [stdout]    2:     0x56954a6cceac - <alloc[2e1b2a31b91974c5]::vec::Vec<u8> as core[a373ad73a504971]::io::write::Write>::write_fmt
[INFO] [stdout]    3:     0x56954a6a3c36 - std[617be2ca0a6fd877]::panicking::default_hook::{closure#0}
[INFO] [stdout]    4:     0x56954a6c0c39 - std[617be2ca0a6fd877]::panicking::default_hook
[INFO] [stdout]    5:     0x56954a440d60 - test[aada8e7e76ba119b]::test_main_inner::{closure#0}
[INFO] [stdout]    6:     0x56954a6c0f62 - std[617be2ca0a6fd877]::panicking::panic_with_hook
[INFO] [stdout]    7:     0x56954a6a3ce2 - std[617be2ca0a6fd877]::panicking::panic_handler::{closure#0}
[INFO] [stdout]    8:     0x56954a69c8a9 - std[617be2ca0a6fd877]::sys::backtrace::__rust_end_short_backtrace::<std[617be2ca0a6fd877]::panicking::panic_handler::{closure#0}, !>
[INFO] [stdout]    9:     0x56954a6a48ed - __rustc[ea4f61d10b84890b]::rust_begin_unwind
[INFO] [stdout]   10:     0x56954a6dfebc - core[a373ad73a504971]::panicking::panic_fmt
[INFO] [stdout]   11:     0x56954a6dfc92 - core[a373ad73a504971]::result::unwrap_failed
[INFO] [stdout]   12:     0x56954a3f142a - store_tests[78abf4ba00fa5402]::sqlite_url
[INFO] [stdout]   13:     0x56954a3dd3b8 - store_tests[78abf4ba00fa5402]::test_concurrent_rule_writes::{closure#0}
[INFO] [stdout]   14:     0x56954a424f6b - <tokio[7d739bec6c475513]::runtime::runtime::Runtime>::block_on::<core[a373ad73a504971]::pin::Pin<&mut dyn core[a373ad73a504971]::future::future::Future<Output = ()>>>
[INFO] [stdout]   15:     0x56954a3f1ebe - <store_tests[78abf4ba00fa5402]::test_concurrent_rule_writes::{closure#0} as core[a373ad73a504971]::ops::function::FnOnce<()>>::call_once
[INFO] [stdout]   16:     0x56954a4341ab - test[aada8e7e76ba119b]::__rust_begin_short_backtrace::<core[a373ad73a504971]::result::Result<(), alloc[2e1b2a31b91974c5]::string::String>, fn() -> core[a373ad73a504971]::result::Result<(), alloc[2e1b2a31b91974c5]::string::String>>
[INFO] [stdout]   17:     0x56954a441385 - test[aada8e7e76ba119b]::run_test::{closure#0}
[INFO] [stdout]   18:     0x56954a43ac74 - std[617be2ca0a6fd877]::sys::backtrace::__rust_begin_short_backtrace::<test[aada8e7e76ba119b]::run_test::{closure#1}, ()>
[INFO] [stdout]   19:     0x56954a444412 - <std[617be2ca0a6fd877]::thread::lifecycle::spawn_unchecked<test[aada8e7e76ba119b]::run_test::{closure#1}, ()>::{closure#1} as core[a373ad73a504971]::ops::function::FnOnce<()>>::call_once::{shim:vtable#0}
[INFO] [stdout]   20:     0x56954a6c823f - <std[617be2ca0a6fd877]::sys::thread::unix::Thread>::new::thread_start
[INFO] [stdout]   21:     0x76d054735dfa - <unknown>
[INFO] [stdout]   22:     0x76d0547c93d4 - clone
[INFO] [stdout]   23:                0x0 - <unknown>
[INFO] [stdout] 
[INFO] [stdout] 
[INFO] [stdout] failures:
[INFO] [stdout]     test_audit_event_save_and_query_with_filters
[INFO] [stdout]     test_audit_retention_is_bounded_separately_from_traffic
[INFO] [stdout]     test_concurrent_rule_writes
[INFO] [stdout]     test_concurrent_save_flow_same_id_only_one_succeeds
[INFO] [stdout]     test_concurrent_upsert_same_rule_id_keeps_single_record
[INFO] [stdout]     test_delete_rule_nonexistent_is_idempotent
[INFO] [stdout]     test_flow_summary_query_with_offset_and_filters
[INFO] [stdout]     test_flow_upsert_and_load_roundtrip
[INFO] [stdout]     test_fresh_database_reports_the_current_schema_version
[INFO] [stdout]     test_future_schema_version_is_refused
[INFO] [stdout]     test_max_age_evicts_expired_flows_only
[INFO] [stdout]     test_max_flows_keeps_the_newest
[INFO] [stdout]     test_migration_is_idempotent
[INFO] [stdout]     test_replace_rules_failure_rolls_back_previous_data
[INFO] [stdout]     test_replace_rules_with_empty_clears_table
[INFO] [stdout]     test_rule_crud_and_replace
[INFO] [stdout]     test_save_flow_conflict_behavior
[INFO] [stdout]     test_save_rule_upsert_updates_existing_row
[INFO] [stdout]     test_unbounded_policy_deletes_nothing
[INFO] [stdout]     test_unversioned_database_is_migrated_forward
[INFO] [stdout] 
[INFO] [stdout] test result: FAILED. 0 passed; 20 failed; 0 ignored; 0 measured; 0 filtered out; finished in 0.06s
[INFO] [stdout] 
[INFO] [stderr] error: test failed, to rerun pass `--test store_tests`
[INFO] running `Command { std: "docker" "inspect" "443a065d428e9c088b8d7a2b4ccd181661fdf697c41b856964763681d6241777", kill_on_drop: false }`
[INFO] running `Command { std: "docker" "rm" "-f" "443a065d428e9c088b8d7a2b4ccd181661fdf697c41b856964763681d6241777", kill_on_drop: false }`
[INFO] [stdout] 443a065d428e9c088b8d7a2b4ccd181661fdf697c41b856964763681d6241777
