[INFO] fetching crate reiny 0.11.0...
[INFO] testing reiny-0.11.0 against 1.99.0-beta.8+cargoflags=--release for beta-release-1.100-2
[INFO] extracting crate reiny 0.11.0 into /workspace/builds/worker-1-tc1/source
[INFO] started tweaking crates.io crate reiny 0.11.0
[INFO] finished tweaking crates.io crate reiny 0.11.0
[INFO] tweaked toml for crates.io crate reiny 0.11.0 written to /workspace/builds/worker-1-tc1/source/Cargo.toml
[INFO] validating manifest of crates.io crate reiny 0.11.0 on toolchain 1.99.0-beta.8
[INFO] running `Command { std: CARGO_HOME="/workspace/cargo-home" RUSTUP_HOME="/workspace/rustup-home" "/workspace/cargo-home/bin/cargo" "+1.99.0-beta.8" "metadata" "--manifest-path" "Cargo.toml" "--no-deps", kill_on_drop: false }`
[INFO] crate crates.io crate reiny 0.11.0 already has a lockfile, it will not be regenerated
[INFO] running `Command { std: CARGO_HOME="/workspace/cargo-home" RUSTUP_HOME="/workspace/rustup-home" "/workspace/cargo-home/bin/cargo" "+1.99.0-beta.8" "fetch" "--manifest-path" "Cargo.toml", kill_on_drop: false }`
[INFO] [stderr]     Updating crates.io index
[INFO] [stderr]  Downloading crates ...
[INFO] [stderr]   Downloaded zenoh-util v1.10.1
[INFO] [stderr]   Downloaded zenoh-runtime v1.10.1
[INFO] [stderr]   Downloaded zenoh-result v1.10.1
[INFO] [stderr]   Downloaded zenoh-core v1.10.1
[INFO] [stderr]   Downloaded token-cell v2.1.1
[INFO] [stderr]   Downloaded zenoh-task v1.10.1
[INFO] [stderr]   Downloaded zenoh-sync v1.10.1
[INFO] [stderr]   Downloaded pnet_sys v0.35.0
[INFO] [stderr]   Downloaded pnet_base v0.35.0
[INFO] [stderr]   Downloaded zenoh-collections v1.10.1
[INFO] [stderr]   Downloaded zenoh-macros v1.10.1
[INFO] [stderr]   Downloaded zenoh-buffers v1.10.1
[INFO] [stderr]   Downloaded uhlc v0.8.2
[INFO] [stderr]   Downloaded validated_struct v2.2.0
[INFO] [stderr]   Downloaded validated_struct_macros v2.2.0
[INFO] [stderr]   Downloaded unzip-n v0.1.4
[INFO] [stderr]   Downloaded pnet_datalink v0.35.0
[INFO] [stderr]   Downloaded keyed-set v1.1.0
[INFO] [stderr]   Downloaded zenoh-link-commons v1.10.1
[INFO] [stderr]   Downloaded zenoh-config v1.10.1
[INFO] [stderr]   Downloaded zenoh-keyexpr v1.10.1
[INFO] [stderr]   Downloaded zenoh-protocol v1.10.1
[INFO] [stderr]   Downloaded zenoh-transport v1.10.1
[INFO] [stderr]   Downloaded zenoh v1.10.1
[INFO] [stderr]   Downloaded zenoh-codec v1.10.1
[INFO] [stderr]   Downloaded nonempty-collections v0.3.1
[INFO] [stderr]   Downloaded zenoh-link-quic_datagram v1.10.1
[INFO] [stderr]   Downloaded zenoh-crypto v1.10.1
[INFO] [stderr]   Downloaded zenoh-link v1.10.1
[INFO] [stderr]   Downloaded zenoh-link-udp v1.10.1
[INFO] [stderr]   Downloaded zenoh-link-tcp v1.10.1
[INFO] [stderr]   Downloaded ringbuffer-spsc v0.1.15
[INFO] [stderr]   Downloaded lz4_flex v0.10.0
[INFO] [stderr]   Downloaded stabby v72.1.16
[INFO] [stderr]   Downloaded zenoh-plugin-trait v1.10.1
[INFO] [stderr]   Downloaded stabby-abi v72.1.16
[INFO] [stderr]   Downloaded stabby-macros v72.1.16
[INFO] [stderr]   Downloaded reiny-core v0.11.0
[INFO] [stderr]   Downloaded reiny-macros v0.11.0
[INFO] running `Command { std: "docker" "create" "-v" "/var/lib/crater-agent-workspace/builds/worker-1-tc1/source:/opt/rustwide/workdir:ro,Z" "-v" "/var/lib/crater-agent-workspace/builds/worker-1-tc1/target:/opt/rustwide/target:rw,Z" "-v" "/var/lib/crater-agent-workspace/cargo-home:/opt/rustwide/cargo-home:ro,Z" "-v" "/var/lib/crater-agent-workspace/rustup-home:/opt/rustwide/rustup-home:ro,Z" "-m" "1610612736" "--network" "none" "ghcr.io/rust-lang/crates-build-env/linux@sha256:77db811e55d90add9212f6832c23229e3de5f1c1f9905e8cb07319ea15df73ac" "sleep" "infinity", kill_on_drop: false }`
[INFO] [stdout] a0d681f03f12e619237f6c856433b43d9e6078ef55fc081cbdcccb6aae78c40e
[INFO] running `Command { std: "docker" "start" "a0d681f03f12e619237f6c856433b43d9e6078ef55fc081cbdcccb6aae78c40e", kill_on_drop: false }`
[INFO] running `Command { std: "docker" "inspect" "a0d681f03f12e619237f6c856433b43d9e6078ef55fc081cbdcccb6aae78c40e", kill_on_drop: false }`
[INFO] running `Command { std: "docker" "exec" "-e" "SOURCE_DIR=/opt/rustwide/workdir" "-e" "CARGO_HOME=/opt/rustwide/cargo-home" "-e" "RUSTUP_HOME=/opt/rustwide/rustup-home" "-e" "CARGO_TARGET_DIR=/opt/rustwide/target" "-w" "/opt/rustwide/workdir" "--user" "0:0" "a0d681f03f12e619237f6c856433b43d9e6078ef55fc081cbdcccb6aae78c40e" "/opt/rustwide/cargo-home/bin/cargo" "+1.99.0-beta.8" "metadata" "--no-deps" "--format-version=1", kill_on_drop: false }`
[INFO] running `Command { std: "docker" "inspect" "a0d681f03f12e619237f6c856433b43d9e6078ef55fc081cbdcccb6aae78c40e", kill_on_drop: false }`
[INFO] running `Command { std: "docker" "exec" "-e" "SOURCE_DIR=/opt/rustwide/workdir" "-e" "CARGO_HOME=/opt/rustwide/cargo-home" "-e" "RUSTUP_HOME=/opt/rustwide/rustup-home" "-e" "CARGO_TARGET_DIR=/opt/rustwide/target" "-e" "CARGO_INCREMENTAL=0" "-e" "RUST_BACKTRACE=full" "-e" "RUSTFLAGS=--cap-lints=warn" "-e" "RUSTDOCFLAGS=--cap-lints=warn" "-w" "/opt/rustwide/workdir" "--user" "0:0" "a0d681f03f12e619237f6c856433b43d9e6078ef55fc081cbdcccb6aae78c40e" "/opt/rustwide/cargo-home/bin/cargo" "+1.99.0-beta.8" "build" "--frozen" "--message-format=json" "--release", kill_on_drop: false }`
[INFO] [stderr]    Compiling serde_core v1.0.229
[INFO] [stderr]    Compiling either v1.18.0
[INFO] [stderr]    Compiling libc v0.2.189
[INFO] [stderr]    Compiling serde_json v1.0.151
[INFO] [stderr]    Compiling syn v3.0.6
[INFO] [stderr]    Compiling syn v2.0.119
[INFO] [stderr]    Compiling getrandom v0.2.17
[INFO] [stderr]    Compiling ahash v0.8.12
[INFO] [stderr]    Compiling serde v1.0.229
[INFO] [stderr]    Compiling ref-cast v1.0.27
[INFO] [stderr]    Compiling portable-atomic v1.15.0
[INFO] [stderr]    Compiling smallvec v1.16.0
[INFO] [stderr]    Compiling dyn-clone v1.0.20
[INFO] [stderr]    Compiling zenoh-result v1.10.1
[INFO] [stderr]    Compiling zenoh-macros v1.10.1
[INFO] [stderr]    Compiling cc v1.4.4
[INFO] [stderr]    Compiling ppv-lite86 v0.2.21
[INFO] [stderr]    Compiling bitflags v2.13.1
[INFO] [stderr]    Compiling hashbrown v0.14.5
[INFO] [stderr]    Compiling pest v2.9.0
[INFO] [stderr]    Compiling time v0.3.55
[INFO] [stderr]    Compiling rand_core v0.6.4
[INFO] [stderr]    Compiling parking_lot_core v0.9.12
[INFO] [stderr]    Compiling zenoh-collections v1.10.1
[INFO] [stderr]    Compiling nom v7.1.3
[INFO] [stderr]    Compiling dirs-sys v0.5.0
[INFO] [stderr]    Compiling rand_chacha v0.3.1
[INFO] [stderr]    Compiling parking_lot v0.12.5
[INFO] [stderr]    Compiling keyed-set v1.1.0
[INFO] [stderr]    Compiling token-cell v2.1.1
[INFO] [stderr]    Compiling zenoh-buffers v1.10.1
[INFO] [stderr]    Compiling rustls v0.23.43
[INFO] [stderr]    Compiling rand v0.8.8
[INFO] [stderr]    Compiling no-std-net v0.6.0
[INFO] [stderr]    Compiling siphasher v1.0.3
[INFO] [stderr]    Compiling spin v0.10.1
[INFO] [stderr]    Compiling ucd-trie v0.1.7
[INFO] [stderr]    Compiling indexmap v2.14.1
[INFO] [stderr]    Compiling pnet_base v0.35.0
[INFO] [stderr]    Compiling dirs v6.0.0
[INFO] [stderr]    Compiling nanorand v0.7.0
[INFO] [stderr]    Compiling pnet_sys v0.35.0
[INFO] [stderr]    Compiling ring v0.17.14
[INFO] [stderr]    Compiling pest_meta v2.9.0
[INFO] [stderr]    Compiling chacha20 v0.10.2
[INFO] [stderr]    Compiling flume v0.11.1
[INFO] [stderr]    Compiling shellexpand v3.1.2
[INFO] [stderr]    Compiling quinn-udp v0.5.15
[INFO] [stderr]    Compiling libloading v0.8.9
[INFO] [stderr]    Compiling oid-registry v0.8.1
[INFO] [stderr]    Compiling home v0.5.12
[INFO] [stderr]    Compiling tinyvec v1.12.0
[INFO] [stderr]    Compiling rand v0.10.2
[INFO] [stderr]    Compiling fastbloom v0.17.0
[INFO] [stderr]    Compiling quinn v0.11.11
[INFO] [stderr]    Compiling rand_pcg v0.10.2
[INFO] [stderr]    Compiling num_cpus v1.17.0
[INFO] [stderr]    Compiling lru-slab v0.1.2
[INFO] [stderr]    Compiling pem v4.0.0
[INFO] [stderr]    Compiling data-encoding v2.11.1
[INFO] [stderr]    Compiling rusticata-macros v4.1.0
[INFO] [stderr]    Compiling rustls-pemfile v2.2.0
[INFO] [stderr]    Compiling webpki-roots v1.0.9
[INFO] [stderr]    Compiling socket2 v0.5.10
[INFO] [stderr]    Compiling stabby-macros v72.1.16
[INFO] [stderr]    Compiling crossbeam-deque v0.8.7
[INFO] [stderr]    Compiling yasna v0.6.0
[INFO] [stderr]    Compiling stabby-abi v72.1.16
[INFO] [stderr]    Compiling inout v0.1.4
[INFO] [stderr]    Compiling toml_edit v0.25.13+spec-1.1.0
[INFO] [stderr]    Compiling cipher v0.4.4
[INFO] [stderr]    Compiling phf_shared v0.13.1
[INFO] [stderr]    Compiling crossbeam-queue v0.3.13
[INFO] [stderr]    Compiling crossbeam-channel v0.5.16
[INFO] [stderr]    Compiling stabby v72.1.16
[INFO] [stderr]    Compiling crc32fast v1.5.1
[INFO] [stderr]    Compiling sha2-const-stable v0.1.0
[INFO] [stderr]    Compiling aes v0.8.4
[INFO] [stderr]    Compiling twox-hash v1.6.3
[INFO] [stderr]    Compiling sha3 v0.10.9
[INFO] [stderr]    Compiling phf_generator v0.13.1
[INFO] [stderr]    Compiling hmac v0.12.1
[INFO] [stderr]    Compiling itertools v0.14.0
[INFO] [stderr]    Compiling crossbeam v0.8.4
[INFO] [stderr]    Compiling proc-macro-crate v3.5.0
[INFO] [stderr]    Compiling simd-adler32 v0.3.10
[INFO] [stderr]    Compiling serde_derive_internals v0.30.0
[INFO] [stderr]    Compiling array-init v2.1.0
[INFO] [stderr]    Compiling miniz_oxide v0.9.1
[INFO] [stderr]    Compiling zenoh-crypto v1.10.1
[INFO] [stderr]    Compiling ringbuffer-spsc v0.1.15
[INFO] [stderr]    Compiling lz4_flex v0.10.0
[INFO] [stderr]    Compiling hashbrown v0.15.5
[INFO] [stderr]    Compiling zenoh v1.10.1
[INFO] [stderr]    Compiling fixedbitset v0.5.7
[INFO] [stderr]    Compiling fastrand v2.5.0
[INFO] [stderr]    Compiling flate2 v1.1.10
[INFO] [stderr]    Compiling flume v0.12.0
[INFO] [stderr]    Compiling serde_derive v1.0.229
[INFO] [stderr]    Compiling ref-cast-impl v1.0.27
[INFO] [stderr]    Compiling schemars_derive v1.2.2
[INFO] [stderr]    Compiling tokio-macros v2.7.2
[INFO] [stderr]    Compiling thiserror-impl v2.0.21
[INFO] [stderr]    Compiling futures-macro v0.3.34
[INFO] [stderr]    Compiling displaydoc v0.2.7
[INFO] [stderr]    Compiling async-trait v0.1.92
[INFO] [stderr]    Compiling darling_core v0.23.0
[INFO] [stderr]    Compiling synstructure v0.13.2
[INFO] [stderr]    Compiling pest_generator v2.9.0
[INFO] [stderr]    Compiling petgraph v0.8.3
[INFO] [stderr]    Compiling reiny-macros v0.11.0
[INFO] [stderr]    Compiling tokio v1.53.2
[INFO] [stderr]    Compiling futures-util v0.3.34
[INFO] [stderr]    Compiling thiserror v2.0.21
[INFO] [stderr]    Compiling tracing-attributes v0.1.31
[INFO] [stderr]    Compiling unzip-n v0.1.4
[INFO] [stderr]    Compiling pest_derive v2.9.0
[INFO] [stderr]    Compiling asn1-rs-impl v0.2.0
[INFO] [stderr]    Compiling asn1-rs-derive v0.6.0
[INFO] [stderr]    Compiling git-version-macro v0.3.9
[INFO] [stderr]    Compiling phf_macros v0.13.1
[INFO] [stderr]    Compiling prost-derive v0.14.4
[INFO] [stderr]    Compiling validated_struct_macros v2.2.0
[INFO] [stderr]    Compiling git-version v0.3.9
[INFO] [stderr]    Compiling phf v0.13.1
[INFO] [stderr]    Compiling asn1-rs v0.7.2
[INFO] [stderr]    Compiling tracing v0.1.44
[INFO] [stderr]    Compiling prost v0.14.4
[INFO] [stderr]    Compiling darling_macro v0.23.0
[INFO] [stderr]    Compiling darling v0.23.0
[INFO] [stderr]    Compiling serde_with_macros v3.22.0
[INFO] [stderr]    Compiling ron v0.12.2
[INFO] [stderr]    Compiling schemars v1.2.2
[INFO] [stderr]    Compiling tracing-serde v0.2.0
[INFO] [stderr]    Compiling uhlc v0.8.2
[INFO] [stderr]    Compiling ipnetwork v0.20.0
[INFO] [stderr]    Compiling json5 v0.4.1
[INFO] [stderr]    Compiling secrecy v0.8.0
[INFO] [stderr]    Compiling tracing-subscriber v0.3.23
[INFO] [stderr]    Compiling serde_yaml v0.9.34+deprecated
[INFO] [stderr]    Compiling nonempty-collections v0.3.1
[INFO] [stderr]    Compiling pnet_datalink v0.35.0
[INFO] [stderr]    Compiling serde_with v3.22.0
[INFO] [stderr]    Compiling validated_struct v2.2.0
[INFO] [stderr]    Compiling der-parser v10.0.0
[INFO] [stderr]    Compiling zenoh-keyexpr v1.10.1
[INFO] [stderr]    Compiling reiny-core v0.11.0
[INFO] [stderr]    Compiling futures-executor v0.3.34
[INFO] [stderr]    Compiling futures v0.3.34
[INFO] [stderr]    Compiling x509-parser v0.18.1
[INFO] [stderr]    Compiling zenoh-protocol v1.10.1
[INFO] [stderr]    Compiling zenoh-runtime v1.10.1
[INFO] [stderr]    Compiling tokio-util v0.7.19
[INFO] [stderr]    Compiling zenoh-core v1.10.1
[INFO] [stderr]    Compiling zenoh-util v1.10.1
[INFO] [stderr]    Compiling zenoh-sync v1.10.1
[INFO] [stderr]    Compiling zenoh-codec v1.10.1
[INFO] [stderr]    Compiling zenoh-task v1.10.1
[INFO] [stderr]    Compiling rustls-webpki v0.103.15
[INFO] [stderr]    Compiling zenoh-config v1.10.1
[INFO] [stderr]    Compiling rcgen v0.14.10
[INFO] [stderr]    Compiling rustls-platform-verifier v0.7.0
[INFO] [stderr]    Compiling quinn-proto v0.11.17
[INFO] [stderr]    Compiling zenoh-link-commons v1.10.1
[INFO] [stderr]    Compiling zenoh-link-quic_datagram v1.10.1
[INFO] [stderr]    Compiling zenoh-link-tcp v1.10.1
[INFO] [stderr]    Compiling zenoh-link-udp v1.10.1
[INFO] [stderr]    Compiling zenoh-link v1.10.1
[INFO] [stderr]    Compiling zenoh-transport v1.10.1
[INFO] [stderr]    Compiling zenoh-plugin-trait v1.10.1
[INFO] [stderr]    Compiling reiny v0.11.0 (/opt/rustwide/workdir)
[INFO] [stderr]     Finished `release` profile [optimized] target(s) in 5m 14s
[INFO] running `Command { std: "docker" "inspect" "a0d681f03f12e619237f6c856433b43d9e6078ef55fc081cbdcccb6aae78c40e", kill_on_drop: false }`
[INFO] running `Command { std: "docker" "exec" "-e" "SOURCE_DIR=/opt/rustwide/workdir" "-e" "CARGO_HOME=/opt/rustwide/cargo-home" "-e" "RUSTUP_HOME=/opt/rustwide/rustup-home" "-e" "CARGO_TARGET_DIR=/opt/rustwide/target" "-e" "CARGO_INCREMENTAL=0" "-e" "RUST_BACKTRACE=full" "-e" "RUSTFLAGS=--cap-lints=warn" "-e" "RUSTDOCFLAGS=--cap-lints=warn" "-w" "/opt/rustwide/workdir" "--user" "0:0" "a0d681f03f12e619237f6c856433b43d9e6078ef55fc081cbdcccb6aae78c40e" "/opt/rustwide/cargo-home/bin/cargo" "+1.99.0-beta.8" "test" "--frozen" "--no-run" "--message-format=json" "--release", kill_on_drop: false }`
[INFO] [stderr]    Compiling reiny v0.11.0 (/opt/rustwide/workdir)
[INFO] [stderr]     Finished `release` profile [optimized] target(s) in 47.38s
[INFO] running `Command { std: "docker" "inspect" "a0d681f03f12e619237f6c856433b43d9e6078ef55fc081cbdcccb6aae78c40e", kill_on_drop: false }`
[INFO] running `Command { std: "docker" "exec" "-e" "SOURCE_DIR=/opt/rustwide/workdir" "-e" "CARGO_HOME=/opt/rustwide/cargo-home" "-e" "RUSTUP_HOME=/opt/rustwide/rustup-home" "-e" "CARGO_TARGET_DIR=/opt/rustwide/target" "-e" "CARGO_INCREMENTAL=0" "-e" "RUST_BACKTRACE=full" "-e" "RUSTFLAGS=--cap-lints=warn" "-e" "RUSTDOCFLAGS=--cap-lints=warn" "-w" "/opt/rustwide/workdir" "--user" "0:0" "a0d681f03f12e619237f6c856433b43d9e6078ef55fc081cbdcccb6aae78c40e" "/opt/rustwide/cargo-home/bin/cargo" "+1.99.0-beta.8" "test" "--frozen" "--release", kill_on_drop: false }`
[INFO] [stderr]     Finished `release` profile [optimized] target(s) in 0.31s
[INFO] [stderr]      Running unittests src/lib.rs (/opt/rustwide/target/release/deps/reiny-7e299a7447f5644a)
[INFO] [stdout] 
[INFO] [stdout] running 93 tests
[INFO] [stdout] test engine::local::tests::congestion_capability_and_policy_rejection_are_consistent ... ok
[INFO] [stdout] test engine::local::tests::dropping_a_guard_undeclares ... ok
[INFO] [stdout] test engine::local::tests::a_query_with_no_responder_closes_at_once ... ok
[INFO] [stdout] test engine::namespace_conformance::exact_sources_and_all_type_isolation_are_depth_independent ... ok
[INFO] [stdout] test engine::local::tests::a_dropped_query_finalizes_without_a_reply ... ok
[INFO] [stdout] test engine::local::tests::a_responder_replies_on_its_own_key ... ok
[INFO] [stdout] test bridge::tests::rpc_bridge_rejects_invalid_request_and_response_fingerprints ... ok
[INFO] [stdout] test engine::namespace_conformance::concrete_sources_reject_patterns_and_noncanonical_paths ... ok
[INFO] [stdout] test engine::tests::endpoint_slots_do_not_infer_identity_from_payload_types ... ok
[INFO] [stdout] test engine::namespace_conformance::keys_round_trip_nested_sources_and_reserved_slots ... ok
[INFO] [stdout] test engine::local::tests::declaration_then_publishes_are_ordered ... ok
[INFO] [stdout] test engine::local::tests::presence_replays_history_then_reports_leaving ... ok
[INFO] [stdout] test engine::tests::pattern_matching_treats_none_as_star_and_chunks_verbatim ... ok
[INFO] [stdout] test engine::zenoh::tests::congestion_maps_explicit_policies_and_delegates_default ... ok
[INFO] [stdout] test engine::tests::key_round_trips_through_the_zenoh_form ... ok
[INFO] [stdout] test managed::tests::bridge::bridged_namespace_preserves_ready_stop_and_owner_departure ... ok
[INFO] [stdout] test bridge::tests::same_type_bridge_routes_pair_declared_names_not_first_matching_types ... ok
[INFO] [stdout] test engine::local::tests::subscription_source_is_a_filter ... ok
[INFO] [stdout] test bridge::tests::ambiguous_rpc_destinations_fail_before_creating_handles ... ok
[INFO] [stdout] test engine::namespace_conformance::local_namespaces ... ok
[INFO] [stdout] test bridge::tests::named_streams_and_rpc_follow_sources_policies_and_readiness ... ok
[INFO] [stdout] test managed::tests::delegation::delegation_is_exclusive_and_child_runtime_identity_is_distinct ... ok
[INFO] [stdout] test managed::tests::delegation::a_ready_child_cannot_substitute_a_report_from_another_namespace ... ok
[INFO] [stdout] test bridge::tests::missing_schema_and_unmatched_ports_cannot_create_routes ... ok
[INFO] [stdout] test managed::tests::dynamic::dynamic_ports_verify_names_types_sources_and_fingerprints ... ok
[INFO] [stdout] test managed::tests::lifecycle::readiness_requires_declared_outputs_as_well_as_inputs ... ok
[INFO] [stdout] test managed::tests::lifecycle::readiness_rejects_a_port_dropped_during_initialization ... ok
[INFO] [stdout] test managed::tests::lifecycle::readiness_requires_every_declared_port_to_have_a_live_handle ... ok
[INFO] [stdout] test managed::tests::policy::managed_engine_cannot_be_reopened_standalone_or_used_by_old_builders ... ok
[INFO] [stdout] test managed::tests::policy::fan_in_declares_exact_subscriptions_and_one_shared_latest_buffer ... ok
[INFO] [stdout] test managed::tests::policy::manifest_controls_publisher_qos_retention_and_each_source_replay ... ok
[INFO] [stdout] test managed::tests::policy::qos_profiles_serialize_exact_tags_and_reject_legacy_reliable ... ok
[INFO] [stdout] test managed::tests::policy::raw_access_is_rejected_before_any_transport_declaration ... ok
[INFO] [stdout] test managed::tests::policy::typed_and_dynamic_publishers_share_qos_retention_and_presence_order ... ok
[INFO] [stdout] test managed::tests::ports::both_retained_outputs_in_one_namespace_replay_without_deduplicating_ports ... ok
[INFO] [stdout] test managed::tests::lifecycle::ready_publishes_report_and_stop_only_acknowledges_request ... ok
[INFO] [stdout] test managed::tests::ports::managed_input_rejects_missing_malformed_and_mismatching_schema ... ok
[INFO] [stdout] test managed::tests::ports::managed_ports_reject_incompatible_compiled_topic_metadata ... ok
[INFO] [stdout] test managed::tests::lifecycle::report_failure_prevents_readiness ... ok
[INFO] [stdout] test managed::tests::ports::named_ports_fail_without_bindings_instead_of_using_wildcards ... ok
[INFO] [stdout] test managed::tests::ports::named_input_receives_only_its_exact_forwarded_namespace ... ok
[INFO] [stdout] test managed::tests::ports::retained_fan_in_and_discovery_keep_same_namespace_ports_distinct ... ok
[INFO] [stdout] test managed::tests::ports::same_type_outputs_keep_exact_names_and_source_provenance ... ok
[INFO] [stdout] test managed::tests::ports::undefined_and_wrong_type_ports_fail_before_registration ... ok
[INFO] [stdout] test managed::tests::ports::same_type_fanout_inputs_keep_separate_source_bindings ... ok
[INFO] [stdout] test managed::tests::lifecycle::input_readiness_replays_only_bound_source_modules ... ok
[INFO] [stdout] test managed::tests::lifecycle::dropping_a_named_handle_after_ready_withdraws_readiness ... ok
[INFO] [stdout] test managed::tests::rpc::named_caller_rejects_a_reply_from_another_port_in_the_same_namespace ... ok
[INFO] [stdout] test managed::tests::rpc::named_rpc_uses_exact_target_and_reports_both_compiled_schemas ... ok
[INFO] [stdout] test managed::tests::rpc::operation_and_response_type_mismatches_cannot_register ... ok
[INFO] [stdout] test managed::tests::rpc::rpc_multiple_targets_are_rejected_before_launch_presence ... ok
[INFO] [stdout] test engine::namespace_conformance::zenoh_namespaces ... ok
[INFO] [stdout] test managed::tests::rpc::caller_rejects_unstamped_malformed_and_mismatching_responses ... ok
[INFO] [stdout] test managed::tests::startup::invalid_namespace_segments_are_rejected_at_startup ... ok
[INFO] [stdout] test managed::tests::startup::managed_config_parse_errors_are_fatal ... ok
[INFO] [stdout] test managed::tests::policy::typed_and_dynamic_reject_explicit_congestion_before_side_effects ... ok
[INFO] [stdout] test managed::tests::startup::missing_bindings_are_rejected_before_opening_the_engine ... ok
[INFO] [stdout] test managed::tests::delegation::artifacts_require_a_staged_allowlisted_path_and_delegation_is_not_repeatable ... ok
[INFO] [stdout] test managed::tests::startup::relative_binding_and_report_paths_are_rejected ... ok
[INFO] [stdout] test pubsub::tests::an_undecodable_payload_is_skipped ... ok
[INFO] [stdout] test pubsub::tests::a_mismatching_source_is_warned_about_once ... ok
[INFO] [stdout] test pubsub::tests::fingerprint_is_eight_bytes_little_endian ... ok
[INFO] [stdout] test pubsub::tests::ring_keeps_the_newest_and_drops_the_oldest ... ok
[INFO] [stdout] test pubsub::tests::ring_pop_waits_for_a_later_push ... ok
[INFO] [stdout] test pubsub::tests::schema_matches_and_missing_malformed_or_mismatched_metadata_drop ... ok
[INFO] [stdout] test managed::tests::rpc::server_rejects_unstamped_malformed_and_mismatching_requests ... ok
[INFO] [stdout] test managed::tests::rpc::same_request_servers_are_isolated_by_declared_port ... ok
[INFO] [stdout] test managed::tests::startup::binding_files_are_strict_and_never_downgrade_to_standalone ... ok
[INFO] [stdout] test runtime::tests::config_format_follows_the_extension ... ok
[INFO] [stdout] test runtime::tests::connect_endpoints_become_one_json5_override ... ok
[INFO] [stdout] test runtime::tests::unknown_args_pass_through_in_order ... ok
[INFO] [stdout] test runtime::tests::managed_binding_flag_is_consumed_without_flattening_namespace ... ok
[INFO] [stdout] test pubsub::tests::send_is_deferred_until_its_future_is_polled ... ok
[INFO] [stdout] test runtime::tests::managed_flag_without_value_fails_before_engine_startup ... ok
[INFO] [stdout] test runtime::tests::known_flags_are_consumed ... ok
[INFO] [stdout] test service::tests::only_wrapping_variants_have_a_source ... ok
[INFO] [stdout] test shutdown::tests::starts_untriggered_then_triggers ... ok
[INFO] [stdout] test shutdown::tests::wait_returns_after_trigger ... ok
[INFO] [stdout] test tests::segments_reject_wildcards_and_separators ... ok
[INFO] [stdout] test managed::tests::delegation::child_zenoh_configuration_connects_to_host_without_rebinding_its_listener ... ok
[INFO] [stdout] test managed::tests::delegation::process_exit_with_a_stale_child_token_withdraws_host_readiness ... ok
[INFO] [stdout] test service::tests::call_errors_describe_themselves ... ok
[INFO] [stdout] test service::tests::our_deadline_fires_before_the_engine_one ... ok
[INFO] [stdout] test runtime::tests::zenoh_config_flag_selects_file_source ... ok
[INFO] [stdout] test managed::tests::startup::owner_report_marker_cannot_be_cleared_for_an_unbound_engine ... ok
[INFO] [stdout] test runtime::tests::zenoh_args_never_leak_into_extra_args ... ok
[INFO] [stdout] test e2e::presence_latched_and_domain_isolation ... ok
[INFO] [stdout] test managed::tests::delegation::host_shutdown_delivers_child_stop_before_enforcing_process_reaping ... ok
[INFO] [stdout] test managed::tests::delegation::host_requires_child_report_and_live_readiness_then_withdraws_on_port_loss ... ok
[INFO] [stdout] test e2e::latched_survives_a_link_that_comes_up_late ... FAILED
[INFO] [stdout] test engine::conformance::local ... ok
[INFO] [stdout] test engine::conformance::zenoh ... ok
[INFO] [stdout] test rpc_e2e::services_round_trip_presence_and_latched_coexistence ... FAILED
[INFO] [stdout] 
[INFO] [stdout] failures:
[INFO] [stdout] 
[INFO] [stdout] ---- e2e::latched_survives_a_link_that_comes_up_late stdout ----
[INFO] [stdout] 
[INFO] [stdout] thread 'e2e::latched_survives_a_link_that_comes_up_late' (3675) panicked at src/e2e.rs:603:10:
[INFO] [stdout] the latched value arrives once the link is up: Elapsed(())
[INFO] [stdout] stack backtrace:
[INFO] [stdout]    0:     0x65085f791af1 - <<std[70759c8f55707aa4]::sys::backtrace::BacktraceLock>::print::DisplayBacktrace as core[df12db4294e9bfd3]::fmt::Display>::fmt
[INFO] [stdout]    1:     0x65085f7aaaea - core[df12db4294e9bfd3]::fmt::write
[INFO] [stdout]    2:     0x65085f79710c - <alloc[2182bb758b4b3781]::vec::Vec<u8> as core[df12db4294e9bfd3]::io::write::Write>::write_fmt
[INFO] [stdout]    3:     0x65085f7681f6 - std[70759c8f55707aa4]::panicking::default_hook::{closure#0}
[INFO] [stdout]    4:     0x65085f787769 - std[70759c8f55707aa4]::panicking::default_hook
[INFO] [stdout]    5:     0x65085ed90190 - test[9d35eded1c95d3be]::test_main_inner::<test[9d35eded1c95d3be]::test_main_static::{closure#0}>::{closure#0}
[INFO] [stdout]    6:     0x65085f787a92 - std[70759c8f55707aa4]::panicking::panic_with_hook
[INFO] [stdout]    7:     0x65085f7682a2 - std[70759c8f55707aa4]::panicking::panic_handler::{closure#0}
[INFO] [stdout]    8:     0x65085f7606a9 - std[70759c8f55707aa4]::sys::backtrace::__rust_end_short_backtrace::<std[70759c8f55707aa4]::panicking::panic_handler::{closure#0}, !>
[INFO] [stdout]    9:     0x65085f76928d - __rustc[8fa7c3cbc660c2b3]::rust_begin_unwind
[INFO] [stdout]   10:     0x65085f7ab30c - core[df12db4294e9bfd3]::panicking::panic_fmt
[INFO] [stdout]   11:     0x65085f7ab0e2 - core[df12db4294e9bfd3]::result::unwrap_failed
[INFO] [stdout]   12:     0x65085ec83d51 - reiny[1d9a6800cd80de23]::e2e::latched_survives_a_link_that_comes_up_late::{closure#0}
[INFO] [stdout]   13:     0x65085ebf692a - <tokio[d7b1a840873cb7fd]::runtime::park::CachedParkThread>::block_on::<core[df12db4294e9bfd3]::pin::Pin<&mut dyn core[df12db4294e9bfd3]::future::future::Future<Output = ()>>>
[INFO] [stdout]   14:     0x65085ecd31c5 - <tokio[d7b1a840873cb7fd]::runtime::runtime::Runtime>::block_on::<core[df12db4294e9bfd3]::pin::Pin<&mut dyn core[df12db4294e9bfd3]::future::future::Future<Output = ()>>>
[INFO] [stdout]   15:     0x65085ec85beb - reiny[1d9a6800cd80de23]::e2e::latched_survives_a_link_that_comes_up_late
[INFO] [stdout]   16:     0x65085ed82729 - <reiny[1d9a6800cd80de23]::e2e::latched_survives_a_link_that_comes_up_late::{closure#0} as core[df12db4294e9bfd3]::ops::function::FnOnce<()>>::call_once
[INFO] [stdout]   17:     0x65085ed8347b - test[9d35eded1c95d3be]::__rust_begin_short_backtrace::<core[df12db4294e9bfd3]::result::Result<(), alloc[2182bb758b4b3781]::string::String>, fn() -> core[df12db4294e9bfd3]::result::Result<(), alloc[2182bb758b4b3781]::string::String>>
[INFO] [stdout]   18:     0x65085ed90ae5 - test[9d35eded1c95d3be]::run_test::{closure#0}
[INFO] [stdout]   19:     0x65085ed8a3a4 - std[70759c8f55707aa4]::sys::backtrace::__rust_begin_short_backtrace::<test[9d35eded1c95d3be]::run_test::{closure#1}, ()>
[INFO] [stdout]   20:     0x65085ed93c42 - <std[70759c8f55707aa4]::thread::lifecycle::spawn_unchecked<test[9d35eded1c95d3be]::run_test::{closure#1}, ()>::{closure#1} as core[df12db4294e9bfd3]::ops::function::FnOnce<()>>::call_once::{shim:vtable#0}
[INFO] [stdout]   21:     0x65085f790459 - <std[70759c8f55707aa4]::sys::thread::unix::Thread>::new::thread_start
[INFO] [stdout]   22:     0x777a80955dfa - <unknown>
[INFO] [stdout]   23:     0x777a809e93d4 - clone
[INFO] [stdout]   24:                0x0 - <unknown>
[INFO] [stdout] 
[INFO] [stdout] ---- rpc_e2e::services_round_trip_presence_and_latched_coexistence stdout ----
[INFO] [stdout] 
[INFO] [stdout] thread 'rpc_e2e::services_round_trip_presence_and_latched_coexistence' (3934) panicked at src/rpc_e2e.rs:264:10:
[INFO] [stdout] latched value: Elapsed(())
[INFO] [stdout] stack backtrace:
[INFO] [stdout]    0:     0x65085f791af1 - <<std[70759c8f55707aa4]::sys::backtrace::BacktraceLock>::print::DisplayBacktrace as core[df12db4294e9bfd3]::fmt::Display>::fmt
[INFO] [stdout]    1:     0x65085f7aaaea - core[df12db4294e9bfd3]::fmt::write
[INFO] [stdout]    2:     0x65085f79710c - <alloc[2182bb758b4b3781]::vec::Vec<u8> as core[df12db4294e9bfd3]::io::write::Write>::write_fmt
[INFO] [stdout]    3:     0x65085f7681f6 - std[70759c8f55707aa4]::panicking::default_hook::{closure#0}
[INFO] [stdout]    4:     0x65085f787769 - std[70759c8f55707aa4]::panicking::default_hook
[INFO] [stdout]    5:     0x65085ed90190 - test[9d35eded1c95d3be]::test_main_inner::<test[9d35eded1c95d3be]::test_main_static::{closure#0}>::{closure#0}
[INFO] [stdout]    6:     0x65085f787a92 - std[70759c8f55707aa4]::panicking::panic_with_hook
[INFO] [stdout]    7:     0x65085f7682a2 - std[70759c8f55707aa4]::panicking::panic_handler::{closure#0}
[INFO] [stdout]    8:     0x65085f7606a9 - std[70759c8f55707aa4]::sys::backtrace::__rust_end_short_backtrace::<std[70759c8f55707aa4]::panicking::panic_handler::{closure#0}, !>
[INFO] [stdout]    9:     0x65085f76928d - __rustc[8fa7c3cbc660c2b3]::rust_begin_unwind
[INFO] [stdout]   10:     0x65085f7ab30c - core[df12db4294e9bfd3]::panicking::panic_fmt
[INFO] [stdout]   11:     0x65085f7ab0e2 - core[df12db4294e9bfd3]::result::unwrap_failed
[INFO] [stdout]   12:     0x65085eb7191c - reiny[1d9a6800cd80de23]::rpc_e2e::services_round_trip_presence_and_latched_coexistence::{closure#0}
[INFO] [stdout]   13:     0x65085ebf692a - <tokio[d7b1a840873cb7fd]::runtime::park::CachedParkThread>::block_on::<core[df12db4294e9bfd3]::pin::Pin<&mut dyn core[df12db4294e9bfd3]::future::future::Future<Output = ()>>>
[INFO] [stdout]   14:     0x65085ecd31c5 - <tokio[d7b1a840873cb7fd]::runtime::runtime::Runtime>::block_on::<core[df12db4294e9bfd3]::pin::Pin<&mut dyn core[df12db4294e9bfd3]::future::future::Future<Output = ()>>>
[INFO] [stdout]   15:     0x65085eb8bc3a - reiny[1d9a6800cd80de23]::rpc_e2e::services_round_trip_presence_and_latched_coexistence
[INFO] [stdout]   16:     0x65085ed82769 - <reiny[1d9a6800cd80de23]::rpc_e2e::services_round_trip_presence_and_latched_coexistence::{closure#0} as core[df12db4294e9bfd3]::ops::function::FnOnce<()>>::call_once
[INFO] [stdout]   17:     0x65085ed8347b - test[9d35eded1c95d3be]::__rust_begin_short_backtrace::<core[df12db4294e9bfd3]::result::Result<(), alloc[2182bb758b4b3781]::string::String>, fn() -> core[df12db4294e9bfd3]::result::Result<(), alloc[2182bb758b4b3781]::string::String>>
[INFO] [stdout]   18:     0x65085ed90ae5 - test[9d35eded1c95d3be]::run_test::{closure#0}
[INFO] [stdout]   19:     0x65085ed8a3a4 - std[70759c8f55707aa4]::sys::backtrace::__rust_begin_short_backtrace::<test[9d35eded1c95d3be]::run_test::{closure#1}, ()>
[INFO] [stdout]   20:     0x65085ed93c42 - <std[70759c8f55707aa4]::thread::lifecycle::spawn_unchecked<test[9d35eded1c95d3be]::run_test::{closure#1}, ()>::{closure#1} as core[df12db4294e9bfd3]::ops::function::FnOnce<()>>::call_once::{shim:vtable#0}
[INFO] [stdout]   21:     0x65085f790459 - <std[70759c8f55707aa4]::sys::thread::unix::Thread>::new::thread_start
[INFO] [stdout]   22:     0x777a80955dfa - <unknown>
[INFO] [stdout]   23:     0x777a809e93d4 - clone
[INFO] [stdout]   24:                0x0 - <unknown>
[INFO] [stdout] 
[INFO] [stdout] 
[INFO] [stdout] failures:
[INFO] [stdout]     e2e::latched_survives_a_link_that_comes_up_late
[INFO] [stdout]     rpc_e2e::services_round_trip_presence_and_latched_coexistence
[INFO] [stdout] 
[INFO] [stdout] test result: FAILED. 91 passed; 2 failed; 0 ignored; 0 measured; 0 filtered out; finished in 7.86s
[INFO] [stdout] 
[INFO] [stderr] error: test failed, to rerun pass `--lib`
[INFO] running `Command { std: "docker" "inspect" "a0d681f03f12e619237f6c856433b43d9e6078ef55fc081cbdcccb6aae78c40e", kill_on_drop: false }`
[INFO] running `Command { std: "docker" "rm" "-f" "a0d681f03f12e619237f6c856433b43d9e6078ef55fc081cbdcccb6aae78c40e", kill_on_drop: false }`
[INFO] [stdout] a0d681f03f12e619237f6c856433b43d9e6078ef55fc081cbdcccb6aae78c40e
