[INFO] fetching crate reinhardt-testkit-macros 0.3.24...
[INFO] testing reinhardt-testkit-macros-0.3.24 against 1.99.0-beta.8+cargoflags=--release for beta-release-1.100-2
[INFO] extracting crate reinhardt-testkit-macros 0.3.24 into /workspace/builds/worker-5-tc1/source
[INFO] started tweaking crates.io crate reinhardt-testkit-macros 0.3.24
[INFO] removed 0 missing tests
[INFO] finished tweaking crates.io crate reinhardt-testkit-macros 0.3.24
[INFO] tweaked toml for crates.io crate reinhardt-testkit-macros 0.3.24 written to /workspace/builds/worker-5-tc1/source/Cargo.toml
[INFO] validating manifest of crates.io crate reinhardt-testkit-macros 0.3.24 on toolchain 1.99.0-beta.8
[INFO] running `Command { std: CARGO_HOME="/workspace/cargo-home" RUSTUP_HOME="/workspace/rustup-home" "/workspace/cargo-home/bin/cargo" "+1.99.0-beta.8" "metadata" "--manifest-path" "Cargo.toml" "--no-deps", kill_on_drop: false }`
[INFO] crate crates.io crate reinhardt-testkit-macros 0.3.24 already has a lockfile, it will not be regenerated
[INFO] running `Command { std: CARGO_HOME="/workspace/cargo-home" RUSTUP_HOME="/workspace/rustup-home" "/workspace/cargo-home/bin/cargo" "+1.99.0-beta.8" "fetch" "--manifest-path" "Cargo.toml", kill_on_drop: false }`
[INFO] [stderr]     Updating crates.io index
[INFO] [stderr]  Downloading crates ...
[INFO] [stderr]   Downloaded toml_writer v1.1.3+spec-1.1.0
[INFO] [stderr]   Downloaded serde_spanned v1.1.2
[INFO] [stderr]   Downloaded toml v1.1.8+spec-1.1.0
[INFO] [stderr]   Downloaded trybuild v1.0.122
[INFO] [stderr]   Downloaded target-tuple v1.0.2
[INFO] running `Command { std: "docker" "create" "-v" "/var/lib/crater-agent-workspace/builds/worker-5-tc1/source:/opt/rustwide/workdir:ro,Z" "-v" "/var/lib/crater-agent-workspace/builds/worker-5-tc1/target:/opt/rustwide/target:rw,Z" "-v" "/var/lib/crater-agent-workspace/cargo-home:/opt/rustwide/cargo-home:ro,Z" "-v" "/var/lib/crater-agent-workspace/rustup-home:/opt/rustwide/rustup-home:ro,Z" "-m" "1610612736" "--network" "none" "ghcr.io/rust-lang/crates-build-env/linux@sha256:77db811e55d90add9212f6832c23229e3de5f1c1f9905e8cb07319ea15df73ac" "sleep" "infinity", kill_on_drop: false }`
[INFO] [stdout] bb4e6a9c4257d3fa4cbda76db80f13608bd84bbf5f75b7e4fdce3c359f275b9d
[INFO] running `Command { std: "docker" "start" "bb4e6a9c4257d3fa4cbda76db80f13608bd84bbf5f75b7e4fdce3c359f275b9d", kill_on_drop: false }`
[INFO] running `Command { std: "docker" "inspect" "bb4e6a9c4257d3fa4cbda76db80f13608bd84bbf5f75b7e4fdce3c359f275b9d", kill_on_drop: false }`
[INFO] running `Command { std: "docker" "exec" "-e" "SOURCE_DIR=/opt/rustwide/workdir" "-e" "CARGO_HOME=/opt/rustwide/cargo-home" "-e" "RUSTUP_HOME=/opt/rustwide/rustup-home" "-e" "CARGO_TARGET_DIR=/opt/rustwide/target" "-w" "/opt/rustwide/workdir" "--user" "0:0" "bb4e6a9c4257d3fa4cbda76db80f13608bd84bbf5f75b7e4fdce3c359f275b9d" "/opt/rustwide/cargo-home/bin/cargo" "+1.99.0-beta.8" "metadata" "--no-deps" "--format-version=1", kill_on_drop: false }`
[INFO] running `Command { std: "docker" "inspect" "bb4e6a9c4257d3fa4cbda76db80f13608bd84bbf5f75b7e4fdce3c359f275b9d", kill_on_drop: false }`
[INFO] running `Command { std: "docker" "exec" "-e" "SOURCE_DIR=/opt/rustwide/workdir" "-e" "CARGO_HOME=/opt/rustwide/cargo-home" "-e" "RUSTUP_HOME=/opt/rustwide/rustup-home" "-e" "CARGO_TARGET_DIR=/opt/rustwide/target" "-e" "CARGO_INCREMENTAL=0" "-e" "RUST_BACKTRACE=full" "-e" "RUSTFLAGS=--cap-lints=warn" "-e" "RUSTDOCFLAGS=--cap-lints=warn" "-w" "/opt/rustwide/workdir" "--user" "0:0" "bb4e6a9c4257d3fa4cbda76db80f13608bd84bbf5f75b7e4fdce3c359f275b9d" "/opt/rustwide/cargo-home/bin/cargo" "+1.99.0-beta.8" "build" "--frozen" "--message-format=json" "--release", kill_on_drop: false }`
[INFO] [stderr]    Compiling proc-macro2 v1.0.107
[INFO] [stderr]    Compiling quote v1.0.47
[INFO] [stderr]    Compiling unicode-ident v1.0.27
[INFO] [stderr]    Compiling syn v2.0.119
[INFO] [stderr]    Compiling reinhardt-testkit-macros v0.3.24 (/opt/rustwide/workdir)
[INFO] [stderr]     Finished `release` profile [optimized] target(s) in 9.16s
[INFO] running `Command { std: "docker" "inspect" "bb4e6a9c4257d3fa4cbda76db80f13608bd84bbf5f75b7e4fdce3c359f275b9d", kill_on_drop: false }`
[INFO] running `Command { std: "docker" "exec" "-e" "SOURCE_DIR=/opt/rustwide/workdir" "-e" "CARGO_HOME=/opt/rustwide/cargo-home" "-e" "RUSTUP_HOME=/opt/rustwide/rustup-home" "-e" "CARGO_TARGET_DIR=/opt/rustwide/target" "-e" "CARGO_INCREMENTAL=0" "-e" "RUST_BACKTRACE=full" "-e" "RUSTFLAGS=--cap-lints=warn" "-e" "RUSTDOCFLAGS=--cap-lints=warn" "-w" "/opt/rustwide/workdir" "--user" "0:0" "bb4e6a9c4257d3fa4cbda76db80f13608bd84bbf5f75b7e4fdce3c359f275b9d" "/opt/rustwide/cargo-home/bin/cargo" "+1.99.0-beta.8" "test" "--frozen" "--no-run" "--message-format=json" "--release", kill_on_drop: false }`
[INFO] [stderr]    Compiling serde_core v1.0.229
[INFO] [stderr]    Compiling winnow v1.0.4
[INFO] [stderr]    Compiling zmij v1.0.23
[INFO] [stderr]    Compiling memchr v2.8.3
[INFO] [stderr]    Compiling serde v1.0.229
[INFO] [stderr]    Compiling hashbrown v0.17.1
[INFO] [stderr]    Compiling equivalent v1.0.3
[INFO] [stderr]    Compiling syn v3.0.9
[INFO] [stderr]    Compiling serde_json v1.0.154
[INFO] [stderr]    Compiling target-tuple v1.0.2
[INFO] [stderr]    Compiling semver v1.0.28
[INFO] [stderr]    Compiling regex-syntax v0.8.11
[INFO] [stderr]    Compiling rustc_version v0.4.1
[INFO] [stderr]    Compiling indexmap v2.14.2
[INFO] [stderr]    Compiling aho-corasick v1.1.5
[INFO] [stderr]    Compiling rstest_macros v0.26.1
[INFO] [stderr]    Compiling syn v2.0.119
[INFO] [stderr]    Compiling glob v0.3.4
[INFO] [stderr]    Compiling toml_parser v1.1.5+spec-1.1.0
[INFO] [stderr]    Compiling cfg-if v1.0.5
[INFO] [stderr]    Compiling relative-path v1.9.3
[INFO] [stderr]    Compiling proc-macro2 v1.0.107
[INFO] [stderr]    Compiling itoa v1.0.18
[INFO] [stderr]    Compiling toml_writer v1.1.3+spec-1.1.0
[INFO] [stderr]    Compiling regex-automata v0.4.18
[INFO] [stderr]    Compiling futures-core v0.3.34
[INFO] [stderr]    Compiling slab v0.4.12
[INFO] [stderr]    Compiling pin-project-lite v0.2.17
[INFO] [stderr]    Compiling unicode-ident v1.0.27
[INFO] [stderr]    Compiling futures-task v0.3.34
[INFO] [stderr]    Compiling toml_datetime v1.1.2+spec-1.1.0
[INFO] [stderr]    Compiling serde_spanned v1.1.2
[INFO] [stderr]    Compiling toml_edit v0.25.17+spec-1.1.0
[INFO] [stderr]    Compiling toml v1.1.8+spec-1.1.0
[INFO] [stderr]    Compiling futures-macro v0.3.34
[INFO] [stderr]    Compiling proc-macro-crate v3.5.0
[INFO] [stderr]    Compiling serde_derive v1.0.229
[INFO] [stderr]    Compiling quote v1.0.47
[INFO] [stderr]    Compiling regex v1.13.1
[INFO] [stderr]    Compiling futures-util v0.3.34
[INFO] [stderr]    Compiling futures-timer v3.0.4
[INFO] [stderr]    Compiling termcolor v1.4.1
[INFO] [stderr]    Compiling reinhardt-testkit-macros v0.3.24 (/opt/rustwide/workdir)
[INFO] [stderr]    Compiling trybuild v1.0.122
[INFO] [stderr]    Compiling rstest v0.26.1
[INFO] [stderr]     Finished `release` profile [optimized] target(s) in 2m 01s
[INFO] running `Command { std: "docker" "inspect" "bb4e6a9c4257d3fa4cbda76db80f13608bd84bbf5f75b7e4fdce3c359f275b9d", kill_on_drop: false }`
[INFO] running `Command { std: "docker" "exec" "-e" "SOURCE_DIR=/opt/rustwide/workdir" "-e" "CARGO_HOME=/opt/rustwide/cargo-home" "-e" "RUSTUP_HOME=/opt/rustwide/rustup-home" "-e" "CARGO_TARGET_DIR=/opt/rustwide/target" "-e" "CARGO_INCREMENTAL=0" "-e" "RUST_BACKTRACE=full" "-e" "RUSTFLAGS=--cap-lints=warn" "-e" "RUSTDOCFLAGS=--cap-lints=warn" "-w" "/opt/rustwide/workdir" "--user" "0:0" "bb4e6a9c4257d3fa4cbda76db80f13608bd84bbf5f75b7e4fdce3c359f275b9d" "/opt/rustwide/cargo-home/bin/cargo" "+1.99.0-beta.8" "test" "--frozen" "--release", kill_on_drop: false }`
[INFO] [stderr]     Finished `release` profile [optimized] target(s) in 0.11s
[INFO] [stderr]      Running unittests src/lib.rs (/opt/rustwide/target/release/deps/reinhardt_testkit_macros-2a6a123421df78e8)
[INFO] [stdout] 
[INFO] [stdout] running 10 tests
[INFO] [stdout] test with_di_overrides::tests::invalid_factory_expression_reports_the_exact_parse_error ... ok
[INFO] [stdout] test with_di_overrides::tests::invalid_struct_field_reports_the_exact_parse_error ... ok
[INFO] [stdout] test with_di_overrides::tests::missing_item_comma_reports_the_exact_parse_error ... ok
[INFO] [stdout] test with_di_overrides::tests::mixed_value_and_factory_items_keep_source_order ... ok
[INFO] [stdout] test with_di_overrides::tests::transient_value_reports_the_exact_contract ... ok
[INFO] [stdout] test with_di_overrides::tests::empty_invocation_expands_the_runtime_wrapper ... ok
[INFO] [stdout] test with_di_overrides::tests::non_path_struct_value_reports_the_exact_contract ... ok
[INFO] [stdout] test with_di_overrides::tests::factory_forms_map_every_scope_and_preserve_item_order ... ok
[INFO] [stdout] test with_di_overrides::tests::value_forms_preserve_struct_syntax_and_qualified_paths ... ok
[INFO] [stdout] test with_di_overrides::tests::unknown_scope_reports_the_exact_contract ... ok
[INFO] [stdout] 
[INFO] [stdout] test result: ok. 10 passed; 0 failed; 0 ignored; 0 measured; 0 filtered out; finished in 0.02s
[INFO] [stdout] 
[INFO] [stderr]      Running tests/trybuild.rs (/opt/rustwide/target/release/deps/trybuild-5f90a18ebc80f9fe)
[INFO] [stdout] 
[INFO] [stdout] running 1 test
[INFO] [stderr]    Compiling proc-macro2 v1.0.107
[INFO] [stderr]    Compiling quote v1.0.47
[INFO] [stderr]    Compiling unicode-ident v1.0.27
[INFO] [stderr]    Compiling equivalent v1.0.3
[INFO] [stderr]    Compiling hashbrown v0.17.1
[INFO] [stderr]    Compiling memchr v2.8.3
[INFO] [stderr]    Compiling semver v1.0.28
[INFO] [stderr]    Compiling winnow v1.0.4
[INFO] [stderr]    Compiling regex-syntax v0.8.11
[INFO] [stderr]    Compiling toml_datetime v1.1.2+spec-1.1.0
[INFO] [stderr]    Compiling rustc_version v0.4.1
[INFO] [stderr]    Compiling futures-core v0.3.34
[INFO] [stderr]    Compiling relative-path v1.9.3
[INFO] [stderr]    Compiling rstest_macros v0.26.1
[INFO] [stderr]    Compiling aho-corasick v1.1.5
[INFO] [stderr]    Compiling indexmap v2.14.2
[INFO] [stderr]    Compiling syn v2.0.119
[INFO] [stderr]    Compiling syn v3.0.9
[INFO] [stderr]    Compiling slab v0.4.12
[INFO] [stderr]    Compiling pin-project-lite v0.2.17
[INFO] [stderr]    Compiling futures-task v0.3.34
[INFO] [stderr]    Compiling glob v0.3.4
[INFO] [stderr]    Compiling toml_parser v1.1.5+spec-1.1.0
[INFO] [stderr]    Compiling cfg-if v1.0.5
[INFO] [stderr]    Compiling futures-timer v3.0.4
[INFO] [stderr]    Compiling toml_edit v0.25.17+spec-1.1.0
[INFO] [stderr]    Compiling regex-automata v0.4.18
[INFO] [stderr]    Compiling proc-macro-crate v3.5.0
[INFO] [stderr]    Compiling regex v1.13.1
[INFO] [stderr]    Compiling futures-macro v0.3.34
[INFO] [stderr]    Compiling futures-util v0.3.34
[INFO] [stderr]    Compiling reinhardt-testkit-macros v0.3.24 (/opt/rustwide/workdir)
[INFO] [stderr]    Compiling rstest v0.26.1
[INFO] [stderr]    Compiling reinhardt-testkit-macros-tests v0.0.0 (/opt/rustwide/target/tests/trybuild/reinhardt-testkit-macros)
[INFO] [stderr]     Finished `dev` profile [unoptimized + debuginfo] target(s) in 49.05s
[INFO] [stderr] 
[INFO] [stderr] 
[INFO] [stdout] test macro_ui_tests has been running for over 60 seconds
[INFO] [stderr] test tests/ui/pass_singleton.rs [should pass] ... error
[INFO] [stderr] ┈┈┈┈┈┈┈┈┈┈┈┈┈┈┈┈┈┈┈┈┈┈┈┈┈┈┈┈┈┈┈┈┈┈┈┈┈┈┈┈┈┈┈┈┈┈┈┈┈┈┈┈┈┈┈┈┈┈┈┈
[INFO] [stderr] error[E0433]: cannot find `reinhardt_testkit` in the list of imported crates
[INFO] [stderr]   --> tests/ui/pass_singleton.rs:13:17
[INFO] [stderr]    |
[INFO] [stderr] 13 |           let _result = with_di_overrides! {
[INFO] [stderr]    |  _______________________^
[INFO] [stderr] 14 | |             singleton Cfg { key: "test" },
[INFO] [stderr] 15 | |         };
[INFO] [stderr]    | |_________^ could not find `reinhardt_testkit` in the list of imported crates
[INFO] [stderr]    |
[INFO] [stderr]    = note: this error originates in the macro `with_di_overrides` (in Nightly builds, run with -Z macro-backtrace for more info)
[INFO] [stderr] ┈┈┈┈┈┈┈┈┈┈┈┈┈┈┈┈┈┈┈┈┈┈┈┈┈┈┈┈┈┈┈┈┈┈┈┈┈┈┈┈┈┈┈┈┈┈┈┈┈┈┈┈┈┈┈┈┈┈┈┈
[INFO] [stderr] 
[INFO] [stderr] test tests/ui/pass_factory.rs [should pass] ... error
[INFO] [stderr] ┈┈┈┈┈┈┈┈┈┈┈┈┈┈┈┈┈┈┈┈┈┈┈┈┈┈┈┈┈┈┈┈┈┈┈┈┈┈┈┈┈┈┈┈┈┈┈┈┈┈┈┈┈┈┈┈┈┈┈┈
[INFO] [stderr] error[E0433]: cannot find `reinhardt_testkit` in the list of imported crates
[INFO] [stderr]   --> tests/ui/pass_factory.rs:9:17
[INFO] [stderr]    |
[INFO] [stderr]  9 |           let _result = with_di_overrides! {
[INFO] [stderr]    |  _______________________^
[INFO] [stderr] 10 | |             transient HttpClient => |_ctx| async {
[INFO] [stderr] 11 | |                 Ok::<HttpClient, ::reinhardt_testkit::DiError>(HttpClient)
[INFO] [stderr] 12 | |             },
[INFO] [stderr] 13 | |         };
[INFO] [stderr]    | |_________^ could not find `reinhardt_testkit` in the list of imported crates
[INFO] [stderr]    |
[INFO] [stderr]    = note: this error originates in the macro `with_di_overrides` (in Nightly builds, run with -Z macro-backtrace for more info)
[INFO] [stderr] 
[INFO] [stderr] error[E0433]: cannot find `reinhardt_testkit` in the list of imported crates
[INFO] [stderr]   --> tests/ui/pass_factory.rs:11:24
[INFO] [stderr]    |
[INFO] [stderr] 11 |                 Ok::<HttpClient, ::reinhardt_testkit::DiError>(HttpClient)
[INFO] [stderr]    |                                    ^^^^^^^^^^^^^^^^^ could not find `reinhardt_testkit` in the list of imported crates
[INFO] [stderr] ┈┈┈┈┈┈┈┈┈┈┈┈┈┈┈┈┈┈┈┈┈┈┈┈┈┈┈┈┈┈┈┈┈┈┈┈┈┈┈┈┈┈┈┈┈┈┈┈┈┈┈┈┈┈┈┈┈┈┈┈
[INFO] [stderr] 
[INFO] [stderr] test tests/ui/pass_all_scopes_and_hygiene.rs [should pass] ... error
[INFO] [stderr] ┈┈┈┈┈┈┈┈┈┈┈┈┈┈┈┈┈┈┈┈┈┈┈┈┈┈┈┈┈┈┈┈┈┈┈┈┈┈┈┈┈┈┈┈┈┈┈┈┈┈┈┈┈┈┈┈┈┈┈┈
[INFO] [stderr] error[E0433]: cannot find `reinhardt_testkit` in the list of imported crates
[INFO] [stderr]   --> tests/ui/pass_all_scopes_and_hygiene.rs:19:17
[INFO] [stderr]    |
[INFO] [stderr] 19 |           let _result = with_di_overrides! {
[INFO] [stderr]    |  _______________________^
[INFO] [stderr] 20 | |             singleton support::SingletonCfg { key: "test" },
[INFO] [stderr] 21 | |             request support::RequestValue,
[INFO] [stderr] 22 | |             singleton support::SingletonFactory => move |_ctx| async move {
[INFO] [stderr] ...  |
[INFO] [stderr] 32 | |             },
[INFO] [stderr] 33 | |         };
[INFO] [stderr]    | |_________^ could not find `reinhardt_testkit` in the list of imported crates
[INFO] [stderr]    |
[INFO] [stderr]    = note: this error originates in the macro `with_di_overrides` (in Nightly builds, run with -Z macro-backtrace for more info)
[INFO] [stderr] 
[INFO] [stderr] error[E0433]: cannot find `reinhardt_testkit` in the list of imported crates
[INFO] [stderr]   --> tests/ui/pass_all_scopes_and_hygiene.rs:25:15
[INFO] [stderr]    |
[INFO] [stderr] 25 |                 Ok::<_, ::reinhardt_testkit::DiError>(support::SingletonFactory)
[INFO] [stderr]    |                           ^^^^^^^^^^^^^^^^^ could not find `reinhardt_testkit` in the list of imported crates
[INFO] [stderr] 
[INFO] [stderr] error[E0433]: cannot find `reinhardt_testkit` in the list of imported crates
[INFO] [stderr]   --> tests/ui/pass_all_scopes_and_hygiene.rs:28:15
[INFO] [stderr]    |
[INFO] [stderr] 28 |                 Ok::<_, ::reinhardt_testkit::DiError>(support::RequestFactory)
[INFO] [stderr]    |                           ^^^^^^^^^^^^^^^^^ could not find `reinhardt_testkit` in the list of imported crates
[INFO] [stderr] 
[INFO] [stderr] error[E0433]: cannot find `reinhardt_testkit` in the list of imported crates
[INFO] [stderr]   --> tests/ui/pass_all_scopes_and_hygiene.rs:31:15
[INFO] [stderr]    |
[INFO] [stderr] 31 |                 Ok::<_, ::reinhardt_testkit::DiError>(support::TransientFactory)
[INFO] [stderr]    |                           ^^^^^^^^^^^^^^^^^ could not find `reinhardt_testkit` in the list of imported crates
[INFO] [stderr] ┈┈┈┈┈┈┈┈┈┈┈┈┈┈┈┈┈┈┈┈┈┈┈┈┈┈┈┈┈┈┈┈┈┈┈┈┈┈┈┈┈┈┈┈┈┈┈┈┈┈┈┈┈┈┈┈┈┈┈┈
[INFO] [stderr] 
[INFO] [stderr] test tests/ui/fail_unknown_kind.rs [should fail to compile] ... ok
[INFO] [stderr] test tests/ui/fail_missing_kind.rs [should fail to compile] ... ok
[INFO] [stderr] test tests/ui/fail_missing_type.rs [should fail to compile] ... ok
[INFO] [stderr] test tests/ui/fail_transient_value.rs [should fail to compile] ... ok
[INFO] [stderr] test tests/ui/fail_non_path_struct_value.rs [should fail to compile] ... ok
[INFO] [stderr] test tests/ui/fail_missing_comma.rs [should fail to compile] ... ok
[INFO] [stderr] test tests/ui/fail_invalid_factory_expression.rs [should fail to compile] ... ok
[INFO] [stderr] test tests/ui/fail_invalid_struct_field.rs [should fail to compile] ... ok
[INFO] [stderr] test tests/ui/fail_struct_update_without_base.rs [should fail to compile] ... mismatch
[INFO] [stderr] 
[INFO] [stderr] EXPECTED:
[INFO] [stderr] ┈┈┈┈┈┈┈┈┈┈┈┈┈┈┈┈┈┈┈┈┈┈┈┈┈┈┈┈┈┈┈┈┈┈┈┈┈┈┈┈┈┈┈┈┈┈┈┈┈┈┈┈┈┈┈┈┈┈┈┈
[INFO] [stderr] error[E0797]: base expression required after `..`
[INFO] [stderr]  --> tests/ui/fail_struct_update_without_base.rs:9:53
[INFO] [stderr]   |
[INFO] [stderr] 9 |         let _ = with_di_overrides! { singleton Config { .. } };
[INFO] [stderr]   |                                                           ^
[INFO] [stderr]   |
[INFO] [stderr] help: add a base expression here
[INFO] [stderr]   |
[INFO] [stderr] 9 |         let _ = with_di_overrides! { singleton Config { ../* expr */ } };
[INFO] [stderr]   |                                                           ++++++++++
[INFO] [stderr] ┈┈┈┈┈┈┈┈┈┈┈┈┈┈┈┈┈┈┈┈┈┈┈┈┈┈┈┈┈┈┈┈┈┈┈┈┈┈┈┈┈┈┈┈┈┈┈┈┈┈┈┈┈┈┈┈┈┈┈┈
[INFO] [stderr] 
[INFO] [stderr] ACTUAL OUTPUT:
[INFO] [stderr] ┈┈┈┈┈┈┈┈┈┈┈┈┈┈┈┈┈┈┈┈┈┈┈┈┈┈┈┈┈┈┈┈┈┈┈┈┈┈┈┈┈┈┈┈┈┈┈┈┈┈┈┈┈┈┈┈┈┈┈┈
[INFO] [stderr] error[E0433]: cannot find `reinhardt_testkit` in the list of imported crates
[INFO] [stderr]  --> tests/ui/fail_struct_update_without_base.rs:9:11
[INFO] [stderr]   |
[INFO] [stderr] 9 |         let _ = with_di_overrides! { singleton Config { .. } };
[INFO] [stderr]   |                 ^^^^^^^^^^^^^^^^^^^^^^^^^^^^^^^^^^^^^^^^^^^^^^ could not find `reinhardt_testkit` in the list of imported crates
[INFO] [stderr]   |
[INFO] [stderr]   = note: this error originates in the macro `with_di_overrides` (in Nightly builds, run with -Z macro-backtrace for more info)
[INFO] [stderr] 
[INFO] [stderr] error[E0797]: base expression required after `..`
[INFO] [stderr]  --> tests/ui/fail_struct_update_without_base.rs:9:53
[INFO] [stderr]   |
[INFO] [stderr] 9 |         let _ = with_di_overrides! { singleton Config { .. } };
[INFO] [stderr]   |                                                           ^
[INFO] [stderr]   |
[INFO] [stderr] help: add a base expression here
[INFO] [stderr]   |
[INFO] [stderr] 9 |         let _ = with_di_overrides! { singleton Config { ../* expr */ } };
[INFO] [stderr]   |                                                           ++++++++++
[INFO] [stderr] ┈┈┈┈┈┈┈┈┈┈┈┈┈┈┈┈┈┈┈┈┈┈┈┈┈┈┈┈┈┈┈┈┈┈┈┈┈┈┈┈┈┈┈┈┈┈┈┈┈┈┈┈┈┈┈┈┈┈┈┈
[INFO] [stderr] note: If the actual output is the correct output you can bless it by rerunning
[INFO] [stderr]       your test with the environment variable TRYBUILD=overwrite
[INFO] [stderr] 
[INFO] [stderr] test tests/ui/fail_non_async_call.rs [should fail to compile] ... mismatch
[INFO] [stderr] 
[INFO] [stderr] EXPECTED:
[INFO] [stdout] test macro_ui_tests ... FAILED
[INFO] [stderr] ┈┈┈┈┈┈┈┈┈┈┈┈┈┈┈┈┈┈┈┈┈┈┈┈┈┈┈┈┈┈┈┈┈┈┈┈┈┈┈┈┈┈┈┈┈┈┈┈┈┈┈┈┈┈┈┈┈┈┈┈
[INFO] [stdout] 
[INFO] [stderr] error[E0728]: `await` is only allowed inside `async` functions and blocks
[INFO] [stdout] failures:
[INFO] [stderr]  --> tests/ui/fail_non_async_call.rs:6:10
[INFO] [stdout] 
[INFO] [stderr]   |
[INFO] [stdout] ---- macro_ui_tests stdout ----
[INFO] [stderr] 5 | fn main() {
[INFO] [stdout] 
[INFO] [stderr]   | --------- this is not `async`
[INFO] [stdout] thread 'macro_ui_tests' (1283) panicked at /opt/rustwide/cargo-home/registry/src/index.crates.io-1949cf8c6b5b557f/trybuild-1.0.122/src/run.rs:103:13:
[INFO] [stderr] 6 |     let _ = with_di_overrides! { singleton Service };
[INFO] [stdout] 5 of 13 tests failed
[INFO] [stderr]   |             ^^^^^^^^^^^^^^^^^^^^^^^^^^^^^^^^^^^^^^^^ only allowed inside `async` functions and blocks
[INFO] [stdout] stack backtrace:
[INFO] [stderr]   |
[INFO] [stdout]    0:     0x59aac351c061 - <<std[70759c8f55707aa4]::sys::backtrace::BacktraceLock>::print::DisplayBacktrace as core[df12db4294e9bfd3]::fmt::Display>::fmt
[INFO] [stderr]   = note: this error originates in the macro `with_di_overrides` (in Nightly builds, run with -Z macro-backtrace for more info)
[INFO] [stdout]    1:     0x59aac35326ea - core[df12db4294e9bfd3]::fmt::write
[INFO] [stderr] ┈┈┈┈┈┈┈┈┈┈┈┈┈┈┈┈┈┈┈┈┈┈┈┈┈┈┈┈┈┈┈┈┈┈┈┈┈┈┈┈┈┈┈┈┈┈┈┈┈┈┈┈┈┈┈┈┈┈┈┈
[INFO] [stdout]    2:     0x59aac3520b2c - <alloc[2182bb758b4b3781]::vec::Vec<u8> as core[df12db4294e9bfd3]::io::write::Write>::write_fmt
[INFO] [stderr] 
[INFO] [stdout]    3:     0x59aac34f5546 - std[70759c8f55707aa4]::panicking::default_hook::{closure#0}
[INFO] [stderr] ACTUAL OUTPUT:
[INFO] [stdout]    4:     0x59aac35136d9 - std[70759c8f55707aa4]::panicking::default_hook
[INFO] [stderr] ┈┈┈┈┈┈┈┈┈┈┈┈┈┈┈┈┈┈┈┈┈┈┈┈┈┈┈┈┈┈┈┈┈┈┈┈┈┈┈┈┈┈┈┈┈┈┈┈┈┈┈┈┈┈┈┈┈┈┈┈
[INFO] [stdout]    5:     0x59aac34ac9b0 - test[9d35eded1c95d3be]::test_main_inner::<test[9d35eded1c95d3be]::test_main_static::{closure#0}>::{closure#0}
[INFO] [stderr] error[E0433]: cannot find `reinhardt_testkit` in the list of imported crates
[INFO] [stdout]    6:     0x59aac3513892 - std[70759c8f55707aa4]::panicking::panic_with_hook
[INFO] [stderr]  --> tests/ui/fail_non_async_call.rs:6:10
[INFO] [stdout]    7:     0x59aac34f55f2 - std[70759c8f55707aa4]::panicking::panic_handler::{closure#0}
[INFO] [stderr]   |
[INFO] [stdout]    8:     0x59aac34edeb9 - std[70759c8f55707aa4]::sys::backtrace::__rust_end_short_backtrace::<std[70759c8f55707aa4]::panicking::panic_handler::{closure#0}, !>
[INFO] [stderr] 6 |     let _ = with_di_overrides! { singleton Service };
[INFO] [stdout]    9:     0x59aac34f61ed - __rustc[8fa7c3cbc660c2b3]::rust_begin_unwind
[INFO] [stderr]   |             ^^^^^^^^^^^^^^^^^^^^^^^^^^^^^^^^^^^^^^^^ could not find `reinhardt_testkit` in the list of imported crates
[INFO] [stdout]   10:     0x59aac3532e5c - core[df12db4294e9bfd3]::panicking::panic_fmt
[INFO] [stderr]   |
[INFO] [stdout]   11:     0x59aac34000db - <trybuild[9b030eea11db5985]::Runner>::run
[INFO] [stderr]   = note: this error originates in the macro `with_di_overrides` (in Nightly builds, run with -Z macro-backtrace for more info)
[INFO] [stdout]   12:     0x59aac34034d0 - <trybuild[9b030eea11db5985]::TestCases as core[df12db4294e9bfd3]::ops::drop::Drop>::drop
[INFO] [stderr] 
[INFO] [stdout]   13:     0x59aac33fa196 - <trybuild[2c6cc8a81ac2628b]::macro_ui_tests::{closure#0} as core[df12db4294e9bfd3]::ops::function::FnOnce<()>>::call_once
[INFO] [stderr] error[E0728]: `await` is only allowed inside `async` functions and blocks
[INFO] [stdout]   14:     0x59aac349fc9b - test[9d35eded1c95d3be]::__rust_begin_short_backtrace::<core[df12db4294e9bfd3]::result::Result<(), alloc[2182bb758b4b3781]::string::String>, fn() -> core[df12db4294e9bfd3]::result::Result<(), alloc[2182bb758b4b3781]::string::String>>
[INFO] [stderr]  --> tests/ui/fail_non_async_call.rs:6:10
[INFO] [stdout]   15:     0x59aac34ad305 - test[9d35eded1c95d3be]::run_test::{closure#0}
[INFO] [stderr]   |
[INFO] [stdout]   16:     0x59aac34a6bc4 - std[70759c8f55707aa4]::sys::backtrace::__rust_begin_short_backtrace::<test[9d35eded1c95d3be]::run_test::{closure#1}, ()>
[INFO] [stderr] 5 | fn main() {
[INFO] [stdout]   17:     0x59aac34b0462 - <std[70759c8f55707aa4]::thread::lifecycle::spawn_unchecked<test[9d35eded1c95d3be]::run_test::{closure#1}, ()>::{closure#1} as core[df12db4294e9bfd3]::ops::function::FnOnce<()>>::call_once::{shim:vtable#0}
[INFO] [stderr]   | --------- this is not `async`
[INFO] [stdout]   18:     0x59aac351b319 - <std[70759c8f55707aa4]::sys::thread::unix::Thread>::new::thread_start
[INFO] [stderr] 6 |     let _ = with_di_overrides! { singleton Service };
[INFO] [stdout]   19:     0x723336cfedfa - <unknown>
[INFO] [stderr]   |             ^^^^^^^^^^^^^^^^^^^^^^^^^^^^^^^^^^^^^^^^ only allowed inside `async` functions and blocks
[INFO] [stdout]   20:     0x723336d923d4 - clone
[INFO] [stderr]   |
[INFO] [stdout]   21:                0x0 - <unknown>
[INFO] [stderr]   = note: this error originates in the macro `with_di_overrides` (in Nightly builds, run with -Z macro-backtrace for more info)
[INFO] [stdout] 
[INFO] [stderr] ┈┈┈┈┈┈┈┈┈┈┈┈┈┈┈┈┈┈┈┈┈┈┈┈┈┈┈┈┈┈┈┈┈┈┈┈┈┈┈┈┈┈┈┈┈┈┈┈┈┈┈┈┈┈┈┈┈┈┈┈
[INFO] [stdout] 
[INFO] [stderr] note: If the actual output is the correct output you can bless it by rerunning
[INFO] [stdout] failures:
[INFO] [stderr]       your test with the environment variable TRYBUILD=overwrite
[INFO] [stdout]     macro_ui_tests
[INFO] [stderr] 
[INFO] [stdout] 
[INFO] [stderr] 
[INFO] [stdout] test result: FAILED. 0 passed; 1 failed; 0 ignored; 0 measured; 0 filtered out; finished in 62.38s
[INFO] [stderr] 
[INFO] [stdout] 
[INFO] [stderr] error: test failed, to rerun pass `--test trybuild`
[INFO] running `Command { std: "docker" "inspect" "bb4e6a9c4257d3fa4cbda76db80f13608bd84bbf5f75b7e4fdce3c359f275b9d", kill_on_drop: false }`
[INFO] running `Command { std: "docker" "rm" "-f" "bb4e6a9c4257d3fa4cbda76db80f13608bd84bbf5f75b7e4fdce3c359f275b9d", kill_on_drop: false }`
[INFO] [stdout] bb4e6a9c4257d3fa4cbda76db80f13608bd84bbf5f75b7e4fdce3c359f275b9d
