[INFO] fetching crate reinhardt-i18n 0.3.24...
[INFO] testing reinhardt-i18n-0.3.24 against 1.99.0-beta.8+cargoflags=--release for beta-release-1.100-2
[INFO] extracting crate reinhardt-i18n 0.3.24 into /workspace/builds/worker-5-tc1/source
[INFO] started tweaking crates.io crate reinhardt-i18n 0.3.24
[INFO] removed 0 missing tests
[INFO] finished tweaking crates.io crate reinhardt-i18n 0.3.24
[INFO] tweaked toml for crates.io crate reinhardt-i18n 0.3.24 written to /workspace/builds/worker-5-tc1/source/Cargo.toml
[INFO] validating manifest of crates.io crate reinhardt-i18n 0.3.24 on toolchain 1.99.0-beta.8
[INFO] running `Command { std: CARGO_HOME="/workspace/cargo-home" RUSTUP_HOME="/workspace/rustup-home" "/workspace/cargo-home/bin/cargo" "+1.99.0-beta.8" "metadata" "--manifest-path" "Cargo.toml" "--no-deps", kill_on_drop: false }`
[INFO] crate crates.io crate reinhardt-i18n 0.3.24 already has a lockfile, it will not be regenerated
[INFO] running `Command { std: CARGO_HOME="/workspace/cargo-home" RUSTUP_HOME="/workspace/rustup-home" "/workspace/cargo-home/bin/cargo" "+1.99.0-beta.8" "fetch" "--manifest-path" "Cargo.toml", kill_on_drop: false }`
[INFO] [stderr]     Updating crates.io index
[INFO] [stderr]  Downloading crates ...
[INFO] [stderr]   Downloaded sourcemap v9.3.2
[INFO] [stderr]   Downloaded reinhardt-utils v0.3.24
[INFO] [stderr]   Downloaded reinhardt-http v0.3.24
[INFO] [stderr]   Downloaded ctor v0.8.0
[INFO] [stderr]   Downloaded dtor v0.3.0
[INFO] [stderr]   Downloaded ctor-proc-macro v0.0.7
[INFO] [stderr]   Downloaded reinhardt-core v0.3.24
[INFO] [stderr]   Downloaded reinhardt-macros v0.3.24
[INFO] [stderr]   Downloaded reinhardt-testkit v0.3.24
[INFO] [stderr]   Downloaded totp-lite v2.0.1
[INFO] [stderr]   Downloaded reinhardt-test v0.3.24
[INFO] [stderr]   Downloaded reinhardt-views v0.3.24
[INFO] [stderr]   Downloaded redox_syscall v0.9.4
[INFO] [stderr]   Downloaded reinhardt-throttling v0.3.24
[INFO] [stderr]   Downloaded rust-embed-impl v8.13.0
[INFO] [stderr]   Downloaded refinery v0.9.2
[INFO] [stderr]   Downloaded rust-embed-utils v8.13.0
[INFO] [stderr]   Downloaded reinhardt-router v0.3.24
[INFO] [stderr]   Downloaded reinhardt-di v0.3.24
[INFO] [stderr]   Downloaded refinery-macros v0.9.2
[INFO] [stderr]   Downloaded reinhardt-query-macros v0.3.24
[INFO] [stderr]   Downloaded refinery-core v0.9.2
[INFO] [stderr]   Downloaded reinhardt-rest v0.3.24
[INFO] [stderr]   Downloaded reinhardt-query v0.3.24
[INFO] [stderr]   Downloaded reinhardt-db v0.3.24
[INFO] [stderr]   Downloaded rust-embed v8.13.0
[INFO] [stderr]   Downloaded regex-cache v0.2.1
[INFO] [stderr]   Downloaded oncemutex v0.1.1
[INFO] [stderr]   Downloaded pg_escape v0.1.1
[INFO] [stderr]   Downloaded reinhardt-auth-macros v0.3.24
[INFO] [stderr]   Downloaded reinhardt-auth v0.3.24
[INFO] [stderr]   Downloaded reinhardt-conf v0.3.24
[INFO] [stderr]   Downloaded reinhardt-routers-macros v0.3.24
[INFO] [stderr]   Downloaded matchit v0.9.2
[INFO] [stderr]   Downloaded reinhardt-testkit-macros v0.3.24
[INFO] [stderr]   Downloaded reinhardt-server v0.3.24
[INFO] [stderr]   Downloaded mockall v0.14.0
[INFO] [stderr]   Downloaded mockall_derive v0.14.0
[INFO] [stderr]   Downloaded fragile v2.1.0
[INFO] [stderr]   Downloaded reactor-trait v2.8.0
[INFO] [stderr]   Downloaded phonenumber v0.3.10+9.0.33
[INFO] [stderr]   Downloaded reinhardt-urls v0.3.24
[INFO] [stderr]   Downloaded reinhardt-middleware v0.3.24
[INFO] [stderr]   Downloaded executor-trait v2.1.2
[INFO] [stderr]   Downloaded lapin v3.7.2
[INFO] [stderr]   Downloaded reactor-trait v3.1.1
[INFO] [stderr]   Downloaded aquamarine v0.6.0
[INFO] [stderr]   Downloaded async-reactor-trait v3.1.1
[INFO] [stderr]   Downloaded async-global-executor-trait v3.1.0
[INFO] [stderr]   Downloaded async-global-executor-trait v2.2.0
[INFO] [stderr]   Downloaded async-global-executor v3.1.0
[INFO] [stderr]   Downloaded amq-protocol-uri v8.3.1
[INFO] [stderr]   Downloaded amq-protocol-types v8.3.1
[INFO] [stderr]   Downloaded tcp-stream v0.30.9
[INFO] [stderr]   Downloaded executor-trait v3.1.0
[INFO] [stderr]   Downloaded amq-protocol v8.3.1
[INFO] [stderr]   Downloaded amq-protocol-tcp v8.3.1
[INFO] [stderr]   Downloaded rustls-connector v0.21.11
[INFO] [stderr]   Downloaded p12-keystore v0.2.1
[INFO] [stderr]   Downloaded pkcs12 v0.1.0
[INFO] [stderr]   Downloaded async-dropper v0.3.1
[INFO] [stderr]   Downloaded async-dropper-simple v0.2.6
[INFO] [stderr]   Downloaded async-scoped v0.9.0
[INFO] [stderr]   Downloaded async-dropper-derive v0.3.1
[INFO] [stderr]   Downloaded bon v3.10.2
[INFO] [stderr]   Downloaded reinhardt-forms v0.3.24
[INFO] [stderr]   Downloaded reinhardt-pages-ast v0.3.24
[INFO] [stderr]   Downloaded bon-macros v3.10.2
[INFO] [stderr]   Downloaded reinhardt-manouche v0.3.24
[INFO] [stderr]   Downloaded reinhardt-pages-macros v0.3.24
[INFO] [stderr]   Downloaded reinhardt-pages v0.3.24
[INFO] running `Command { std: "docker" "create" "-v" "/var/lib/crater-agent-workspace/builds/worker-5-tc1/source:/opt/rustwide/workdir:ro,Z" "-v" "/var/lib/crater-agent-workspace/builds/worker-5-tc1/target:/opt/rustwide/target:rw,Z" "-v" "/var/lib/crater-agent-workspace/cargo-home:/opt/rustwide/cargo-home:ro,Z" "-v" "/var/lib/crater-agent-workspace/rustup-home:/opt/rustwide/rustup-home:ro,Z" "-m" "1610612736" "--network" "none" "ghcr.io/rust-lang/crates-build-env/linux@sha256:77db811e55d90add9212f6832c23229e3de5f1c1f9905e8cb07319ea15df73ac" "sleep" "infinity", kill_on_drop: false }`
[INFO] [stdout] fc88795123db7fd432b8690c6f912fd6e78b7f44542d3ac59114c50d6d20fcdd
[INFO] running `Command { std: "docker" "start" "fc88795123db7fd432b8690c6f912fd6e78b7f44542d3ac59114c50d6d20fcdd", kill_on_drop: false }`
[INFO] running `Command { std: "docker" "inspect" "fc88795123db7fd432b8690c6f912fd6e78b7f44542d3ac59114c50d6d20fcdd", kill_on_drop: false }`
[INFO] running `Command { std: "docker" "exec" "-e" "SOURCE_DIR=/opt/rustwide/workdir" "-e" "CARGO_HOME=/opt/rustwide/cargo-home" "-e" "RUSTUP_HOME=/opt/rustwide/rustup-home" "-e" "CARGO_TARGET_DIR=/opt/rustwide/target" "-w" "/opt/rustwide/workdir" "--user" "0:0" "fc88795123db7fd432b8690c6f912fd6e78b7f44542d3ac59114c50d6d20fcdd" "/opt/rustwide/cargo-home/bin/cargo" "+1.99.0-beta.8" "metadata" "--no-deps" "--format-version=1", kill_on_drop: false }`
[INFO] running `Command { std: "docker" "inspect" "fc88795123db7fd432b8690c6f912fd6e78b7f44542d3ac59114c50d6d20fcdd", kill_on_drop: false }`
[INFO] running `Command { std: "docker" "exec" "-e" "SOURCE_DIR=/opt/rustwide/workdir" "-e" "CARGO_HOME=/opt/rustwide/cargo-home" "-e" "RUSTUP_HOME=/opt/rustwide/rustup-home" "-e" "CARGO_TARGET_DIR=/opt/rustwide/target" "-e" "CARGO_INCREMENTAL=0" "-e" "RUST_BACKTRACE=full" "-e" "RUSTFLAGS=--cap-lints=warn" "-e" "RUSTDOCFLAGS=--cap-lints=warn" "-w" "/opt/rustwide/workdir" "--user" "0:0" "fc88795123db7fd432b8690c6f912fd6e78b7f44542d3ac59114c50d6d20fcdd" "/opt/rustwide/cargo-home/bin/cargo" "+1.99.0-beta.8" "build" "--frozen" "--message-format=json" "--release", kill_on_drop: false }`
[INFO] [stderr]    Compiling libc v0.2.190
[INFO] [stderr]    Compiling smallvec v1.16.3
[INFO] [stderr]    Compiling socket2 v0.6.5
[INFO] [stderr]    Compiling mio v1.2.4
[INFO] [stderr]    Compiling zeroize v1.9.1
[INFO] [stderr]    Compiling generic-array v0.14.7
[INFO] [stderr]    Compiling rustix v1.1.5
[INFO] [stderr]    Compiling getrandom v0.4.3
[INFO] [stderr]    Compiling rustls-pki-types v1.15.1
[INFO] [stderr]    Compiling rustls v0.23.46
[INFO] [stderr]    Compiling io-lifetimes v2.0.4
[INFO] [stderr]    Compiling icu_normalizer v2.3.0
[INFO] [stderr]    Compiling linux-raw-sys v0.12.1
[INFO] [stderr]    Compiling getrandom v0.3.4
[INFO] [stderr]    Compiling tokio v1.53.3
[INFO] [stderr]    Compiling idna_adapter v1.2.2
[INFO] [stderr]    Compiling idna v1.1.0
[INFO] [stderr]    Compiling block-buffer v0.10.4
[INFO] [stderr]    Compiling crypto-common v0.1.7
[INFO] [stderr]    Compiling anyhow v1.0.104
[INFO] [stderr]    Compiling either v1.19.0
[INFO] [stderr]    Compiling uuid v1.28.0
[INFO] [stderr]    Compiling jobserver v0.1.35
[INFO] [stderr]    Compiling url v2.5.8
[INFO] [stderr]    Compiling cc v1.8.0
[INFO] [stderr]    Compiling itertools v0.14.0
[INFO] [stderr]    Compiling serde_json v1.0.154
[INFO] [stderr]    Compiling digest v0.10.7
[INFO] [stderr]    Compiling rand_core v0.9.5
[INFO] [stderr]    Compiling radium v0.7.0
[INFO] [stderr]    Compiling cmake v0.1.58
[INFO] [stderr]    Compiling io-extras v0.18.4
[INFO] [stderr]    Compiling prost-derive v0.14.4
[INFO] [stderr]    Compiling reinhardt-core v0.3.24
[INFO] [stderr]    Compiling chrono v0.4.45
[INFO] [stderr]    Compiling rand_chacha v0.9.0
[INFO] [stderr]    Compiling aws-lc-sys v0.46.0
[INFO] [stderr]    Compiling parking_lot_core v0.9.12
[INFO] [stderr]    Compiling rmp v0.8.15
[INFO] [stderr]    Compiling unicase v2.10.0
[INFO] [stderr]    Compiling cap-primitives v3.4.6
[INFO] [stderr]    Compiling spin v0.9.9
[INFO] [stderr]    Compiling rustls-native-certs v0.8.5
[INFO] [stderr]    Compiling multer v3.1.0
[INFO] [stderr]    Compiling prost v0.14.4
[INFO] [stderr]    Compiling rmp-serde v1.3.1
[INFO] [stderr]    Compiling rustix-linux-procfs v0.1.1
[INFO] [stderr]    Compiling fs-set-times v0.20.3
[INFO] [stderr]    Compiling phf_shared v0.12.1
[INFO] [stderr]    Compiling sha2 v0.10.9
[INFO] [stderr]    Compiling mime_guess v2.0.5
[INFO] [stderr]    Compiling wyz v0.5.1
[INFO] [stderr]    Compiling parking_lot v0.12.5
[INFO] [stderr]    Compiling rand v0.9.5
[INFO] [stderr]    Compiling tokio-util v0.7.20
[INFO] [stderr]    Compiling tower v0.5.3
[INFO] [stderr]    Compiling hmac v0.12.1
[INFO] [stderr]    Compiling typed-arena v2.0.2
[INFO] [stderr]    Compiling h2 v0.4.20
[INFO] [stderr]    Compiling ambient-authority v0.0.2
[INFO] [stderr]    Compiling funty v2.0.0
[INFO] [stderr]    Compiling cap-std v3.4.6
[INFO] [stderr]    Compiling inventory v0.3.25
[INFO] [stderr]    Compiling maybe-owned v0.3.4
[INFO] [stderr]    Compiling bitvec v1.1.1
[INFO] [stderr]    Compiling tower-http v0.6.11
[INFO] [stderr]    Compiling phf v0.12.1
[INFO] [stderr]    Compiling debugid v0.8.0
[INFO] [stderr]    Compiling http-body-util v0.1.5
[INFO] [stderr]    Compiling unicode-id-start v1.5.0
[INFO] [stderr]    Compiling if_chain v1.0.3
[INFO] [stderr]    Compiling tempfile v3.27.0
[INFO] [stderr]    Compiling chrono-tz v0.10.4
[INFO] [stderr]    Compiling hyper v1.12.0
[INFO] [stderr]    Compiling sourcemap v9.3.2
[INFO] [stderr]    Compiling hyper-util v0.1.21
[INFO] [stderr]    Compiling reinhardt-http v0.3.24
[INFO] [stderr]    Compiling aws-lc-rs v1.18.2
[INFO] [stderr]    Compiling rustls-webpki v0.103.15
[INFO] [stderr]    Compiling tokio-rustls v0.26.6
[INFO] [stderr]    Compiling rustls-platform-verifier v0.7.1
[INFO] [stderr]    Compiling hyper-rustls v0.27.10
[INFO] [stderr]    Compiling reqwest v0.13.5
[INFO] [stderr]    Compiling reinhardt-utils v0.3.24
[INFO] [stderr]    Compiling reinhardt-i18n v0.3.24 (/opt/rustwide/workdir)
[INFO] [stderr]     Finished `release` profile [optimized] target(s) in 4m 18s
[INFO] running `Command { std: "docker" "inspect" "fc88795123db7fd432b8690c6f912fd6e78b7f44542d3ac59114c50d6d20fcdd", kill_on_drop: false }`
[INFO] running `Command { std: "docker" "exec" "-e" "SOURCE_DIR=/opt/rustwide/workdir" "-e" "CARGO_HOME=/opt/rustwide/cargo-home" "-e" "RUSTUP_HOME=/opt/rustwide/rustup-home" "-e" "CARGO_TARGET_DIR=/opt/rustwide/target" "-e" "CARGO_INCREMENTAL=0" "-e" "RUST_BACKTRACE=full" "-e" "RUSTFLAGS=--cap-lints=warn" "-e" "RUSTDOCFLAGS=--cap-lints=warn" "-w" "/opt/rustwide/workdir" "--user" "0:0" "fc88795123db7fd432b8690c6f912fd6e78b7f44542d3ac59114c50d6d20fcdd" "/opt/rustwide/cargo-home/bin/cargo" "+1.99.0-beta.8" "test" "--frozen" "--no-run" "--message-format=json" "--release", kill_on_drop: false }`
[INFO] [stderr]    Compiling zerovec v0.11.8
[INFO] [stderr]    Compiling serde v1.0.229
[INFO] [stderr]    Compiling scopeguard v1.2.0
[INFO] [stderr]    Compiling h2 v0.4.20
[INFO] [stderr]    Compiling uuid v1.28.0
[INFO] [stderr]    Compiling serde_json v1.0.154
[INFO] [stderr]    Compiling prost-derive v0.14.4
[INFO] [stderr]    Compiling rstest_macros v0.26.1
[INFO] [stderr]    Compiling lock_api v0.4.14
[INFO] [stderr]    Compiling encoding_rs v0.8.42
[INFO] [stderr]    Compiling parking_lot v0.12.5
[INFO] [stderr]    Compiling chrono v0.4.45
[INFO] [stderr]    Compiling serde_urlencoded v0.7.1
[INFO] [stderr]    Compiling rmp-serde v1.3.1
[INFO] [stderr]    Compiling debugid v0.8.0
[INFO] [stderr]    Compiling tinystr v0.8.4
[INFO] [stderr]    Compiling potential_utf v0.1.6
[INFO] [stderr]    Compiling icu_collections v2.3.0
[INFO] [stderr]    Compiling prost v0.14.4
[INFO] [stderr]    Compiling icu_locale_core v2.3.0
[INFO] [stderr]    Compiling multer v3.1.0
[INFO] [stderr]    Compiling winnow v1.0.4
[INFO] [stderr]    Compiling serde_spanned v1.1.2
[INFO] [stderr]    Compiling toml_datetime v1.1.2+spec-1.1.0
[INFO] [stderr]    Compiling icu_provider v2.3.1
[INFO] [stderr]    Compiling chrono-tz v0.10.4
[INFO] [stderr]    Compiling icu_normalizer v2.3.0
[INFO] [stderr]    Compiling icu_properties v2.3.0
[INFO] [stderr]    Compiling hyper v1.12.0
[INFO] [stderr]    Compiling toml_parser v1.1.5+spec-1.1.0
[INFO] [stderr]    Compiling toml_writer v1.1.3+spec-1.1.0
[INFO] [stderr]    Compiling idna_adapter v1.2.2
[INFO] [stderr]    Compiling hashbrown v0.14.5
[INFO] [stderr]    Compiling idna v1.1.0
[INFO] [stderr]    Compiling url v2.5.8
[INFO] [stderr]    Compiling dashmap v6.2.1
[INFO] [stderr]    Compiling toml_edit v0.25.17+spec-1.1.0
[INFO] [stderr]    Compiling hyper-util v0.1.21
[INFO] [stderr]    Compiling reinhardt-core v0.3.24
[INFO] [stderr]    Compiling tower-http v0.6.11
[INFO] [stderr]    Compiling hyper-rustls v0.27.10
[INFO] [stderr]    Compiling sourcemap v9.3.2
[INFO] [stderr]    Compiling reqwest v0.13.5
[INFO] [stderr]    Compiling reinhardt-http v0.3.24
[INFO] [stderr]    Compiling unic-langid-impl v0.9.6
[INFO] [stderr]    Compiling serial_test_derive v3.5.0
[INFO] [stderr]    Compiling console v0.16.6
[INFO] [stderr]    Compiling reinhardt-utils v0.3.24
[INFO] [stderr]    Compiling insta v1.49.0
[INFO] [stderr]    Compiling rstest v0.26.1
[INFO] [stderr]    Compiling serial_test v3.5.0
[INFO] [stderr]    Compiling unic-langid v0.9.6
[INFO] [stderr]    Compiling reinhardt-di v0.3.24
[INFO] [stderr]    Compiling reinhardt-i18n v0.3.24 (/opt/rustwide/workdir)
[INFO] [stdout] warning: use of deprecated function `utils::format_number`: use `reinhardt_utils::utils_core::text::floatcomma` instead
[INFO] [stdout]    --> src/utils.rs:106:16
[INFO] [stdout]     |
[INFO] [stdout] 106 |         let result = format_number(number, decimals);
[INFO] [stdout]     |                      ^^^^^^^^^^^^^
[INFO] [stdout]     |
[INFO] [stdout]     = note: `#[warn(deprecated)]` on by default
[INFO] [stdout] 
[INFO] [stdout] 
[INFO] [stdout] warning: use of deprecated function `utils::format_number`: use `reinhardt_utils::utils_core::text::floatcomma` instead
[INFO] [stdout]    --> src/utils.rs:126:16
[INFO] [stdout]     |
[INFO] [stdout] 126 |         let result = format_number(number, decimals);
[INFO] [stdout]     |                      ^^^^^^^^^^^^^
[INFO] [stdout] 
[INFO] [stdout] 
[INFO] [stdout] warning: use of deprecated function `utils::format_number`: use `reinhardt_utils::utils_core::text::floatcomma` instead
[INFO] [stdout]    --> src/utils.rs:138:16
[INFO] [stdout]     |
[INFO] [stdout] 138 |         let result = format_number(number, 2);
[INFO] [stdout]     |                      ^^^^^^^^^^^^^
[INFO] [stdout] 
[INFO] [stdout] 
[INFO] [stdout] warning: use of deprecated function `utils::format_number`: use `reinhardt_utils::utils_core::text::floatcomma` instead
[INFO] [stdout]    --> src/utils.rs:150:16
[INFO] [stdout]     |
[INFO] [stdout] 150 |         let result = format_number(number, 2);
[INFO] [stdout]     |                      ^^^^^^^^^^^^^
[INFO] [stdout] 
[INFO] [stdout] 
[INFO] [stdout] warning: use of deprecated function `utils::format_number`: use `reinhardt_utils::utils_core::text::floatcomma` instead
[INFO] [stdout]    --> src/utils.rs:162:16
[INFO] [stdout]     |
[INFO] [stdout] 162 |         let result = format_number(number, 2);
[INFO] [stdout]     |                      ^^^^^^^^^^^^^
[INFO] [stdout] 
[INFO] [stdout] 
[INFO] [stdout] warning: use of deprecated function `utils::format_number`: use `reinhardt_utils::utils_core::text::floatcomma` instead
[INFO] [stdout]    --> src/utils.rs:174:16
[INFO] [stdout]     |
[INFO] [stdout] 174 |         let result = format_number(number, 2);
[INFO] [stdout]     |                      ^^^^^^^^^^^^^
[INFO] [stdout] 
[INFO] [stdout] 
[INFO] [stderr]     Finished `release` profile [optimized] target(s) in 2m 44s
[INFO] running `Command { std: "docker" "inspect" "fc88795123db7fd432b8690c6f912fd6e78b7f44542d3ac59114c50d6d20fcdd", kill_on_drop: false }`
[INFO] running `Command { std: "docker" "exec" "-e" "SOURCE_DIR=/opt/rustwide/workdir" "-e" "CARGO_HOME=/opt/rustwide/cargo-home" "-e" "RUSTUP_HOME=/opt/rustwide/rustup-home" "-e" "CARGO_TARGET_DIR=/opt/rustwide/target" "-e" "CARGO_INCREMENTAL=0" "-e" "RUST_BACKTRACE=full" "-e" "RUSTFLAGS=--cap-lints=warn" "-e" "RUSTDOCFLAGS=--cap-lints=warn" "-w" "/opt/rustwide/workdir" "--user" "0:0" "fc88795123db7fd432b8690c6f912fd6e78b7f44542d3ac59114c50d6d20fcdd" "/opt/rustwide/cargo-home/bin/cargo" "+1.99.0-beta.8" "test" "--frozen" "--release", kill_on_drop: false }`
[INFO] [stderr] warning: use of deprecated function `utils::format_number`: use `reinhardt_utils::utils_core::text::floatcomma` instead
[INFO] [stderr]    --> src/utils.rs:106:16
[INFO] [stderr]     |
[INFO] [stderr] 106 |         let result = format_number(number, decimals);
[INFO] [stderr]     |                      ^^^^^^^^^^^^^
[INFO] [stderr]     |
[INFO] [stderr]     = note: `#[warn(deprecated)]` on by default
[INFO] [stderr] 
[INFO] [stderr] warning: use of deprecated function `utils::format_number`: use `reinhardt_utils::utils_core::text::floatcomma` instead
[INFO] [stderr]    --> src/utils.rs:126:16
[INFO] [stderr]     |
[INFO] [stderr] 126 |         let result = format_number(number, decimals);
[INFO] [stderr]     |                      ^^^^^^^^^^^^^
[INFO] [stderr] 
[INFO] [stderr] warning: use of deprecated function `utils::format_number`: use `reinhardt_utils::utils_core::text::floatcomma` instead
[INFO] [stderr]    --> src/utils.rs:138:16
[INFO] [stderr]     |
[INFO] [stderr] 138 |         let result = format_number(number, 2);
[INFO] [stderr]     |                      ^^^^^^^^^^^^^
[INFO] [stderr] 
[INFO] [stderr] warning: use of deprecated function `utils::format_number`: use `reinhardt_utils::utils_core::text::floatcomma` instead
[INFO] [stderr]    --> src/utils.rs:150:16
[INFO] [stderr]     |
[INFO] [stderr] 150 |         let result = format_number(number, 2);
[INFO] [stderr]     |                      ^^^^^^^^^^^^^
[INFO] [stderr] 
[INFO] [stderr] warning: use of deprecated function `utils::format_number`: use `reinhardt_utils::utils_core::text::floatcomma` instead
[INFO] [stderr]    --> src/utils.rs:162:16
[INFO] [stderr]     |
[INFO] [stderr] 162 |         let result = format_number(number, 2);
[INFO] [stderr]     |                      ^^^^^^^^^^^^^
[INFO] [stderr] 
[INFO] [stderr] warning: use of deprecated function `utils::format_number`: use `reinhardt_utils::utils_core::text::floatcomma` instead
[INFO] [stderr]    --> src/utils.rs:174:16
[INFO] [stderr]     |
[INFO] [stderr] 174 |         let result = format_number(number, 2);
[INFO] [stderr]     |                      ^^^^^^^^^^^^^
[INFO] [stderr] 
[INFO] [stderr] warning: `reinhardt-i18n` (lib test) generated 6 warnings
[INFO] [stderr]     Finished `release` profile [optimized] target(s) in 0.54s
[INFO] [stderr]      Running unittests src/lib.rs (/opt/rustwide/target/release/deps/reinhardt_i18n-6e54a092235ec774)
[INFO] [stdout] 
[INFO] [stdout] running 150 tests
[INFO] [stdout] test catalog::tests::plural_rules_cover_portuguese_celtic_baltic_and_romanian_boundaries::case_04 ... ok
[INFO] [stdout] test catalog::tests::plural_rules_cover_portuguese_celtic_baltic_and_romanian_boundaries::case_06 ... ok
[INFO] [stdout] test catalog::tests::plural_rules_cover_portuguese_celtic_baltic_and_romanian_boundaries::case_02 ... ok
[INFO] [stdout] test catalog::tests::plural_rules_cover_portuguese_celtic_baltic_and_romanian_boundaries::case_01 ... ok
[INFO] [stdout] test catalog::tests::plural_rules_cover_portuguese_celtic_baltic_and_romanian_boundaries::case_05 ... ok
[INFO] [stdout] test catalog::tests::plural_rules_cover_portuguese_celtic_baltic_and_romanian_boundaries::case_08 ... ok
[INFO] [stdout] test catalog::tests::plural_rules_cover_portuguese_celtic_baltic_and_romanian_boundaries::case_07 ... ok
[INFO] [stdout] test catalog::tests::plural_rules_cover_portuguese_celtic_baltic_and_romanian_boundaries::case_10 ... ok
[INFO] [stdout] test catalog::tests::plural_rules_cover_portuguese_celtic_baltic_and_romanian_boundaries::case_11 ... ok
[INFO] [stdout] test catalog::tests::plural_rules_cover_portuguese_celtic_baltic_and_romanian_boundaries::case_12 ... ok
[INFO] [stdout] test catalog::tests::plural_rules_cover_portuguese_celtic_baltic_and_romanian_boundaries::case_09 ... ok
[INFO] [stdout] test catalog::tests::plural_rules_cover_portuguese_celtic_baltic_and_romanian_boundaries::case_03 ... ok
[INFO] [stdout] test catalog::tests::plural_rules_cover_portuguese_celtic_baltic_and_romanian_boundaries::case_13 ... ok
[INFO] [stdout] test catalog::tests::plural_rules_cover_portuguese_celtic_baltic_and_romanian_boundaries::case_14 ... ok
[INFO] [stdout] test catalog::tests::plural_rules_cover_portuguese_celtic_baltic_and_romanian_boundaries::case_15 ... ok
[INFO] [stdout] test catalog::tests::plural_rules_cover_portuguese_celtic_baltic_and_romanian_boundaries::case_16 ... ok
[INFO] [stdout] test catalog::tests::plural_rules_cover_portuguese_celtic_baltic_and_romanian_boundaries::case_17 ... ok
[INFO] [stdout] test catalog::tests::plural_rules_cover_portuguese_celtic_baltic_and_romanian_boundaries::case_18 ... ok
[INFO] [stdout] test catalog::tests::plural_rules_cover_portuguese_celtic_baltic_and_romanian_boundaries::case_19 ... ok
[INFO] [stdout] test catalog::tests::plural_rules_cover_portuguese_celtic_baltic_and_romanian_boundaries::case_21 ... ok
[INFO] [stdout] test catalog::tests::plural_rules_cover_portuguese_celtic_baltic_and_romanian_boundaries::case_20 ... ok
[INFO] [stdout] test catalog::tests::plural_rules_cover_portuguese_celtic_baltic_and_romanian_boundaries::case_22 ... ok
[INFO] [stdout] test catalog::tests::plural_rules_cover_portuguese_celtic_baltic_and_romanian_boundaries::case_23 ... ok
[INFO] [stdout] test catalog::tests::plural_rules_cover_portuguese_celtic_baltic_and_romanian_boundaries::case_25 ... ok
[INFO] [stdout] test catalog::tests::plural_rules_cover_portuguese_celtic_baltic_and_romanian_boundaries::case_24 ... ok
[INFO] [stdout] test catalog::tests::plural_rules_cover_portuguese_celtic_baltic_and_romanian_boundaries::case_26 ... ok
[INFO] [stdout] test catalog::tests::plural_rules_cover_portuguese_celtic_baltic_and_romanian_boundaries::case_28 ... ok
[INFO] [stdout] test catalog::tests::plural_rules_cover_portuguese_celtic_baltic_and_romanian_boundaries::case_27 ... ok
[INFO] [stdout] test catalog::tests::test_add_plural_does_not_split_colon_in_key ... ok
[INFO] [stdout] test catalog::tests::plural_rules_cover_portuguese_celtic_baltic_and_romanian_boundaries::case_29 ... ok
[INFO] [stdout] test catalog::tests::test_add_plural_colon_key_not_stored_in_context_plurals ... ok
[INFO] [stdout] test catalog::tests::test_plural_form_arabic::case_2 ... ok
[INFO] [stdout] test catalog::tests::test_plural_form_arabic::case_5 ... ok
[INFO] [stdout] test catalog::tests::test_plural_form_arabic::case_6 ... ok
[INFO] [stdout] test catalog::tests::test_add_plural_with_colon_is_reachable_via_get_plural ... ok
[INFO] [stdout] test catalog::tests::test_message_catalog_context ... ok
[INFO] [stdout] test catalog::tests::test_plural_form_arabic::case_3 ... ok
[INFO] [stdout] test catalog::tests::test_message_catalog_basic ... ok
[INFO] [stdout] test catalog::tests::test_message_catalog_plural ... ok
[INFO] [stdout] test catalog::tests::test_plural_form_arabic::case_4 ... ok
[INFO] [stdout] test catalog::tests::test_plural_form_arabic::case_1 ... ok
[INFO] [stdout] test catalog::tests::test_plural_form_arabic::case_7 ... ok
[INFO] [stdout] test catalog::tests::test_plural_form_arabic::case_8 ... ok
[INFO] [stdout] test catalog::tests::test_plural_form_czech::case_2 ... ok
[INFO] [stdout] test catalog::tests::test_plural_form_czech::case_4 ... ok
[INFO] [stdout] test catalog::tests::test_plural_form_czech::case_5 ... ok
[INFO] [stdout] test catalog::tests::test_plural_form_east_asian_always_zero::case_1 ... ok
[INFO] [stdout] test catalog::tests::test_plural_form_czech::case_1 ... ok
[INFO] [stdout] test catalog::tests::test_plural_form_czech::case_3 ... ok
[INFO] [stdout] test catalog::tests::test_plural_form_east_asian_always_zero::case_4 ... ok
[INFO] [stdout] test catalog::tests::test_plural_form_french::case_2 ... ok
[INFO] [stdout] test catalog::tests::test_plural_form_french::case_3 ... ok
[INFO] [stdout] test catalog::tests::test_plural_form_germanic_default::case_1 ... ok
[INFO] [stdout] test catalog::tests::test_plural_form_east_asian_always_zero::case_2 ... ok
[INFO] [stdout] test catalog::tests::test_plural_form_east_asian_always_zero::case_3 ... ok
[INFO] [stdout] test catalog::tests::test_plural_form_east_asian_always_zero::case_5 ... ok
[INFO] [stdout] test catalog::tests::test_plural_form_french::case_1 ... ok
[INFO] [stdout] test catalog::tests::test_plural_form_germanic_default::case_3 ... ok
[INFO] [stdout] test catalog::tests::test_plural_form_germanic_default::case_2 ... ok
[INFO] [stdout] test catalog::tests::test_plural_form_germanic_default::case_4 ... ok
[INFO] [stdout] test catalog::tests::test_plural_form_polish::case_1 ... ok
[INFO] [stdout] test catalog::tests::test_plural_form_polish::case_5 ... ok
[INFO] [stdout] test catalog::tests::test_plural_form_polish::case_4 ... ok
[INFO] [stdout] test catalog::tests::test_plural_form_polish::case_2 ... ok
[INFO] [stdout] test catalog::tests::test_plural_form_polish::case_3 ... ok
[INFO] [stdout] test catalog::tests::test_plural_form_russian::case_02 ... ok
[INFO] [stdout] test catalog::tests::test_plural_form_russian::case_06 ... ok
[INFO] [stdout] test catalog::tests::test_plural_form_russian::case_07 ... ok
[INFO] [stdout] test catalog::tests::test_plural_form_russian::case_08 ... ok
[INFO] [stdout] test catalog::tests::test_plural_form_russian::case_09 ... ok
[INFO] [stdout] test catalog::tests::test_plural_form_russian::case_10 ... ok
[INFO] [stdout] test catalog::tests::test_plural_form_slovenian::case_1 ... ok
[INFO] [stdout] test catalog::tests::test_plural_form_slovenian::case_2 ... ok
[INFO] [stdout] test catalog::tests::test_plural_form_slovenian::case_3 ... ok
[INFO] [stdout] test catalog::tests::test_plural_form_germanic_default::case_5 ... ok
[INFO] [stdout] test catalog::tests::test_plural_form_slovenian::case_4 ... ok
[INFO] [stdout] test catalog::tests::test_plural_form_locale_with_region_code ... ok
[INFO] [stdout] test catalog::tests::test_plural_form_polish::case_6 ... ok
[INFO] [stdout] test catalog::tests::test_plural_form_russian::case_03 ... ok
[INFO] [stdout] test catalog::tests::test_plural_form_russian::case_01 ... ok
[INFO] [stdout] test catalog::tests::test_plural_form_russian::case_04 ... ok
[INFO] [stdout] test catalog::tests::test_plural_form_slovenian::case_5 ... ok
[INFO] [stdout] test catalog::tests::test_plural_form_slovenian::case_6 ... ok
[INFO] [stdout] test catalog::tests::test_plural_form_slovenian::case_7 ... ok
[INFO] [stdout] test lazy::tests::test_lazy_string_plural ... ok
[INFO] [stdout] test locale::tests::test_activate_does_not_leak_arc ... ok
[INFO] [stdout] test lazy::tests::test_lazy_string_basic ... ok
[INFO] [stdout] test lazy::tests::test_lazy_string_context_and_from_string ... ok
[INFO] [stdout] test locale::tests::test_activate_validates_locale ... ok
[INFO] [stdout] test locale::tests::test_deactivate_does_not_leak_arc ... ok
[INFO] [stdout] test locale::tests::test_locale_activation ... ok
[INFO] [stdout] test locale::tests::test_set_fallback_locale_validates_locale ... ok
[INFO] [stdout] test locale::tests::test_set_locale_validates_locale ... ok
[INFO] [stdout] test locale::tests::test_validate_locale_accepts_max_length_string ... ok
[INFO] [stdout] test locale::tests::test_validate_locale_rejects_too_long_string ... ok
[INFO] [stdout] test catalog::tests::test_plural_form_russian::case_05 ... ok
[INFO] [stdout] test po_parser::tests::test_add_entry_skips_empty_header ... ok
[INFO] [stdout] test locale::tests::test_deactivate ... ok
[INFO] [stdout] test po_parser::tests::test_parse_accepts_valid_plural_index::case_3 ... ok
[INFO] [stdout] test locale::tests::test_activate_with_catalog_does_not_leak_arc ... ok
[INFO] [stdout] test po_parser::tests::test_parse_all_multiline_keywords ... ok
[INFO] [stdout] test locale::tests::test_activate_with_catalog_validates_locale ... ok
[INFO] [stdout] test locale::tests::test_add_catalog_validates_locale ... ok
[INFO] [stdout] test po_parser::tests::test_parse_contextual_plural_continuation ... ok
[INFO] [stdout] test po_parser::tests::test_parse_contextual_translation ... ok
[INFO] [stdout] test po_parser::tests::test_parse_escape_sequences ... ok
[INFO] [stdout] test po_parser::tests::test_parse_empty_file ... ok
[INFO] [stdout] test po_parser::tests::test_parse_indexed_msgstr_rejects_invalid_quotes ... ok
[INFO] [stdout] test po_parser::tests::test_parse_ignores_orphan_continuation ... ok
[INFO] [stdout] test po_parser::tests::test_parse_multiline_msgctxt_continuation ... ok
[INFO] [stdout] test po_parser::tests::test_parse_accepts_valid_plural_index::case_1 ... ok
[INFO] [stdout] test po_parser::tests::test_parse_accepts_valid_plural_index::case_2 ... ok
[INFO] [stdout] test po_parser::tests::test_parse_multiline_string ... ok
[INFO] [stdout] test po_parser::tests::test_parse_rejects_huge_plural_index::case_1 ... ok
[INFO] [stdout] test po_parser::tests::test_parse_rejects_huge_plural_index::case_2 ... ok
[INFO] [stdout] test po_parser::tests::test_parse_rejects_huge_plural_index::case_3 ... ok
[INFO] [stdout] test po_parser::tests::test_parse_simple_translation ... ok
[INFO] [stdout] test po_parser::tests::test_parse_plural_translation ... ok
[INFO] [stdout] test po_parser::tests::test_parse_rejects_huge_plural_index::case_4 ... ok
[INFO] [stdout] test po_parser::tests::test_parse_accepts_valid_plural_index::case_4 ... ok
[INFO] [stdout] test po_parser::tests::test_unescape_string ... ok
[INFO] [stdout] test po_parser::tests::test_parse_single_line_msgctxt ... ok
[INFO] [stdout] test po_parser::tests::test_parse_with_comments ... ok
[INFO] [stdout] test tests::translation_context_falls_back_for_every_translation_shape ... ok
[INFO] [stdout] test translation::tests::test_gettext_no_translation ... ok
[INFO] [stdout] test translation::tests::test_pgettext_no_translation ... ok
[INFO] [stdout] test tests::translation_context_empty_and_invalid_locales_preserve_contract ... ok
[INFO] [stdout] test utils::tests::test_format_date ... ok
[INFO] [stdout] test translation::tests::test_ngettext_default_rules_unit ... ok
[INFO] [stdout] test tests::active_context_routes_contextual_translation_and_restores_nested_scope ... ok
[INFO] [stdout] test utils::tests::test_format_number_nan ... ok
[INFO] [stdout] test utils::tests::test_format_number_negative::case_1 ... ok
[INFO] [stdout] test utils::tests::test_format_date_accepts_max_length_format ... ok
[INFO] [stdout] test utils::tests::test_format_date_rejects_long_format_string ... ok
[INFO] [stdout] test utils::tests::test_format_number_negative::case_4 ... ok
[INFO] [stdout] test utils::tests::test_format_number_negative::case_5 ... ok
[INFO] [stdout] test utils::tests::test_format_number_negative_infinity ... ok
[INFO] [stdout] test utils::tests::test_format_number_positive::case_1 ... ok
[INFO] [stdout] test utils::tests::test_format_number_positive::case_2 ... ok
[INFO] [stdout] test utils::tests::test_format_number_positive::case_3 ... ok
[INFO] [stdout] test utils::tests::test_format_number_positive::case_4 ... ok
[INFO] [stdout] test utils::tests::test_format_number_positive::case_5 ... ok
[INFO] [stdout] test utils::tests::test_format_number_positive_infinity ... ok
[INFO] [stdout] test utils::tests::test_format_number_negative::case_2 ... ok
[INFO] [stdout] test utils::tests::test_format_number_negative::case_3 ... ok
[INFO] [stdout] test utils::tests::test_format_number_negative_zero ... ok
[INFO] [stdout] test po_parser::tests::test_parse_rejects_oversized_file ... ok
[INFO] [stdout] test po_parser::tests::test_parse_rejects_too_many_msgid_entries_during_dispatch ... ok
[INFO] [stdout] test po_parser::tests::test_parse_rejects_too_many_context_entries_during_dispatch ... ok
[INFO] [stdout] test po_parser::tests::test_parse_rejects_too_many_entries ... ok
[INFO] [stdout] 
[INFO] [stdout] test result: ok. 150 passed; 0 failed; 0 ignored; 0 measured; 0 filtered out; finished in 0.58s
[INFO] [stdout] 
[INFO] [stderr]      Running tests/catalog_tests.rs (/opt/rustwide/target/release/deps/catalog_tests-f15274a62ec5e5dd)
[INFO] [stdout] 
[INFO] [stdout] running 29 tests
[INFO] [stdout] test test_catalog_context_plural ... ok
[INFO] [stdout] test test_catalog_loader_load_from_file ... ok
[INFO] [stdout] test test_catalog_loader_multiple_dirs ... ok
[INFO] [stdout] test test_catalog_empty_message ... ok
[INFO] [stdout] test test_catalog_load_from_file_rejects_traversal ... ok
[INFO] [stdout] test test_catalog_loader_load_or_empty_returns_empty_catalog ... ok
[INFO] [stdout] test test_catalog_loader_loads_messages_po_file ... ok
[INFO] [stdout] test test_catalog_loader_accepts_valid_locale ... ok
[INFO] [stdout] test test_catalog_loader_not_found_returns_error ... ok
[INFO] [stdout] test test_catalog_loader_rejects_absolute_path_locale ... ok
[INFO] [stdout] test test_catalog_loader_rejects_symlinked_locale ... ok
[INFO] [stdout] test test_catalog_loader_rejects_path_traversal::case_2 ... ok
[INFO] [stdout] test test_catalog_context_integration ... ok
[INFO] [stdout] test test_catalog_loader_rejects_path_traversal::case_3 ... ok
[INFO] [stdout] test test_catalog_loader_rejects_path_traversal::case_1 ... ok
[INFO] [stdout] test test_catalog_loader_reports_unreadable_catalog ... FAILED
[INFO] [stdout] test test_catalog_plural_french ... ok
[INFO] [stdout] test test_catalog_loader_rejects_empty_locale ... ok
[INFO] [stdout] test test_catalog_plural_nonexistent ... ok
[INFO] [stdout] test test_catalog_plural_japanese ... ok
[INFO] [stdout] test test_catalog_plural_english ... ok
[INFO] [stdout] test test_catalog_overwrite ... ok
[INFO] [stdout] test test_catalog_loader_rejects_dot_dot_locale ... ok
[INFO] [stdout] test test_catalog_loader_loads_po_file ... ok
[INFO] [stdout] test test_catalog_simple_message_integration ... ok
[INFO] [stdout] test test_catalog_multiple_contexts ... ok
[INFO] [stdout] test test_catalog_unicode_messages ... ok
[INFO] [stdout] test test_catalog_special_characters ... ok
[INFO] [stdout] test test_catalog_locale ... ok
[INFO] [stdout] 
[INFO] [stdout] failures:
[INFO] [stdout] 
[INFO] [stdout] ---- test_catalog_loader_reports_unreadable_catalog stdout ----
[INFO] [stdout] 
[INFO] [stdout] thread 'test_catalog_loader_reports_unreadable_catalog' (4053) panicked at tests/catalog_tests.rs:333:5:
[INFO] [stdout] assertion failed: matches!(result, Err(I18nError::LoadError(_)))
[INFO] [stdout] stack backtrace:
[INFO] [stdout]    0:     0x625c3b2728f1 - <<std[70759c8f55707aa4]::sys::backtrace::BacktraceLock>::print::DisplayBacktrace as core[df12db4294e9bfd3]::fmt::Display>::fmt
[INFO] [stdout]    1:     0x625c3b28752a - core[df12db4294e9bfd3]::fmt::write
[INFO] [stdout]    2:     0x625c3b276fec - <alloc[2182bb758b4b3781]::vec::Vec<u8> as core[df12db4294e9bfd3]::io::write::Write>::write_fmt
[INFO] [stdout]    3:     0x625c3b24cff6 - std[70759c8f55707aa4]::panicking::default_hook::{closure#0}
[INFO] [stdout]    4:     0x625c3b26a159 - std[70759c8f55707aa4]::panicking::default_hook
[INFO] [stdout]    5:     0x625c3b1e9e80 - test[9d35eded1c95d3be]::test_main_inner::<test[9d35eded1c95d3be]::test_main_static::{closure#0}>::{closure#0}
[INFO] [stdout]    6:     0x625c3b26a312 - std[70759c8f55707aa4]::panicking::panic_with_hook
[INFO] [stdout]    7:     0x625c3b24d0d4 - std[70759c8f55707aa4]::panicking::panic_handler::{closure#0}
[INFO] [stdout]    8:     0x625c3b245ca9 - std[70759c8f55707aa4]::sys::backtrace::__rust_end_short_backtrace::<std[70759c8f55707aa4]::panicking::panic_handler::{closure#0}, !>
[INFO] [stdout]    9:     0x625c3b24de4d - __rustc[8fa7c3cbc660c2b3]::rust_begin_unwind
[INFO] [stdout]   10:     0x625c3b287c5c - core[df12db4294e9bfd3]::panicking::panic_fmt
[INFO] [stdout]   11:     0x625c3b287c22 - core[df12db4294e9bfd3]::panicking::panic
[INFO] [stdout]   12:     0x625c3b1d831a - <catalog_tests[9f7c550914b95784]::test_catalog_loader_reports_unreadable_catalog::{closure#0} as core[df12db4294e9bfd3]::ops::function::FnOnce<()>>::call_once
[INFO] [stdout]   13:     0x625c3b229cd3 - serial_test[88601f331dac4574]::serial_code_lock::local_serial_core
[INFO] [stdout]   14:     0x625c3b1d0630 - <catalog_tests[9f7c550914b95784]::test_catalog_loader_reports_unreadable_catalog::{closure#0} as core[df12db4294e9bfd3]::ops::function::FnOnce<()>>::call_once
[INFO] [stdout]   15:     0x625c3b1dd16b - test[9d35eded1c95d3be]::__rust_begin_short_backtrace::<core[df12db4294e9bfd3]::result::Result<(), alloc[2182bb758b4b3781]::string::String>, fn() -> core[df12db4294e9bfd3]::result::Result<(), alloc[2182bb758b4b3781]::string::String>>
[INFO] [stdout]   16:     0x625c3b1ea7d5 - test[9d35eded1c95d3be]::run_test::{closure#0}
[INFO] [stdout]   17:     0x625c3b1e4094 - std[70759c8f55707aa4]::sys::backtrace::__rust_begin_short_backtrace::<test[9d35eded1c95d3be]::run_test::{closure#1}, ()>
[INFO] [stdout]   18:     0x625c3b1ed932 - <std[70759c8f55707aa4]::thread::lifecycle::spawn_unchecked<test[9d35eded1c95d3be]::run_test::{closure#1}, ()>::{closure#1} as core[df12db4294e9bfd3]::ops::function::FnOnce<()>>::call_once::{shim:vtable#0}
[INFO] [stdout]   19:     0x625c3b271fa9 - <std[70759c8f55707aa4]::sys::thread::unix::Thread>::new::thread_start
[INFO] [stdout]   20:     0x7e810cedbdfa - <unknown>
[INFO] [stdout]   21:     0x7e810cf6f3d4 - clone
[INFO] [stdout]   22:                0x0 - <unknown>
[INFO] [stdout] 
[INFO] [stdout] 
[INFO] [stdout] failures:
[INFO] [stdout]     test_catalog_loader_reports_unreadable_catalog
[INFO] [stdout] 
[INFO] [stdout] test result: FAILED. 28 passed; 1 failed; 0 ignored; 0 measured; 0 filtered out; finished in 0.03s
[INFO] [stdout] 
[INFO] [stderr] error: test failed, to rerun pass `--test catalog_tests`
[INFO] running `Command { std: "docker" "inspect" "fc88795123db7fd432b8690c6f912fd6e78b7f44542d3ac59114c50d6d20fcdd", kill_on_drop: false }`
[INFO] running `Command { std: "docker" "rm" "-f" "fc88795123db7fd432b8690c6f912fd6e78b7f44542d3ac59114c50d6d20fcdd", kill_on_drop: false }`
[INFO] [stdout] fc88795123db7fd432b8690c6f912fd6e78b7f44542d3ac59114c50d6d20fcdd
