[INFO] fetching crate reinhardt-di 0.3.24...
[INFO] testing reinhardt-di-0.3.24 against 1.100.0-beta.1+cargoflags=--release for beta-release-1.100-2
[INFO] extracting crate reinhardt-di 0.3.24 into /workspace/builds/worker-0-tc2/source
[INFO] started tweaking crates.io crate reinhardt-di 0.3.24
[INFO] removed 0 missing tests
[INFO] finished tweaking crates.io crate reinhardt-di 0.3.24
[INFO] tweaked toml for crates.io crate reinhardt-di 0.3.24 written to /workspace/builds/worker-0-tc2/source/Cargo.toml
[INFO] validating manifest of crates.io crate reinhardt-di 0.3.24 on toolchain 1.100.0-beta.1
[INFO] running `Command { std: CARGO_HOME="/workspace/cargo-home" RUSTUP_HOME="/workspace/rustup-home" "/workspace/cargo-home/bin/cargo" "+1.100.0-beta.1" "metadata" "--manifest-path" "Cargo.toml" "--no-deps", kill_on_drop: false }`
[INFO] crate crates.io crate reinhardt-di 0.3.24 already has a lockfile, it will not be regenerated
[INFO] running `Command { std: CARGO_HOME="/workspace/cargo-home" RUSTUP_HOME="/workspace/rustup-home" "/workspace/cargo-home/bin/cargo" "+1.100.0-beta.1" "fetch" "--manifest-path" "Cargo.toml", kill_on_drop: false }`
[INFO] running `Command { std: "docker" "create" "-v" "/var/lib/crater-agent-workspace/builds/worker-0-tc2/source:/opt/rustwide/workdir:ro,Z" "-v" "/var/lib/crater-agent-workspace/builds/worker-0-tc2/target:/opt/rustwide/target:rw,Z" "-v" "/var/lib/crater-agent-workspace/cargo-home:/opt/rustwide/cargo-home:ro,Z" "-v" "/var/lib/crater-agent-workspace/rustup-home:/opt/rustwide/rustup-home:ro,Z" "-m" "1610612736" "--network" "none" "ghcr.io/rust-lang/crates-build-env/linux@sha256:77db811e55d90add9212f6832c23229e3de5f1c1f9905e8cb07319ea15df73ac" "sleep" "infinity", kill_on_drop: false }`
[INFO] [stdout] 9d688154fe2d612372278dbb58bce736bf7a7e96ec7bfa6fe913933a1d3f5a2c
[INFO] running `Command { std: "docker" "start" "9d688154fe2d612372278dbb58bce736bf7a7e96ec7bfa6fe913933a1d3f5a2c", kill_on_drop: false }`
[INFO] running `Command { std: "docker" "inspect" "9d688154fe2d612372278dbb58bce736bf7a7e96ec7bfa6fe913933a1d3f5a2c", kill_on_drop: false }`
[INFO] running `Command { std: "docker" "exec" "-e" "SOURCE_DIR=/opt/rustwide/workdir" "-e" "CARGO_HOME=/opt/rustwide/cargo-home" "-e" "RUSTUP_HOME=/opt/rustwide/rustup-home" "-e" "CARGO_TARGET_DIR=/opt/rustwide/target" "-w" "/opt/rustwide/workdir" "--user" "0:0" "9d688154fe2d612372278dbb58bce736bf7a7e96ec7bfa6fe913933a1d3f5a2c" "/opt/rustwide/cargo-home/bin/cargo" "+1.100.0-beta.1" "metadata" "--no-deps" "--format-version=1", kill_on_drop: false }`
[INFO] running `Command { std: "docker" "inspect" "9d688154fe2d612372278dbb58bce736bf7a7e96ec7bfa6fe913933a1d3f5a2c", kill_on_drop: false }`
[INFO] running `Command { std: "docker" "exec" "-e" "SOURCE_DIR=/opt/rustwide/workdir" "-e" "CARGO_HOME=/opt/rustwide/cargo-home" "-e" "RUSTUP_HOME=/opt/rustwide/rustup-home" "-e" "CARGO_TARGET_DIR=/opt/rustwide/target" "-e" "CARGO_INCREMENTAL=0" "-e" "RUST_BACKTRACE=full" "-e" "RUSTFLAGS=--cap-lints=warn" "-e" "RUSTDOCFLAGS=--cap-lints=warn" "-w" "/opt/rustwide/workdir" "--user" "0:0" "9d688154fe2d612372278dbb58bce736bf7a7e96ec7bfa6fe913933a1d3f5a2c" "/opt/rustwide/cargo-home/bin/cargo" "+1.100.0-beta.1" "build" "--frozen" "--message-format=json" "--release", kill_on_drop: false }`
[INFO] [stderr]    Compiling libc v0.2.190
[INFO] [stderr]    Compiling smallvec v1.16.3
[INFO] [stderr]    Compiling syn v3.0.9
[INFO] [stderr]    Compiling syn v2.0.119
[INFO] [stderr]    Compiling either v1.19.0
[INFO] [stderr]    Compiling digest v0.10.7
[INFO] [stderr]    Compiling multer v3.1.0
[INFO] [stderr]    Compiling reinhardt-core v0.3.24
[INFO] [stderr]    Compiling spin v0.9.9
[INFO] [stderr]    Compiling inventory v0.3.25
[INFO] [stderr]    Compiling typed-arena v2.0.2
[INFO] [stderr]    Compiling itertools v0.14.0
[INFO] [stderr]    Compiling sha2 v0.10.9
[INFO] [stderr]    Compiling hmac v0.12.1
[INFO] [stderr]    Compiling mio v1.2.4
[INFO] [stderr]    Compiling socket2 v0.6.5
[INFO] [stderr]    Compiling getrandom v0.3.4
[INFO] [stderr]    Compiling parking_lot_core v0.9.12
[INFO] [stderr]    Compiling getrandom v0.4.3
[INFO] [stderr]    Compiling rand_core v0.9.5
[INFO] [stderr]    Compiling uuid v1.28.0
[INFO] [stderr]    Compiling parking_lot v0.12.5
[INFO] [stderr]    Compiling dashmap v6.2.1
[INFO] [stderr]    Compiling rand_chacha v0.9.0
[INFO] [stderr]    Compiling rand v0.9.5
[INFO] [stderr]    Compiling synstructure v0.14.0
[INFO] [stderr]    Compiling tracing-attributes v0.1.31
[INFO] [stderr]    Compiling prost-derive v0.14.4
[INFO] [stderr]    Compiling zerofrom-derive v0.1.8
[INFO] [stderr]    Compiling yoke-derive v0.8.4
[INFO] [stderr]    Compiling zerovec-derive v0.11.6
[INFO] [stderr]    Compiling displaydoc v0.2.7
[INFO] [stderr]    Compiling tokio-macros v2.7.2
[INFO] [stderr]    Compiling serde_derive v1.0.229
[INFO] [stderr]    Compiling tokio v1.53.3
[INFO] [stderr]    Compiling futures-macro v0.3.34
[INFO] [stderr]    Compiling thiserror-impl v2.0.21
[INFO] [stderr]    Compiling tracing v0.1.44
[INFO] [stderr]    Compiling zerofrom v0.1.8
[INFO] [stderr]    Compiling async-trait v0.1.92
[INFO] [stderr]    Compiling yoke v0.8.3
[INFO] [stderr]    Compiling futures-util v0.3.34
[INFO] [stderr]    Compiling prost v0.14.4
[INFO] [stderr]    Compiling zerovec v0.11.8
[INFO] [stderr]    Compiling zerotrie v0.2.5
[INFO] [stderr]    Compiling thiserror v2.0.21
[INFO] [stderr]    Compiling serde v1.0.229
[INFO] [stderr]    Compiling tinystr v0.8.4
[INFO] [stderr]    Compiling potential_utf v0.1.6
[INFO] [stderr]    Compiling icu_collections v2.3.0
[INFO] [stderr]    Compiling icu_locale_core v2.3.0
[INFO] [stderr]    Compiling chrono v0.4.45
[INFO] [stderr]    Compiling serde_urlencoded v0.7.1
[INFO] [stderr]    Compiling rmp-serde v1.3.1
[INFO] [stderr]    Compiling icu_provider v2.3.1
[INFO] [stderr]    Compiling icu_properties v2.3.0
[INFO] [stderr]    Compiling icu_normalizer v2.3.0
[INFO] [stderr]    Compiling idna_adapter v1.2.2
[INFO] [stderr]    Compiling idna v1.1.0
[INFO] [stderr]    Compiling tokio-util v0.7.20
[INFO] [stderr]    Compiling url v2.5.8
[INFO] [stderr]    Compiling h2 v0.4.20
[INFO] [stderr]    Compiling hyper v1.12.0
[INFO] [stderr]    Compiling reinhardt-di v0.3.24 (/opt/rustwide/workdir)
[INFO] [stderr]     Finished `release` profile [optimized] target(s) in 1m 32s
[INFO] running `Command { std: "docker" "inspect" "9d688154fe2d612372278dbb58bce736bf7a7e96ec7bfa6fe913933a1d3f5a2c", kill_on_drop: false }`
[INFO] running `Command { std: "docker" "exec" "-e" "SOURCE_DIR=/opt/rustwide/workdir" "-e" "CARGO_HOME=/opt/rustwide/cargo-home" "-e" "RUSTUP_HOME=/opt/rustwide/rustup-home" "-e" "CARGO_TARGET_DIR=/opt/rustwide/target" "-e" "CARGO_INCREMENTAL=0" "-e" "RUST_BACKTRACE=full" "-e" "RUSTFLAGS=--cap-lints=warn" "-e" "RUSTDOCFLAGS=--cap-lints=warn" "-w" "/opt/rustwide/workdir" "--user" "0:0" "9d688154fe2d612372278dbb58bce736bf7a7e96ec7bfa6fe913933a1d3f5a2c" "/opt/rustwide/cargo-home/bin/cargo" "+1.100.0-beta.1" "test" "--frozen" "--no-run" "--message-format=json" "--release", kill_on_drop: false }`
[INFO] [stderr]    Compiling zerocopy v0.8.63
[INFO] [stderr]    Compiling syn v2.0.119
[INFO] [stderr]    Compiling serde v1.0.229
[INFO] [stderr]    Compiling getrandom v0.4.3
[INFO] [stderr]    Compiling futures-util v0.3.34
[INFO] [stderr]    Compiling serde_json v1.0.154
[INFO] [stderr]    Compiling rustix v1.1.5
[INFO] [stderr]    Compiling equivalent v1.0.3
[INFO] [stderr]    Compiling indexmap v2.14.2
[INFO] [stderr]    Compiling toml_parser v1.1.5+spec-1.1.0
[INFO] [stderr]    Compiling toml_datetime v1.1.2+spec-1.1.0
[INFO] [stderr]    Compiling reinhardt-core v0.3.24
[INFO] [stderr]    Compiling aho-corasick v1.1.5
[INFO] [stderr]    Compiling rmp v0.8.15
[INFO] [stderr]    Compiling toml_edit v0.25.17+spec-1.1.0
[INFO] [stderr]    Compiling serde_spanned v1.1.2
[INFO] [stderr]    Compiling toml_writer v1.1.3+spec-1.1.0
[INFO] [stderr]    Compiling regex-syntax v0.8.11
[INFO] [stderr]    Compiling chrono v0.4.45
[INFO] [stderr]    Compiling serde_urlencoded v0.7.1
[INFO] [stderr]    Compiling tempfile v3.27.0
[INFO] [stderr]    Compiling proc-macro-crate v3.5.0
[INFO] [stderr]    Compiling rmp-serde v1.3.1
[INFO] [stderr]    Compiling rstest_macros v0.26.1
[INFO] [stderr]    Compiling alloca v0.4.0
[INFO] [stderr]    Compiling uuid v1.28.0
[INFO] [stderr]    Compiling clap_lex v1.1.1
[INFO] [stderr]    Compiling target-tuple v1.0.2
[INFO] [stderr]    Compiling multer v3.1.0
[INFO] [stderr]    Compiling futures-executor v0.3.34
[INFO] [stderr]    Compiling clap_builder v4.6.7
[INFO] [stderr]    Compiling dtor v0.3.0
[INFO] [stderr]    Compiling regex-automata v0.4.18
[INFO] [stderr]    Compiling itertools v0.13.0
[INFO] [stderr]    Compiling wait-timeout v0.2.1
[INFO] [stderr]    Compiling cpufeatures v0.3.1
[INFO] [stderr]    Compiling quick-error v1.2.3
[INFO] [stderr]    Compiling bit-vec v0.10.1
[INFO] [stderr]    Compiling relative-path v1.9.3
[INFO] [stderr]    Compiling bit-set v0.11.1
[INFO] [stderr]    Compiling rusty-fork v0.3.1
[INFO] [stderr]    Compiling chacha20 v0.10.2
[INFO] [stderr]    Compiling ctor v0.8.0
[INFO] [stderr]    Compiling toml v1.1.8+spec-1.1.0
[INFO] [stderr]    Compiling zerocopy-derive v0.8.63
[INFO] [stderr]    Compiling tracing-attributes v0.1.31
[INFO] [stderr]    Compiling prost-derive v0.14.4
[INFO] [stderr]    Compiling clap v4.6.7
[INFO] [stderr]    Compiling criterion-plot v0.8.2
[INFO] [stderr]    Compiling tracing v0.1.44
[INFO] [stderr]    Compiling h2 v0.4.20
[INFO] [stderr]    Compiling regex v1.13.1
[INFO] [stderr]    Compiling serial_test_derive v3.5.0
[INFO] [stderr]    Compiling prost v0.14.4
[INFO] [stderr]    Compiling tinytemplate v1.2.1
[INFO] [stderr]    Compiling rand v0.10.3
[INFO] [stderr]    Compiling nom v8.0.0
[INFO] [stderr]    Compiling console v0.16.6
[INFO] [stderr]    Compiling page_size v0.6.0
[INFO] [stderr]    Compiling rand_xorshift v0.5.0
[INFO] [stderr]    Compiling glob v0.3.4
[INFO] [stderr]    Compiling futures-timer v3.0.4
[INFO] [stderr]    Compiling inventory v0.3.25
[INFO] [stderr]    Compiling similar v2.7.0
[INFO] [stderr]    Compiling hyper v1.12.0
[INFO] [stderr]    Compiling unarray v0.1.4
[INFO] [stderr]    Compiling proptest v1.12.0
[INFO] [stderr]    Compiling insta v1.49.0
[INFO] [stderr]    Compiling ppv-lite86 v0.2.21
[INFO] [stderr]    Compiling half v2.7.1
[INFO] [stderr]    Compiling rand_chacha v0.9.0
[INFO] [stderr]    Compiling ciborium-ll v0.2.2
[INFO] [stderr]    Compiling rand v0.9.5
[INFO] [stderr]    Compiling ciborium v0.2.2
[INFO] [stderr]    Compiling criterion v0.8.2
[INFO] [stderr]    Compiling reinhardt-macros v0.3.24
[INFO] [stderr]    Compiling rstest v0.26.1
[INFO] [stderr]    Compiling serial_test v3.5.0
[INFO] [stderr]    Compiling reinhardt-di v0.3.24 (/opt/rustwide/workdir)
[INFO] [stderr]    Compiling trybuild v1.0.122
[INFO] [stderr]    Compiling futures v0.3.34
[INFO] [stderr]     Finished `release` profile [optimized] target(s) in 3m 37s
[INFO] running `Command { std: "docker" "inspect" "9d688154fe2d612372278dbb58bce736bf7a7e96ec7bfa6fe913933a1d3f5a2c", kill_on_drop: false }`
[INFO] running `Command { std: "docker" "exec" "-e" "SOURCE_DIR=/opt/rustwide/workdir" "-e" "CARGO_HOME=/opt/rustwide/cargo-home" "-e" "RUSTUP_HOME=/opt/rustwide/rustup-home" "-e" "CARGO_TARGET_DIR=/opt/rustwide/target" "-e" "CARGO_INCREMENTAL=0" "-e" "RUST_BACKTRACE=full" "-e" "RUSTFLAGS=--cap-lints=warn" "-e" "RUSTDOCFLAGS=--cap-lints=warn" "-w" "/opt/rustwide/workdir" "--user" "0:0" "9d688154fe2d612372278dbb58bce736bf7a7e96ec7bfa6fe913933a1d3f5a2c" "/opt/rustwide/cargo-home/bin/cargo" "+1.100.0-beta.1" "test" "--frozen" "--release", kill_on_drop: false }`
[INFO] [stderr]     Finished `release` profile [optimized] target(s) in 0.53s
[INFO] [stderr]      Running unittests src/lib.rs (/opt/rustwide/target/release/build/reinhardt-di/7376cb241efed78a/out/reinhardt_di-7376cb241efed78a)
[INFO] [stdout] 
[INFO] [stdout] running 130 tests
[INFO] [stdout] test cycle_detection::tests::test_deterministic_detection_at_deep_depth ... ok
[INFO] [stdout] test cycle_detection::tests::test_cycle_path_display ... ok
[INFO] [stdout] test cycle_detection::tests::test_no_scope_returns_error ... ok
[INFO] [stdout] test depends::tests::from_value_wraps_factory_output ... ok
[INFO] [stdout] test depends::tests::into_inner_clones_shared_output ... ok
[INFO] [stdout] test depends::tests::try_unwrap_returns_self_for_shared_output ... ok
[INFO] [stdout] test depends::tests::try_unwrap_returns_value_for_single_owner ... ok
[INFO] [stdout] test function_handle::tests::test_clear_override ... ok
[INFO] [stdout] test function_handle::tests::test_func_ptr ... ok
[INFO] [stdout] test function_handle::tests::test_different_functions_independent ... ok
[INFO] [stdout] test function_handle::tests::test_override_with ... ok
[INFO] [stdout] test cycle_detection::tests::test_simple_cycle_detection ... ok
[INFO] [stdout] test graph::tests::test_dot_generation ... ok
[INFO] [stdout] test graph::tests::test_simple_dependency_chain ... ok
[INFO] [stdout] test graph::tests::test_empty_graph ... ok
[INFO] [stdout] test cycle_detection::tests::test_depth_limit ... ok
[INFO] [stdout] test override_registry::tests::test_set_and_get_override ... ok
[INFO] [stdout] test override_registry::tests::test_clear_overrides ... ok
[INFO] [stdout] test override_registry::tests::test_different_functions_same_return_type ... ok
[INFO] [stdout] test override_registry::tests::test_get_nonexistent_returns_none ... ok
[INFO] [stdout] test override_registry::tests::test_remove_override ... ok
[INFO] [stdout] test cycle_detection::tests::test_nested_scope_reuses_existing ... ok
[INFO] [stdout] test override_registry::tests::test_type_mismatch_returns_none ... ok
[INFO] [stdout] test graph::tests::test_circular_dependency_detection ... ok
[INFO] [stdout] test registration::tests::test_register_value_and_apply ... ok
[INFO] [stdout] test registration::tests::test_apply_empty_is_noop ... ok
[INFO] [stdout] test registry::tests::test_duplicate_registration_panics ... ok
[INFO] [stdout] test registry::tests::test_is_registered_guard_allows_skip ... ok
[INFO] [stdout] test registry::tests::test_registry_basic ... ok
[INFO] [stdout] test registry::tests::test_registry_not_registered ... ok
[INFO] [stdout] test resolve_context::tests::concurrent_tasks_different_roots ... ok
[INFO] [stdout] test resolve_context::tests::concurrent_tasks_isolated ... ok
[INFO] [stdout] test resolve_context::tests::deeply_nested_three_levels_preserves_root ... ok
[INFO] [stdout] test resolve_context::tests::current_returns_current_context ... ok
[INFO] [stdout] test resolve_context::tests::nested_factory_preserves_root ... ok
[INFO] [stdout] test resolve_context::tests::get_di_context_outside_factory_panics_current - should panic ... ok
[INFO] [stdout] test depends::tests::from_output_preserves_cache_metadata ... ok
[INFO] [stdout] test resolve_context::tests::root_and_current_are_different_instances ... ok
[INFO] [stdout] test resolve_context::tests::root_returns_root_context ... ok
[INFO] [stdout] test registration::tests::test_empty_list ... ok
[INFO] [stdout] test registration::tests::test_merge ... ok
[INFO] [stdout] test registration::tests::test_register_arc_and_apply ... ok
[INFO] [stdout] test resolve_context::tests::nested_factory_updates_current ... ok
[INFO] [stdout] test resolve_context::tests::returned_arc_is_same_instance_on_repeated_calls ... ok
[INFO] [stdout] test resolve_context::tests::root_and_current_same_when_no_fork ... ok
[INFO] [stdout] test resolve_context::tests::get_di_context_outside_factory_panics_root - should panic ... ok
[INFO] [stdout] test resolve_context::tests::try_get_di_context_outside_factory_returns_none_root ... ok
[INFO] [stdout] test resolve_context::tests::scope_restores_after_nested_call ... ok
[INFO] [stdout] test resolve_context::tests::try_get_di_context_root_returns_some ... ok
[INFO] [stdout] test tests::test_di_error_to_http_error_status_mapping::case_02_not_registered ... ok
[INFO] [stdout] test tests::test_di_error_to_http_error_status_mapping::case_03_dependency_not_registered ... ok
[INFO] [stdout] test tests::test_di_error_to_http_error_status_mapping::case_07_provider_error ... ok
[INFO] [stdout] test tests::test_di_error_to_http_error_status_mapping::case_04_authorization ... ok
[INFO] [stdout] test resolve_context::tests::try_get_di_context_current_returns_some ... ok
[INFO] [stdout] test tests::test_di_error_to_http_error_status_mapping::case_01_not_found ... ok
[INFO] [stdout] test tests::test_di_error_to_http_error_status_mapping::case_05_authentication ... ok
[INFO] [stdout] test resolve_context::tests::try_get_di_context_outside_factory_returns_none_current ... ok
[INFO] [stdout] test tests::test_di_error_to_http_error_status_mapping::case_06_circular_dependency ... ok
[INFO] [stdout] test tests::test_di_error_to_http_error_status_mapping::case_08_type_mismatch ... ok
[INFO] [stdout] test tests::test_di_error_to_http_error_status_mapping::case_09_scope_error ... ok
[INFO] [stdout] test validation::tests::test_framework_type_detected::case_01 ... ok
[INFO] [stdout] test validation::tests::test_framework_type_detected::case_02 ... ok
[INFO] [stdout] test validation::tests::test_framework_type_detected::case_03 ... ok
[INFO] [stdout] test validation::tests::test_framework_type_detected::case_04 ... ok
[INFO] [stdout] test validation::tests::test_framework_type_detected::case_06 ... ok
[INFO] [stdout] test validation::tests::test_framework_type_detected::case_07 ... ok
[INFO] [stdout] test validation::tests::test_framework_type_detected::case_10 ... ok
[INFO] [stdout] test validation::tests::test_framework_type_detected::case_11 ... ok
[INFO] [stdout] test validation::tests::test_framework_type_detected::case_12 ... ok
[INFO] [stdout] test validation::tests::test_is_framework_type_edge_cases::case_01 ... ok
[INFO] [stdout] test validation::tests::test_is_framework_type_edge_cases::case_02 ... ok
[INFO] [stdout] test validation::tests::test_is_framework_type_edge_cases::case_03 ... ok
[INFO] [stdout] test validation::tests::test_is_framework_type_edge_cases::case_04 ... ok
[INFO] [stdout] test validation::tests::test_is_framework_type_edge_cases::case_05 ... ok
[INFO] [stdout] test validation::tests::test_is_framework_type_edge_cases::case_07 ... ok
[INFO] [stdout] test validation::tests::test_framework_type_detected::case_08 ... ok
[INFO] [stdout] test validation::tests::test_is_framework_type_edge_cases::case_06 ... ok
[INFO] [stdout] test validation::tests::test_framework_type_detected::case_09 ... ok
[INFO] [stdout] test validation::tests::test_is_framework_type_edge_cases::case_08 ... ok
[INFO] [stdout] test validation::tests::test_is_framework_type_edge_cases::case_09 ... ok
[INFO] [stdout] test validation::tests::test_is_framework_type_edge_cases::case_10 ... ok
[INFO] [stdout] test validation::tests::test_is_framework_type_edge_cases::case_13 ... ok
[INFO] [stdout] test validation::tests::test_is_framework_type_edge_cases::case_14 ... ok
[INFO] [stdout] test tests::test_di_error_to_http_error_status_mapping::case_10_internal ... ok
[INFO] [stdout] test validation::tests::register_and_retrieve_qualified_type_name ... ok
[INFO] [stdout] test validation::tests::test_framework_type_detected::case_05 ... ok
[INFO] [stdout] test validation::tests::test_is_framework_type_edge_cases::case_11 ... ok
[INFO] [stdout] test validation::tests::test_is_framework_type_edge_cases::case_12 ... ok
[INFO] [stdout] test validation::tests::test_non_framework_type_allowed::case_05 ... ok
[INFO] [stdout] test validation::tests::test_non_framework_type_allowed::case_06 ... ok
[INFO] [stdout] test validation::tests::test_non_framework_type_allowed::case_07 ... ok
[INFO] [stdout] test validation::tests::test_non_framework_type_allowed::case_08 ... ok
[INFO] [stdout] test validation::tests::test_non_framework_type_allowed::case_09 ... ok
[INFO] [stdout] test validation::tests::test_non_framework_type_allowed::case_11 ... ok
[INFO] [stdout] test validation::tests::test_non_framework_type_allowed::case_12 ... ok
[INFO] [stdout] test validation::tests::test_non_framework_type_allowed::case_13 ... ok
[INFO] [stdout] test validation::tests::type_name_contains_double_colon_separator ... ok
[INFO] [stdout] test validation::tests::type_name_format_starts_with_crate_prefix ... ok
[INFO] [stdout] test validation::tests::type_name_not_affected_by_type_alias ... ok
[INFO] [stdout] test validation::tests::test_non_framework_type_allowed::case_10 ... ok
[INFO] [stdout] test validation::tests::validate_circular_dependency ... ok
[INFO] [stdout] test validation::tests::validate_complete_registry_passes ... ok
[INFO] [stdout] test validation::tests::validate_empty_registry_passes ... ok
[INFO] [stdout] test validation::tests::validate_error_display_formatting ... ok
[INFO] [stdout] test validation::tests::validate_facade_crate_type_override_detected ... ok
[INFO] [stdout] test validation::tests::validate_framework_check_independent_of_duplicate ... ok
[INFO] [stdout] test validation::tests::validate_framework_error_contains_newtype_hint ... ok
[INFO] [stdout] test validation::tests::validate_framework_error_contains_type_name ... ok
[INFO] [stdout] test validation::tests::validate_framework_type_override_detected ... ok
[INFO] [stdout] test validation::tests::validate_format_report_groups_errors ... ok
[INFO] [stdout] test validation::tests::validate_leaf_node_with_no_dependencies ... ok
[INFO] [stdout] test validation::tests::validate_missing_transitive_dependency ... ok
[INFO] [stdout] test validation::tests::validate_missing_dependency ... ok
[INFO] [stdout] test validation::tests::validate_multiple_errors ... ok
[INFO] [stdout] test validation::tests::validate_scope_request_depends_on_singleton_ok ... ok
[INFO] [stdout] test validation::tests::validate_scope_singleton_depends_on_request ... ok
[INFO] [stdout] test validation::tests::validate_scope_singleton_transitively_depends_on_request ... ok
[INFO] [stdout] test validation::tests::validate_singleton_depends_on_transient_ok ... ok
[INFO] [stdout] test validation::tests::validate_std_type_passes ... ok
[INFO] [stdout] test validation::tests::validate_three_way_circular_dependency ... ok
[INFO] [stdout] test resolve_context::tests::task_local_not_inherited_by_spawned_task ... ok
[INFO] [stdout] test validation::tests::validate_transient_depends_on_request_ok ... ok
[INFO] [stdout] test validation::tests::validate_type_without_registered_name_uses_fallback ... ok
[INFO] [stdout] test validation::tests::validate_user_type_passes ... ok
[INFO] [stderr]      Running unittests src/bin/check-di.rs (/opt/rustwide/target/release/build/reinhardt-di/c2b1980d290cb8d4/out/check_di-c2b1980d290cb8d4)
[INFO] [stdout] test validation::tests::test_is_framework_type_edge_cases::case_15 ... ok
[INFO] [stdout] test validation::tests::test_non_framework_type_allowed::case_01 ... ok
[INFO] [stdout] test validation::tests::test_non_framework_type_allowed::case_02 ... ok
[INFO] [stdout] test validation::tests::test_non_framework_type_allowed::case_03 ... ok
[INFO] [stdout] test validation::tests::test_non_framework_type_allowed::case_04 ... ok
[INFO] [stdout] test validation::tests::validate_multiple_framework_violations_reported ... ok
[INFO] [stdout] 
[INFO] [stdout] test result: ok. 130 passed; 0 failed; 0 ignored; 0 measured; 0 filtered out; finished in 0.10s
[INFO] [stdout] 
[INFO] [stdout] 
[INFO] [stderr]      Running tests/advanced_cache_tests.rs (/opt/rustwide/target/release/build/reinhardt-di/299a727e2ac36286/out/advanced_cache_tests-299a727e2ac36286)
[INFO] [stdout] running 0 tests
[INFO] [stdout] 
[INFO] [stdout] test result: ok. 0 passed; 0 failed; 0 ignored; 0 measured; 0 filtered out; finished in 0.00s
[INFO] [stdout] 
[INFO] [stderr]      Running tests/auto_injectable_tests.rs (/opt/rustwide/target/release/build/reinhardt-di/5d8a393f1899bb4d/out/auto_injectable_tests-5d8a393f1899bb4d)
[INFO] [stdout] 
[INFO] [stdout] running 0 tests
[INFO] [stdout] 
[INFO] [stdout] test result: ok. 0 passed; 0 failed; 0 ignored; 0 measured; 0 filtered out; finished in 0.00s
[INFO] [stdout] 
[INFO] [stdout] 
[INFO] [stdout] running 4 tests
[INFO] [stdout] test test_auto_injectable_caching ... ok
[INFO] [stdout] test test_custom_injectable_override ... ok
[INFO] [stderr]      Running tests/circular_dependency_tests.rs (/opt/rustwide/target/release/build/reinhardt-di/f3f3a4ce6e9928b3/out/circular_dependency_tests-f3f3a4ce6e9928b3)
[INFO] [stdout] test test_auto_injectable_simple ... ok
[INFO] [stdout] test test_multiple_auto_injectable_types ... ok
[INFO] [stdout] 
[INFO] [stdout] test result: ok. 4 passed; 0 failed; 0 ignored; 0 measured; 0 filtered out; finished in 0.00s
[INFO] [stdout] 
[INFO] [stdout] 
[INFO] [stdout] running 4 tests
[INFO] [stderr]      Running tests/dependency_after_yield_raise_tests.rs (/opt/rustwide/target/release/build/reinhardt-di/985bf460eca5f804/out/dependency_after_yield_raise_tests-985bf460eca5f804)
[INFO] [stdout] test test_deep_dependency_chain ... ok
[INFO] [stdout] test test_optional_dependency ... ok
[INFO] [stdout] test test_no_circular_dependency ... ok
[INFO] [stdout] test test_multiple_dependencies ... ok
[INFO] [stdout] 
[INFO] [stdout] test result: ok. 4 passed; 0 failed; 0 ignored; 0 measured; 0 filtered out; finished in 0.00s
[INFO] [stdout] 
[INFO] [stdout] 
[INFO] [stdout] running 4 tests
[INFO] [stdout] test test_broken_dependency_no_raise_when_disabled ... ok
[INFO] [stdout] test test_response_sent_before_cleanup ... ok
[INFO] [stdout] test test_catching_dependency_can_handle_errors ... ok
[INFO] [stdout] test test_broken_dependency_raises_on_drop - should panic ... ok
[INFO] [stdout] 
[INFO] [stdout] test result: ok. 4 passed; 0 failed; 0 ignored; 0 measured; 0 filtered out; finished in 0.01s
[INFO] [stdout] 
[INFO] [stderr]      Running tests/dependency_after_yield_websockets_tests.rs (/opt/rustwide/target/release/build/reinhardt-di/0b4c79875cae3126/out/dependency_after_yield_websockets_tests-0b4c79875cae3126)
[INFO] [stdout] 
[INFO] [stdout] running 5 tests
[INFO] [stdout] test test_websocket_dependency_after_yield ... ok
[INFO] [stdout] test test_websocket_dependency_after_yield_broken ... ok
[INFO] [stdout] test test_websocket_session_lifecycle ... ok
[INFO] [stdout] test test_session_cleanup_on_drop ... ok
[INFO] [stdout] test test_session_data_iteration ... ok
[INFO] [stdout] 
[INFO] [stdout] test result: ok. 5 passed; 0 failed; 0 ignored; 0 measured; 0 filtered out; finished in 0.01s
[INFO] [stdout] 
[INFO] [stderr]      Running tests/dependency_cache_tests.rs (/opt/rustwide/target/release/build/reinhardt-di/c70e3422fe9c3767/out/dependency_cache_tests-c70e3422fe9c3767)
[INFO] [stdout] 
[INFO] [stdout] running 5 tests
[INFO] [stdout] test test_multiple_services_share_cached_dependency ... ok
[INFO] [stdout] test test_nested_dependencies_share_cache ... ok
[INFO] [stdout] test test_dependency_cached_within_request ... ok
[INFO] [stdout] test test_no_cache_creates_new_instances ... ok
[INFO] [stdout] test test_separate_requests_have_separate_caches ... ok
[INFO] [stdout] 
[INFO] [stdout] test result: ok. 5 passed; 0 failed; 0 ignored; 0 measured; 0 filtered out; finished in 0.00s
[INFO] [stdout] 
[INFO] [stderr]      Running tests/dependency_class_tests.rs (/opt/rustwide/target/release/build/reinhardt-di/3056f7db2f558e82/out/dependency_class_tests-3056f7db2f558e82)
[INFO] [stdout] 
[INFO] [stdout] running 8 tests
[INFO] [stdout] test test_complex_dependency ... ok
[INFO] [stdout] test test_singleton_service_shared ... ok
[INFO] [stdout] test test_async_callable_dependency ... ok
[INFO] [stdout] test test_callable_dependency ... ok
[INFO] [stdout] test test_stateful_dependency_cached ... ok
[INFO] [stderr]      Running tests/dependency_contextmanager_tests.rs (/opt/rustwide/target/release/build/reinhardt-di/307280dd00807f71/out/dependency_contextmanager_tests-307280dd00807f71)
[INFO] [stdout] test test_method_dependency ... ok
[INFO] [stdout] test test_resource_dependency_lifecycle ... ok
[INFO] [stdout] test test_stateful_dependency_separate_requests ... ok
[INFO] [stdout] 
[INFO] [stdout] test result: ok. 8 passed; 0 failed; 0 ignored; 0 measured; 0 filtered out; finished in 0.00s
[INFO] [stdout] 
[INFO] [stdout] 
[INFO] [stdout] running 9 tests
[INFO] [stdout] test test_async_raise_other ... ok
[INFO] [stdout] test test_async_raise_raises ... ok
[INFO] [stdout] test test_context_b ... ok
[INFO] [stdout] test test_async_state_lifecycle ... ok
[INFO] [stdout] test test_sync_state_lifecycle ... ok
[INFO] [stdout] test test_sync_raise_raises ... ok
[INFO] [stdout] test test_background_tasks ... ok
[INFO] [stdout] test test_context_b_raise ... ok
[INFO] [stdout] test test_sync_raise_other ... ok
[INFO] [stdout] 
[INFO] [stdout] test result: ok. 9 passed; 0 failed; 0 ignored; 0 measured; 0 filtered out; finished in 0.00s
[INFO] [stdout] 
[INFO] [stdout] 
[INFO] [stderr]      Running tests/dependency_duplicates_tests.rs (/opt/rustwide/target/release/build/reinhardt-di/43f8f4a887f9a73a/out/dependency_duplicates_tests-43f8f4a887f9a73a)
[INFO] [stdout] running 7 tests
[INFO] [stdout] test test_aggregate_with_duplicates ... ok
[INFO] [stderr]      Running tests/dependency_overrides_tests.rs (/opt/rustwide/target/release/build/reinhardt-di/76bf599cd343a10f/out/dependency_overrides_tests-76bf599cd343a10f)
[INFO] [stdout] test test_custom_item_dependency_no_cache ... ok
[INFO] [stdout] test test_no_duplicate_different_types ... ok
[INFO] [stdout] test test_different_types_separate_caches ... ok
[INFO] [stdout] test test_duplicate_dependency_cached ... ok
[INFO] [stdout] test test_item_list_all_cached ... ok
[INFO] [stdout] test test_sub_duplicate_dependency ... ok
[INFO] [stdout] 
[INFO] [stdout] test result: ok. 7 passed; 0 failed; 0 ignored; 0 measured; 0 filtered out; finished in 0.00s
[INFO] [stdout] 
[INFO] [stdout] 
[INFO] [stdout] running 15 tests
[INFO] [stdout] test test_main_depends ... ok
[INFO] [stdout] test test_override_isolation ... ok
[INFO] [stdout] test test_override_persists_in_context ... ok
[INFO] [stdout] test test_multiple_overrides ... ok
[INFO] [stdout] test test_override_simple_ignores_query_params ... ok
[INFO] [stdout] test test_override_replacement ... ok
[INFO] [stdout] test test_override_cleared_between_requests ... ok
[INFO] [stdout] test test_main_depends_q_foo ... ok
[INFO] [stdout] test test_main_depends_q_foo_skip_100_limit_200 ... ok
[INFO] [stdout] test test_override_simple_no_query ... ok
[INFO] [stdout] test test_override_with_factory ... ok
[INFO] [stdout] test test_override_with_sub_main_depends ... ok
[INFO] [stdout] test test_override_simple_with_query ... ok
[INFO] [stdout] test test_override_with_sub_main_depends_k_bar ... ok
[INFO] [stdout] test test_override_multiple_scenarios ... ok
[INFO] [stdout] 
[INFO] [stdout] test result: ok. 15 passed; 0 failed; 0 ignored; 0 measured; 0 filtered out; finished in 0.00s
[INFO] [stdout] 
[INFO] [stderr]      Running tests/dependency_security_overrides_tests.rs (/opt/rustwide/target/release/build/reinhardt-di/26aaf431e2a1a43e/out/dependency_security_overrides_tests-26aaf431e2a1a43e)
[INFO] [stdout] 
[INFO] [stdout] running 5 tests
[INFO] [stdout] test test_override_data_dependency ... ok
[INFO] [stdout] test test_normal_security_with_scopes ... ok
[INFO] [stdout] test test_security_with_empty_scopes ... ok
[INFO] [stdout] test test_security_scopes_preserved ... ok
[INFO] [stdout] test test_override_security_dependency ... ok
[INFO] [stderr]      Running tests/dependency_yield_except_httpexception_tests.rs (/opt/rustwide/target/release/build/reinhardt-di/0206b92728ceab12/out/dependency_yield_except_httpexception_tests-0206b92728ceab12)
[INFO] [stdout] 
[INFO] [stdout] test result: ok. 5 passed; 0 failed; 0 ignored; 0 measured; 0 filtered out; finished in 0.01s
[INFO] [stdout] 
[INFO] [stdout] 
[INFO] [stdout] running 2 tests
[INFO] [stdout] test test_dependency_gets_exception ... ok
[INFO] [stderr]      Running tests/dependency_yield_patterns_tests.rs (/opt/rustwide/target/release/build/reinhardt-di/ea3b6c03af512509/out/dependency_yield_patterns_tests-ea3b6c03af512509)
[INFO] [stdout] test test_dependency_no_exception ... ok
[INFO] [stdout] 
[INFO] [stdout] test result: ok. 2 passed; 0 failed; 0 ignored; 0 measured; 0 filtered out; finished in 0.00s
[INFO] [stdout] 
[INFO] [stdout] 
[INFO] [stdout] running 9 tests
[INFO] [stdout] test test_yield_cleanup_after_raise ... ok
[INFO] [stdout] test test_nested_yield_dependencies ... ok
[INFO] [stdout] test test_yield_cleanup_success ... ok
[INFO] [stdout] test test_websocket_cleanup_on_error ... ok
[INFO] [stdout] test test_multiple_streaming_dependencies ... ok
[INFO] [stdout] test test_yield_with_streaming_response ... ok
[INFO] [stdout] test test_yield_with_websocket ... ok
[INFO] [stdout] test test_yield_except_httpexception ... ok
[INFO] [stdout] test test_yield_no_exception ... ok
[INFO] [stdout] 
[INFO] [stdout] test result: ok. 9 passed; 0 failed; 0 ignored; 0 measured; 0 filtered out; finished in 0.00s
[INFO] [stdout] 
[INFO] [stderr]      Running tests/extractor_factory_tests.rs (/opt/rustwide/target/release/build/reinhardt-di/f5726e9c2646a6eb/out/extractor_factory_tests-f5726e9c2646a6eb)
[INFO] [stdout] 
[INFO] [stdout] running 0 tests
[INFO] [stdout] 
[INFO] [stdout] test result: ok. 0 passed; 0 failed; 0 ignored; 0 measured; 0 filtered out; finished in 0.00s
[INFO] [stdout] 
[INFO] [stderr]      Running tests/fastapi_style_depends_tests.rs (/opt/rustwide/target/release/build/reinhardt-di/39822c5ec49af0be/out/fastapi_style_depends_tests-39822c5ec49af0be)
[INFO] [stdout] 
[INFO] [stderr]      Running tests/generator_tests.rs (/opt/rustwide/target/release/build/reinhardt-di/64cda77cde8b406e/out/generator_tests-64cda77cde8b406e)
[INFO] [stdout] running 0 tests
[INFO] [stdout] 
[INFO] [stdout] test result: ok. 0 passed; 0 failed; 0 ignored; 0 measured; 0 filtered out; finished in 0.00s
[INFO] [stdout] 
[INFO] [stdout] 
[INFO] [stdout] running 0 tests
[INFO] [stdout] 
[INFO] [stdout] test result: ok. 0 passed; 0 failed; 0 ignored; 0 measured; 0 filtered out; finished in 0.00s
[INFO] [stdout] 
[INFO] [stderr]      Running tests/generic_parameterless_depends_tests.rs (/opt/rustwide/target/release/build/reinhardt-di/55a9dbd8045ef487/out/generic_parameterless_depends_tests-55a9dbd8045ef487)
[INFO] [stdout] 
[INFO] [stdout] running 5 tests
[INFO] [stdout] test test_generic_parameterless_depends_type_a ... ok
[INFO] [stdout] test test_generic_service_with_type_b ... ok
[INFO] [stdout] test test_generic_service_with_type_a ... ok
[INFO] [stdout] test test_different_types_create_different_instances ... ok
[INFO] [stdout] test test_generic_parameterless_depends_type_b ... ok
[INFO] [stdout] 
[INFO] [stdout] test result: ok. 5 passed; 0 failed; 0 ignored; 0 measured; 0 filtered out; finished in 0.00s
[INFO] [stdout] 
[INFO] [stderr]      Running tests/http_connection_injection_tests.rs (/opt/rustwide/target/release/build/reinhardt-di/dcc6594634bfcd9f/out/http_connection_injection_tests-dcc6594634bfcd9f)
[INFO] [stdout] 
[INFO] [stdout] running 5 tests
[INFO] [stdout] test test_app_state_shared_across_connections ... ok
[INFO] [stdout] test test_http_connection_cached ... ok
[INFO] [stdout] test test_value_extracting_by_ws ... ok
[INFO] [stdout] test test_value_extracting_by_http ... ok
[INFO] [stdout] test test_websocket_connection_cached ... ok
[INFO] [stdout] 
[INFO] [stdout] test result: ok. 5 passed; 0 failed; 0 ignored; 0 measured; 0 filtered out; finished in 0.00s
[INFO] [stdout] 
[INFO] [stderr]      Running tests/injectable_body_lint_tests.rs (/opt/rustwide/target/release/build/reinhardt-di/60088eb3254f1d48/out/injectable_body_lint_tests-60088eb3254f1d48)
[INFO] [stdout] 
[INFO] [stdout] running 0 tests
[INFO] [stdout] 
[INFO] [stdout] test result: ok. 0 passed; 0 failed; 0 ignored; 0 measured; 0 filtered out; finished in 0.00s
[INFO] [stdout] 
[INFO] [stderr]      Running tests/injectable_factory_inject_fallback_tests.rs (/opt/rustwide/target/release/build/reinhardt-di/e55083235cc12cdd/out/injectable_factory_inject_fallback_tests-e55083235cc12cdd)
[INFO] [stdout] 
[INFO] [stdout] running 0 tests
[INFO] [stdout] 
[INFO] [stdout] test result: ok. 0 passed; 0 failed; 0 ignored; 0 measured; 0 filtered out; finished in 0.00s
[INFO] [stdout] 
[INFO] [stderr]      Running tests/injectable_field_depends_sugar_tests.rs (/opt/rustwide/target/release/build/reinhardt-di/230c0a385089f722/out/injectable_field_depends_sugar_tests-230c0a385089f722)
[INFO] [stderr]      Running tests/keyed_factory_output_tests.rs (/opt/rustwide/target/release/build/reinhardt-di/c8b6f7d2f0565a49/out/keyed_factory_output_tests-c8b6f7d2f0565a49)
[INFO] [stdout] 
[INFO] [stdout] running 0 tests
[INFO] [stdout] 
[INFO] [stdout] test result: ok. 0 passed; 0 failed; 0 ignored; 0 measured; 0 filtered out; finished in 0.00s
[INFO] [stdout] 
[INFO] [stdout] 
[INFO] [stderr]      Running tests/misc_dependency_tests.rs (/opt/rustwide/target/release/build/reinhardt-di/a137e176c66687d9/out/misc_dependency_tests-a137e176c66687d9)
[INFO] [stdout] running 0 tests
[INFO] [stdout] 
[INFO] [stdout] test result: ok. 0 passed; 0 failed; 0 ignored; 0 measured; 0 filtered out; finished in 0.00s
[INFO] [stdout] 
[INFO] [stderr]      Running tests/param_in_path_and_dependency_tests.rs (/opt/rustwide/target/release/build/reinhardt-di/7a6df62af0eb29d3/out/param_in_path_and_dependency_tests-7a6df62af0eb29d3)
[INFO] [stdout] 
[INFO] [stdout] running 0 tests
[INFO] [stdout] 
[INFO] [stdout] test result: ok. 0 passed; 0 failed; 0 ignored; 0 measured; 0 filtered out; finished in 0.00s
[INFO] [stdout] 
[INFO] [stdout] 
[INFO] [stdout] running 4 tests
[INFO] [stdout] test test_path_param_available_to_dependency ... ok
[INFO] [stderr]      Running tests/parameter_extraction_tests.rs (/opt/rustwide/target/release/build/reinhardt-di/a16846c026336587/out/parameter_extraction_tests-a16846c026336587)
[INFO] [stdout] test test_path_param_shared_between_dependency_and_endpoint ... ok
[INFO] [stderr]      Running tests/params_integration_tests.rs (/opt/rustwide/target/release/build/reinhardt-di/f668bab177e4468c/out/params_integration_tests-f668bab177e4468c)
[INFO] [stdout] test test_different_path_params_in_different_requests ... ok
[INFO] [stdout] test test_multiple_dependencies_access_same_path_param ... ok
[INFO] [stdout] 
[INFO] [stdout] test result: ok. 4 passed; 0 failed; 0 ignored; 0 measured; 0 filtered out; finished in 0.01s
[INFO] [stdout] 
[INFO] [stdout] 
[INFO] [stdout] running 0 tests
[INFO] [stdout] 
[INFO] [stdout] test result: ok. 0 passed; 0 failed; 0 ignored; 0 measured; 0 filtered out; finished in 0.00s
[INFO] [stdout] 
[INFO] [stdout] 
[INFO] [stdout] running 6 tests
[INFO] [stdout] test test_query_param_injection ... ok
[INFO] [stdout] test test_optional_params ... ok
[INFO] [stdout] test test_multiple_param_types ... ok
[INFO] [stdout] test test_header_injection ... ok
[INFO] [stdout] test test_params_with_dependencies ... ok
[INFO] [stdout] test test_path_param_injection ... ok
[INFO] [stdout] 
[INFO] [stdout] test result: ok. 6 passed; 0 failed; 0 ignored; 0 measured; 0 filtered out; finished in 0.00s
[INFO] [stdout] 
[INFO] [stderr]      Running tests/profiling_tests.rs (/opt/rustwide/target/release/build/reinhardt-di/ce8185710ad3c11f/out/profiling_tests-ce8185710ad3c11f)
[INFO] [stdout] 
[INFO] [stderr]      Running tests/register_override.rs (/opt/rustwide/target/release/build/reinhardt-di/5855e3afd2205388/out/register_override-5855e3afd2205388)
[INFO] [stdout] running 0 tests
[INFO] [stdout] 
[INFO] [stdout] test result: ok. 0 passed; 0 failed; 0 ignored; 0 measured; 0 filtered out; finished in 0.00s
[INFO] [stdout] 
[INFO] [stdout] 
[INFO] [stdout] running 0 tests
[INFO] [stdout] 
[INFO] [stdout] test result: ok. 0 passed; 0 failed; 0 ignored; 0 measured; 0 filtered out; finished in 0.00s
[INFO] [stdout] 
[INFO] [stderr]      Running tests/repeated_dependency_schema_tests.rs (/opt/rustwide/target/release/build/reinhardt-di/7aa7854446210a35/out/repeated_dependency_schema_tests-7aa7854446210a35)
[INFO] [stdout] 
[INFO] [stdout] running 0 tests
[INFO] [stdout] 
[INFO] [stdout] test result: ok. 0 passed; 0 failed; 0 ignored; 0 measured; 0 filtered out; finished in 0.00s
[INFO] [stdout] 
[INFO] [stderr]      Running tests/resolve_context_dispatch_tests.rs (/opt/rustwide/target/release/build/reinhardt-di/02fedf661d30564d/out/resolve_context_dispatch_tests-02fedf661d30564d)
[INFO] [stdout] 
[INFO] [stdout] running 4 tests
[INFO] [stdout] test root_context_shares_singleton_scope ... ok
[INFO] [stdout] test concurrent_requests_have_isolated_contexts ... ok
[INFO] [stdout] test nested_resolve_preserves_root_in_factory ... ok
[INFO] [stdout] test sequential_requests_have_isolated_contexts ... ok
[INFO] [stdout] 
[INFO] [stdout] test result: ok. 4 passed; 0 failed; 0 ignored; 0 measured; 0 filtered out; finished in 0.00s
[INFO] [stdout] 
[INFO] [stderr]      Running tests/resolve_context_e2e_tests.rs (/opt/rustwide/target/release/build/reinhardt-di/0813982aacac698e/out/resolve_context_e2e_tests-0813982aacac698e)
[INFO] [stdout] 
[INFO] [stdout] running 4 tests
[INFO] [stdout] test factory_chain_context_propagation ... ok
[INFO] [stdout] test three_level_factory_chain_propagates_root ... ok
[INFO] [stdout] test router_factory_passes_context_to_unified_router ... ok
[INFO] [stderr]      Running tests/resolve_context_factory_tests.rs (/opt/rustwide/target/release/build/reinhardt-di/be8279ff244ee1e9/out/resolve_context_factory_tests-be8279ff244ee1e9)
[INFO] [stdout] test context_unavailable_outside_factory_chain ... ok
[INFO] [stdout] 
[INFO] [stdout] test result: ok. 4 passed; 0 failed; 0 ignored; 0 measured; 0 filtered out; finished in 0.00s
[INFO] [stdout] 
[INFO] [stdout] 
[INFO] [stdout] running 6 tests
[INFO] [stdout] test factory_inject_and_get_di_context_coexist ... ok
[INFO] [stdout] test factory_no_inject_params_sets_task_local ... ok
[INFO] [stderr]      Running tests/tutorial_dependencies_001_tests.rs (/opt/rustwide/target/release/build/reinhardt-di/9bdffcf494cbe3f0/out/tutorial_dependencies_001_tests-9bdffcf494cbe3f0)
[INFO] [stdout] test factory_scope_singleton_sets_task_local ... ok
[INFO] [stdout] test factory_scope_request_sets_task_local ... ok
[INFO] [stdout] test factory_scope_transient_sets_task_local ... ok
[INFO] [stdout] test factory_returning_injection_context ... ok
[INFO] [stdout] 
[INFO] [stdout] test result: ok. 6 passed; 0 failed; 0 ignored; 0 measured; 0 filtered out; finished in 0.01s
[INFO] [stdout] 
[INFO] [stdout] 
[INFO] [stderr]      Running tests/visualization_tests.rs (/opt/rustwide/target/release/build/reinhardt-di/65d9cc77502709b2/out/visualization_tests-65d9cc77502709b2)
[INFO] [stdout] running 0 tests
[INFO] [stdout] 
[INFO] [stdout] test result: ok. 0 passed; 0 failed; 0 ignored; 0 measured; 0 filtered out; finished in 0.00s
[INFO] [stdout] 
[INFO] [stdout] 
[INFO] [stdout] running 0 tests
[INFO] [stdout] 
[INFO] [stdout] test result: ok. 0 passed; 0 failed; 0 ignored; 0 measured; 0 filtered out; finished in 0.00s
[INFO] [stdout] 
[INFO] [stderr]      Running tests/wasm_macro_parity.rs (/opt/rustwide/target/release/build/reinhardt-di/588f17de696c2916/out/wasm_macro_parity-588f17de696c2916)
[INFO] [stdout] 
[INFO] [stdout] running 1 test
[INFO] [stdout] test injectable_macros_compile_as_wasm_parity_stubs ... FAILED
[INFO] [stderr] error: test failed, to rerun pass `--test wasm_macro_parity`
[INFO] [stdout] 
[INFO] [stdout] failures:
[INFO] [stdout] 
[INFO] [stdout] ---- injectable_macros_compile_as_wasm_parity_stubs stdout ----
[INFO] [stdout] 
[INFO] [stdout] thread 'injectable_macros_compile_as_wasm_parity_stubs' (3867) panicked at tests/wasm_macro_parity.rs:49:5:
[INFO] [stdout] WASM macro parity fixture should compile
[INFO] [stdout] stdout:
[INFO] [stdout] 
[INFO] [stdout] stderr:
[INFO] [stdout]      Locking 170 packages to highest Rust 1.100.0-beta.1 compatible versions
[INFO] [stdout]       Adding generic-array v0.14.7 (available: v0.14.9)
[INFO] [stdout]    Compiling unicode-ident v1.0.27
[INFO] [stdout]    Compiling proc-macro2 v1.0.107
[INFO] [stdout]    Compiling quote v1.0.47
[INFO] [stdout]    Compiling rustversion v1.0.23
[INFO] [stdout]    Compiling wasm-bindgen-shared v0.2.129
[INFO] [stdout]     Checking cfg-if v1.0.5
[INFO] [stdout]     Checking stable_deref_trait v1.2.1
[INFO] [stdout]     Checking once_cell v1.21.4
[INFO] [stdout] error[E0463]: can't find crate for `std`
[INFO] [stdout]   |
[INFO] [stdout]   = note: the `wasm32-unknown-unknown` target may not be installed
[INFO] [stdout]   = help: consider downloading the target with `rustup target add wasm32-unknown-unknown`
[INFO] [stdout] 
[INFO] [stdout] For more information about this error, try `rustc --explain E0463`.
[INFO] [stdout] error: could not compile `once_cell` (lib) due to 1 previous error
[INFO] [stdout] warning: build failed, waiting for other jobs to finish...
[INFO] [stdout] error[E0463]: can't find crate for `core`
[INFO] [stdout]   |
[INFO] [stdout]   = note: the `wasm32-unknown-unknown` target may not be installed
[INFO] [stdout]   = help: consider downloading the target with `rustup target add wasm32-unknown-unknown`
[INFO] [stdout] 
[INFO] [stdout] error: could not compile `cfg-if` (lib) due to 1 previous error
[INFO] [stdout] error: could not compile `stable_deref_trait` (lib) due to 1 previous error
[INFO] [stdout] 
[INFO] [stdout] stack backtrace:
[INFO] [stdout]    0:     0x5a75778cb081 - <<std[617be2ca0a6fd877]::sys::backtrace::BacktraceLock>::print::DisplayBacktrace as core[a373ad73a504971]::fmt::Display>::fmt
[INFO] [stdout]    1:     0x5a75778df2aa - core[a373ad73a504971]::fmt::write
[INFO] [stdout]    2:     0x5a75778cf4fc - <alloc[2e1b2a31b91974c5]::vec::Vec<u8> as core[a373ad73a504971]::io::write::Write>::write_fmt
[INFO] [stdout]    3:     0x5a75778a51c6 - std[617be2ca0a6fd877]::panicking::default_hook::{closure#0}
[INFO] [stdout]    4:     0x5a75778c2149 - std[617be2ca0a6fd877]::panicking::default_hook
[INFO] [stdout]    5:     0x5a757785d8b0 - test[aada8e7e76ba119b]::test_main_inner::{closure#0}
[INFO] [stdout]    6:     0x5a75778c2302 - std[617be2ca0a6fd877]::panicking::panic_with_hook
[INFO] [stdout]    7:     0x5a75778a5272 - std[617be2ca0a6fd877]::panicking::panic_handler::{closure#0}
[INFO] [stdout]    8:     0x5a757789de69 - std[617be2ca0a6fd877]::sys::backtrace::__rust_end_short_backtrace::<std[617be2ca0a6fd877]::panicking::panic_handler::{closure#0}, !>
[INFO] [stdout]    9:     0x5a75778a5e7d - __rustc[ea4f61d10b84890b]::rust_begin_unwind
[INFO] [stdout]   10:     0x5a75778df9dc - core[a373ad73a504971]::panicking::panic_fmt
[INFO] [stdout]   11:     0x5a757784f2d0 - <wasm_macro_parity[b3887f344de244bf]::injectable_macros_compile_as_wasm_parity_stubs::{closure#0} as core[a373ad73a504971]::ops::function::FnOnce<()>>::call_once
[INFO] [stdout]   12:     0x5a7577850cfb - test[aada8e7e76ba119b]::__rust_begin_short_backtrace::<core[a373ad73a504971]::result::Result<(), alloc[2e1b2a31b91974c5]::string::String>, fn() -> core[a373ad73a504971]::result::Result<(), alloc[2e1b2a31b91974c5]::string::String>>
[INFO] [stdout]   13:     0x5a757785ded5 - test[aada8e7e76ba119b]::run_test::{closure#0}
[INFO] [stdout]   14:     0x5a75778577c4 - std[617be2ca0a6fd877]::sys::backtrace::__rust_begin_short_backtrace::<test[aada8e7e76ba119b]::run_test::{closure#1}, ()>
[INFO] [stdout]   15:     0x5a7577860f62 - <std[617be2ca0a6fd877]::thread::lifecycle::spawn_unchecked<test[aada8e7e76ba119b]::run_test::{closure#1}, ()>::{closure#1} as core[a373ad73a504971]::ops::function::FnOnce<()>>::call_once::{shim:vtable#0}
[INFO] [stdout]   16:     0x5a75778ca63f - <std[617be2ca0a6fd877]::sys::thread::unix::Thread>::new::thread_start
[INFO] [stdout]   17:     0x76e3247bbdfa - <unknown>
[INFO] [stdout]   18:     0x76e32484f3d4 - clone
[INFO] [stdout]   19:                0x0 - <unknown>
[INFO] [stdout] 
[INFO] [stdout] 
[INFO] [stdout] failures:
[INFO] [stdout]     injectable_macros_compile_as_wasm_parity_stubs
[INFO] [stdout] 
[INFO] [stdout] test result: FAILED. 0 passed; 1 failed; 0 ignored; 0 measured; 0 filtered out; finished in 1.88s
[INFO] [stdout] 
[INFO] running `Command { std: "docker" "inspect" "9d688154fe2d612372278dbb58bce736bf7a7e96ec7bfa6fe913933a1d3f5a2c", kill_on_drop: false }`
[INFO] running `Command { std: "docker" "rm" "-f" "9d688154fe2d612372278dbb58bce736bf7a7e96ec7bfa6fe913933a1d3f5a2c", kill_on_drop: false }`
[INFO] [stdout] 9d688154fe2d612372278dbb58bce736bf7a7e96ec7bfa6fe913933a1d3f5a2c
