[INFO] fetching crate reindeer-macros 0.3.0...
[INFO] testing reindeer-macros-0.3.0 against 1.100.0-beta.1+cargoflags=--release for beta-release-1.100-2
[INFO] extracting crate reindeer-macros 0.3.0 into /workspace/builds/worker-7-tc2/source
[INFO] started tweaking crates.io crate reindeer-macros 0.3.0
[INFO] finished tweaking crates.io crate reindeer-macros 0.3.0
[INFO] tweaked toml for crates.io crate reindeer-macros 0.3.0 written to /workspace/builds/worker-7-tc2/source/Cargo.toml
[INFO] validating manifest of crates.io crate reindeer-macros 0.3.0 on toolchain 1.100.0-beta.1
[INFO] running `Command { std: CARGO_HOME="/workspace/cargo-home" RUSTUP_HOME="/workspace/rustup-home" "/workspace/cargo-home/bin/cargo" "+1.100.0-beta.1" "metadata" "--manifest-path" "Cargo.toml" "--no-deps", kill_on_drop: false }`
[INFO] running `Command { std: CARGO_HOME="/workspace/cargo-home" RUSTUP_HOME="/workspace/rustup-home" "/workspace/cargo-home/bin/cargo" "+1.100.0-beta.1" "generate-lockfile" "--manifest-path" "Cargo.toml", kill_on_drop: false }`
[INFO] [stderr]     Updating crates.io index
[INFO] [stderr]      Locking 29 packages to highest compatible versions
[INFO] [stderr]       Adding syn v1.0.109 (available: v3.0.9)
[INFO] running `Command { std: CARGO_HOME="/workspace/cargo-home" RUSTUP_HOME="/workspace/rustup-home" "/workspace/cargo-home/bin/cargo" "+1.100.0-beta.1" "fetch" "--manifest-path" "Cargo.toml", kill_on_drop: false }`
[INFO] running `Command { std: "docker" "create" "-v" "/var/lib/crater-agent-workspace/builds/worker-7-tc2/source:/opt/rustwide/workdir:ro,Z" "-v" "/var/lib/crater-agent-workspace/builds/worker-7-tc2/target:/opt/rustwide/target:rw,Z" "-v" "/var/lib/crater-agent-workspace/cargo-home:/opt/rustwide/cargo-home:ro,Z" "-v" "/var/lib/crater-agent-workspace/rustup-home:/opt/rustwide/rustup-home:ro,Z" "-m" "1610612736" "--network" "none" "ghcr.io/rust-lang/crates-build-env/linux@sha256:77db811e55d90add9212f6832c23229e3de5f1c1f9905e8cb07319ea15df73ac" "sleep" "infinity", kill_on_drop: false }`
[INFO] [stdout] 7a03f8e3f370bc60a64ccdb40e941d4a0a227f266c3c81e97247cb5725c61e2d
[INFO] running `Command { std: "docker" "start" "7a03f8e3f370bc60a64ccdb40e941d4a0a227f266c3c81e97247cb5725c61e2d", kill_on_drop: false }`
[INFO] running `Command { std: "docker" "inspect" "7a03f8e3f370bc60a64ccdb40e941d4a0a227f266c3c81e97247cb5725c61e2d", kill_on_drop: false }`
[INFO] running `Command { std: "docker" "exec" "-e" "SOURCE_DIR=/opt/rustwide/workdir" "-e" "CARGO_HOME=/opt/rustwide/cargo-home" "-e" "RUSTUP_HOME=/opt/rustwide/rustup-home" "-e" "CARGO_TARGET_DIR=/opt/rustwide/target" "-w" "/opt/rustwide/workdir" "--user" "0:0" "7a03f8e3f370bc60a64ccdb40e941d4a0a227f266c3c81e97247cb5725c61e2d" "/opt/rustwide/cargo-home/bin/cargo" "+1.100.0-beta.1" "metadata" "--no-deps" "--format-version=1", kill_on_drop: false }`
[INFO] running `Command { std: "docker" "inspect" "7a03f8e3f370bc60a64ccdb40e941d4a0a227f266c3c81e97247cb5725c61e2d", kill_on_drop: false }`
[INFO] running `Command { std: "docker" "exec" "-e" "SOURCE_DIR=/opt/rustwide/workdir" "-e" "CARGO_HOME=/opt/rustwide/cargo-home" "-e" "RUSTUP_HOME=/opt/rustwide/rustup-home" "-e" "CARGO_TARGET_DIR=/opt/rustwide/target" "-e" "CARGO_INCREMENTAL=0" "-e" "RUST_BACKTRACE=full" "-e" "RUSTFLAGS=--cap-lints=warn" "-e" "RUSTDOCFLAGS=--cap-lints=warn" "-w" "/opt/rustwide/workdir" "--user" "0:0" "7a03f8e3f370bc60a64ccdb40e941d4a0a227f266c3c81e97247cb5725c61e2d" "/opt/rustwide/cargo-home/bin/cargo" "+1.100.0-beta.1" "build" "--frozen" "--message-format=json" "--release", kill_on_drop: false }`
[INFO] [stderr]    Compiling syn v1.0.109
[INFO] [stderr]    Compiling serde v1.0.229
[INFO] [stderr]    Compiling serde_json v1.0.154
[INFO] [stderr]    Compiling reindeer-macros v0.3.0 (/opt/rustwide/workdir)
[INFO] [stderr] warning: unused dependency `serde`
[INFO] [stderr]  --> Cargo.toml:7:15
[INFO] [stderr]   |
[INFO] [stderr] 7 | [dependencies.serde]
[INFO] [stderr]   |               ^^^^^^
[INFO] [stderr]   |
[INFO] [stderr]   = note: `cargo::unused_dependencies` is set to `warn` by default
[INFO] [stderr] help: consider removing the dependency on `serde`
[INFO] [stderr] warning: unused dependency `serde_json`
[INFO] [stderr]   --> Cargo.toml:10:15
[INFO] [stderr]    |
[INFO] [stderr] 10 | [dependencies.serde_json]
[INFO] [stderr]    |               ^^^^^^^^^^^
[INFO] [stderr]    |
[INFO] [stderr] help: consider removing the dependency on `serde_json`
[INFO] [stderr] warning: `reindeer-macros` (manifest) generated 2 warnings
[INFO] [stderr]     Finished `release` profile [optimized] target(s) in 5.21s
[INFO] running `Command { std: "docker" "inspect" "7a03f8e3f370bc60a64ccdb40e941d4a0a227f266c3c81e97247cb5725c61e2d", kill_on_drop: false }`
[INFO] running `Command { std: "docker" "exec" "-e" "SOURCE_DIR=/opt/rustwide/workdir" "-e" "CARGO_HOME=/opt/rustwide/cargo-home" "-e" "RUSTUP_HOME=/opt/rustwide/rustup-home" "-e" "CARGO_TARGET_DIR=/opt/rustwide/target" "-e" "CARGO_INCREMENTAL=0" "-e" "RUST_BACKTRACE=full" "-e" "RUSTFLAGS=--cap-lints=warn" "-e" "RUSTDOCFLAGS=--cap-lints=warn" "-w" "/opt/rustwide/workdir" "--user" "0:0" "7a03f8e3f370bc60a64ccdb40e941d4a0a227f266c3c81e97247cb5725c61e2d" "/opt/rustwide/cargo-home/bin/cargo" "+1.100.0-beta.1" "test" "--frozen" "--no-run" "--message-format=json" "--release", kill_on_drop: false }`
[INFO] [stderr]    Compiling toml_datetime v1.1.2+spec-1.1.0
[INFO] [stderr]    Compiling serde_spanned v1.1.2
[INFO] [stderr]    Compiling toml_writer v1.1.3+spec-1.1.0
[INFO] [stderr]    Compiling dissimilar v1.0.11
[INFO] [stderr]    Compiling toml_parser v1.1.5+spec-1.1.0
[INFO] [stderr]    Compiling reindeer-macros v0.3.0 (/opt/rustwide/workdir)
[INFO] [stderr]    Compiling toml v1.1.8+spec-1.1.0
[INFO] [stderr]    Compiling trybuild v1.0.122
[INFO] [stderr] warning: unused dependency `serde`
[INFO] [stderr]  --> Cargo.toml:7:15
[INFO] [stderr]   |
[INFO] [stderr] 7 | [dependencies.serde]
[INFO] [stderr]   |               ^^^^^^
[INFO] [stderr]   |
[INFO] [stderr]   = note: `cargo::unused_dependencies` is set to `warn` by default
[INFO] [stderr] help: consider removing the dependency on `serde`
[INFO] [stderr] warning: unused dependency `serde_json`
[INFO] [stderr]   --> Cargo.toml:10:15
[INFO] [stderr]    |
[INFO] [stderr] 10 | [dependencies.serde_json]
[INFO] [stderr]    |               ^^^^^^^^^^^
[INFO] [stderr]    |
[INFO] [stderr] help: consider removing the dependency on `serde_json`
[INFO] [stderr] warning: `reindeer-macros` (manifest) generated 2 warnings
[INFO] [stderr]     Finished `release` profile [optimized] target(s) in 4.84s
[INFO] running `Command { std: "docker" "inspect" "7a03f8e3f370bc60a64ccdb40e941d4a0a227f266c3c81e97247cb5725c61e2d", kill_on_drop: false }`
[INFO] running `Command { std: "docker" "exec" "-e" "SOURCE_DIR=/opt/rustwide/workdir" "-e" "CARGO_HOME=/opt/rustwide/cargo-home" "-e" "RUSTUP_HOME=/opt/rustwide/rustup-home" "-e" "CARGO_TARGET_DIR=/opt/rustwide/target" "-e" "CARGO_INCREMENTAL=0" "-e" "RUST_BACKTRACE=full" "-e" "RUSTFLAGS=--cap-lints=warn" "-e" "RUSTDOCFLAGS=--cap-lints=warn" "-w" "/opt/rustwide/workdir" "--user" "0:0" "7a03f8e3f370bc60a64ccdb40e941d4a0a227f266c3c81e97247cb5725c61e2d" "/opt/rustwide/cargo-home/bin/cargo" "+1.100.0-beta.1" "test" "--frozen" "--release", kill_on_drop: false }`
[INFO] [stderr] warning: unused dependency `serde`
[INFO] [stderr]  --> Cargo.toml:7:15
[INFO] [stderr]   |
[INFO] [stderr] 7 | [dependencies.serde]
[INFO] [stderr]   |               ^^^^^^
[INFO] [stderr]   |
[INFO] [stderr]   = note: `cargo::unused_dependencies` is set to `warn` by default
[INFO] [stderr] help: consider removing the dependency on `serde`
[INFO] [stderr] warning: unused dependency `serde_json`
[INFO] [stderr]   --> Cargo.toml:10:15
[INFO] [stderr]    |
[INFO] [stderr] 10 | [dependencies.serde_json]
[INFO] [stderr]    |               ^^^^^^^^^^^
[INFO] [stderr]    |
[INFO] [stderr] help: consider removing the dependency on `serde_json`
[INFO] [stderr] warning: `reindeer-macros` (manifest) generated 2 warnings
[INFO] [stderr]     Finished `release` profile [optimized] target(s) in 0.06s
[INFO] [stderr]      Running unittests src/lib.rs (/opt/rustwide/target/release/build/reindeer-macros/205898796fb3c3a0/out/reindeer_macros-205898796fb3c3a0)
[INFO] [stdout] 
[INFO] [stdout] running 0 tests
[INFO] [stdout] 
[INFO] [stdout] test result: ok. 0 passed; 0 failed; 0 ignored; 0 measured; 0 filtered out; finished in 0.00s
[INFO] [stdout] 
[INFO] [stderr]    Doc-tests reindeer_macros
[INFO] [stdout] 
[INFO] [stdout] running 6 tests
[INFO] [stdout] test src/lib.rs - (line 5) ... FAILED
[INFO] [stdout] test src/lib.rs - derive_entity (line 104) ... FAILED
[INFO] [stdout] test src/lib.rs - (line 19) ... FAILED
[INFO] [stdout] test src/lib.rs - (line 33) ... FAILED
[INFO] [stdout] test src/lib.rs - derive_entity (line 76) ... FAILED
[INFO] [stdout] test src/lib.rs - derive_entity (line 90) ... FAILED
[INFO] [stdout] 
[INFO] [stdout] failures:
[INFO] [stdout] 
[INFO] [stdout] ---- src/lib.rs - (line 5) stdout ----
[INFO] [stdout] error: cannot find derive macro `Serialize` in this scope
[INFO] [stdout]  --> src/lib.rs:6:10
[INFO] [stdout]   |
[INFO] [stdout] 6 | #[derive(Serialize,Deserialize,Entity)]
[INFO] [stdout]   |          ^^^^^^^^^
[INFO] [stdout] 
[INFO] [stdout] error: cannot find derive macro `Deserialize` in this scope
[INFO] [stdout]  --> src/lib.rs:6:20
[INFO] [stdout]   |
[INFO] [stdout] 6 | #[derive(Serialize,Deserialize,Entity)]
[INFO] [stdout]   |                    ^^^^^^^^^^^
[INFO] [stdout] 
[INFO] [stdout] error: cannot find derive macro `Entity` in this scope
[INFO] [stdout]  --> src/lib.rs:6:32
[INFO] [stdout]   |
[INFO] [stdout] 6 | #[derive(Serialize,Deserialize,Entity)]
[INFO] [stdout]   |                                ^^^^^^
[INFO] [stdout] 
[INFO] [stdout] error: aborting due to 3 previous errors
[INFO] [stdout] 
[INFO] [stdout] Couldn't compile the test.
[INFO] [stdout] ---- src/lib.rs - derive_entity (line 104) stdout ----
[INFO] [stdout] error: cannot find derive macro `Serialize` in this scope
[INFO] [stdout]    --> src/lib.rs:116:10
[INFO] [stdout]     |
[INFO] [stdout] 116 | #[derive(Serialize,Deserialize,Entity)]
[INFO] [stdout]     |          ^^^^^^^^^
[INFO] [stdout] 
[INFO] [stdout] error: cannot find derive macro `Deserialize` in this scope
[INFO] [stdout]    --> src/lib.rs:116:20
[INFO] [stdout]     |
[INFO] [stdout] 116 | #[derive(Serialize,Deserialize,Entity)]
[INFO] [stdout]     |                    ^^^^^^^^^^^
[INFO] [stdout] 
[INFO] [stdout] error: cannot find derive macro `Entity` in this scope
[INFO] [stdout]    --> src/lib.rs:116:32
[INFO] [stdout]     |
[INFO] [stdout] 116 | #[derive(Serialize,Deserialize,Entity)]
[INFO] [stdout]     |                                ^^^^^^
[INFO] [stdout] 
[INFO] [stdout] error: cannot find attribute `entity` in this scope
[INFO] [stdout]    --> src/lib.rs:117:3
[INFO] [stdout]     |
[INFO] [stdout] 117 | #[entity(name = "user_data", version = 1,id = "email")]
[INFO] [stdout]     |   ^^^^^^
[INFO] [stdout] 
[INFO] [stdout] error: cannot find attribute `sibling` in this scope
[INFO] [stdout]    --> src/lib.rs:118:3
[INFO] [stdout]     |
[INFO] [stdout] 118 | #[sibling(("user", Error))]
[INFO] [stdout]     |   ^^^^^^^
[INFO] [stdout] 
[INFO] [stdout] error: cannot find derive macro `Serialize` in this scope
[INFO] [stdout]    --> src/lib.rs:105:10
[INFO] [stdout]     |
[INFO] [stdout] 105 | #[derive(Serialize,Deserialize,Entity)]
[INFO] [stdout]     |          ^^^^^^^^^
[INFO] [stdout] 
[INFO] [stdout] error: cannot find derive macro `Deserialize` in this scope
[INFO] [stdout]    --> src/lib.rs:105:20
[INFO] [stdout]     |
[INFO] [stdout] 105 | #[derive(Serialize,Deserialize,Entity)]
[INFO] [stdout]     |                    ^^^^^^^^^^^
[INFO] [stdout] 
[INFO] [stdout] error: cannot find derive macro `Entity` in this scope
[INFO] [stdout]    --> src/lib.rs:105:32
[INFO] [stdout]     |
[INFO] [stdout] 105 | #[derive(Serialize,Deserialize,Entity)]
[INFO] [stdout]     |                                ^^^^^^
[INFO] [stdout] 
[INFO] [stdout] error: cannot find attribute `entity` in this scope
[INFO] [stdout]    --> src/lib.rs:106:3
[INFO] [stdout]     |
[INFO] [stdout] 106 | #[entity(name = "user", version = 1,id = "email")]
[INFO] [stdout]     |   ^^^^^^
[INFO] [stdout] 
[INFO] [stdout] error: cannot find attribute `sibling` in this scope
[INFO] [stdout]    --> src/lib.rs:107:3
[INFO] [stdout]     |
[INFO] [stdout] 107 | #[sibling(("user_data", Cascade))]
[INFO] [stdout]     |   ^^^^^^^
[INFO] [stdout] 
[INFO] [stdout] error: cannot find attribute `children` in this scope
[INFO] [stdout]    --> src/lib.rs:108:3
[INFO] [stdout]     |
[INFO] [stdout] 108 | #[children(("doc",Cascade),("shared_doc",BreakLink))]
[INFO] [stdout]     |   ^^^^^^^^
[INFO] [stdout] 
[INFO] [stdout] error: aborting due to 11 previous errors
[INFO] [stdout] 
[INFO] [stdout] Couldn't compile the test.
[INFO] [stdout] ---- src/lib.rs - (line 19) stdout ----
[INFO] [stdout] error: cannot find derive macro `Serialize` in this scope
[INFO] [stdout]   --> src/lib.rs:20:10
[INFO] [stdout]    |
[INFO] [stdout] 20 | #[derive(Serialize,Deserialize,Entity)]
[INFO] [stdout]    |          ^^^^^^^^^
[INFO] [stdout] 
[INFO] [stdout] error: cannot find derive macro `Deserialize` in this scope
[INFO] [stdout]   --> src/lib.rs:20:20
[INFO] [stdout]    |
[INFO] [stdout] 20 | #[derive(Serialize,Deserialize,Entity)]
[INFO] [stdout]    |                    ^^^^^^^^^^^
[INFO] [stdout] 
[INFO] [stdout] error: cannot find derive macro `Entity` in this scope
[INFO] [stdout]   --> src/lib.rs:20:32
[INFO] [stdout]    |
[INFO] [stdout] 20 | #[derive(Serialize,Deserialize,Entity)]
[INFO] [stdout]    |                                ^^^^^^
[INFO] [stdout] 
[INFO] [stdout] error: cannot find attribute `entity` in this scope
[INFO] [stdout]   --> src/lib.rs:21:3
[INFO] [stdout]    |
[INFO] [stdout] 21 | #[entity(name = "user", version = 1,id = "email")]
[INFO] [stdout]    |   ^^^^^^
[INFO] [stdout] 
[INFO] [stdout] error: aborting due to 4 previous errors
[INFO] [stdout] 
[INFO] [stdout] Couldn't compile the test.
[INFO] [stdout] ---- src/lib.rs - (line 33) stdout ----
[INFO] [stdout] error[E0753]: expected outer doc comment
[INFO] [stdout]   --> src/lib.rs:45:1
[INFO] [stdout]    |
[INFO] [stdout] 45 |   //! #[derive(Serialize,Deserialize,Entity)]
[INFO] [stdout]    |   ^^^^^^^^^^^^^^^^^^^^^^^^^^^^^^^^^^^^^^^^^^^
[INFO] [stdout] ...
[INFO] [stdout] 48 | / struct UserData {
[INFO] [stdout] 49 | |     email : String,
[INFO] [stdout] 50 | |     username : String,
[INFO] [stdout] 51 | |     last_login : i64,
[INFO] [stdout] 52 | |     password_hash : String,
[INFO] [stdout] 53 | | }
[INFO] [stdout]    | |_- the inner doc comment doesn't annotate this struct
[INFO] [stdout]    |
[INFO] [stdout] help: to annotate the struct, change the doc comment from inner to outer style
[INFO] [stdout]    |
[INFO] [stdout] 45 - //! #[derive(Serialize,Deserialize,Entity)]
[INFO] [stdout] 45 + /// #[derive(Serialize,Deserialize,Entity)]
[INFO] [stdout]    |
[INFO] [stdout] 
[INFO] [stdout] error: cannot find attribute `entity` in this scope
[INFO] [stdout]   --> src/lib.rs:46:3
[INFO] [stdout]    |
[INFO] [stdout] 46 | #[entity(name = "user_data", version = 1,id = "email")]
[INFO] [stdout]    |   ^^^^^^
[INFO] [stdout] 
[INFO] [stdout] error: cannot find attribute `sibling` in this scope
[INFO] [stdout]   --> src/lib.rs:47:3
[INFO] [stdout]    |
[INFO] [stdout] 47 | #[sibling(("user", Error))]
[INFO] [stdout]    |   ^^^^^^^
[INFO] [stdout] 
[INFO] [stdout] error: cannot find derive macro `Serialize` in this scope
[INFO] [stdout]   --> src/lib.rs:34:10
[INFO] [stdout]    |
[INFO] [stdout] 34 | #[derive(Serialize,Deserialize,Entity)]
[INFO] [stdout]    |          ^^^^^^^^^
[INFO] [stdout] 
[INFO] [stdout] error: cannot find derive macro `Deserialize` in this scope
[INFO] [stdout]   --> src/lib.rs:34:20
[INFO] [stdout]    |
[INFO] [stdout] 34 | #[derive(Serialize,Deserialize,Entity)]
[INFO] [stdout]    |                    ^^^^^^^^^^^
[INFO] [stdout] 
[INFO] [stdout] error: cannot find derive macro `Entity` in this scope
[INFO] [stdout]   --> src/lib.rs:34:32
[INFO] [stdout]    |
[INFO] [stdout] 34 | #[derive(Serialize,Deserialize,Entity)]
[INFO] [stdout]    |                                ^^^^^^
[INFO] [stdout] 
[INFO] [stdout] error: cannot find attribute `entity` in this scope
[INFO] [stdout]   --> src/lib.rs:35:3
[INFO] [stdout]    |
[INFO] [stdout] 35 | #[entity(name = "user", version = 1,id = "email")]
[INFO] [stdout]    |   ^^^^^^
[INFO] [stdout] 
[INFO] [stdout] error: cannot find attribute `sibling` in this scope
[INFO] [stdout]   --> src/lib.rs:36:3
[INFO] [stdout]    |
[INFO] [stdout] 36 | #[sibling(("user_data", Cascade))]
[INFO] [stdout]    |   ^^^^^^^
[INFO] [stdout] 
[INFO] [stdout] error: cannot find attribute `children` in this scope
[INFO] [stdout]   --> src/lib.rs:37:3
[INFO] [stdout]    |
[INFO] [stdout] 37 | #[children(("doc",Cascade),("shared_doc",BreakLink))]
[INFO] [stdout]    |   ^^^^^^^^
[INFO] [stdout] 
[INFO] [stdout] error: aborting due to 9 previous errors
[INFO] [stdout] 
[INFO] [stdout] For more information about this error, try `rustc --explain E0753`.
[INFO] [stdout] Couldn't compile the test.
[INFO] [stdout] ---- src/lib.rs - derive_entity (line 76) stdout ----
[INFO] [stdout] error: cannot find derive macro `Serialize` in this scope
[INFO] [stdout]   --> src/lib.rs:77:10
[INFO] [stdout]    |
[INFO] [stdout] 77 | #[derive(Serialize,Deserialize,Entity)]
[INFO] [stdout]    |          ^^^^^^^^^
[INFO] [stdout] 
[INFO] [stdout] error: cannot find derive macro `Deserialize` in this scope
[INFO] [stdout]   --> src/lib.rs:77:20
[INFO] [stdout]    |
[INFO] [stdout] 77 | #[derive(Serialize,Deserialize,Entity)]
[INFO] [stdout]    |                    ^^^^^^^^^^^
[INFO] [stdout] 
[INFO] [stdout] error: cannot find derive macro `Entity` in this scope
[INFO] [stdout]   --> src/lib.rs:77:32
[INFO] [stdout]    |
[INFO] [stdout] 77 | #[derive(Serialize,Deserialize,Entity)]
[INFO] [stdout]    |                                ^^^^^^
[INFO] [stdout] 
[INFO] [stdout] error: aborting due to 3 previous errors
[INFO] [stdout] 
[INFO] [stdout] Couldn't compile the test.
[INFO] [stdout] ---- src/lib.rs - derive_entity (line 90) stdout ----
[INFO] [stdout] error: cannot find derive macro `Serialize` in this scope
[INFO] [stdout]   --> src/lib.rs:91:10
[INFO] [stdout]    |
[INFO] [stdout] 91 | #[derive(Serialize,Deserialize,Entity)]
[INFO] [stdout]    |          ^^^^^^^^^
[INFO] [stdout] 
[INFO] [stdout] error: cannot find derive macro `Deserialize` in this scope
[INFO] [stdout]   --> src/lib.rs:91:20
[INFO] [stdout]    |
[INFO] [stdout] 91 | #[derive(Serialize,Deserialize,Entity)]
[INFO] [stdout]    |                    ^^^^^^^^^^^
[INFO] [stdout] 
[INFO] [stdout] error: cannot find derive macro `Entity` in this scope
[INFO] [stdout]   --> src/lib.rs:91:32
[INFO] [stdout]    |
[INFO] [stdout] 91 | #[derive(Serialize,Deserialize,Entity)]
[INFO] [stdout]    |                                ^^^^^^
[INFO] [stdout] 
[INFO] [stdout] error: cannot find attribute `entity` in this scope
[INFO] [stdout]   --> src/lib.rs:92:3
[INFO] [stdout]    |
[INFO] [stdout] 92 | #[entity(name = "user", version = 1,id = "email")]
[INFO] [stdout]    |   ^^^^^^
[INFO] [stdout] 
[INFO] [stdout] error: aborting due to 4 previous errors
[INFO] [stdout] 
[INFO] [stdout] Couldn't compile the test.
[INFO] [stdout] 
[INFO] [stdout] failures:
[INFO] [stdout]     src/lib.rs - (line 19)
[INFO] [stdout]     src/lib.rs - (line 33)
[INFO] [stdout]     src/lib.rs - (line 5)
[INFO] [stdout]     src/lib.rs - derive_entity (line 104)
[INFO] [stdout]     src/lib.rs - derive_entity (line 76)
[INFO] [stdout]     src/lib.rs - derive_entity (line 90)
[INFO] [stdout] 
[INFO] [stdout] test result: FAILED. 0 passed; 6 failed; 0 ignored; 0 measured; 0 filtered out; finished in 0.56s
[INFO] [stdout] 
[INFO] [stderr] error: doctest failed, to rerun pass `--doc`
[INFO] running `Command { std: "docker" "inspect" "7a03f8e3f370bc60a64ccdb40e941d4a0a227f266c3c81e97247cb5725c61e2d", kill_on_drop: false }`
[INFO] running `Command { std: "docker" "rm" "-f" "7a03f8e3f370bc60a64ccdb40e941d4a0a227f266c3c81e97247cb5725c61e2d", kill_on_drop: false }`
[INFO] [stdout] 7a03f8e3f370bc60a64ccdb40e941d4a0a227f266c3c81e97247cb5725c61e2d
