[INFO] fetching crate rehearse 0.3.0...
[INFO] testing rehearse-0.3.0 against 1.99.0-beta.8+cargoflags=--release for beta-release-1.100-2
[INFO] extracting crate rehearse 0.3.0 into /workspace/builds/worker-6-tc1/source
[INFO] started tweaking crates.io crate rehearse 0.3.0
[INFO] removed 0 missing examples
[INFO] removed 0 missing tests
[INFO] finished tweaking crates.io crate rehearse 0.3.0
[INFO] tweaked toml for crates.io crate rehearse 0.3.0 written to /workspace/builds/worker-6-tc1/source/Cargo.toml
[INFO] validating manifest of crates.io crate rehearse 0.3.0 on toolchain 1.99.0-beta.8
[INFO] running `Command { std: CARGO_HOME="/workspace/cargo-home" RUSTUP_HOME="/workspace/rustup-home" "/workspace/cargo-home/bin/cargo" "+1.99.0-beta.8" "metadata" "--manifest-path" "Cargo.toml" "--no-deps", kill_on_drop: false }`
[INFO] crate crates.io crate rehearse 0.3.0 already has a lockfile, it will not be regenerated
[INFO] running `Command { std: CARGO_HOME="/workspace/cargo-home" RUSTUP_HOME="/workspace/rustup-home" "/workspace/cargo-home/bin/cargo" "+1.99.0-beta.8" "fetch" "--manifest-path" "Cargo.toml", kill_on_drop: false }`
[INFO] [stderr]     Blocking waiting for file lock on package cache
[INFO] [stderr]     Updating crates.io index
[INFO] [stderr]  Downloading crates ...
[INFO] [stderr]   Downloaded trybuild v1.0.121
[INFO] [stderr]   Downloaded rehearse-macros v0.3.0
[INFO] running `Command { std: "docker" "create" "-v" "/var/lib/crater-agent-workspace/builds/worker-6-tc1/source:/opt/rustwide/workdir:ro,Z" "-v" "/var/lib/crater-agent-workspace/builds/worker-6-tc1/target:/opt/rustwide/target:rw,Z" "-v" "/var/lib/crater-agent-workspace/cargo-home:/opt/rustwide/cargo-home:ro,Z" "-v" "/var/lib/crater-agent-workspace/rustup-home:/opt/rustwide/rustup-home:ro,Z" "-m" "1610612736" "--network" "none" "ghcr.io/rust-lang/crates-build-env/linux@sha256:77db811e55d90add9212f6832c23229e3de5f1c1f9905e8cb07319ea15df73ac" "sleep" "infinity", kill_on_drop: false }`
[INFO] [stdout] 7d76b7ca7941ff722669d2bd8657b09fc6bf9f8758a55789a87d41b340912712
[INFO] running `Command { std: "docker" "start" "7d76b7ca7941ff722669d2bd8657b09fc6bf9f8758a55789a87d41b340912712", kill_on_drop: false }`
[INFO] running `Command { std: "docker" "inspect" "7d76b7ca7941ff722669d2bd8657b09fc6bf9f8758a55789a87d41b340912712", kill_on_drop: false }`
[INFO] running `Command { std: "docker" "exec" "-e" "SOURCE_DIR=/opt/rustwide/workdir" "-e" "CARGO_HOME=/opt/rustwide/cargo-home" "-e" "RUSTUP_HOME=/opt/rustwide/rustup-home" "-e" "CARGO_TARGET_DIR=/opt/rustwide/target" "-w" "/opt/rustwide/workdir" "--user" "0:0" "7d76b7ca7941ff722669d2bd8657b09fc6bf9f8758a55789a87d41b340912712" "/opt/rustwide/cargo-home/bin/cargo" "+1.99.0-beta.8" "metadata" "--no-deps" "--format-version=1", kill_on_drop: false }`
[INFO] running `Command { std: "docker" "inspect" "7d76b7ca7941ff722669d2bd8657b09fc6bf9f8758a55789a87d41b340912712", kill_on_drop: false }`
[INFO] running `Command { std: "docker" "exec" "-e" "SOURCE_DIR=/opt/rustwide/workdir" "-e" "CARGO_HOME=/opt/rustwide/cargo-home" "-e" "RUSTUP_HOME=/opt/rustwide/rustup-home" "-e" "CARGO_TARGET_DIR=/opt/rustwide/target" "-e" "CARGO_INCREMENTAL=0" "-e" "RUST_BACKTRACE=full" "-e" "RUSTFLAGS=--cap-lints=warn" "-e" "RUSTDOCFLAGS=--cap-lints=warn" "-w" "/opt/rustwide/workdir" "--user" "0:0" "7d76b7ca7941ff722669d2bd8657b09fc6bf9f8758a55789a87d41b340912712" "/opt/rustwide/cargo-home/bin/cargo" "+1.99.0-beta.8" "build" "--frozen" "--message-format=json" "--release", kill_on_drop: false }`
[INFO] [stderr]    Compiling syn v2.0.119
[INFO] [stderr]    Compiling rehearse-macros v0.3.0
[INFO] [stderr]    Compiling rehearse v0.3.0 (/opt/rustwide/workdir)
[INFO] [stdout] warning: use of deprecated method `std::sync::atomic::Atomic::<usize>::fetch_update`: renamed to `try_update` for consistency
[INFO] [stdout]   --> src/plan/value.rs:44:18
[INFO] [stdout]    |
[INFO] [stdout] 44 |             NEXT.fetch_update(Ordering::Relaxed, Ordering::Relaxed, |id| id.checked_add(1))
[INFO] [stdout]    |                  ^^^^^^^^^^^^
[INFO] [stdout]    |
[INFO] [stdout]    = note: `#[warn(deprecated)]` on by default
[INFO] [stdout] help: replace the use of the deprecated method
[INFO] [stdout]    |
[INFO] [stdout] 44 -             NEXT.fetch_update(Ordering::Relaxed, Ordering::Relaxed, |id| id.checked_add(1))
[INFO] [stdout] 44 +             NEXT.try_update(Ordering::Relaxed, Ordering::Relaxed, |id| id.checked_add(1))
[INFO] [stdout]    |
[INFO] [stdout] 
[INFO] [stdout] 
[INFO] [stderr]     Finished `release` profile [optimized] target(s) in 4.95s
[INFO] running `Command { std: "docker" "inspect" "7d76b7ca7941ff722669d2bd8657b09fc6bf9f8758a55789a87d41b340912712", kill_on_drop: false }`
[INFO] running `Command { std: "docker" "exec" "-e" "SOURCE_DIR=/opt/rustwide/workdir" "-e" "CARGO_HOME=/opt/rustwide/cargo-home" "-e" "RUSTUP_HOME=/opt/rustwide/rustup-home" "-e" "CARGO_TARGET_DIR=/opt/rustwide/target" "-e" "CARGO_INCREMENTAL=0" "-e" "RUST_BACKTRACE=full" "-e" "RUSTFLAGS=--cap-lints=warn" "-e" "RUSTDOCFLAGS=--cap-lints=warn" "-w" "/opt/rustwide/workdir" "--user" "0:0" "7d76b7ca7941ff722669d2bd8657b09fc6bf9f8758a55789a87d41b340912712" "/opt/rustwide/cargo-home/bin/cargo" "+1.99.0-beta.8" "test" "--frozen" "--no-run" "--message-format=json" "--release", kill_on_drop: false }`
[INFO] [stderr]    Compiling clap_builder v4.6.7
[INFO] [stderr]    Compiling clap_derive v4.6.7
[INFO] [stderr]    Compiling serde_derive v1.0.229
[INFO] [stderr]    Compiling tokio-macros v2.7.2
[INFO] [stdout] warning: use of deprecated method `std::sync::atomic::Atomic::<usize>::fetch_update`: renamed to `try_update` for consistency
[INFO] [stdout]   --> src/plan/value.rs:44:18
[INFO] [stdout]    |
[INFO] [stdout] 44 |             NEXT.fetch_update(Ordering::Relaxed, Ordering::Relaxed, |id| id.checked_add(1))
[INFO] [stdout]    |                  ^^^^^^^^^^^^
[INFO] [stdout]    |
[INFO] [stdout]    = note: `#[warn(deprecated)]` on by default
[INFO] [stdout] help: replace the use of the deprecated method
[INFO] [stdout]    |
[INFO] [stdout] 44 -             NEXT.fetch_update(Ordering::Relaxed, Ordering::Relaxed, |id| id.checked_add(1))
[INFO] [stdout] 44 +             NEXT.try_update(Ordering::Relaxed, Ordering::Relaxed, |id| id.checked_add(1))
[INFO] [stdout]    |
[INFO] [stdout] 
[INFO] [stdout] 
[INFO] [stderr]    Compiling tokio v1.53.1
[INFO] [stderr]    Compiling trybuild v1.0.121
[INFO] [stderr]    Compiling clap v4.6.7
[INFO] [stderr]    Compiling rehearse v0.3.0 (/opt/rustwide/workdir)
[INFO] [stdout] warning: use of deprecated method `std::sync::atomic::Atomic::<usize>::fetch_update`: renamed to `try_update` for consistency
[INFO] [stdout]   --> src/plan/value.rs:44:18
[INFO] [stdout]    |
[INFO] [stdout] 44 |             NEXT.fetch_update(Ordering::Relaxed, Ordering::Relaxed, |id| id.checked_add(1))
[INFO] [stdout]    |                  ^^^^^^^^^^^^
[INFO] [stdout]    |
[INFO] [stdout]    = note: `#[warn(deprecated)]` on by default
[INFO] [stdout] help: replace the use of the deprecated method
[INFO] [stdout]    |
[INFO] [stdout] 44 -             NEXT.fetch_update(Ordering::Relaxed, Ordering::Relaxed, |id| id.checked_add(1))
[INFO] [stdout] 44 +             NEXT.try_update(Ordering::Relaxed, Ordering::Relaxed, |id| id.checked_add(1))
[INFO] [stdout]    |
[INFO] [stdout] 
[INFO] [stdout] 
[INFO] [stderr]     Finished `release` profile [optimized] target(s) in 36.63s
[INFO] running `Command { std: "docker" "inspect" "7d76b7ca7941ff722669d2bd8657b09fc6bf9f8758a55789a87d41b340912712", kill_on_drop: false }`
[INFO] running `Command { std: "docker" "exec" "-e" "SOURCE_DIR=/opt/rustwide/workdir" "-e" "CARGO_HOME=/opt/rustwide/cargo-home" "-e" "RUSTUP_HOME=/opt/rustwide/rustup-home" "-e" "CARGO_TARGET_DIR=/opt/rustwide/target" "-e" "CARGO_INCREMENTAL=0" "-e" "RUST_BACKTRACE=full" "-e" "RUSTFLAGS=--cap-lints=warn" "-e" "RUSTDOCFLAGS=--cap-lints=warn" "-w" "/opt/rustwide/workdir" "--user" "0:0" "7d76b7ca7941ff722669d2bd8657b09fc6bf9f8758a55789a87d41b340912712" "/opt/rustwide/cargo-home/bin/cargo" "+1.99.0-beta.8" "test" "--frozen" "--release", kill_on_drop: false }`
[INFO] [stderr] warning: use of deprecated method `std::sync::atomic::Atomic::<usize>::fetch_update`: renamed to `try_update` for consistency
[INFO] [stderr]   --> src/plan/value.rs:44:18
[INFO] [stderr]    |
[INFO] [stderr] 44 |             NEXT.fetch_update(Ordering::Relaxed, Ordering::Relaxed, |id| id.checked_add(1))
[INFO] [stderr]    |                  ^^^^^^^^^^^^
[INFO] [stderr]    |
[INFO] [stderr]    = note: `#[warn(deprecated)]` on by default
[INFO] [stderr] help: replace the use of the deprecated method
[INFO] [stderr]    |
[INFO] [stderr] 44 -             NEXT.fetch_update(Ordering::Relaxed, Ordering::Relaxed, |id| id.checked_add(1))
[INFO] [stderr] 44 +             NEXT.try_update(Ordering::Relaxed, Ordering::Relaxed, |id| id.checked_add(1))
[INFO] [stderr]    |
[INFO] [stderr] 
[INFO] [stderr] warning: `rehearse` (lib) generated 1 warning (run `cargo fix --lib -p rehearse` to apply 1 suggestion)
[INFO] [stderr] warning: `rehearse` (lib test) generated 1 warning (1 duplicate)
[INFO] [stderr]     Finished `release` profile [optimized] target(s) in 0.07s
[INFO] [stderr]      Running unittests src/lib.rs (/opt/rustwide/target/release/deps/rehearse-e1a8136e795dfb96)
[INFO] [stdout] 
[INFO] [stdout] running 4 tests
[INFO] [stdout] test plan::builder::tests::rejects_missing_and_mistyped_outputs ... ok
[INFO] [stdout] test plan::builder::tests::rejects_forward_and_mistyped_dependencies ... ok
[INFO] [stdout] test plan::store::tests::resolution_checks_owner_availability_and_type ... ok
[INFO] [stdout] test error::tests::internal_errors_keep_their_source_chain ... ok
[INFO] [stdout] 
[INFO] [stdout] test result: ok. 4 passed; 0 failed; 0 ignored; 0 measured; 0 filtered out; finished in 0.00s
[INFO] [stdout] 
[INFO] [stderr]      Running tests/describe.rs (/opt/rustwide/target/release/deps/describe-b88e1cd70791d50f)
[INFO] [stdout] 
[INFO] [stdout] running 9 tests
[INFO] [stdout] test describe_does_not_invoke_operation_bodies ... ok
[INFO] [stdout] test describe_with_policy_reflects_custom_policy ... ok
[INFO] [stdout] test display_output_is_deterministic ... ok
[INFO] [stdout] test describe_execution_rows_match_plan_order_and_expose_metadata ... ok
[INFO] [stdout] test describe_execution_with_listener_omits_dry_run_actions ... ok
[INFO] [stdout] test describe_execution_does_not_invoke_operation_bodies ... ok
[INFO] [stdout] test describe_rows_match_plan_order_and_expose_metadata ... ok
[INFO] [stdout] test execution_display_omits_dry_run_action_column ... ok
[INFO] [stdout] test describe_with_listener_reports_static_rows_without_invoking_bodies ... ok
[INFO] [stdout] 
[INFO] [stdout] test result: ok. 9 passed; 0 failed; 0 ignored; 0 measured; 0 filtered out; finished in 0.00s
[INFO] [stdout] 
[INFO] [stderr]      Running tests/dry_run.rs (/opt/rustwide/target/release/deps/dry_run-db08254daa2f5a01)
[INFO] [stdout] 
[INFO] [stdout] running 8 tests
[INFO] [stderr]      Running tests/errors.rs (/opt/rustwide/target/release/deps/errors-d9fcb861df8dfea0)
[INFO] [stdout] test blocked_node_reports_all_missing_value_dependencies ... ok
[INFO] [stdout] test dry_run_with_listener_reports_all_node_outcomes_in_order ... ok
[INFO] [stdout] test policy_precedes_dependencies_and_independent_work_continues ... ok
[INFO] [stdout] test safe_dry_run_runs_pure_session_and_read_operations ... ok
[INFO] [stdout] test safe_dry_run_skips_write_and_delete_without_invoking_bodies ... ok
[INFO] [stdout] test safe_dry_run_denies_opaque_without_invoking_body ... ok
[INFO] [stdout] test failed_read_blocks_dependents_but_not_independent_later_work ... ok
[INFO] [stdout] test read_depending_on_skipped_write_is_blocked_but_independent_read_runs ... ok
[INFO] [stdout] 
[INFO] [stdout] test result: ok. 8 passed; 0 failed; 0 ignored; 0 measured; 0 filtered out; finished in 0.00s
[INFO] [stdout] 
[INFO] [stdout] 
[INFO] [stdout] running 1 test
[INFO] [stderr]      Running tests/execute.rs (/opt/rustwide/target/release/deps/execute-e9aff2a1ae165251)
[INFO] [stdout] test execution_reports_and_listeners_accept_non_clone_non_display_errors ... ok
[INFO] [stdout] 
[INFO] [stdout] test result: ok. 1 passed; 0 failed; 0 ignored; 0 measured; 0 filtered out; finished in 0.01s
[INFO] [stdout] 
[INFO] [stdout] 
[INFO] [stdout] running 6 tests
[INFO] [stdout] test execute_with_listener_reports_failure_before_returning ... ok
[INFO] [stdout] test execute_returns_the_final_output_when_all_nodes_succeed ... ok
[INFO] [stderr]      Running tests/operation_macro_renamed.rs (/opt/rustwide/target/release/deps/operation_macro_renamed-d232db37febdc942)
[INFO] [stdout] test execute_flows_outputs_to_dependent_operations ... ok
[INFO] [stdout] test execute_runs_all_impacts_in_source_order ... ok
[INFO] [stdout] test execute_stops_at_the_first_operation_failure ... ok
[INFO] [stdout] test execute_with_listener_reports_successful_nodes_and_completion ... ok
[INFO] [stdout] 
[INFO] [stdout] test result: ok. 6 passed; 0 failed; 0 ignored; 0 measured; 0 filtered out; finished in 0.01s
[INFO] [stdout] 
[INFO] [stdout] 
[INFO] [stdout] running 1 test
[INFO] [stderr] error: failed to get `rehearse-macros` as a dependency of package `rehearse v0.3.0 (/opt/rustwide/workdir)`
[INFO] [stderr]     ... which satisfies path dependency `renamed_rehearse` of package `renamed-runtime-fixture v0.0.0 (/tmp/rehearse-renamed-runtime-fixture-1098)`
[INFO] [stderr] 
[INFO] [stderr] Caused by:
[INFO] [stderr]   failed to load source for dependency `rehearse-macros`
[INFO] [stderr] 
[INFO] [stderr] Caused by:
[INFO] [stderr]   unable to update registry `crates-io`
[INFO] [stderr] 
[INFO] [stderr] Caused by:
[INFO] [stderr]   download of config.json failed
[INFO] [stderr] 
[INFO] [stderr] Caused by:
[INFO] [stderr]   [6] Could not resolve hostname (Could not resolve host: index.crates.io)
[INFO] [stdout] test renamed_runtime_dependency_compiles ... FAILED
[INFO] [stderr] error: test failed, to rerun pass `--test operation_macro_renamed`
[INFO] [stdout] 
[INFO] [stdout] failures:
[INFO] [stdout] 
[INFO] [stdout] ---- renamed_runtime_dependency_compiles stdout ----
[INFO] [stdout] 
[INFO] [stdout] thread 'renamed_runtime_dependency_compiles' (1099) panicked at tests/operation_macro_renamed.rs:73:5:
[INFO] [stdout] assertion failed: status.success()
[INFO] [stdout] stack backtrace:
[INFO] [stdout]    0:     0x5615c34e0571 - <<std[70759c8f55707aa4]::sys::backtrace::BacktraceLock>::print::DisplayBacktrace as core[df12db4294e9bfd3]::fmt::Display>::fmt
[INFO] [stdout]    1:     0x5615c34f49ca - core[df12db4294e9bfd3]::fmt::write
[INFO] [stdout]    2:     0x5615c34e4c8c - <alloc[2182bb758b4b3781]::vec::Vec<u8> as core[df12db4294e9bfd3]::io::write::Write>::write_fmt
[INFO] [stdout]    3:     0x5615c34bb4b6 - std[70759c8f55707aa4]::panicking::default_hook::{closure#0}
[INFO] [stdout]    4:     0x5615c34d8419 - std[70759c8f55707aa4]::panicking::default_hook
[INFO] [stdout]    5:     0x5615c3473870 - test[9d35eded1c95d3be]::test_main_inner::<test[9d35eded1c95d3be]::test_main_static::{closure#0}>::{closure#0}
[INFO] [stdout]    6:     0x5615c34d85d2 - std[70759c8f55707aa4]::panicking::panic_with_hook
[INFO] [stdout]    7:     0x5615c34bb594 - std[70759c8f55707aa4]::panicking::panic_handler::{closure#0}
[INFO] [stdout]    8:     0x5615c34b41c9 - std[70759c8f55707aa4]::sys::backtrace::__rust_end_short_backtrace::<std[70759c8f55707aa4]::panicking::panic_handler::{closure#0}, !>
[INFO] [stdout]    9:     0x5615c34bc15d - __rustc[8fa7c3cbc660c2b3]::rust_begin_unwind
[INFO] [stdout]   10:     0x5615c34f50fc - core[df12db4294e9bfd3]::panicking::panic_fmt
[INFO] [stdout]   11:     0x5615c34f50c2 - core[df12db4294e9bfd3]::panicking::panic
[INFO] [stdout]   12:     0x5615c3466918 - <operation_macro_renamed[2b97d1718969631d]::renamed_runtime_dependency_compiles::{closure#0} as core[df12db4294e9bfd3]::ops::function::FnOnce<()>>::call_once
[INFO] [stdout]   13:     0x5615c3466b5b - test[9d35eded1c95d3be]::__rust_begin_short_backtrace::<core[df12db4294e9bfd3]::result::Result<(), alloc[2182bb758b4b3781]::string::String>, fn() -> core[df12db4294e9bfd3]::result::Result<(), alloc[2182bb758b4b3781]::string::String>>
[INFO] [stdout]   14:     0x5615c34741c5 - test[9d35eded1c95d3be]::run_test::{closure#0}
[INFO] [stdout]   15:     0x5615c346da84 - std[70759c8f55707aa4]::sys::backtrace::__rust_begin_short_backtrace::<test[9d35eded1c95d3be]::run_test::{closure#1}, ()>
[INFO] [stdout]   16:     0x5615c3477322 - <std[70759c8f55707aa4]::thread::lifecycle::spawn_unchecked<test[9d35eded1c95d3be]::run_test::{closure#1}, ()>::{closure#1} as core[df12db4294e9bfd3]::ops::function::FnOnce<()>>::call_once::{shim:vtable#0}
[INFO] [stdout]   17:     0x5615c34dfc59 - <std[70759c8f55707aa4]::sys::thread::unix::Thread>::new::thread_start
[INFO] [stdout]   18:     0x74acb22d1dfa - <unknown>
[INFO] [stdout]   19:     0x74acb23653d4 - clone
[INFO] [stdout]   20:                0x0 - <unknown>
[INFO] [stdout] 
[INFO] [stdout] 
[INFO] [stdout] failures:
[INFO] [stdout]     renamed_runtime_dependency_compiles
[INFO] [stdout] 
[INFO] [stdout] test result: FAILED. 0 passed; 1 failed; 0 ignored; 0 measured; 0 filtered out; finished in 11.49s
[INFO] [stdout] 
[INFO] running `Command { std: "docker" "inspect" "7d76b7ca7941ff722669d2bd8657b09fc6bf9f8758a55789a87d41b340912712", kill_on_drop: false }`
[INFO] running `Command { std: "docker" "rm" "-f" "7d76b7ca7941ff722669d2bd8657b09fc6bf9f8758a55789a87d41b340912712", kill_on_drop: false }`
[INFO] [stdout] 7d76b7ca7941ff722669d2bd8657b09fc6bf9f8758a55789a87d41b340912712
