[INFO] fetching crate regex-specificity 0.1.0...
[INFO] testing regex-specificity-0.1.0 against 1.99.0-beta.8+cargoflags=--release for beta-release-1.100-2
[INFO] extracting crate regex-specificity 0.1.0 into /workspace/builds/worker-3-tc1/source
[INFO] started tweaking crates.io crate regex-specificity 0.1.0
[INFO] removed 0 missing examples
[INFO] finished tweaking crates.io crate regex-specificity 0.1.0
[INFO] tweaked toml for crates.io crate regex-specificity 0.1.0 written to /workspace/builds/worker-3-tc1/source/Cargo.toml
[INFO] validating manifest of crates.io crate regex-specificity 0.1.0 on toolchain 1.99.0-beta.8
[INFO] running `Command { std: CARGO_HOME="/workspace/cargo-home" RUSTUP_HOME="/workspace/rustup-home" "/workspace/cargo-home/bin/cargo" "+1.99.0-beta.8" "metadata" "--manifest-path" "Cargo.toml" "--no-deps", kill_on_drop: false }`
[INFO] crate crates.io crate regex-specificity 0.1.0 already has a lockfile, it will not be regenerated
[INFO] running `Command { std: CARGO_HOME="/workspace/cargo-home" RUSTUP_HOME="/workspace/rustup-home" "/workspace/cargo-home/bin/cargo" "+1.99.0-beta.8" "fetch" "--manifest-path" "Cargo.toml", kill_on_drop: false }`
[INFO] running `Command { std: "docker" "create" "-v" "/var/lib/crater-agent-workspace/builds/worker-3-tc1/source:/opt/rustwide/workdir:ro,Z" "-v" "/var/lib/crater-agent-workspace/builds/worker-3-tc1/target:/opt/rustwide/target:rw,Z" "-v" "/var/lib/crater-agent-workspace/cargo-home:/opt/rustwide/cargo-home:ro,Z" "-v" "/var/lib/crater-agent-workspace/rustup-home:/opt/rustwide/rustup-home:ro,Z" "-m" "1610612736" "--network" "none" "ghcr.io/rust-lang/crates-build-env/linux@sha256:77db811e55d90add9212f6832c23229e3de5f1c1f9905e8cb07319ea15df73ac" "sleep" "infinity", kill_on_drop: false }`
[INFO] [stdout] 34659db6c704fd544744b5186e04c7326b845e0ba79a6073cc9cecac2efcabeb
[INFO] running `Command { std: "docker" "start" "34659db6c704fd544744b5186e04c7326b845e0ba79a6073cc9cecac2efcabeb", kill_on_drop: false }`
[INFO] running `Command { std: "docker" "inspect" "34659db6c704fd544744b5186e04c7326b845e0ba79a6073cc9cecac2efcabeb", kill_on_drop: false }`
[INFO] running `Command { std: "docker" "exec" "-e" "SOURCE_DIR=/opt/rustwide/workdir" "-e" "CARGO_HOME=/opt/rustwide/cargo-home" "-e" "RUSTUP_HOME=/opt/rustwide/rustup-home" "-e" "CARGO_TARGET_DIR=/opt/rustwide/target" "-w" "/opt/rustwide/workdir" "--user" "0:0" "34659db6c704fd544744b5186e04c7326b845e0ba79a6073cc9cecac2efcabeb" "/opt/rustwide/cargo-home/bin/cargo" "+1.99.0-beta.8" "metadata" "--no-deps" "--format-version=1", kill_on_drop: false }`
[INFO] running `Command { std: "docker" "inspect" "34659db6c704fd544744b5186e04c7326b845e0ba79a6073cc9cecac2efcabeb", kill_on_drop: false }`
[INFO] running `Command { std: "docker" "exec" "-e" "SOURCE_DIR=/opt/rustwide/workdir" "-e" "CARGO_HOME=/opt/rustwide/cargo-home" "-e" "RUSTUP_HOME=/opt/rustwide/rustup-home" "-e" "CARGO_TARGET_DIR=/opt/rustwide/target" "-e" "CARGO_INCREMENTAL=0" "-e" "RUST_BACKTRACE=full" "-e" "RUSTFLAGS=--cap-lints=warn" "-e" "RUSTDOCFLAGS=--cap-lints=warn" "-w" "/opt/rustwide/workdir" "--user" "0:0" "34659db6c704fd544744b5186e04c7326b845e0ba79a6073cc9cecac2efcabeb" "/opt/rustwide/cargo-home/bin/cargo" "+1.99.0-beta.8" "build" "--frozen" "--message-format=json" "--release", kill_on_drop: false }`
[INFO] [stderr]    Compiling regex-syntax v0.8.8
[INFO] [stderr]    Compiling regex-specificity v0.1.0 (/opt/rustwide/workdir)
[INFO] [stderr]     Finished `release` profile [optimized] target(s) in 6.89s
[INFO] running `Command { std: "docker" "inspect" "34659db6c704fd544744b5186e04c7326b845e0ba79a6073cc9cecac2efcabeb", kill_on_drop: false }`
[INFO] running `Command { std: "docker" "exec" "-e" "SOURCE_DIR=/opt/rustwide/workdir" "-e" "CARGO_HOME=/opt/rustwide/cargo-home" "-e" "RUSTUP_HOME=/opt/rustwide/rustup-home" "-e" "CARGO_TARGET_DIR=/opt/rustwide/target" "-e" "CARGO_INCREMENTAL=0" "-e" "RUST_BACKTRACE=full" "-e" "RUSTFLAGS=--cap-lints=warn" "-e" "RUSTDOCFLAGS=--cap-lints=warn" "-w" "/opt/rustwide/workdir" "--user" "0:0" "34659db6c704fd544744b5186e04c7326b845e0ba79a6073cc9cecac2efcabeb" "/opt/rustwide/cargo-home/bin/cargo" "+1.99.0-beta.8" "test" "--frozen" "--no-run" "--message-format=json" "--release", kill_on_drop: false }`
[INFO] [stderr]    Compiling regex-specificity v0.1.0 (/opt/rustwide/workdir)
[INFO] [stderr]     Finished `release` profile [optimized] target(s) in 0.68s
[INFO] running `Command { std: "docker" "inspect" "34659db6c704fd544744b5186e04c7326b845e0ba79a6073cc9cecac2efcabeb", kill_on_drop: false }`
[INFO] running `Command { std: "docker" "exec" "-e" "SOURCE_DIR=/opt/rustwide/workdir" "-e" "CARGO_HOME=/opt/rustwide/cargo-home" "-e" "RUSTUP_HOME=/opt/rustwide/rustup-home" "-e" "CARGO_TARGET_DIR=/opt/rustwide/target" "-e" "CARGO_INCREMENTAL=0" "-e" "RUST_BACKTRACE=full" "-e" "RUSTFLAGS=--cap-lints=warn" "-e" "RUSTDOCFLAGS=--cap-lints=warn" "-w" "/opt/rustwide/workdir" "--user" "0:0" "34659db6c704fd544744b5186e04c7326b845e0ba79a6073cc9cecac2efcabeb" "/opt/rustwide/cargo-home/bin/cargo" "+1.99.0-beta.8" "test" "--frozen" "--release", kill_on_drop: false }`
[INFO] [stderr]     Finished `release` profile [optimized] target(s) in 0.01s
[INFO] [stderr]      Running unittests src/lib.rs (/opt/rustwide/target/release/deps/regex_specificity-812254c1c3444b83)
[INFO] [stderr]    Doc-tests regex_specificity
[INFO] [stdout] 
[INFO] [stdout] running 0 tests
[INFO] [stdout] 
[INFO] [stdout] test result: ok. 0 passed; 0 failed; 0 ignored; 0 measured; 0 filtered out; finished in 0.00s
[INFO] [stdout] 
[INFO] [stdout] 
[INFO] [stdout] running 1 test
[INFO] [stdout] test src/lib.rs - get (line 40) ... FAILED
[INFO] [stdout] 
[INFO] [stdout] failures:
[INFO] [stdout] 
[INFO] [stdout] ---- src/lib.rs - get (line 40) stdout ----
[INFO] [stdout] error[E0425]: cannot find function `get` in this scope
[INFO] [stdout]   --> src/lib.rs:42:12
[INFO] [stdout]    |
[INFO] [stdout] 42 | let high = get(string, "abc").unwrap();
[INFO] [stdout]    |            ^^^ not found in this scope
[INFO] [stdout]    |
[INFO] [stdout] help: use the `.` operator to call the method `get` on `&str`
[INFO] [stdout]    |
[INFO] [stdout] 42 - let high = get(string, "abc").unwrap();
[INFO] [stdout] 42 + let high = string.get("abc").unwrap();
[INFO] [stdout]    |
[INFO] [stdout] 
[INFO] [stdout] error[E0425]: cannot find function `get` in this scope
[INFO] [stdout]   --> src/lib.rs:43:11
[INFO] [stdout]    |
[INFO] [stdout] 43 | let low = get(string, ".*").unwrap();
[INFO] [stdout]    |           ^^^ not found in this scope
[INFO] [stdout]    |
[INFO] [stdout] help: use the `.` operator to call the method `get` on `&str`
[INFO] [stdout]    |
[INFO] [stdout] 43 - let low = get(string, ".*").unwrap();
[INFO] [stdout] 43 + let low = string.get(".*").unwrap();
[INFO] [stdout]    |
[INFO] [stdout] 
[INFO] [stdout] error: aborting due to 2 previous errors
[INFO] [stdout] 
[INFO] [stdout] For more information about this error, try `rustc --explain E0425`.
[INFO] [stdout] Couldn't compile the test.
[INFO] [stdout] 
[INFO] [stdout] failures:
[INFO] [stdout]     src/lib.rs - get (line 40)
[INFO] [stdout] 
[INFO] [stdout] test result: FAILED. 0 passed; 1 failed; 0 ignored; 0 measured; 0 filtered out; finished in 0.09s
[INFO] [stdout] 
[INFO] [stdout] all doctests ran in 0.18s; merged doctests compilation took 0.09s
[INFO] [stderr] error: doctest failed, to rerun pass `--doc`
[INFO] running `Command { std: "docker" "inspect" "34659db6c704fd544744b5186e04c7326b845e0ba79a6073cc9cecac2efcabeb", kill_on_drop: false }`
[INFO] running `Command { std: "docker" "rm" "-f" "34659db6c704fd544744b5186e04c7326b845e0ba79a6073cc9cecac2efcabeb", kill_on_drop: false }`
[INFO] [stdout] 34659db6c704fd544744b5186e04c7326b845e0ba79a6073cc9cecac2efcabeb
