[INFO] fetching crate refinr 0.0.2...
[INFO] testing refinr-0.0.2 against 1.99.0-beta.8+cargoflags=--release for beta-release-1.100-2
[INFO] extracting crate refinr 0.0.2 into /workspace/builds/worker-5-tc1/source
[INFO] started tweaking crates.io crate refinr 0.0.2
[INFO] removed 0 missing examples
[INFO] removed 0 missing tests
[INFO] finished tweaking crates.io crate refinr 0.0.2
[INFO] tweaked toml for crates.io crate refinr 0.0.2 written to /workspace/builds/worker-5-tc1/source/Cargo.toml
[INFO] validating manifest of crates.io crate refinr 0.0.2 on toolchain 1.99.0-beta.8
[INFO] running `Command { std: CARGO_HOME="/workspace/cargo-home" RUSTUP_HOME="/workspace/rustup-home" "/workspace/cargo-home/bin/cargo" "+1.99.0-beta.8" "metadata" "--manifest-path" "Cargo.toml" "--no-deps", kill_on_drop: false }`
[INFO] crate crates.io crate refinr 0.0.2 already has a lockfile, it will not be regenerated
[INFO] running `Command { std: CARGO_HOME="/workspace/cargo-home" RUSTUP_HOME="/workspace/rustup-home" "/workspace/cargo-home/bin/cargo" "+1.99.0-beta.8" "fetch" "--manifest-path" "Cargo.toml", kill_on_drop: false }`
[INFO] [stderr]     Updating crates.io index
[INFO] [stderr]  Downloading crates ...
[INFO] [stderr]   Downloaded notify-debouncer-full v0.7.0
[INFO] [stderr]   Downloaded file-id v0.2.3
[INFO] [stderr]   Downloaded trash v5.2.9
[INFO] [stderr]   Downloaded simple-fs v0.12.3
[INFO] [stderr]   Downloaded path-clean v1.0.1
[INFO] [stderr]   Downloaded compression-core v0.4.33
[INFO] [stderr]   Downloaded compression-codecs v0.4.43
[INFO] [stderr]   Downloaded macro_rules_attribute v0.2.3
[INFO] [stderr]   Downloaded macro_rules_attribute-proc_macro v0.2.3
[INFO] [stderr]   Downloaded scraper v0.27.0
[INFO] [stderr]   Downloaded markex v0.3.0
[INFO] [stderr]   Downloaded cssparser-macros v0.7.1
[INFO] [stderr]   Downloaded async-compression v0.4.48
[INFO] [stderr]   Downloaded selectors v0.38.0
[INFO] [stderr]   Downloaded ego-tree v0.11.0
[INFO] [stderr]   Downloaded markup5ever_rcdom v0.38.0+unofficial
[INFO] [stderr]   Downloaded htmlr v0.1.7
[INFO] [stderr]   Downloaded markup5ever v0.38.0
[INFO] [stderr]   Downloaded value-ext v0.1.5
[INFO] [stderr]   Downloaded html-escape v0.2.15
[INFO] [stderr]   Downloaded xml5ever v0.38.0
[INFO] [stderr]   Downloaded html5ever v0.38.0
[INFO] [stderr]   Downloaded quinn-proto v0.11.18
[INFO] [stderr]   Downloaded htmd v0.5.5
[INFO] [stderr]   Downloaded genai v0.7.0-rc.1
[INFO] running `Command { std: "docker" "create" "-v" "/var/lib/crater-agent-workspace/builds/worker-5-tc1/source:/opt/rustwide/workdir:ro,Z" "-v" "/var/lib/crater-agent-workspace/builds/worker-5-tc1/target:/opt/rustwide/target:rw,Z" "-v" "/var/lib/crater-agent-workspace/cargo-home:/opt/rustwide/cargo-home:ro,Z" "-v" "/var/lib/crater-agent-workspace/rustup-home:/opt/rustwide/rustup-home:ro,Z" "-m" "1610612736" "--network" "none" "ghcr.io/rust-lang/crates-build-env/linux@sha256:77db811e55d90add9212f6832c23229e3de5f1c1f9905e8cb07319ea15df73ac" "sleep" "infinity", kill_on_drop: false }`
[INFO] [stdout] 24a9a011bd57881069120093eaf0e4db456ee7790c9696ff20d4070118323ef3
[INFO] running `Command { std: "docker" "start" "24a9a011bd57881069120093eaf0e4db456ee7790c9696ff20d4070118323ef3", kill_on_drop: false }`
[INFO] running `Command { std: "docker" "inspect" "24a9a011bd57881069120093eaf0e4db456ee7790c9696ff20d4070118323ef3", kill_on_drop: false }`
[INFO] running `Command { std: "docker" "exec" "-e" "SOURCE_DIR=/opt/rustwide/workdir" "-e" "CARGO_HOME=/opt/rustwide/cargo-home" "-e" "RUSTUP_HOME=/opt/rustwide/rustup-home" "-e" "CARGO_TARGET_DIR=/opt/rustwide/target" "-w" "/opt/rustwide/workdir" "--user" "0:0" "24a9a011bd57881069120093eaf0e4db456ee7790c9696ff20d4070118323ef3" "/opt/rustwide/cargo-home/bin/cargo" "+1.99.0-beta.8" "metadata" "--no-deps" "--format-version=1", kill_on_drop: false }`
[INFO] running `Command { std: "docker" "inspect" "24a9a011bd57881069120093eaf0e4db456ee7790c9696ff20d4070118323ef3", kill_on_drop: false }`
[INFO] running `Command { std: "docker" "exec" "-e" "SOURCE_DIR=/opt/rustwide/workdir" "-e" "CARGO_HOME=/opt/rustwide/cargo-home" "-e" "RUSTUP_HOME=/opt/rustwide/rustup-home" "-e" "CARGO_TARGET_DIR=/opt/rustwide/target" "-e" "CARGO_INCREMENTAL=0" "-e" "RUST_BACKTRACE=full" "-e" "RUSTFLAGS=--cap-lints=warn" "-e" "RUSTDOCFLAGS=--cap-lints=warn" "-w" "/opt/rustwide/workdir" "--user" "0:0" "24a9a011bd57881069120093eaf0e4db456ee7790c9696ff20d4070118323ef3" "/opt/rustwide/cargo-home/bin/cargo" "+1.99.0-beta.8" "build" "--frozen" "--message-format=json" "--release", kill_on_drop: false }`
[INFO] [stderr]    Compiling syn v3.0.6
[INFO] [stderr]    Compiling smallvec v1.16.2
[INFO] [stderr]    Compiling scopeguard v1.2.0
[INFO] [stderr]    Compiling syn v2.0.119
[INFO] [stderr]    Compiling siphasher v1.0.4
[INFO] [stderr]    Compiling stable_deref_trait v1.2.1
[INFO] [stderr]    Compiling serde_core v1.0.229
[INFO] [stderr]    Compiling serde v1.0.229
[INFO] [stderr]    Compiling mio v1.2.3
[INFO] [stderr]    Compiling cc v1.5.1
[INFO] [stderr]    Compiling futures-channel v0.3.34
[INFO] [stderr]    Compiling unicode-segmentation v1.13.3
[INFO] [stderr]    Compiling aws-lc-rs v1.18.1
[INFO] [stderr]    Compiling indexmap v2.14.2
[INFO] [stderr]    Compiling futures-io v0.3.34
[INFO] [stderr]    Compiling lock_api v0.4.14
[INFO] [stderr]    Compiling rustls-pki-types v1.15.1
[INFO] [stderr]    Compiling rustls v0.23.45
[INFO] [stderr]    Compiling phf_shared v0.13.1
[INFO] [stderr]    Compiling inotify-sys v0.1.8
[INFO] [stderr]    Compiling compression-core v0.4.33
[INFO] [stderr]    Compiling parking_lot_core v0.9.12
[INFO] [stderr]    Compiling unicase v2.9.0
[INFO] [stderr]    Compiling regex-automata v0.4.18
[INFO] [stderr]    Compiling compression-codecs v0.4.43
[INFO] [stderr]    Compiling convert_case v0.10.0
[INFO] [stderr]    Compiling sync_wrapper v1.0.2
[INFO] [stderr]    Compiling camino v1.2.6
[INFO] [stderr]    Compiling parking_lot v0.12.5
[INFO] [stderr]    Compiling mime_guess v2.0.5
[INFO] [stderr]    Compiling phf_generator v0.13.1
[INFO] [stderr]    Compiling getopts v0.2.24
[INFO] [stderr]    Compiling phf_codegen v0.13.1
[INFO] [stderr]    Compiling string_cache_codegen v0.6.1
[INFO] [stderr]    Compiling rustls-native-certs v0.8.4
[INFO] [stderr]    Compiling inotify v0.11.5
[INFO] [stderr]    Compiling servo_arc v0.4.3
[INFO] [stderr]    Compiling selectors v0.38.0
[INFO] [stderr]    Compiling notify-types v2.1.0
[INFO] [stderr]    Compiling pulldown-cmark v0.13.4
[INFO] [stderr]    Compiling rustc-hash v2.1.3
[INFO] [stderr]    Compiling chrono v0.4.45
[INFO] [stderr]    Compiling encoding_rs v0.8.42
[INFO] [stderr]    Compiling web_atoms v0.2.6
[INFO] [stderr]    Compiling getrandom v0.4.3
[INFO] [stderr]    Compiling spin v0.9.9
[INFO] [stderr]    Compiling notify v8.2.0
[INFO] [stderr]    Compiling bstr v1.13.1
[INFO] [stderr]    Compiling file-id v0.2.3
[INFO] [stderr]    Compiling cmake v0.1.58
[INFO] [stderr]    Compiling ego-tree v0.11.0
[INFO] [stderr]    Compiling macro_rules_attribute-proc_macro v0.2.3
[INFO] [stderr]    Compiling fastrand v2.5.0
[INFO] [stderr]    Compiling pathdiff v0.2.3
[INFO] [stderr]    Compiling uuid v1.26.1
[INFO] [stderr]    Compiling path-clean v1.0.1
[INFO] [stderr]    Compiling macro_rules_attribute v0.2.3
[INFO] [stderr]    Compiling flume v0.12.0
[INFO] [stderr]    Compiling cpufeatures v0.3.1
[INFO] [stderr]    Compiling html-escape v0.2.15
[INFO] [stderr]    Compiling aws-lc-sys v0.45.0
[INFO] [stderr]    Compiling blake3 v1.8.7
[INFO] [stderr]    Compiling notify-debouncer-full v0.7.0
[INFO] [stderr]    Compiling trash v5.2.9
[INFO] [stderr]    Compiling serde_json v1.0.151
[INFO] [stderr]    Compiling synstructure v0.14.0
[INFO] [stderr]    Compiling darling_core v0.24.1
[INFO] [stderr]    Compiling zerofrom-derive v0.1.8
[INFO] [stderr]    Compiling yoke-derive v0.8.3
[INFO] [stderr]    Compiling serde_derive v1.0.229
[INFO] [stderr]    Compiling zerovec-derive v0.11.6
[INFO] [stderr]    Compiling displaydoc v0.2.7
[INFO] [stderr]    Compiling tokio-macros v2.7.2
[INFO] [stderr]    Compiling futures-macro v0.3.34
[INFO] [stderr]    Compiling cssparser-macros v0.7.1
[INFO] [stderr]    Compiling globset v0.4.20
[INFO] [stderr]    Compiling tokio v1.53.1
[INFO] [stderr]    Compiling zerofrom v0.1.8
[INFO] [stderr]    Compiling regex v1.13.1
[INFO] [stderr]    Compiling futures-util v0.3.34
[INFO] [stderr]    Compiling yoke v0.8.3
[INFO] [stderr]    Compiling zerovec v0.11.8
[INFO] [stderr]    Compiling zerotrie v0.2.5
[INFO] [stderr]    Compiling phf_macros v0.13.1
[INFO] [stderr]    Compiling derive_more-impl v2.1.1
[INFO] [stderr]    Compiling tracing-attributes v0.1.31
[INFO] [stderr]    Compiling tinystr v0.8.4
[INFO] [stderr]    Compiling potential_utf v0.1.6
[INFO] [stderr]    Compiling strum_macros v0.28.0
[INFO] [stderr]    Compiling phf v0.13.1
[INFO] [stderr]    Compiling icu_collections v2.3.0
[INFO] [stderr]    Compiling darling_macro v0.24.1
[INFO] [stderr]    Compiling cssparser v0.37.0
[INFO] [stderr]    Compiling icu_locale_core v2.3.0
[INFO] [stderr]    Compiling darling v0.24.1
[INFO] [stderr]    Compiling serde_with_macros v3.24.0
[INFO] [stderr]    Compiling tracing v0.1.44
[INFO] [stderr]    Compiling serde_with v3.24.0
[INFO] [stderr]    Compiling strum v0.28.0
[INFO] [stderr]    Compiling icu_provider v2.3.1
[INFO] [stderr]    Compiling derive_more v2.1.1
[INFO] [stderr]    Compiling simple-fs v0.12.3
[INFO] [stderr]    Compiling string_cache v0.9.0
[INFO] [stderr]    Compiling icu_properties v2.3.0
[INFO] [stderr]    Compiling icu_normalizer v2.3.0
[INFO] [stderr]    Compiling value-ext v0.1.5
[INFO] [stderr]    Compiling markex v0.3.0
[INFO] [stderr]    Compiling futures-executor v0.3.34
[INFO] [stderr]    Compiling futures v0.3.34
[INFO] [stderr]    Compiling markup5ever v0.38.0
[INFO] [stderr]    Compiling markup5ever v0.39.0
[INFO] [stderr]    Compiling xml5ever v0.38.0
[INFO] [stderr]    Compiling html5ever v0.38.0
[INFO] [stderr]    Compiling html5ever v0.39.0
[INFO] [stderr]    Compiling idna_adapter v1.2.2
[INFO] [stderr]    Compiling idna v1.1.0
[INFO] [stderr]    Compiling markup5ever_rcdom v0.38.0+unofficial
[INFO] [stderr]    Compiling url v2.5.8
[INFO] [stderr]    Compiling scraper v0.27.0
[INFO] [stderr]    Compiling htmd v0.5.5
[INFO] [stderr]    Compiling htmlr v0.1.7
[INFO] [stderr]    Compiling tokio-util v0.7.19
[INFO] [stderr]    Compiling tower v0.5.3
[INFO] [stderr]    Compiling async-compression v0.4.48
[INFO] [stderr]    Compiling tokio-stream v0.1.19
[INFO] [stderr]    Compiling h2 v0.4.19
[INFO] [stderr]    Compiling tower-http v0.6.11
[INFO] [stderr]    Compiling hyper v1.11.1
[INFO] [stderr]    Compiling hyper-util v0.1.21
[INFO] [stderr]    Compiling rustls-webpki v0.103.15
[INFO] [stderr]    Compiling tokio-rustls v0.26.5
[INFO] [stderr]    Compiling rustls-platform-verifier v0.7.1
[INFO] [stderr]    Compiling hyper-rustls v0.27.10
[INFO] [stderr]    Compiling reqwest v0.13.5
[INFO] [stderr]    Compiling genai v0.7.0-rc.1
[INFO] [stderr]    Compiling refinr v0.0.2 (/opt/rustwide/workdir)
[INFO] [stderr]     Finished `release` profile [optimized] target(s) in 3m 37s
[INFO] running `Command { std: "docker" "inspect" "24a9a011bd57881069120093eaf0e4db456ee7790c9696ff20d4070118323ef3", kill_on_drop: false }`
[INFO] running `Command { std: "docker" "exec" "-e" "SOURCE_DIR=/opt/rustwide/workdir" "-e" "CARGO_HOME=/opt/rustwide/cargo-home" "-e" "RUSTUP_HOME=/opt/rustwide/rustup-home" "-e" "CARGO_TARGET_DIR=/opt/rustwide/target" "-e" "CARGO_INCREMENTAL=0" "-e" "RUST_BACKTRACE=full" "-e" "RUSTFLAGS=--cap-lints=warn" "-e" "RUSTDOCFLAGS=--cap-lints=warn" "-w" "/opt/rustwide/workdir" "--user" "0:0" "24a9a011bd57881069120093eaf0e4db456ee7790c9696ff20d4070118323ef3" "/opt/rustwide/cargo-home/bin/cargo" "+1.99.0-beta.8" "test" "--frozen" "--no-run" "--message-format=json" "--release", kill_on_drop: false }`
[INFO] [stderr]    Compiling refinr v0.0.2 (/opt/rustwide/workdir)
[INFO] [stderr]     Finished `release` profile [optimized] target(s) in 1m 20s
[INFO] running `Command { std: "docker" "inspect" "24a9a011bd57881069120093eaf0e4db456ee7790c9696ff20d4070118323ef3", kill_on_drop: false }`
[INFO] running `Command { std: "docker" "exec" "-e" "SOURCE_DIR=/opt/rustwide/workdir" "-e" "CARGO_HOME=/opt/rustwide/cargo-home" "-e" "RUSTUP_HOME=/opt/rustwide/rustup-home" "-e" "CARGO_TARGET_DIR=/opt/rustwide/target" "-e" "CARGO_INCREMENTAL=0" "-e" "RUST_BACKTRACE=full" "-e" "RUSTFLAGS=--cap-lints=warn" "-e" "RUSTDOCFLAGS=--cap-lints=warn" "-w" "/opt/rustwide/workdir" "--user" "0:0" "24a9a011bd57881069120093eaf0e4db456ee7790c9696ff20d4070118323ef3" "/opt/rustwide/cargo-home/bin/cargo" "+1.99.0-beta.8" "test" "--frozen" "--release", kill_on_drop: false }`
[INFO] [stderr]     Finished `release` profile [optimized] target(s) in 0.42s
[INFO] [stderr]      Running unittests src/lib.rs (/opt/rustwide/target/release/deps/refinr-e7e27a83ab54817a)
[INFO] [stdout] 
[INFO] [stdout] running 96 tests
[INFO] [stdout] test fetchr::fetchr_local::tests::test_process_fetch_discover_local_negative_glob_selection ... FAILED
[INFO] [stdout] test fetchr::fetchr_http::tests::test_fetchr_http_is_url_in_scope_rules ... ok
[INFO] [stdout] test fetchr::fetchr_http::tests::test_fetchr_http_parse_llms_entries_markdown_links_and_descriptions ... ok
[INFO] [stdout] test fetchr::fetchr_http::tests::test_fetchr_http_parse_llms_entries_bare_urls_and_deduplication ... ok
[INFO] [stdout] test fetchr::fetchr_local::tests::test_process_fetch_discover_local_skips_symbolic_links ... FAILED
[INFO] [stdout] test fetchr::fetchr_local::tests::test_process_fetch_discover_local_directory_order_and_exclusions ... FAILED
[INFO] [stdout] test fetchr::fetchr_types::tests::test_fetchr_types_fetch_request_from ... ok
[INFO] [stdout] test fetchr::fetchr_local::tests::test_process_fetch_discover_local_single_file_metadata_and_hash ... FAILED
[INFO] [stdout] test fetchr::fetchr_types::tests::test_fetchr_types_manifest_options_serde_tagged_representation ... ok
[INFO] [stdout] test fetchr::fetchr_types::tests::test_fetchr_types_web_options_llms_default ... ok
[INFO] [stdout] test fetchr::fetchr_types::tests::test_fetchr_types_local_request_chaining ... ok
[INFO] [stdout] test fetchr::fetchr_http::tests::test_fetchr_http_extract_links_filters_and_dedup ... ok
[INFO] [stdout] test fetchr::fetchr_http::tests::test_fetchr_http_execute_http_fetch_crawl_and_manifest ... FAILED
[INFO] [stdout] test fetchr::fetchr_local::tests::test_fetchr_local_matches_rejects_version_or_variant_mismatch ... ok
[INFO] [stdout] test fetchr::fetchr_types::tests::test_fetchr_types_web_request_chaining ... ok
[INFO] [stdout] test fetchr::fetchr_types::tests::test_fetchr_types_web_request_with_llms ... ok
[INFO] [stdout] test fetchr::fetchr_http::tests::test_fetchr_http_compute_base_folder_url_leaf_path ... ok
[INFO] [stdout] test fetchr::support::tests::test_fetchr_support_is_path_selected_rules ... ok
[INFO] [stdout] test fetchr::fetchr_http::tests::test_fetchr_http_url_to_relative_path_variants ... ok
[INFO] [stdout] test fetchr::fetchr_http::tests::test_fetchr_http_compute_base_folder_url_trailing_slash ... ok
[INFO] [stdout] test fetchr::fetchr_types::tests::test_fetchr_types_manifest_options_llms_differentiates ... ok
[INFO] [stdout] test mapr::mapr_ai::tests::test_stub_ai_client_default ... ok
[INFO] [stdout] test mapr::mapr_journal::tests::test_mapr_journal_interior_malformed_line_errors ... ok
[INFO] [stdout] test fetchr::fetchr_http::tests::test_fetchr_http_is_depth_allowed_rules ... ok
[INFO] [stdout] test mapr::mapr_journal::tests::test_mapr_journal_recovery_from_truncated_final_line ... ok
[INFO] [stdout] test mapr::mapr_journal::tests::test_mapr_journal_fingerprint_invalidation ... ok
[INFO] [stdout] test mapr::mapr_journal::tests::test_mapr_journal_empty_clears_file_and_reinitializes ... ok
[INFO] [stdout] test fetchr::support::tests::test_fetchr_support_path_matches_glob_rules ... ok
[INFO] [stdout] test fetchr::support::tests::test_fetchr_support_apply_fetch_format_variants ... ok
[INFO] [stdout] test mapr::mapr_prompt::tests::test_parse_file_info_malformed_json ... ok
[INFO] [stdout] test mapr::mapr_prompt::tests::test_parse_file_info_missing_end_tag ... ok
[INFO] [stdout] test mapr::mapr_prompt::tests::test_parse_file_info_fenced_no_lang ... ok
[INFO] [stdout] test mapr::mapr_prompt::tests::test_parse_file_info_missing_start_tag ... ok
[INFO] [stdout] test mapr::mapr_prompt::tests::test_parse_file_info_normalizes_topics_and_string_fallback ... ok
[INFO] [stdout] test mapr::mapr_prompt::tests::test_parse_file_info_tolerates_extra_fields ... ok
[INFO] [stdout] test mapr::mapr_journal::tests::test_mapr_journal_roundtrip_append_and_load ... ok
[INFO] [stdout] test mapr::mapr_prompt::tests::test_parse_file_info_clean ... ok
[INFO] [stdout] test mapr::mapr_prompt::tests::test_parse_file_info_fenced ... ok
[INFO] [stdout] test mapr::mapr_ai::tests::test_stub_ai_client_custom_response ... ok
[INFO] [stdout] test mapr::support::tests::test_mapr_support_is_text_mappable ... ok
[INFO] [stdout] test mapr::mapr_prompt::tests::test_render_file_prompt_replaces_placeholders ... ok
[INFO] [stdout] test mapr::support::tests::test_mapr_support_hash_stability ... ok
[INFO] [stdout] test mapr::support::tests::test_mapr_support_derive_folders ... ok
[INFO] [stdout] test mapr::support::tests::test_mapr_support_publish_content_map ... ok
[INFO] [stdout] test process::item::tests::test_process_item_stage_accessor ... ok
[INFO] [stdout] test fetchr::fetchr_types::tests::test_fetchr_types_web_options_llms_enabled_tri_state ... ok
[INFO] [stdout] test process::options::process_content_options::tests::resolved_models_prefer_stage_overrides_and_fall_back_to_default ... ok
[INFO] [stdout] test process::item::tests::test_process_item_content_path_prefers_sanitize ... ok
[INFO] [stdout] test process::options::process_content_options::tests::test_process_options_resolved_destination_local_directory ... FAILED
[INFO] [stdout] test process::options::process_content_options::tests::test_process_options_resolved_destination_web_source ... ok
[INFO] [stdout] test process::options::process_content_options::tests::test_process_options_resolved_destination_local_file ... FAILED
[INFO] [stdout] test process::publish::tests::test_process_publish_final_artifacts_nested_paths ... FAILED
[INFO] [stdout] test process::publish::tests::test_process_publish_final_artifacts_missing_artifact_writes_nothing ... FAILED
[INFO] [stdout] test mapr::mapr_journal::tests::test_mapr_journal_reuse_hit_and_miss ... ok
[INFO] [stdout] test process::publish::tests::test_process_publish_final_artifacts_replaces_existing_and_keeps_unrelated ... FAILED
[INFO] [stdout] test process::publish::tests::test_process_publish_final_artifacts_rejects_reserved_paths ... FAILED
[INFO] [stdout] test process::publish::tests::test_process_publish_final_artifacts_rejects_traversal_and_absolute ... FAILED
[INFO] [stdout] test process::progress::tests::test_process_progress_record_journal_error ... ok
[INFO] [stdout] test process::state::tests::test_process_state_register_and_transition_counters ... ok
[INFO] [stdout] test process::publish::tests::test_process_publish_final_artifacts_rejects_duplicates ... FAILED
[INFO] [stdout] test process::state::tests::test_process_state_fail_workflow_marks_running_stages ... ok
[INFO] [stdout] test process::options::process_content_options::tests::test_process_options_resolved_destination_web_sanitizes_segments ... ok
[INFO] [stdout] test process::state::tests::test_process_state_register_stage_items_lookup_by_path ... ok
[INFO] [stdout] test process::state::tests::test_process_state_seq_increases ... ok
[INFO] [stdout] test process::state::tests::test_process_state_usage_aggregation ... ok
[INFO] [stdout] test process::stats::tests::test_process_stats_accumulate_usage_sums_fields ... ok
[INFO] [stdout] test sanitizr::sanitizr_journal::tests::test_sanitizr_sanitizr_journal_later_record_wins ... FAILED
[INFO] [stdout] test process::stats::tests::test_process_stats_final_from_progress_rejects_pending ... ok
[INFO] [stdout] test process::stats::tests::test_process_stats_add_usage_accumulates ... ok
[INFO] [stdout] test process::stats::tests::test_process_stats_counter_mut_maps_status ... ok
[INFO] [stdout] test process::stats::tests::test_process_stats_final_from_progress_not_selected_is_none ... ok
[INFO] [stdout] test sanitizr::sanitizr_journal::tests::test_sanitizr_sanitizr_journal_open_fresh ... FAILED
[INFO] [stdout] test process::stats::tests::test_process_stats_final_from_progress_ok ... ok
[INFO] [stdout] test sanitizr::sanitizr_journal::tests::test_sanitizr_sanitizr_journal_reusable_revalidates_output ... FAILED
[INFO] [stdout] test sanitizr::sanitizr_prompt::tests::test_sanitizr_sanitizr_prompt_render_sanitize_prompt_requires_output_tags ... ok
[INFO] [stdout] test support::jsonl::tests::test_jsonl_reports_and_skips_malformed_interior_lines ... ok
[INFO] [stdout] test sanitizr::sanitizr_prompt::tests::test_sanitizr_sanitizr_prompt_parse_sanitized_content_missing_end_tag ... ok
[INFO] [stdout] test sanitizr::sanitizr_prompt::tests::test_sanitizr_sanitizr_prompt_parse_sanitized_content_missing_start_tag ... ok
[INFO] [stdout] test support::jsonl::tests::test_jsonl_drops_truncated_final_line_and_recovers_for_append ... ok
[INFO] [stdout] test support::tests::test_support_hash_bytes_stable ... ok
[INFO] [stdout] test support::jsonl::tests::test_jsonl_roundtrip ... ok
[INFO] [stdout] test support::tests::test_support_is_html_item ... ok
[INFO] [stdout] test support::tasks::tests::test_support_tasks_run_bounded_panic_returns_task_join ... ok
[INFO] [stdout] test support::tests::test_support_html_to_markdown ... ok
[INFO] [stdout] test sanitizr::sanitizr_journal::tests::test_sanitizr_sanitizr_journal_open_header_mismatch ... FAILED
[INFO] [stdout] test sanitizr::sanitizr_journal::tests::test_sanitizr_sanitizr_journal_recovers_truncated_final_line ... FAILED
[INFO] [stdout] test support::time::tests::test_support_time_duration_between_micros_negative_is_zero ... ok
[INFO] [stdout] test support::time::tests::test_support_time_duration_between_micros_simple ... ok
[INFO] [stdout] test support::time::tests::test_support_time_now_micro_positive ... ok
[INFO] [stdout] test support::jsonl::tests::test_jsonl_concurrent_appends_write_complete_lines ... ok
[INFO] [stdout] test support::tasks::tests::test_support_tasks_run_bounded_respects_limit ... ok
[INFO] [stdout] test mapr::mapr_ai::tests::test_mapr_ai_genai_ai_client_uses_configured_client ... ok
[INFO] [stdout] test support::tasks::tests::test_support_tasks_run_bounded_zero_concurrency_runs_sequentially ... ok
[INFO] [stdout] test mapr::mapr_ai::tests::test_mapr_ai_genai_ai_client_without_configured_client_uses_default ... ok
[INFO] [stdout] test mapr::mapr_ai::tests::test_selector_and_active_override ... ok
[INFO] [stdout] test mapr::mapr_ai::tests::test_genai_client_creation_and_error ... ok
[INFO] [stdout] 
[INFO] [stdout] failures:
[INFO] [stdout] 
[INFO] [stdout] ---- fetchr::fetchr_local::tests::test_process_fetch_discover_local_negative_glob_selection stdout ----
[INFO] [stdout] Error: Os { code: 30, kind: ReadOnlyFilesystem, message: "Read-only file system" }
[INFO] [stdout] 
[INFO] [stdout] ---- fetchr::fetchr_local::tests::test_process_fetch_discover_local_skips_symbolic_links stdout ----
[INFO] [stdout] Error: Os { code: 30, kind: ReadOnlyFilesystem, message: "Read-only file system" }
[INFO] [stdout] 
[INFO] [stdout] ---- fetchr::fetchr_local::tests::test_process_fetch_discover_local_directory_order_and_exclusions stdout ----
[INFO] [stdout] Error: Os { code: 30, kind: ReadOnlyFilesystem, message: "Read-only file system" }
[INFO] [stdout] 
[INFO] [stdout] ---- fetchr::fetchr_local::tests::test_process_fetch_discover_local_single_file_metadata_and_hash stdout ----
[INFO] [stdout] Error: Os { code: 30, kind: ReadOnlyFilesystem, message: "Read-only file system" }
[INFO] [stdout] 
[INFO] [stdout] ---- fetchr::fetchr_http::tests::test_fetchr_http_execute_http_fetch_crawl_and_manifest stdout ----
[INFO] [stdout] Error: SimpleFs(DirCantCreateAll(PathAndCause { path: "tests-data/.tmp/test_http_fetch_1792336227740/.tmp-refinr/01-fetch", cause: Io(Os { code: 30, kind: ReadOnlyFilesystem, message: "Read-only file system" }) }))
[INFO] [stdout] 
[INFO] [stdout] ---- process::options::process_content_options::tests::test_process_options_resolved_destination_local_directory stdout ----
[INFO] [stdout] Error: Os { code: 30, kind: ReadOnlyFilesystem, message: "Read-only file system" }
[INFO] [stdout] 
[INFO] [stdout] ---- process::options::process_content_options::tests::test_process_options_resolved_destination_local_file stdout ----
[INFO] [stdout] Error: Os { code: 30, kind: ReadOnlyFilesystem, message: "Read-only file system" }
[INFO] [stdout] 
[INFO] [stdout] ---- process::publish::tests::test_process_publish_final_artifacts_nested_paths stdout ----
[INFO] [stdout] Error: Os { code: 30, kind: ReadOnlyFilesystem, message: "Read-only file system" }
[INFO] [stdout] 
[INFO] [stdout] ---- process::publish::tests::test_process_publish_final_artifacts_missing_artifact_writes_nothing stdout ----
[INFO] [stdout] Error: Os { code: 30, kind: ReadOnlyFilesystem, message: "Read-only file system" }
[INFO] [stdout] 
[INFO] [stdout] ---- process::publish::tests::test_process_publish_final_artifacts_replaces_existing_and_keeps_unrelated stdout ----
[INFO] [stdout] Error: Os { code: 30, kind: ReadOnlyFilesystem, message: "Read-only file system" }
[INFO] [stdout] 
[INFO] [stdout] ---- process::publish::tests::test_process_publish_final_artifacts_rejects_reserved_paths stdout ----
[INFO] [stdout] Error: Os { code: 30, kind: ReadOnlyFilesystem, message: "Read-only file system" }
[INFO] [stdout] 
[INFO] [stdout] ---- process::publish::tests::test_process_publish_final_artifacts_rejects_traversal_and_absolute stdout ----
[INFO] [stdout] Error: Os { code: 30, kind: ReadOnlyFilesystem, message: "Read-only file system" }
[INFO] [stdout] 
[INFO] [stdout] ---- process::publish::tests::test_process_publish_final_artifacts_rejects_duplicates stdout ----
[INFO] [stdout] Error: Os { code: 30, kind: ReadOnlyFilesystem, message: "Read-only file system" }
[INFO] [stdout] 
[INFO] [stdout] ---- sanitizr::sanitizr_journal::tests::test_sanitizr_sanitizr_journal_later_record_wins stdout ----
[INFO] [stdout] Error: Os { code: 30, kind: ReadOnlyFilesystem, message: "Read-only file system" }
[INFO] [stdout] 
[INFO] [stdout] ---- sanitizr::sanitizr_journal::tests::test_sanitizr_sanitizr_journal_open_fresh stdout ----
[INFO] [stdout] Error: Io(Os { code: 30, kind: ReadOnlyFilesystem, message: "Read-only file system" })
[INFO] [stdout] 
[INFO] [stdout] ---- sanitizr::sanitizr_journal::tests::test_sanitizr_sanitizr_journal_reusable_revalidates_output stdout ----
[INFO] [stdout] Error: Os { code: 30, kind: ReadOnlyFilesystem, message: "Read-only file system" }
[INFO] [stdout] 
[INFO] [stdout] ---- sanitizr::sanitizr_journal::tests::test_sanitizr_sanitizr_journal_open_header_mismatch stdout ----
[INFO] [stdout] Error: Io(Os { code: 30, kind: ReadOnlyFilesystem, message: "Read-only file system" })
[INFO] [stdout] 
[INFO] [stdout] ---- sanitizr::sanitizr_journal::tests::test_sanitizr_sanitizr_journal_recovers_truncated_final_line stdout ----
[INFO] [stdout] Error: Io(Os { code: 30, kind: ReadOnlyFilesystem, message: "Read-only file system" })
[INFO] [stdout] 
[INFO] [stdout] 
[INFO] [stdout] failures:
[INFO] [stdout]     fetchr::fetchr_http::tests::test_fetchr_http_execute_http_fetch_crawl_and_manifest
[INFO] [stdout]     fetchr::fetchr_local::tests::test_process_fetch_discover_local_directory_order_and_exclusions
[INFO] [stdout]     fetchr::fetchr_local::tests::test_process_fetch_discover_local_negative_glob_selection
[INFO] [stdout]     fetchr::fetchr_local::tests::test_process_fetch_discover_local_single_file_metadata_and_hash
[INFO] [stdout]     fetchr::fetchr_local::tests::test_process_fetch_discover_local_skips_symbolic_links
[INFO] [stdout]     process::options::process_content_options::tests::test_process_options_resolved_destination_local_directory
[INFO] [stdout]     process::options::process_content_options::tests::test_process_options_resolved_destination_local_file
[INFO] [stdout]     process::publish::tests::test_process_publish_final_artifacts_missing_artifact_writes_nothing
[INFO] [stdout]     process::publish::tests::test_process_publish_final_artifacts_nested_paths
[INFO] [stdout]     process::publish::tests::test_process_publish_final_artifacts_rejects_duplicates
[INFO] [stdout]     process::publish::tests::test_process_publish_final_artifacts_rejects_reserved_paths
[INFO] [stdout]     process::publish::tests::test_process_publish_final_artifacts_rejects_traversal_and_absolute
[INFO] [stdout]     process::publish::tests::test_process_publish_final_artifacts_replaces_existing_and_keeps_unrelated
[INFO] [stdout]     sanitizr::sanitizr_journal::tests::test_sanitizr_sanitizr_journal_later_record_wins
[INFO] [stdout]     sanitizr::sanitizr_journal::tests::test_sanitizr_sanitizr_journal_open_fresh
[INFO] [stdout]     sanitizr::sanitizr_journal::tests::test_sanitizr_sanitizr_journal_open_header_mismatch
[INFO] [stdout]     sanitizr::sanitizr_journal::tests::test_sanitizr_sanitizr_journal_recovers_truncated_final_line
[INFO] [stdout]     sanitizr::sanitizr_journal::tests::test_sanitizr_sanitizr_journal_reusable_revalidates_output
[INFO] [stdout] 
[INFO] [stdout] test result: FAILED. 78 passed; 18 failed; 0 ignored; 0 measured; 0 filtered out; finished in 0.13s
[INFO] [stdout] 
[INFO] [stderr] error: test failed, to rerun pass `--lib`
[INFO] running `Command { std: "docker" "inspect" "24a9a011bd57881069120093eaf0e4db456ee7790c9696ff20d4070118323ef3", kill_on_drop: false }`
[INFO] running `Command { std: "docker" "rm" "-f" "24a9a011bd57881069120093eaf0e4db456ee7790c9696ff20d4070118323ef3", kill_on_drop: false }`
[INFO] [stdout] 24a9a011bd57881069120093eaf0e4db456ee7790c9696ff20d4070118323ef3
